216.244.66.231 - - [19/Jun/2025:11:48:30 -0400] "GET /s/37b522.js.gz HTTP/1.1" 200 310396 "-" "Mozilla/5.0 (compatible; DotBot/1.2; +https://opensiteexplorer.org/dotbot; help@moz.com)"
216.244.66.231 - - [19/Jun/2025:11:48:50 -0400] "GET /s/5106b3.js.gz HTTP/1.1" 200 506784 "-" "Mozilla/5.0 (compatible; DotBot/1.2; +https://opensiteexplorer.org/dotbot; help@moz.com)"
216.244.66.231 - - [19/Jun/2025:11:49:10 -0400] "GET /s/86874b.js.gz HTTP/1.1" 200 506802 "-" "Mozilla/5.0 (compatible; DotBot/1.2; +https://opensiteexplorer.org/dotbot; help@moz.com)"
216.244.66.231 - - [19/Jun/2025:11:49:28 -0400] "GET /s/8de5d9.js.gz HTTP/1.1" 200 506238 "-" "Mozilla/5.0 (compatible; DotBot/1.2; +https://opensiteexplorer.org/dotbot; help@moz.com)"
216.244.66.231 - - [19/Jun/2025:11:49:45 -0400] "GET /s/b7a032.js.gz HTTP/1.1" 200 310396 "-" "Mozilla/5.0 (compatible; DotBot/1.2; +https://opensiteexplorer.org/dotbot; help@moz.com)"
216.244.66.231 - - [19/Jun/2025:11:50:01 -0400] "GET /s/c31a10.js.gz HTTP/1.1" 200 506801 "-" "Mozilla/5.0 (compatible; DotBot/1.2; +https://opensiteexplorer.org/dotbot; help@moz.com)"
216.244.66.231 - - [19/Jun/2025:11:50:16 -0400] "GET /s/caec1e.js.gz HTTP/1.1" 200 508657 "-" "Mozilla/5.0 (compatible; DotBot/1.2; +https://opensiteexplorer.org/dotbot; help@moz.com)"
216.244.66.231 - - [19/Jun/2025:11:50:30 -0400] "GET /s/d6f67b.js.gz HTTP/1.1" 200 508648 "-" "Mozilla/5.0 (compatible; DotBot/1.2; +https://opensiteexplorer.org/dotbot; help@moz.com)"
216.244.66.231 - - [19/Jun/2025:11:50:43 -0400] "GET /s/d88d28.js.gz HTTP/1.1" 200 506262 "-" "Mozilla/5.0 (compatible; DotBot/1.2; +https://opensiteexplorer.org/dotbot; help@moz.com)"
216.244.66.231 - - [19/Jun/2025:11:50:56 -0400] "GET /s/df7193.js.gz HTTP/1.1" 200 506262 "-" "Mozilla/5.0 (compatible; DotBot/1.2; +https://opensiteexplorer.org/dotbot; help@moz.com)"
216.244.66.231 - - [19/Jun/2025:11:51:07 -0400] "GET /s/e33a7c.js.gz HTTP/1.1" 200 506254 "-" "Mozilla/5.0 (compatible; DotBot/1.2; +https://opensiteexplorer.org/dotbot; help@moz.com)"
216.244.66.231 - - [19/Jun/2025:11:51:17 -0400] "GET /s/e45a0c.js.gz HTTP/1.1" 200 506236 "-" "Mozilla/5.0 (compatible; DotBot/1.2; +https://opensiteexplorer.org/dotbot; help@moz.com)"
216.244.66.231 - - [19/Jun/2025:11:51:27 -0400] "GET /s/e6251f.js.gz HTTP/1.1" 200 310397 "-" "Mozilla/5.0 (compatible; DotBot/1.2; +https://opensiteexplorer.org/dotbot; help@moz.com)"
216.244.66.231 - - [19/Jun/2025:11:51:35 -0400] "GET /s/f88428.js.gz HTTP/1.1" 200 506805 "-" "Mozilla/5.0 (compatible; DotBot/1.2; +https://opensiteexplorer.org/dotbot; help@moz.com)"
216.244.66.231 - - [19/Jun/2025:11:51:46 -0400] "GET /product/tungsten-cpinewood-derby-weights-2-oz/feed/ HTTP/1.1" 301 - "-" "Mozilla/5.0 (compatible; DotBot/1.2; +https://opensiteexplorer.org/dotbot; help@moz.com)"
70.39.147.11 - - [19/Jun/2025:11:51:48 -0400] "POST /wp-cron.php?doing_wp_cron=1750348308.1243650913238525390625 HTTP/1.1" 200 - "-" "WordPress/6.6.2; https://pur-tungsten.com"
216.244.66.231 - - [19/Jun/2025:11:51:55 -0400] "GET /product/tungsten-flipping-weights/feed/ HTTP/1.1" 301 - "-" "Mozilla/5.0 (compatible; DotBot/1.2; +https://opensiteexplorer.org/dotbot; help@moz.com)"
216.244.66.231 - - [19/Jun/2025:11:52:02 -0400] "GET /wp-content/uploads/2018/01/B-ring-1.jpg HTTP/1.1" 200 196842 "-" "Mozilla/5.0 (compatible; DotBot/1.2; +https://opensiteexplorer.org/dotbot; help@moz.com)"
216.244.66.231 - - [19/Jun/2025:11:52:07 -0400] "GET /wp-content/uploads/2019/01/Buffer-800x800.jpg HTTP/1.1" 200 58062 "-" "Mozilla/5.0 (compatible; DotBot/1.2; +https://opensiteexplorer.org/dotbot; help@moz.com)"
216.244.66.231 - - [19/Jun/2025:11:55:32 -0400] "GET /s/093f6d.js HTTP/1.1" 200 149054 "-" "Mozilla/5.0 (compatible; DotBot/1.2; +https://opensiteexplorer.org/dotbot; help@moz.com)"
216.244.66.231 - - [19/Jun/2025:11:55:35 -0400] "GET /s/13f75c.js HTTP/1.1" 200 - "-" "Mozilla/5.0 (compatible; DotBot/1.2; +https://opensiteexplorer.org/dotbot; help@moz.com)"
216.244.66.231 - - [19/Jun/2025:11:55:38 -0400] "GET /s/17adc0.js.gz HTTP/1.1" 200 51109 "-" "Mozilla/5.0 (compatible; DotBot/1.2; +https://opensiteexplorer.org/dotbot; help@moz.com)"
216.244.66.231 - - [19/Jun/2025:11:55:41 -0400] "GET /s/28a86b.js.gz HTTP/1.1" 200 - "-" "Mozilla/5.0 (compatible; DotBot/1.2; +https://opensiteexplorer.org/dotbot; help@moz.com)"
216.244.66.231 - - [19/Jun/2025:11:55:42 -0400] "GET /s/28d82c.js HTTP/1.1" 200 - "-" "Mozilla/5.0 (compatible; DotBot/1.2; +https://opensiteexplorer.org/dotbot; help@moz.com)"
216.244.66.231 - - [19/Jun/2025:11:55:44 -0400] "GET /s/31d064.js HTTP/1.1" 200 149054 "-" "Mozilla/5.0 (compatible; DotBot/1.2; +https://opensiteexplorer.org/dotbot; help@moz.com)"
216.244.66.231 - - [19/Jun/2025:11:55:46 -0400] "GET /s/36a211.js HTTP/1.1" 200 149054 "-" "Mozilla/5.0 (compatible; DotBot/1.2; +https://opensiteexplorer.org/dotbot; help@moz.com)"
216.244.66.231 - - [19/Jun/2025:11:55:48 -0400] "GET /s/57dc2a.js HTTP/1.1" 200 149054 "-" "Mozilla/5.0 (compatible; DotBot/1.2; +https://opensiteexplorer.org/dotbot; help@moz.com)"
216.244.66.231 - - [19/Jun/2025:11:55:50 -0400] "GET /s/5dcbc5.js HTTP/1.1" 200 149054 "-" "Mozilla/5.0 (compatible; DotBot/1.2; +https://opensiteexplorer.org/dotbot; help@moz.com)"
216.244.66.231 - - [19/Jun/2025:11:55:51 -0400] "GET /s/7e5b54.js HTTP/1.1" 200 149054 "-" "Mozilla/5.0 (compatible; DotBot/1.2; +https://opensiteexplorer.org/dotbot; help@moz.com)"
216.244.66.231 - - [19/Jun/2025:11:55:53 -0400] "GET /s/855b30.js.gz HTTP/1.1" 200 51111 "-" "Mozilla/5.0 (compatible; DotBot/1.2; +https://opensiteexplorer.org/dotbot; help@moz.com)"
216.244.66.231 - - [19/Jun/2025:11:55:54 -0400] "GET /s/87f909.js.gz HTTP/1.1" 200 51112 "-" "Mozilla/5.0 (compatible; DotBot/1.2; +https://opensiteexplorer.org/dotbot; help@moz.com)"
216.244.66.231 - - [19/Jun/2025:11:55:54 -0400] "GET /s/98ce9f.js.gz HTTP/1.1" 200 51110 "-" "Mozilla/5.0 (compatible; DotBot/1.2; +https://opensiteexplorer.org/dotbot; help@moz.com)"
216.244.66.231 - - [19/Jun/2025:11:55:55 -0400] "GET /s/9f8514.js.gz HTTP/1.1" 200 51111 "-" "Mozilla/5.0 (compatible; DotBot/1.2; +https://opensiteexplorer.org/dotbot; help@moz.com)"
216.244.66.231 - - [19/Jun/2025:11:55:56 -0400] "GET /s/aace97.js HTTP/1.1" 200 11680 "-" "Mozilla/5.0 (compatible; DotBot/1.2; +https://opensiteexplorer.org/dotbot; help@moz.com)"
216.244.66.231 - - [19/Jun/2025:11:55:57 -0400] "GET /s/b7713f.js.gz HTTP/1.1" 200 - "-" "Mozilla/5.0 (compatible; DotBot/1.2; +https://opensiteexplorer.org/dotbot; help@moz.com)"
216.244.66.231 - - [19/Jun/2025:11:55:57 -0400] "GET /s/e3c484.js HTTP/1.1" 200 - "-" "Mozilla/5.0 (compatible; DotBot/1.2; +https://opensiteexplorer.org/dotbot; help@moz.com)"
216.244.66.231 - - [19/Jun/2025:11:55:58 -0400] "GET /s/ebcf68.js HTTP/1.1" 200 - "-" "Mozilla/5.0 (compatible; DotBot/1.2; +https://opensiteexplorer.org/dotbot; help@moz.com)"
34.23.204.210 - - [19/Jun/2025:11:59:30 -0400] "HEAD /wordpress HTTP/1.1" 301 - "-" "Mozilla/5.0 (Windows NT 10.0; Win64; x64) AppleWebKit/537.36 (KHTML, like Gecko) Chrome/74.0.3729.169 Safari/537.36"
34.23.204.210 - - [19/Jun/2025:11:59:30 -0400] "HEAD /wordpress HTTP/1.1" 301 - "-" "Mozilla/5.0 (Windows NT 10.0; Win64; x64) AppleWebKit/537.36 (KHTML, like Gecko) Chrome/74.0.3729.169 Safari/537.36"
34.23.204.210 - - [19/Jun/2025:11:59:30 -0400] "HEAD /wordpress/ HTTP/1.1" 200 - "http://pur-tungsten.com/wordpress" "Mozilla/5.0 (Windows NT 10.0; Win64; x64) AppleWebKit/537.36 (KHTML, like Gecko) Chrome/74.0.3729.169 Safari/537.36"
34.23.204.210 - - [19/Jun/2025:11:59:30 -0400] "HEAD /wordpress/ HTTP/1.1" 200 - "http://pur-tungsten.tdmfginc.com/wordpress" "Mozilla/5.0 (Windows NT 10.0; Win64; x64) AppleWebKit/537.36 (KHTML, like Gecko) Chrome/74.0.3729.169 Safari/537.36"
34.23.204.210 - - [19/Jun/2025:11:59:30 -0400] "HEAD / HTTP/1.1" 301 - "-" "Mozilla/5.0 (Windows NT 10.0; Win64; x64) AppleWebKit/537.36 (KHTML, like Gecko) Chrome/74.0.3729.169 Safari/537.36"
34.23.204.210 - - [19/Jun/2025:11:59:30 -0400] "HEAD / HTTP/1.1" 301 - "-" "Mozilla/5.0 (Windows NT 10.0; Win64; x64) AppleWebKit/537.36 (KHTML, like Gecko) Chrome/74.0.3729.169 Safari/537.36"
70.39.147.11 - - [19/Jun/2025:11:59:32 -0400] "POST /wp-cron.php?doing_wp_cron=1750348772.3770110607147216796875 HTTP/1.1" 200 - "-" "WordPress/6.6.2; https://pur-tungsten.com"
34.23.204.210 - - [19/Jun/2025:11:59:34 -0400] "HEAD /wp HTTP/1.1" 301 - "-" "Mozilla/5.0 (Windows NT 10.0; Win64; x64) AppleWebKit/537.36 (KHTML, like Gecko) Chrome/74.0.3729.169 Safari/537.36"
34.23.204.210 - - [19/Jun/2025:11:59:37 -0400] "HEAD /wp HTTP/1.1" 301 - "-" "Mozilla/5.0 (Windows NT 10.0; Win64; x64) AppleWebKit/537.36 (KHTML, like Gecko) Chrome/74.0.3729.169 Safari/537.36"
34.23.204.210 - - [19/Jun/2025:11:59:38 -0400] "HEAD /bc HTTP/1.1" 301 - "-" "Mozilla/5.0 (Windows NT 10.0; Win64; x64) AppleWebKit/537.36 (KHTML, like Gecko) Chrome/74.0.3729.169 Safari/537.36"
34.23.204.210 - - [19/Jun/2025:11:59:41 -0400] "HEAD /bc HTTP/1.1" 301 - "-" "Mozilla/5.0 (Windows NT 10.0; Win64; x64) AppleWebKit/537.36 (KHTML, like Gecko) Chrome/74.0.3729.169 Safari/537.36"
34.23.204.210 - - [19/Jun/2025:11:59:42 -0400] "HEAD /bk HTTP/1.1" 301 - "-" "Mozilla/5.0 (Windows NT 10.0; Win64; x64) AppleWebKit/537.36 (KHTML, like Gecko) Chrome/74.0.3729.169 Safari/537.36"
34.23.204.210 - - [19/Jun/2025:11:59:45 -0400] "HEAD /bk HTTP/1.1" 301 - "-" "Mozilla/5.0 (Windows NT 10.0; Win64; x64) AppleWebKit/537.36 (KHTML, like Gecko) Chrome/74.0.3729.169 Safari/537.36"
34.23.204.210 - - [19/Jun/2025:11:59:46 -0400] "HEAD /backup HTTP/1.1" 301 - "-" "Mozilla/5.0 (Windows NT 10.0; Win64; x64) AppleWebKit/537.36 (KHTML, like Gecko) Chrome/74.0.3729.169 Safari/537.36"
34.23.204.210 - - [19/Jun/2025:11:59:49 -0400] "HEAD /backup HTTP/1.1" 301 - "-" "Mozilla/5.0 (Windows NT 10.0; Win64; x64) AppleWebKit/537.36 (KHTML, like Gecko) Chrome/74.0.3729.169 Safari/537.36"
34.23.204.210 - - [19/Jun/2025:11:59:50 -0400] "HEAD /old HTTP/1.1" 301 - "-" "Mozilla/5.0 (Windows NT 10.0; Win64; x64) AppleWebKit/537.36 (KHTML, like Gecko) Chrome/74.0.3729.169 Safari/537.36"
34.23.204.210 - - [19/Jun/2025:11:59:53 -0400] "HEAD /old HTTP/1.1" 301 - "-" "Mozilla/5.0 (Windows NT 10.0; Win64; x64) AppleWebKit/537.36 (KHTML, like Gecko) Chrome/74.0.3729.169 Safari/537.36"
34.23.204.210 - - [19/Jun/2025:11:59:54 -0400] "HEAD /new HTTP/1.1" 301 - "-" "Mozilla/5.0 (Windows NT 10.0; Win64; x64) AppleWebKit/537.36 (KHTML, like Gecko) Chrome/74.0.3729.169 Safari/537.36"
34.23.204.210 - - [19/Jun/2025:11:59:57 -0400] "HEAD /new HTTP/1.1" 301 - "-" "Mozilla/5.0 (Windows NT 10.0; Win64; x64) AppleWebKit/537.36 (KHTML, like Gecko) Chrome/74.0.3729.169 Safari/537.36"
34.23.204.210 - - [19/Jun/2025:12:00:00 -0400] "HEAD /main HTTP/1.1" 301 - "-" "Mozilla/5.0 (Windows NT 10.0; Win64; x64) AppleWebKit/537.36 (KHTML, like Gecko) Chrome/74.0.3729.169 Safari/537.36"
34.23.204.210 - - [19/Jun/2025:12:00:02 -0400] "HEAD /main HTTP/1.1" 301 - "-" "Mozilla/5.0 (Windows NT 10.0; Win64; x64) AppleWebKit/537.36 (KHTML, like Gecko) Chrome/74.0.3729.169 Safari/537.36"
34.23.204.210 - - [19/Jun/2025:12:00:09 -0400] "HEAD /home HTTP/1.1" 301 - "-" "Mozilla/5.0 (Windows NT 10.0; Win64; x64) AppleWebKit/537.36 (KHTML, like Gecko) Chrome/74.0.3729.169 Safari/537.36"
34.23.204.210 - - [19/Jun/2025:12:00:15 -0400] "HEAD /home HTTP/1.1" 301 - "-" "Mozilla/5.0 (Windows NT 10.0; Win64; x64) AppleWebKit/537.36 (KHTML, like Gecko) Chrome/74.0.3729.169 Safari/537.36"
216.244.66.231 - - [19/Jun/2025:12:21:26 -0400] "GET /robots.txt HTTP/1.1" 200 67 "-" "Mozilla/5.0 (compatible; DotBot/1.2; +https://opensiteexplorer.org/dotbot; help@moz.com)"
216.244.66.231 - - [19/Jun/2025:12:21:26 -0400] "GET /robots.txt HTTP/1.1" 200 67 "-" "Mozilla/5.0 (compatible; DotBot/1.2; +https://opensiteexplorer.org/dotbot; help@moz.com)"
20.191.45.212 - - [19/Jun/2025:12:22:45 -0400] "GET / HTTP/1.1" 301 - "http://pur-tungsten.com/" "DuckDuckBot/1.1; (+http://duckduckgo.com/duckduckbot.html)"
70.39.147.11 - - [19/Jun/2025:12:22:47 -0400] "POST /wp-cron.php?doing_wp_cron=1750350167.4194409847259521484375 HTTP/1.1" 200 - "-" "WordPress/6.6.2; https://pur-tungsten.com"
216.244.66.231 - - [19/Jun/2025:12:30:25 -0400] "GET /s/81e1a0.js.gz HTTP/1.1" 200 51111 "-" "Mozilla/5.0 (compatible; DotBot/1.2; +https://opensiteexplorer.org/dotbot; help@moz.com)"
216.244.66.231 - - [19/Jun/2025:12:30:53 -0400] "GET /s/0674ab.js.gz HTTP/1.1" 200 310398 "-" "Mozilla/5.0 (compatible; DotBot/1.2; +https://opensiteexplorer.org/dotbot; help@moz.com)"
216.244.66.231 - - [19/Jun/2025:12:31:03 -0400] "GET /s/073e98.js.gz HTTP/1.1" 200 506801 "-" "Mozilla/5.0 (compatible; DotBot/1.2; +https://opensiteexplorer.org/dotbot; help@moz.com)"
216.244.66.231 - - [19/Jun/2025:12:31:41 -0400] "GET /s/08969d.js.gz HTTP/1.1" 200 310396 "-" "Mozilla/5.0 (compatible; DotBot/1.2; +https://opensiteexplorer.org/dotbot; help@moz.com)"
216.244.66.231 - - [19/Jun/2025:12:32:14 -0400] "GET /s/0c515a.js.gz HTTP/1.1" 200 310397 "-" "Mozilla/5.0 (compatible; DotBot/1.2; +https://opensiteexplorer.org/dotbot; help@moz.com)"
216.244.66.231 - - [19/Jun/2025:12:32:47 -0400] "GET /s/12e133.js.gz HTTP/1.1" 200 506235 "-" "Mozilla/5.0 (compatible; DotBot/1.2; +https://opensiteexplorer.org/dotbot; help@moz.com)"
216.244.66.231 - - [19/Jun/2025:12:33:21 -0400] "GET /s/14c56f.js.gz HTTP/1.1" 200 506258 "-" "Mozilla/5.0 (compatible; DotBot/1.2; +https://opensiteexplorer.org/dotbot; help@moz.com)"
216.244.66.231 - - [19/Jun/2025:12:33:52 -0400] "GET /s/1a33cc.js.gz HTTP/1.1" 200 508617 "-" "Mozilla/5.0 (compatible; DotBot/1.2; +https://opensiteexplorer.org/dotbot; help@moz.com)"
177.75.58.85 - - [19/Jun/2025:12:34:15 -0400] "GET http://pur-tungsten.com/product-tag/sinkers/ HTTP/1.1" 301 - "-" "Mozilla/5.0 (iPhone; CPU iPhone OS 17_0_3 like Mac OS X) AppleWebKit/605.1.15 (KHTML, like Gecko) Version/17.0 Mobile/15E148 Safari/604.1 OPX/2.2.0"
70.39.147.11 - - [19/Jun/2025:12:34:17 -0400] "POST /wp-cron.php?doing_wp_cron=1750350857.7028670310974121093750 HTTP/1.1" 200 - "-" "WordPress/6.6.2; https://pur-tungsten.com"
216.244.66.231 - - [19/Jun/2025:12:34:20 -0400] "GET /s/1c16d7.js.gz HTTP/1.1" 200 310398 "-" "Mozilla/5.0 (compatible; DotBot/1.2; +https://opensiteexplorer.org/dotbot; help@moz.com)"
216.244.66.231 - - [19/Jun/2025:12:34:46 -0400] "GET /s/21a46c.js.gz HTTP/1.1" 200 310395 "-" "Mozilla/5.0 (compatible; DotBot/1.2; +https://opensiteexplorer.org/dotbot; help@moz.com)"
216.244.66.231 - - [19/Jun/2025:12:35:10 -0400] "GET /s/25efdf.js.gz HTTP/1.1" 200 506799 "-" "Mozilla/5.0 (compatible; DotBot/1.2; +https://opensiteexplorer.org/dotbot; help@moz.com)"
216.244.66.231 - - [19/Jun/2025:12:35:34 -0400] "GET /s/2b3122.js.gz HTTP/1.1" 200 310398 "-" "Mozilla/5.0 (compatible; DotBot/1.2; +https://opensiteexplorer.org/dotbot; help@moz.com)"
216.244.66.231 - - [19/Jun/2025:12:35:56 -0400] "GET /s/2dadb8.js.gz HTTP/1.1" 200 310398 "-" "Mozilla/5.0 (compatible; DotBot/1.2; +https://opensiteexplorer.org/dotbot; help@moz.com)"
216.244.66.231 - - [19/Jun/2025:12:36:17 -0400] "GET /s/34eeb1.js.gz HTTP/1.1" 200 310395 "-" "Mozilla/5.0 (compatible; DotBot/1.2; +https://opensiteexplorer.org/dotbot; help@moz.com)"
216.244.66.231 - - [19/Jun/2025:12:36:37 -0400] "GET /s/4d9cd6.js.gz HTTP/1.1" 200 310397 "-" "Mozilla/5.0 (compatible; DotBot/1.2; +https://opensiteexplorer.org/dotbot; help@moz.com)"
216.244.66.231 - - [19/Jun/2025:12:36:56 -0400] "GET /s/53669c.js.gz HTTP/1.1" 200 506237 "-" "Mozilla/5.0 (compatible; DotBot/1.2; +https://opensiteexplorer.org/dotbot; help@moz.com)"
216.244.66.231 - - [19/Jun/2025:12:37:15 -0400] "GET /s/57eba6.js.gz HTTP/1.1" 200 506800 "-" "Mozilla/5.0 (compatible; DotBot/1.2; +https://opensiteexplorer.org/dotbot; help@moz.com)"
216.244.66.231 - - [19/Jun/2025:12:37:33 -0400] "GET /s/596c5f.js.gz HTTP/1.1" 200 310397 "-" "Mozilla/5.0 (compatible; DotBot/1.2; +https://opensiteexplorer.org/dotbot; help@moz.com)"
216.244.66.231 - - [19/Jun/2025:12:37:49 -0400] "GET /s/605ea3.js.gz HTTP/1.1" 200 310397 "-" "Mozilla/5.0 (compatible; DotBot/1.2; +https://opensiteexplorer.org/dotbot; help@moz.com)"
216.244.66.231 - - [19/Jun/2025:12:38:04 -0400] "GET /s/612b4c.js.gz HTTP/1.1" 200 506806 "-" "Mozilla/5.0 (compatible; DotBot/1.2; +https://opensiteexplorer.org/dotbot; help@moz.com)"
216.244.66.231 - - [19/Jun/2025:12:38:19 -0400] "GET /s/619bab.js.gz HTTP/1.1" 200 506806 "-" "Mozilla/5.0 (compatible; DotBot/1.2; +https://opensiteexplorer.org/dotbot; help@moz.com)"
216.244.66.231 - - [19/Jun/2025:12:38:33 -0400] "GET /s/61a7bb.js.gz HTTP/1.1" 200 310397 "-" "Mozilla/5.0 (compatible; DotBot/1.2; +https://opensiteexplorer.org/dotbot; help@moz.com)"
216.244.66.231 - - [19/Jun/2025:12:38:45 -0400] "GET /s/703985.js.gz HTTP/1.1" 200 506798 "-" "Mozilla/5.0 (compatible; DotBot/1.2; +https://opensiteexplorer.org/dotbot; help@moz.com)"
216.244.66.231 - - [19/Jun/2025:12:38:57 -0400] "GET /s/7be657.js.gz HTTP/1.1" 200 310397 "-" "Mozilla/5.0 (compatible; DotBot/1.2; +https://opensiteexplorer.org/dotbot; help@moz.com)"
216.244.66.231 - - [19/Jun/2025:12:39:07 -0400] "GET /s/80a50a.js.gz HTTP/1.1" 200 506804 "-" "Mozilla/5.0 (compatible; DotBot/1.2; +https://opensiteexplorer.org/dotbot; help@moz.com)"
216.244.66.231 - - [19/Jun/2025:12:39:17 -0400] "GET /s/830f24.js.gz HTTP/1.1" 200 506796 "-" "Mozilla/5.0 (compatible; DotBot/1.2; +https://opensiteexplorer.org/dotbot; help@moz.com)"
216.244.66.231 - - [19/Jun/2025:12:39:26 -0400] "GET /s/9e3bac.js.gz HTTP/1.1" 200 506237 "-" "Mozilla/5.0 (compatible; DotBot/1.2; +https://opensiteexplorer.org/dotbot; help@moz.com)"
216.244.66.231 - - [19/Jun/2025:12:39:34 -0400] "GET /s/a1fa95.js.gz HTTP/1.1" 200 507612 "-" "Mozilla/5.0 (compatible; DotBot/1.2; +https://opensiteexplorer.org/dotbot; help@moz.com)"
216.244.66.231 - - [19/Jun/2025:12:39:40 -0400] "GET /s/a62a38.js.gz HTTP/1.1" 200 506796 "-" "Mozilla/5.0 (compatible; DotBot/1.2; +https://opensiteexplorer.org/dotbot; help@moz.com)"
216.244.66.231 - - [19/Jun/2025:12:39:46 -0400] "GET /s/af78d4.js.gz HTTP/1.1" 200 506810 "-" "Mozilla/5.0 (compatible; DotBot/1.2; +https://opensiteexplorer.org/dotbot; help@moz.com)"
216.244.66.231 - - [19/Jun/2025:12:39:51 -0400] "GET /s/c68739.js.gz HTTP/1.1" 200 508656 "-" "Mozilla/5.0 (compatible; DotBot/1.2; +https://opensiteexplorer.org/dotbot; help@moz.com)"
216.244.66.231 - - [19/Jun/2025:12:39:55 -0400] "GET /s/d18377.js HTTP/1.1" 200 149054 "-" "Mozilla/5.0 (compatible; DotBot/1.2; +https://opensiteexplorer.org/dotbot; help@moz.com)"
216.244.66.231 - - [19/Jun/2025:12:39:59 -0400] "GET /s/d78ed8.js.gz HTTP/1.1" 200 506809 "-" "Mozilla/5.0 (compatible; DotBot/1.2; +https://opensiteexplorer.org/dotbot; help@moz.com)"
216.244.66.231 - - [19/Jun/2025:12:40:02 -0400] "GET /s/dc5abf.js.gz HTTP/1.1" 200 506812 "-" "Mozilla/5.0 (compatible; DotBot/1.2; +https://opensiteexplorer.org/dotbot; help@moz.com)"
216.244.66.231 - - [19/Jun/2025:12:40:05 -0400] "GET /s/df0947.js.gz HTTP/1.1" 200 506799 "-" "Mozilla/5.0 (compatible; DotBot/1.2; +https://opensiteexplorer.org/dotbot; help@moz.com)"
216.244.66.231 - - [19/Jun/2025:12:40:09 -0400] "GET /s/df50f4.js.gz HTTP/1.1" 200 508649 "-" "Mozilla/5.0 (compatible; DotBot/1.2; +https://opensiteexplorer.org/dotbot; help@moz.com)"
216.244.66.231 - - [19/Jun/2025:12:40:12 -0400] "GET /s/e3a692.js.gz HTTP/1.1" 200 310396 "-" "Mozilla/5.0 (compatible; DotBot/1.2; +https://opensiteexplorer.org/dotbot; help@moz.com)"
216.244.66.231 - - [19/Jun/2025:12:40:15 -0400] "GET /s/e7f74b.js.gz HTTP/1.1" 200 506805 "-" "Mozilla/5.0 (compatible; DotBot/1.2; +https://opensiteexplorer.org/dotbot; help@moz.com)"
216.244.66.231 - - [19/Jun/2025:12:40:18 -0400] "GET /s/ec540f.js.gz HTTP/1.1" 200 508643 "-" "Mozilla/5.0 (compatible; DotBot/1.2; +https://opensiteexplorer.org/dotbot; help@moz.com)"
216.244.66.231 - - [19/Jun/2025:12:40:21 -0400] "GET /s/f2af78.js HTTP/1.1" 200 149054 "-" "Mozilla/5.0 (compatible; DotBot/1.2; +https://opensiteexplorer.org/dotbot; help@moz.com)"
216.244.66.231 - - [19/Jun/2025:12:40:23 -0400] "GET /product/jp-buffer-weights-10-pcs/ HTTP/1.1" 301 - "-" "Mozilla/5.0 (compatible; DotBot/1.2; +https://opensiteexplorer.org/dotbot; help@moz.com)"
70.39.147.11 - - [19/Jun/2025:12:40:25 -0400] "POST /wp-cron.php?doing_wp_cron=1750351225.0778300762176513671875 HTTP/1.1" 200 - "-" "WordPress/6.6.2; https://pur-tungsten.com"
216.244.66.231 - - [19/Jun/2025:12:40:32 -0400] "GET /product-category/crank-shaft/ HTTP/1.1" 301 - "-" "Mozilla/5.0 (compatible; DotBot/1.2; +https://opensiteexplorer.org/dotbot; help@moz.com)"
216.244.66.231 - - [19/Jun/2025:12:40:39 -0400] "GET /?C=S;O=A HTTP/1.1" 301 - "-" "Mozilla/5.0 (compatible; DotBot/1.2; +https://opensiteexplorer.org/dotbot; help@moz.com)"
216.244.66.231 - - [19/Jun/2025:12:41:43 -0400] "GET /wp-content/uploads/2018/01/CRANKSHAFTS_002.jpg HTTP/1.1" 200 100711 "-" "Mozilla/5.0 (compatible; DotBot/1.2; +https://opensiteexplorer.org/dotbot; help@moz.com)"
216.244.66.231 - - [19/Jun/2025:12:45:31 -0400] "GET /s/081518.js HTTP/1.1" 200 - "-" "Mozilla/5.0 (compatible; DotBot/1.2; +https://opensiteexplorer.org/dotbot; help@moz.com)"
216.244.66.231 - - [19/Jun/2025:12:45:34 -0400] "GET /s/0a5eaa.js.gz HTTP/1.1" 200 310398 "-" "Mozilla/5.0 (compatible; DotBot/1.2; +https://opensiteexplorer.org/dotbot; help@moz.com)"
216.244.66.231 - - [19/Jun/2025:12:45:50 -0400] "GET /s/0b0f37.js.gz HTTP/1.1" 200 310396 "-" "Mozilla/5.0 (compatible; DotBot/1.2; +https://opensiteexplorer.org/dotbot; help@moz.com)"
216.244.66.231 - - [19/Jun/2025:12:46:12 -0400] "GET /s/0d4f0a.js.gz HTTP/1.1" 200 51111 "-" "Mozilla/5.0 (compatible; DotBot/1.2; +https://opensiteexplorer.org/dotbot; help@moz.com)"
216.244.66.231 - - [19/Jun/2025:12:46:29 -0400] "GET /s/299257.js HTTP/1.1" 200 149054 "-" "Mozilla/5.0 (compatible; DotBot/1.2; +https://opensiteexplorer.org/dotbot; help@moz.com)"
216.244.66.231 - - [19/Jun/2025:12:46:46 -0400] "GET /s/4b8edb.js HTTP/1.1" 200 - "-" "Mozilla/5.0 (compatible; DotBot/1.2; +https://opensiteexplorer.org/dotbot; help@moz.com)"
216.244.66.231 - - [19/Jun/2025:12:47:01 -0400] "GET /s/5a77f2.js.gz HTTP/1.1" 200 51111 "-" "Mozilla/5.0 (compatible; DotBot/1.2; +https://opensiteexplorer.org/dotbot; help@moz.com)"
216.244.66.231 - - [19/Jun/2025:12:47:14 -0400] "GET /s/6e1f53.js HTTP/1.1" 200 149054 "-" "Mozilla/5.0 (compatible; DotBot/1.2; +https://opensiteexplorer.org/dotbot; help@moz.com)"
216.244.66.231 - - [19/Jun/2025:12:47:27 -0400] "GET /s/7c0e4b.js.gz HTTP/1.1" 200 14556 "-" "Mozilla/5.0 (compatible; DotBot/1.2; +https://opensiteexplorer.org/dotbot; help@moz.com)"
216.244.66.231 - - [19/Jun/2025:12:47:39 -0400] "GET /s/7f1a62.js HTTP/1.1" 200 149053 "-" "Mozilla/5.0 (compatible; DotBot/1.2; +https://opensiteexplorer.org/dotbot; help@moz.com)"
216.244.66.231 - - [19/Jun/2025:12:47:52 -0400] "GET /s/82fc8d.js HTTP/1.1" 200 149053 "-" "Mozilla/5.0 (compatible; DotBot/1.2; +https://opensiteexplorer.org/dotbot; help@moz.com)"
216.244.66.231 - - [19/Jun/2025:12:48:05 -0400] "GET /s/897975.js HTTP/1.1" 200 149054 "-" "Mozilla/5.0 (compatible; DotBot/1.2; +https://opensiteexplorer.org/dotbot; help@moz.com)"
216.244.66.231 - - [19/Jun/2025:12:48:15 -0400] "GET /s/899ca2.js.gz HTTP/1.1" 200 - "-" "Mozilla/5.0 (compatible; DotBot/1.2; +https://opensiteexplorer.org/dotbot; help@moz.com)"
216.244.66.231 - - [19/Jun/2025:12:48:23 -0400] "GET /s/d9c4c0.css HTTP/1.1" 200 110130 "-" "Mozilla/5.0 (compatible; DotBot/1.2; +https://opensiteexplorer.org/dotbot; help@moz.com)"
34.74.35.69 - - [19/Jun/2025:12:54:47 -0400] "HEAD /wordpress HTTP/1.1" 301 - "-" "Mozilla/5.0 (Windows NT 10.0; Win64; x64) AppleWebKit/537.36 (KHTML, like Gecko) Chrome/74.0.3729.169 Safari/537.36"
34.74.35.69 - - [19/Jun/2025:12:54:47 -0400] "HEAD /wordpress HTTP/1.1" 301 - "-" "Mozilla/5.0 (Windows NT 10.0; Win64; x64) AppleWebKit/537.36 (KHTML, like Gecko) Chrome/74.0.3729.169 Safari/537.36"
34.74.35.69 - - [19/Jun/2025:12:54:47 -0400] "HEAD /wordpress/ HTTP/1.1" 200 - "http://pur-tungsten.com/wordpress" "Mozilla/5.0 (Windows NT 10.0; Win64; x64) AppleWebKit/537.36 (KHTML, like Gecko) Chrome/74.0.3729.169 Safari/537.36"
34.74.35.69 - - [19/Jun/2025:12:54:47 -0400] "HEAD /wordpress/ HTTP/1.1" 200 - "http://pur-tungsten.tdmfginc.com/wordpress" "Mozilla/5.0 (Windows NT 10.0; Win64; x64) AppleWebKit/537.36 (KHTML, like Gecko) Chrome/74.0.3729.169 Safari/537.36"
34.74.35.69 - - [19/Jun/2025:12:54:47 -0400] "HEAD / HTTP/1.1" 301 - "-" "Mozilla/5.0 (Windows NT 10.0; Win64; x64) AppleWebKit/537.36 (KHTML, like Gecko) Chrome/74.0.3729.169 Safari/537.36"
34.74.35.69 - - [19/Jun/2025:12:54:47 -0400] "HEAD / HTTP/1.1" 301 - "-" "Mozilla/5.0 (Windows NT 10.0; Win64; x64) AppleWebKit/537.36 (KHTML, like Gecko) Chrome/74.0.3729.169 Safari/537.36"
34.74.35.69 - - [19/Jun/2025:12:54:52 -0400] "HEAD /wp HTTP/1.1" 301 - "-" "Mozilla/5.0 (Windows NT 10.0; Win64; x64) AppleWebKit/537.36 (KHTML, like Gecko) Chrome/74.0.3729.169 Safari/537.36"
34.74.35.69 - - [19/Jun/2025:12:54:54 -0400] "HEAD /wp HTTP/1.1" 301 - "-" "Mozilla/5.0 (Windows NT 10.0; Win64; x64) AppleWebKit/537.36 (KHTML, like Gecko) Chrome/74.0.3729.169 Safari/537.36"
34.74.35.69 - - [19/Jun/2025:12:54:56 -0400] "HEAD /bc HTTP/1.1" 301 - "-" "Mozilla/5.0 (Windows NT 10.0; Win64; x64) AppleWebKit/537.36 (KHTML, like Gecko) Chrome/74.0.3729.169 Safari/537.36"
34.74.35.69 - - [19/Jun/2025:12:54:58 -0400] "HEAD /bc HTTP/1.1" 301 - "-" "Mozilla/5.0 (Windows NT 10.0; Win64; x64) AppleWebKit/537.36 (KHTML, like Gecko) Chrome/74.0.3729.169 Safari/537.36"
34.74.35.69 - - [19/Jun/2025:12:55:00 -0400] "HEAD /bk HTTP/1.1" 301 - "-" "Mozilla/5.0 (Windows NT 10.0; Win64; x64) AppleWebKit/537.36 (KHTML, like Gecko) Chrome/74.0.3729.169 Safari/537.36"
34.74.35.69 - - [19/Jun/2025:12:55:03 -0400] "HEAD /bk HTTP/1.1" 301 - "-" "Mozilla/5.0 (Windows NT 10.0; Win64; x64) AppleWebKit/537.36 (KHTML, like Gecko) Chrome/74.0.3729.169 Safari/537.36"
34.74.35.69 - - [19/Jun/2025:12:55:05 -0400] "HEAD /backup HTTP/1.1" 301 - "-" "Mozilla/5.0 (Windows NT 10.0; Win64; x64) AppleWebKit/537.36 (KHTML, like Gecko) Chrome/74.0.3729.169 Safari/537.36"
70.39.147.11 - - [19/Jun/2025:12:55:06 -0400] "POST /wp-cron.php?doing_wp_cron=1750352106.1927831172943115234375 HTTP/1.1" 200 - "-" "WordPress/6.6.2; https://pur-tungsten.com"
34.74.35.69 - - [19/Jun/2025:12:55:09 -0400] "HEAD /backup HTTP/1.1" 301 - "-" "Mozilla/5.0 (Windows NT 10.0; Win64; x64) AppleWebKit/537.36 (KHTML, like Gecko) Chrome/74.0.3729.169 Safari/537.36"
34.74.35.69 - - [19/Jun/2025:12:55:10 -0400] "HEAD /old HTTP/1.1" 301 - "-" "Mozilla/5.0 (Windows NT 10.0; Win64; x64) AppleWebKit/537.36 (KHTML, like Gecko) Chrome/74.0.3729.169 Safari/537.36"
34.74.35.69 - - [19/Jun/2025:12:55:13 -0400] "HEAD /old HTTP/1.1" 301 - "-" "Mozilla/5.0 (Windows NT 10.0; Win64; x64) AppleWebKit/537.36 (KHTML, like Gecko) Chrome/74.0.3729.169 Safari/537.36"
34.74.35.69 - - [19/Jun/2025:12:55:14 -0400] "HEAD /new HTTP/1.1" 301 - "-" "Mozilla/5.0 (Windows NT 10.0; Win64; x64) AppleWebKit/537.36 (KHTML, like Gecko) Chrome/74.0.3729.169 Safari/537.36"
34.74.35.69 - - [19/Jun/2025:12:55:18 -0400] "HEAD /new HTTP/1.1" 301 - "-" "Mozilla/5.0 (Windows NT 10.0; Win64; x64) AppleWebKit/537.36 (KHTML, like Gecko) Chrome/74.0.3729.169 Safari/537.36"
34.74.35.69 - - [19/Jun/2025:12:55:20 -0400] "HEAD /main HTTP/1.1" 301 - "-" "Mozilla/5.0 (Windows NT 10.0; Win64; x64) AppleWebKit/537.36 (KHTML, like Gecko) Chrome/74.0.3729.169 Safari/537.36"
34.74.35.69 - - [19/Jun/2025:12:55:23 -0400] "HEAD /main HTTP/1.1" 301 - "-" "Mozilla/5.0 (Windows NT 10.0; Win64; x64) AppleWebKit/537.36 (KHTML, like Gecko) Chrome/74.0.3729.169 Safari/537.36"
34.74.35.69 - - [19/Jun/2025:12:55:24 -0400] "HEAD /home HTTP/1.1" 301 - "-" "Mozilla/5.0 (Windows NT 10.0; Win64; x64) AppleWebKit/537.36 (KHTML, like Gecko) Chrome/74.0.3729.169 Safari/537.36"
34.74.35.69 - - [19/Jun/2025:12:55:27 -0400] "HEAD /home HTTP/1.1" 301 - "-" "Mozilla/5.0 (Windows NT 10.0; Win64; x64) AppleWebKit/537.36 (KHTML, like Gecko) Chrome/74.0.3729.169 Safari/537.36"
165.231.24.129 - - [19/Jun/2025:13:00:03 -0400] "GET /2015/11/02/hello-world/ HTTP/1.1" 301 - "-" "Mozilla/5.0 (X11; Linux i686; rv:114.0) Gecko/20100101 Firefox/114.0"
70.39.147.11 - - [19/Jun/2025:13:00:06 -0400] "POST /wp-cron.php?doing_wp_cron=1750352406.8843200206756591796875 HTTP/1.1" 200 - "-" "WordPress/6.6.2; https://pur-tungsten.com"
124.220.171.34 - - [19/Jun/2025:13:02:21 -0400] "GET / HTTP/1.1" 301 - "-" "Mozilla/5.0 (Linux; Android 10; LIO-AN00 Build/HUAWEILIO-AN00; wv) MicroMessenger Weixin QQ AppleWebKit/537.36 (KHTML, like Gecko) Version/4.0 Chrome/78.0.3904.62 XWEB/2692 MMWEBSDK/200901 Mobile Safari/537.36"
124.220.171.34 - - [19/Jun/2025:13:02:21 -0400] "GET / HTTP/1.1" 301 - "-" "Mozilla/5.0 (Linux; Android 10; LIO-AN00 Build/HUAWEILIO-AN00; wv) MicroMessenger Weixin QQ AppleWebKit/537.36 (KHTML, like Gecko) Version/4.0 Chrome/78.0.3904.62 XWEB/2692 MMWEBSDK/200901 Mobile Safari/537.36"
70.39.147.11 - - [19/Jun/2025:13:02:23 -0400] "POST /wp-cron.php?doing_wp_cron=1750352543.5615370273590087890625 HTTP/1.1" 200 - "-" "WordPress/6.6.2; https://pur-tungsten.com"
192.178.4.105 - - [19/Jun/2025:13:04:35 -0400] "GET /product/tig-welding-tungsten-electrodes-thoriated-lanthanated-ceriated/ HTTP/1.1" 301 - "-" "Mozilla/5.0 (Linux; Android 6.0.1; Nexus 5X Build/MMB29P) AppleWebKit/537.36 (KHTML, like Gecko) Chrome/137.0.7151.103 Mobile Safari/537.36 (compatible; Googlebot/2.1; +http://www.google.com/bot.html)"
70.39.147.11 - - [19/Jun/2025:13:04:37 -0400] "POST /wp-cron.php?doing_wp_cron=1750352677.4719450473785400390625 HTTP/1.1" 200 - "-" "WordPress/6.6.2; https://pur-tungsten.com"
124.220.171.34 - - [19/Jun/2025:13:07:09 -0400] "GET / HTTP/1.1" 301 - "-" "Mozilla/5.0 (Linux; Android 10; LIO-AN00 Build/HUAWEILIO-AN00; wv) MicroMessenger Weixin QQ AppleWebKit/537.36 (KHTML, like Gecko) Version/4.0 Chrome/78.0.3904.62 XWEB/2692 MMWEBSDK/200901 Mobile Safari/537.36"
124.220.171.34 - - [19/Jun/2025:13:07:09 -0400] "GET / HTTP/1.1" 301 - "-" "Mozilla/5.0 (Linux; Android 10; LIO-AN00 Build/HUAWEILIO-AN00; wv) MicroMessenger Weixin QQ AppleWebKit/537.36 (KHTML, like Gecko) Version/4.0 Chrome/78.0.3904.62 XWEB/2692 MMWEBSDK/200901 Mobile Safari/537.36"
70.39.147.11 - - [19/Jun/2025:13:07:11 -0400] "POST /wp-cron.php?doing_wp_cron=1750352831.8216838836669921875000 HTTP/1.1" 200 - "-" "WordPress/6.6.2; https://pur-tungsten.com"
216.244.66.231 - - [19/Jun/2025:13:09:53 -0400] "GET /robots.txt HTTP/1.1" 200 67 "-" "Mozilla/5.0 (compatible; DotBot/1.2; +https://opensiteexplorer.org/dotbot; help@moz.com)"
216.244.66.231 - - [19/Jun/2025:13:17:20 -0400] "GET /product/tungsten-ice-fishing-jigs/ HTTP/1.1" 301 - "-" "Mozilla/5.0 (compatible; DotBot/1.2; +https://opensiteexplorer.org/dotbot; help@moz.com)"
70.39.147.11 - - [19/Jun/2025:13:17:22 -0400] "POST /wp-cron.php?doing_wp_cron=1750353441.9759140014648437500000 HTTP/1.1" 200 - "-" "WordPress/6.6.2; https://pur-tungsten.com"
216.244.66.231 - - [19/Jun/2025:13:17:29 -0400] "GET /s/00b95f.js.gz HTTP/1.1" 200 51112 "-" "Mozilla/5.0 (compatible; DotBot/1.2; +https://opensiteexplorer.org/dotbot; help@moz.com)"
216.244.66.231 - - [19/Jun/2025:13:17:34 -0400] "GET /s/125eee.js.gz HTTP/1.1" 200 51111 "-" "Mozilla/5.0 (compatible; DotBot/1.2; +https://opensiteexplorer.org/dotbot; help@moz.com)"
216.244.66.231 - - [19/Jun/2025:13:17:40 -0400] "GET /s/142275.js.gz HTTP/1.1" 200 51113 "-" "Mozilla/5.0 (compatible; DotBot/1.2; +https://opensiteexplorer.org/dotbot; help@moz.com)"
216.244.66.231 - - [19/Jun/2025:13:17:44 -0400] "GET /s/428d09.js HTTP/1.1" 200 149054 "-" "Mozilla/5.0 (compatible; DotBot/1.2; +https://opensiteexplorer.org/dotbot; help@moz.com)"
216.244.66.231 - - [19/Jun/2025:13:17:48 -0400] "GET /s/d2fc2a.js.gz HTTP/1.1" 200 51112 "-" "Mozilla/5.0 (compatible; DotBot/1.2; +https://opensiteexplorer.org/dotbot; help@moz.com)"
216.244.66.231 - - [19/Jun/2025:13:17:54 -0400] "GET /s/0251e1.js.gz HTTP/1.1" 200 310398 "-" "Mozilla/5.0 (compatible; DotBot/1.2; +https://opensiteexplorer.org/dotbot; help@moz.com)"
216.244.66.231 - - [19/Jun/2025:13:18:29 -0400] "GET /s/03c1a2.js.gz HTTP/1.1" 200 310398 "-" "Mozilla/5.0 (compatible; DotBot/1.2; +https://opensiteexplorer.org/dotbot; help@moz.com)"
216.244.66.231 - - [19/Jun/2025:13:19:02 -0400] "GET /s/051adf.js.gz HTTP/1.1" 200 310398 "-" "Mozilla/5.0 (compatible; DotBot/1.2; +https://opensiteexplorer.org/dotbot; help@moz.com)"
216.244.66.231 - - [19/Jun/2025:13:19:32 -0400] "GET /s/098e7e.js.gz HTTP/1.1" 200 310398 "-" "Mozilla/5.0 (compatible; DotBot/1.2; +https://opensiteexplorer.org/dotbot; help@moz.com)"
216.244.66.231 - - [19/Jun/2025:13:20:00 -0400] "GET /s/10b506.js.gz HTTP/1.1" 200 310396 "-" "Mozilla/5.0 (compatible; DotBot/1.2; +https://opensiteexplorer.org/dotbot; help@moz.com)"
216.244.66.231 - - [19/Jun/2025:13:20:27 -0400] "GET /s/1c5d4a.js.gz HTTP/1.1" 200 310398 "-" "Mozilla/5.0 (compatible; DotBot/1.2; +https://opensiteexplorer.org/dotbot; help@moz.com)"
216.244.66.231 - - [19/Jun/2025:13:20:54 -0400] "GET /s/1ca6f8.js.gz HTTP/1.1" 200 310398 "-" "Mozilla/5.0 (compatible; DotBot/1.2; +https://opensiteexplorer.org/dotbot; help@moz.com)"
216.244.66.231 - - [19/Jun/2025:13:21:19 -0400] "GET /s/214849.js.gz HTTP/1.1" 200 310396 "-" "Mozilla/5.0 (compatible; DotBot/1.2; +https://opensiteexplorer.org/dotbot; help@moz.com)"
216.244.66.231 - - [19/Jun/2025:13:21:43 -0400] "GET /s/3c08d5.js.gz HTTP/1.1" 200 310398 "-" "Mozilla/5.0 (compatible; DotBot/1.2; +https://opensiteexplorer.org/dotbot; help@moz.com)"
216.244.66.231 - - [19/Jun/2025:13:22:07 -0400] "GET /s/65c8ee.js.gz HTTP/1.1" 200 310395 "-" "Mozilla/5.0 (compatible; DotBot/1.2; +https://opensiteexplorer.org/dotbot; help@moz.com)"
216.244.66.231 - - [19/Jun/2025:13:22:29 -0400] "GET /s/6f076d.js.gz HTTP/1.1" 200 310397 "-" "Mozilla/5.0 (compatible; DotBot/1.2; +https://opensiteexplorer.org/dotbot; help@moz.com)"
216.244.66.231 - - [19/Jun/2025:13:22:50 -0400] "GET /s/87e20d.js.gz HTTP/1.1" 200 310397 "-" "Mozilla/5.0 (compatible; DotBot/1.2; +https://opensiteexplorer.org/dotbot; help@moz.com)"
216.244.66.231 - - [19/Jun/2025:13:23:10 -0400] "GET /s/ab73df.js.gz HTTP/1.1" 200 310397 "-" "Mozilla/5.0 (compatible; DotBot/1.2; +https://opensiteexplorer.org/dotbot; help@moz.com)"
216.244.66.231 - - [19/Jun/2025:13:23:30 -0400] "GET /s/ba14f7.js.gz HTTP/1.1" 200 310397 "-" "Mozilla/5.0 (compatible; DotBot/1.2; +https://opensiteexplorer.org/dotbot; help@moz.com)"
216.244.66.231 - - [19/Jun/2025:13:23:48 -0400] "GET /s/bcad04.js HTTP/1.1" 200 149054 "-" "Mozilla/5.0 (compatible; DotBot/1.2; +https://opensiteexplorer.org/dotbot; help@moz.com)"
216.244.66.231 - - [19/Jun/2025:13:24:05 -0400] "GET /s/c07a14.js.gz HTTP/1.1" 200 310397 "-" "Mozilla/5.0 (compatible; DotBot/1.2; +https://opensiteexplorer.org/dotbot; help@moz.com)"
216.244.66.231 - - [19/Jun/2025:13:24:21 -0400] "GET /s/cb58fd.js.gz HTTP/1.1" 200 310396 "-" "Mozilla/5.0 (compatible; DotBot/1.2; +https://opensiteexplorer.org/dotbot; help@moz.com)"
216.244.66.231 - - [19/Jun/2025:13:24:36 -0400] "GET /s/dc3ddc.js.gz HTTP/1.1" 200 310397 "-" "Mozilla/5.0 (compatible; DotBot/1.2; +https://opensiteexplorer.org/dotbot; help@moz.com)"
216.244.66.231 - - [19/Jun/2025:13:24:51 -0400] "GET /s/e62733.js.gz HTTP/1.1" 200 310395 "-" "Mozilla/5.0 (compatible; DotBot/1.2; +https://opensiteexplorer.org/dotbot; help@moz.com)"
216.244.66.231 - - [19/Jun/2025:13:25:04 -0400] "GET /s/e8144a.js.gz HTTP/1.1" 200 310397 "-" "Mozilla/5.0 (compatible; DotBot/1.2; +https://opensiteexplorer.org/dotbot; help@moz.com)"
216.244.66.231 - - [19/Jun/2025:13:25:16 -0400] "GET /s/f65979.js.gz HTTP/1.1" 200 310396 "-" "Mozilla/5.0 (compatible; DotBot/1.2; +https://opensiteexplorer.org/dotbot; help@moz.com)"
216.244.66.231 - - [19/Jun/2025:13:25:28 -0400] "GET /product-category/fishing/ HTTP/1.1" 301 - "-" "Mozilla/5.0 (compatible; DotBot/1.2; +https://opensiteexplorer.org/dotbot; help@moz.com)"
70.39.147.11 - - [19/Jun/2025:13:25:30 -0400] "POST /wp-cron.php?doing_wp_cron=1750353930.1766059398651123046875 HTTP/1.1" 200 - "-" "WordPress/6.6.2; https://pur-tungsten.com"
216.244.66.231 - - [19/Jun/2025:13:25:40 -0400] "GET /product/styling-comb/WEBSITE HTTP/1.1" 301 - "-" "Mozilla/5.0 (compatible; DotBot/1.2; +https://opensiteexplorer.org/dotbot; help@moz.com)"
216.244.66.231 - - [19/Jun/2025:13:25:50 -0400] "GET /product-category/saltwater-fishing/weights-sinkers/ HTTP/1.1" 301 - "-" "Mozilla/5.0 (compatible; DotBot/1.2; +https://opensiteexplorer.org/dotbot; help@moz.com)"
216.244.66.231 - - [19/Jun/2025:13:25:59 -0400] "GET /product/tig-welding-tungsten-electrodes/feed/ HTTP/1.1" 301 - "-" "Mozilla/5.0 (compatible; DotBot/1.2; +https://opensiteexplorer.org/dotbot; help@moz.com)"
70.39.147.11 - - [19/Jun/2025:13:26:01 -0400] "POST /wp-cron.php?doing_wp_cron=1750353961.5068409442901611328125 HTTP/1.1" 200 - "-" "WordPress/6.6.2; https://pur-tungsten.com"
216.244.66.231 - - [19/Jun/2025:13:26:08 -0400] "GET /product-category/saw-blades/ HTTP/1.1" 301 - "-" "Mozilla/5.0 (compatible; DotBot/1.2; +https://opensiteexplorer.org/dotbot; help@moz.com)"
216.244.66.231 - - [19/Jun/2025:13:26:16 -0400] "GET /s/162ae7.js.gz HTTP/1.1" 200 - "-" "Mozilla/5.0 (compatible; DotBot/1.2; +https://opensiteexplorer.org/dotbot; help@moz.com)"
216.244.66.231 - - [19/Jun/2025:13:26:20 -0400] "GET /s/1dbb6b.js.gz HTTP/1.1" 200 51110 "-" "Mozilla/5.0 (compatible; DotBot/1.2; +https://opensiteexplorer.org/dotbot; help@moz.com)"
216.244.66.231 - - [19/Jun/2025:13:26:24 -0400] "GET /s/204bba.js HTTP/1.1" 200 149054 "-" "Mozilla/5.0 (compatible; DotBot/1.2; +https://opensiteexplorer.org/dotbot; help@moz.com)"
216.244.66.231 - - [19/Jun/2025:13:26:28 -0400] "GET /s/2b0e5a.js.gz HTTP/1.1" 200 51111 "-" "Mozilla/5.0 (compatible; DotBot/1.2; +https://opensiteexplorer.org/dotbot; help@moz.com)"
216.244.66.231 - - [19/Jun/2025:13:26:31 -0400] "GET /s/2ea832.js HTTP/1.1" 200 149054 "-" "Mozilla/5.0 (compatible; DotBot/1.2; +https://opensiteexplorer.org/dotbot; help@moz.com)"
216.244.66.231 - - [19/Jun/2025:13:26:34 -0400] "GET /s/31d064.js.gz HTTP/1.1" 200 51112 "-" "Mozilla/5.0 (compatible; DotBot/1.2; +https://opensiteexplorer.org/dotbot; help@moz.com)"
216.244.66.231 - - [19/Jun/2025:13:26:36 -0400] "GET /s/32c35d.js HTTP/1.1" 200 149054 "-" "Mozilla/5.0 (compatible; DotBot/1.2; +https://opensiteexplorer.org/dotbot; help@moz.com)"
216.244.66.231 - - [19/Jun/2025:13:26:41 -0400] "GET /s/3eb1f4.js.gz HTTP/1.1" 200 51112 "-" "Mozilla/5.0 (compatible; DotBot/1.2; +https://opensiteexplorer.org/dotbot; help@moz.com)"
216.244.66.231 - - [19/Jun/2025:13:26:43 -0400] "GET /s/4bce1e.js.gz HTTP/1.1" 200 51110 "-" "Mozilla/5.0 (compatible; DotBot/1.2; +https://opensiteexplorer.org/dotbot; help@moz.com)"
216.244.66.231 - - [19/Jun/2025:13:26:45 -0400] "GET /s/58d50a.js.gz HTTP/1.1" 200 - "-" "Mozilla/5.0 (compatible; DotBot/1.2; +https://opensiteexplorer.org/dotbot; help@moz.com)"
216.244.66.231 - - [19/Jun/2025:13:26:47 -0400] "GET /s/9a4bd7.js HTTP/1.1" 200 - "-" "Mozilla/5.0 (compatible; DotBot/1.2; +https://opensiteexplorer.org/dotbot; help@moz.com)"
216.244.66.231 - - [19/Jun/2025:13:26:48 -0400] "GET /s/b1ecf1.js.gz HTTP/1.1" 200 51110 "-" "Mozilla/5.0 (compatible; DotBot/1.2; +https://opensiteexplorer.org/dotbot; help@moz.com)"
216.244.66.231 - - [19/Jun/2025:13:26:50 -0400] "GET /s/d71634.js HTTP/1.1" 200 149053 "-" "Mozilla/5.0 (compatible; DotBot/1.2; +https://opensiteexplorer.org/dotbot; help@moz.com)"
216.244.66.231 - - [19/Jun/2025:13:26:51 -0400] "GET /s/ed6362.js.gz HTTP/1.1" 200 - "-" "Mozilla/5.0 (compatible; DotBot/1.2; +https://opensiteexplorer.org/dotbot; help@moz.com)"
216.244.66.231 - - [19/Jun/2025:13:26:52 -0400] "GET /s/ed70e8.css HTTP/1.1" 200 112410 "-" "Mozilla/5.0 (compatible; DotBot/1.2; +https://opensiteexplorer.org/dotbot; help@moz.com)"
216.244.66.231 - - [19/Jun/2025:13:58:32 -0400] "GET /robots.txt HTTP/1.1" 200 67 "-" "Mozilla/5.0 (compatible; DotBot/1.2; +https://opensiteexplorer.org/dotbot; help@moz.com)"
34.79.36.97 - - [19/Jun/2025:14:03:15 -0400] "GET / HTTP/1.1" 301 - "-" "Mozilla/5.0 (Windows NT 10.0; Win64; x64) AppleWebKit/537.36 (KHTML, like Gecko) Chrome/78.0.3904.108 Safari/537.36"
70.39.147.11 - - [19/Jun/2025:14:03:17 -0400] "POST /wp-cron.php?doing_wp_cron=1750356197.8337829113006591796875 HTTP/1.1" 200 - "-" "WordPress/6.6.2; https://pur-tungsten.com"
216.244.66.231 - - [19/Jun/2025:14:05:35 -0400] "GET /s/09a86b.js.gz HTTP/1.1" 200 51110 "-" "Mozilla/5.0 (compatible; DotBot/1.2; +https://opensiteexplorer.org/dotbot; help@moz.com)"
216.244.66.231 - - [19/Jun/2025:14:05:40 -0400] "GET /s/0fdd80.js HTTP/1.1" 200 149054 "-" "Mozilla/5.0 (compatible; DotBot/1.2; +https://opensiteexplorer.org/dotbot; help@moz.com)"
216.244.66.231 - - [19/Jun/2025:14:05:45 -0400] "GET /s/232262.js HTTP/1.1" 200 149054 "-" "Mozilla/5.0 (compatible; DotBot/1.2; +https://opensiteexplorer.org/dotbot; help@moz.com)"
216.244.66.231 - - [19/Jun/2025:14:05:49 -0400] "GET /s/295e78.js HTTP/1.1" 200 149054 "-" "Mozilla/5.0 (compatible; DotBot/1.2; +https://opensiteexplorer.org/dotbot; help@moz.com)"
216.244.66.231 - - [19/Jun/2025:14:05:53 -0400] "GET /s/4b7deb.js.gz HTTP/1.1" 200 51111 "-" "Mozilla/5.0 (compatible; DotBot/1.2; +https://opensiteexplorer.org/dotbot; help@moz.com)"
216.244.66.231 - - [19/Jun/2025:14:05:55 -0400] "GET /s/5da39c.js.gz HTTP/1.1" 200 51109 "-" "Mozilla/5.0 (compatible; DotBot/1.2; +https://opensiteexplorer.org/dotbot; help@moz.com)"
216.244.66.231 - - [19/Jun/2025:14:05:57 -0400] "GET /s/016c57.js.gz HTTP/1.1" 200 310397 "-" "Mozilla/5.0 (compatible; DotBot/1.2; +https://opensiteexplorer.org/dotbot; help@moz.com)"
216.244.66.231 - - [19/Jun/2025:14:06:01 -0400] "GET /s/06178f.js.gz HTTP/1.1" 200 310398 "-" "Mozilla/5.0 (compatible; DotBot/1.2; +https://opensiteexplorer.org/dotbot; help@moz.com)"
216.244.66.231 - - [19/Jun/2025:14:06:05 -0400] "GET /s/184abc.js.gz HTTP/1.1" 200 310396 "-" "Mozilla/5.0 (compatible; DotBot/1.2; +https://opensiteexplorer.org/dotbot; help@moz.com)"
216.244.66.231 - - [19/Jun/2025:14:06:09 -0400] "GET /s/1c62ff.js.gz HTTP/1.1" 200 310398 "-" "Mozilla/5.0 (compatible; DotBot/1.2; +https://opensiteexplorer.org/dotbot; help@moz.com)"
216.244.66.231 - - [19/Jun/2025:14:06:12 -0400] "GET /s/2dedf3.js.gz HTTP/1.1" 200 310398 "-" "Mozilla/5.0 (compatible; DotBot/1.2; +https://opensiteexplorer.org/dotbot; help@moz.com)"
216.244.66.231 - - [19/Jun/2025:14:06:14 -0400] "GET /s/2e3739.js.gz HTTP/1.1" 200 310398 "-" "Mozilla/5.0 (compatible; DotBot/1.2; +https://opensiteexplorer.org/dotbot; help@moz.com)"
216.244.66.231 - - [19/Jun/2025:14:06:17 -0400] "GET /s/3fe28f.js.gz HTTP/1.1" 200 310398 "-" "Mozilla/5.0 (compatible; DotBot/1.2; +https://opensiteexplorer.org/dotbot; help@moz.com)"
216.244.66.231 - - [19/Jun/2025:14:06:19 -0400] "GET /s/5ae37d.js.gz HTTP/1.1" 200 310398 "-" "Mozilla/5.0 (compatible; DotBot/1.2; +https://opensiteexplorer.org/dotbot; help@moz.com)"
216.244.66.231 - - [19/Jun/2025:14:06:21 -0400] "GET /s/62b8a9.js.gz HTTP/1.1" 200 310397 "-" "Mozilla/5.0 (compatible; DotBot/1.2; +https://opensiteexplorer.org/dotbot; help@moz.com)"
216.244.66.231 - - [19/Jun/2025:14:06:24 -0400] "GET /s/7a88d2.js.gz HTTP/1.1" 200 310397 "-" "Mozilla/5.0 (compatible; DotBot/1.2; +https://opensiteexplorer.org/dotbot; help@moz.com)"
216.244.66.231 - - [19/Jun/2025:14:06:27 -0400] "GET /s/818f6c.js.gz HTTP/1.1" 200 310397 "-" "Mozilla/5.0 (compatible; DotBot/1.2; +https://opensiteexplorer.org/dotbot; help@moz.com)"
216.244.66.231 - - [19/Jun/2025:14:06:29 -0400] "GET /s/96617c.js.gz HTTP/1.1" 200 310396 "-" "Mozilla/5.0 (compatible; DotBot/1.2; +https://opensiteexplorer.org/dotbot; help@moz.com)"
216.244.66.231 - - [19/Jun/2025:14:06:31 -0400] "GET /s/b4e298.js.gz HTTP/1.1" 200 310397 "-" "Mozilla/5.0 (compatible; DotBot/1.2; +https://opensiteexplorer.org/dotbot; help@moz.com)"
216.244.66.231 - - [19/Jun/2025:14:06:34 -0400] "GET /s/b7c221.js HTTP/1.1" 200 149054 "-" "Mozilla/5.0 (compatible; DotBot/1.2; +https://opensiteexplorer.org/dotbot; help@moz.com)"
216.244.66.231 - - [19/Jun/2025:14:06:36 -0400] "GET /s/bf2fab.js.gz HTTP/1.1" 200 310397 "-" "Mozilla/5.0 (compatible; DotBot/1.2; +https://opensiteexplorer.org/dotbot; help@moz.com)"
216.244.66.231 - - [19/Jun/2025:14:06:38 -0400] "GET /s/dacbc4.js.gz HTTP/1.1" 200 310396 "-" "Mozilla/5.0 (compatible; DotBot/1.2; +https://opensiteexplorer.org/dotbot; help@moz.com)"
216.244.66.231 - - [19/Jun/2025:14:06:41 -0400] "GET /s/db0e89.js HTTP/1.1" 200 149054 "-" "Mozilla/5.0 (compatible; DotBot/1.2; +https://opensiteexplorer.org/dotbot; help@moz.com)"
216.244.66.231 - - [19/Jun/2025:14:06:42 -0400] "GET /s/dc8461.js.gz HTTP/1.1" 200 310396 "-" "Mozilla/5.0 (compatible; DotBot/1.2; +https://opensiteexplorer.org/dotbot; help@moz.com)"
216.244.66.231 - - [19/Jun/2025:14:06:45 -0400] "GET /s/e03836.js.gz HTTP/1.1" 200 310397 "-" "Mozilla/5.0 (compatible; DotBot/1.2; +https://opensiteexplorer.org/dotbot; help@moz.com)"
216.244.66.231 - - [19/Jun/2025:14:08:57 -0400] "GET /s/355f94.js HTTP/1.1" 200 - "-" "Mozilla/5.0 (compatible; DotBot/1.2; +https://opensiteexplorer.org/dotbot; help@moz.com)"
216.244.66.231 - - [19/Jun/2025:14:08:58 -0400] "GET /s/3ad23e.js.gz HTTP/1.1" 200 - "-" "Mozilla/5.0 (compatible; DotBot/1.2; +https://opensiteexplorer.org/dotbot; help@moz.com)"
216.244.66.231 - - [19/Jun/2025:14:08:59 -0400] "GET /s/4f3aae.js HTTP/1.1" 200 149054 "-" "Mozilla/5.0 (compatible; DotBot/1.2; +https://opensiteexplorer.org/dotbot; help@moz.com)"
216.244.66.231 - - [19/Jun/2025:14:09:01 -0400] "GET /s/5c0673.js.gz HTTP/1.1" 200 - "-" "Mozilla/5.0 (compatible; DotBot/1.2; +https://opensiteexplorer.org/dotbot; help@moz.com)"
216.244.66.231 - - [19/Jun/2025:14:09:02 -0400] "GET /s/7b9a67.js.gz HTTP/1.1" 200 51111 "-" "Mozilla/5.0 (compatible; DotBot/1.2; +https://opensiteexplorer.org/dotbot; help@moz.com)"
216.244.66.231 - - [19/Jun/2025:14:09:06 -0400] "GET /s/884ddf.js HTTP/1.1" 200 149054 "-" "Mozilla/5.0 (compatible; DotBot/1.2; +https://opensiteexplorer.org/dotbot; help@moz.com)"
216.244.66.231 - - [19/Jun/2025:14:09:08 -0400] "GET /s/c67578.js.gz HTTP/1.1" 200 51111 "-" "Mozilla/5.0 (compatible; DotBot/1.2; +https://opensiteexplorer.org/dotbot; help@moz.com)"
216.244.66.231 - - [19/Jun/2025:14:09:12 -0400] "GET /s/e760d3.js.gz HTTP/1.1" 200 51111 "-" "Mozilla/5.0 (compatible; DotBot/1.2; +https://opensiteexplorer.org/dotbot; help@moz.com)"
216.244.66.231 - - [19/Jun/2025:14:09:13 -0400] "GET /s/fbb3f4.js.gz HTTP/1.1" 200 - "-" "Mozilla/5.0 (compatible; DotBot/1.2; +https://opensiteexplorer.org/dotbot; help@moz.com)"
216.244.66.231 - - [19/Jun/2025:14:09:15 -0400] "GET /shop/feed/?product_tag=fly-tying HTTP/1.1" 301 - "-" "Mozilla/5.0 (compatible; DotBot/1.2; +https://opensiteexplorer.org/dotbot; help@moz.com)"
70.39.147.11 - - [19/Jun/2025:14:09:17 -0400] "POST /wp-cron.php?doing_wp_cron=1750356557.0067830085754394531250 HTTP/1.1" 200 - "-" "WordPress/6.6.2; https://pur-tungsten.com"
192.178.4.97 - - [19/Jun/2025:14:12:32 -0400] "GET /product/tungsten-steel-tip-darts/ HTTP/1.1" 301 - "-" "Mozilla/5.0 (Linux; Android 6.0.1; Nexus 5X Build/MMB29P) AppleWebKit/537.36 (KHTML, like Gecko) Chrome/137.0.7151.103 Mobile Safari/537.36 (compatible; Googlebot/2.1; +http://www.google.com/bot.html)"
70.39.147.11 - - [19/Jun/2025:14:12:34 -0400] "POST /wp-cron.php?doing_wp_cron=1750356754.8368968963623046875000 HTTP/1.1" 200 - "-" "WordPress/6.6.2; https://pur-tungsten.com"
20.191.45.212 - - [19/Jun/2025:14:26:00 -0400] "GET / HTTP/1.1" 301 - "http://pur-tungsten.com/" "DuckDuckBot/1.1; (+http://duckduckgo.com/duckduckbot.html)"
70.39.147.11 - - [19/Jun/2025:14:26:02 -0400] "POST /wp-cron.php?doing_wp_cron=1750357562.6956980228424072265625 HTTP/1.1" 200 - "-" "WordPress/6.6.2; https://pur-tungsten.com"
170.106.82.209 - - [19/Jun/2025:14:26:47 -0400] "GET / HTTP/1.1" 301 - "-" "Mozilla/5.0 (iPhone; CPU iPhone OS 13_2_3 like Mac OS X) AppleWebKit/605.1.15 (KHTML, like Gecko) Version/13.0.3 Mobile/15E148 Safari/604.1"
70.39.147.11 - - [19/Jun/2025:14:26:49 -0400] "POST /wp-cron.php?doing_wp_cron=1750357609.7002630233764648437500 HTTP/1.1" 200 - "-" "WordPress/6.6.2; https://pur-tungsten.com"
73.50.166.146 - - [19/Jun/2025:14:30:00 -0400] "GET /wp-content/uploads/2017/12/pur-tungsten-for-sporting-goods-and-industrial-applications.png HTTP/1.1" 200 1758 "-" "-"
73.50.166.146 - - [19/Jun/2025:14:30:00 -0400] "GET /wp-content/uploads/2017/12/pur-tungsten-for-sporting-goods-and-industrial-applications.png HTTP/1.1" 200 1758 "-" "-"
206.189.22.153 - - [19/Jun/2025:14:30:23 -0400] "GET /feed/ HTTP/1.1" 304 - "-" "Mozilla/5.0 (Android 13; Mobile; rv:133.0) Gecko/133.0 Firefox/133.0"
43.130.40.120 - - [19/Jun/2025:14:42:31 -0400] "GET / HTTP/1.1" 301 - "-" "Mozilla/5.0 (iPhone; CPU iPhone OS 13_2_3 like Mac OS X) AppleWebKit/605.1.15 (KHTML, like Gecko) Version/13.0.3 Mobile/15E148 Safari/604.1"
70.39.147.11 - - [19/Jun/2025:14:42:33 -0400] "POST /wp-cron.php?doing_wp_cron=1750358553.1811769008636474609375 HTTP/1.1" 200 - "-" "WordPress/6.6.2; https://pur-tungsten.com"
3.208.154.201 - - [19/Jun/2025:14:47:56 -0400] "GET /ads.txt HTTP/1.1" 200 58 "-" "Mozilla/5.0 (Macintosh; Intel Mac OS X 10_12_6) AppleWebKit/537.36 (KHTML, like Gecko) Chrome/63.0.3239.84 Safari/537.36"
143.244.136.161 - - [19/Jun/2025:14:51:44 -0400] "GET /wp-admin/css/ HTTP/1.1" 200 19369 "binance.com" "Mozilla/5.0 (Windows NT 10.0; Win64; x64) AppleWebKit/537.36 (KHTML, like Gecko) Chrome/90.0.4430.85 Safari/537.36"
143.244.136.161 - - [19/Jun/2025:14:51:45 -0400] "GET /wp-content/uploads/2025/06/ HTTP/1.1" 301 - "binance.com" "Mozilla/5.0 (Windows NT 10.0; Win64; x64) AppleWebKit/537.36 (KHTML, like Gecko) Chrome/90.0.4430.85 Safari/537.36"
70.39.147.11 - - [19/Jun/2025:14:51:47 -0400] "POST /wp-cron.php?doing_wp_cron=1750359107.6667270660400390625000 HTTP/1.1" 200 - "-" "WordPress/6.6.2; https://pur-tungsten.com"
