143.244.136.161 - - [19/Jun/2025:14:51:53 -0400] "GET /wp-content/uploads/2025/05/ HTTP/1.1" 301 - "binance.com" "Mozilla/5.0 (Windows NT 10.0; Win64; x64) AppleWebKit/537.36 (KHTML, like Gecko) Chrome/90.0.4430.85 Safari/537.36"
143.244.136.161 - - [19/Jun/2025:14:51:59 -0400] "GET /wp-content/uploads/ HTTP/1.1" 301 - "binance.com" "Mozilla/5.0 (Windows NT 10.0; Win64; x64) AppleWebKit/537.36 (KHTML, like Gecko) Chrome/90.0.4430.85 Safari/537.36"
143.244.136.161 - - [19/Jun/2025:14:52:06 -0400] "GET /wp-content/upgrade/ HTTP/1.1" 200 315 "binance.com" "Mozilla/5.0 (Windows NT 10.0; Win64; x64) AppleWebKit/537.36 (KHTML, like Gecko) Chrome/90.0.4430.85 Safari/537.36"
143.244.136.161 - - [19/Jun/2025:14:52:08 -0400] "GET /wp-content/languages/ HTTP/1.1" 301 - "binance.com" "Mozilla/5.0 (Windows NT 10.0; Win64; x64) AppleWebKit/537.36 (KHTML, like Gecko) Chrome/90.0.4430.85 Safari/537.36"
143.244.136.161 - - [19/Jun/2025:14:52:16 -0400] "GET /wp-admin/includes/ HTTP/1.1" 200 20996 "binance.com" "Mozilla/5.0 (Windows NT 10.0; Win64; x64) AppleWebKit/537.36 (KHTML, like Gecko) Chrome/90.0.4430.85 Safari/537.36"
143.244.136.161 - - [19/Jun/2025:14:52:17 -0400] "GET /wp-admin/includes/ HTTP/1.1" 200 20996 "binance.com" "Mozilla/5.0 (Windows NT 10.0; Win64; x64) AppleWebKit/537.36 (KHTML, like Gecko) Chrome/90.0.4430.85 Safari/537.36"
143.244.136.161 - - [19/Jun/2025:14:52:19 -0400] "GET /wp-admin/maint/ HTTP/1.1" 200 805 "binance.com" "Mozilla/5.0 (Windows NT 10.0; Win64; x64) AppleWebKit/537.36 (KHTML, like Gecko) Chrome/90.0.4430.85 Safari/537.36"
143.244.136.161 - - [19/Jun/2025:14:52:20 -0400] "GET /wp-admin/maint/ HTTP/1.1" 200 805 "binance.com" "Mozilla/5.0 (Windows NT 10.0; Win64; x64) AppleWebKit/537.36 (KHTML, like Gecko) Chrome/90.0.4430.85 Safari/537.36"
143.244.136.161 - - [19/Jun/2025:14:52:21 -0400] "GET /wp-admin/network/ HTTP/1.1" 302 - "binance.com" "Mozilla/5.0 (Windows NT 10.0; Win64; x64) AppleWebKit/537.36 (KHTML, like Gecko) Chrome/90.0.4430.85 Safari/537.36"
70.39.147.11 - - [19/Jun/2025:14:52:23 -0400] "POST /wp-cron.php?doing_wp_cron=1750359143.1565239429473876953125 HTTP/1.1" 200 - "-" "WordPress/6.6.2; https://pur-tungsten.com"
143.244.136.161 - - [19/Jun/2025:14:52:31 -0400] "GET /wp-admin/user/ HTTP/1.1" 302 - "binance.com" "Mozilla/5.0 (Windows NT 10.0; Win64; x64) AppleWebKit/537.36 (KHTML, like Gecko) Chrome/90.0.4430.85 Safari/537.36"
143.244.136.161 - - [19/Jun/2025:14:52:40 -0400] "GET /wp-admin/css/ HTTP/1.1" 200 19369 "binance.com" "Mozilla/5.0 (Windows NT 10.0; Win64; x64) AppleWebKit/537.36 (KHTML, like Gecko) Chrome/90.0.4430.85 Safari/537.36"
143.244.136.161 - - [19/Jun/2025:14:52:41 -0400] "GET /wp-admin/css/colors/ HTTP/1.1" 200 2585 "binance.com" "Mozilla/5.0 (Windows NT 10.0; Win64; x64) AppleWebKit/537.36 (KHTML, like Gecko) Chrome/90.0.4430.85 Safari/537.36"
143.244.136.161 - - [19/Jun/2025:14:52:42 -0400] "GET /wp-admin/css/colors/blue/ HTTP/1.1" 200 1565 "binance.com" "Mozilla/5.0 (Windows NT 10.0; Win64; x64) AppleWebKit/537.36 (KHTML, like Gecko) Chrome/90.0.4430.85 Safari/537.36"
143.244.136.161 - - [19/Jun/2025:14:52:42 -0400] "GET /wp-admin/css/colors/coffee/ HTTP/1.1" 200 1569 "binance.com" "Mozilla/5.0 (Windows NT 10.0; Win64; x64) AppleWebKit/537.36 (KHTML, like Gecko) Chrome/90.0.4430.85 Safari/537.36"
143.244.136.161 - - [19/Jun/2025:14:52:43 -0400] "GET /wp-admin/css/colors/ectoplasm/ HTTP/1.1" 200 1575 "binance.com" "Mozilla/5.0 (Windows NT 10.0; Win64; x64) AppleWebKit/537.36 (KHTML, like Gecko) Chrome/90.0.4430.85 Safari/537.36"
143.244.136.161 - - [19/Jun/2025:14:52:43 -0400] "GET /wp-admin/css/colors/light/ HTTP/1.1" 200 1567 "binance.com" "Mozilla/5.0 (Windows NT 10.0; Win64; x64) AppleWebKit/537.36 (KHTML, like Gecko) Chrome/90.0.4430.85 Safari/537.36"
143.244.136.161 - - [19/Jun/2025:14:52:44 -0400] "GET /wp-admin/css/colors/midnight/ HTTP/1.1" 200 1573 "binance.com" "Mozilla/5.0 (Windows NT 10.0; Win64; x64) AppleWebKit/537.36 (KHTML, like Gecko) Chrome/90.0.4430.85 Safari/537.36"
143.244.136.161 - - [19/Jun/2025:14:52:44 -0400] "GET /wp-admin/css/colors/modern/ HTTP/1.1" 200 1569 "binance.com" "Mozilla/5.0 (Windows NT 10.0; Win64; x64) AppleWebKit/537.36 (KHTML, like Gecko) Chrome/90.0.4430.85 Safari/537.36"
143.244.136.161 - - [19/Jun/2025:14:52:45 -0400] "GET /wp-admin/css/colors/ocean/ HTTP/1.1" 200 1567 "binance.com" "Mozilla/5.0 (Windows NT 10.0; Win64; x64) AppleWebKit/537.36 (KHTML, like Gecko) Chrome/90.0.4430.85 Safari/537.36"
143.244.136.161 - - [19/Jun/2025:14:52:46 -0400] "GET /wp-admin/css/colors/sunrise/%20 HTTP/1.1" 301 - "binance.com" "Mozilla/5.0 (Windows NT 10.0; Win64; x64) AppleWebKit/537.36 (KHTML, like Gecko) Chrome/90.0.4430.85 Safari/537.36"
143.244.136.161 - - [19/Jun/2025:14:52:52 -0400] "GET /wp-admin/images/ HTTP/1.1" 200 14902 "binance.com" "Mozilla/5.0 (Windows NT 10.0; Win64; x64) AppleWebKit/537.36 (KHTML, like Gecko) Chrome/90.0.4430.85 Safari/537.36"
143.244.136.161 - - [19/Jun/2025:14:52:53 -0400] "GET /wp-admin/js/ HTTP/1.1" 200 18683 "binance.com" "Mozilla/5.0 (Windows NT 10.0; Win64; x64) AppleWebKit/537.36 (KHTML, like Gecko) Chrome/90.0.4430.85 Safari/537.36"
143.244.136.161 - - [19/Jun/2025:14:52:55 -0400] "GET /wp-admin/js/widgets/ HTTP/1.1" 200 3313 "binance.com" "Mozilla/5.0 (Windows NT 10.0; Win64; x64) AppleWebKit/537.36 (KHTML, like Gecko) Chrome/90.0.4430.85 Safari/537.36"
143.244.136.161 - - [19/Jun/2025:14:52:56 -0400] "GET /wp-includes/ HTTP/1.1" 200 4458 "binance.com" "Mozilla/5.0 (Windows NT 10.0; Win64; x64) AppleWebKit/537.36 (KHTML, like Gecko) Chrome/90.0.4430.85 Safari/537.36"
143.244.136.161 - - [19/Jun/2025:14:52:56 -0400] "GET /wp-includes/ HTTP/1.1" 200 4458 "binance.com" "Mozilla/5.0 (Windows NT 10.0; Win64; x64) AppleWebKit/537.36 (KHTML, like Gecko) Chrome/90.0.4430.85 Safari/537.36"
143.244.136.161 - - [19/Jun/2025:14:52:58 -0400] "GET /wp-includes/block-bindings.php HTTP/1.1" 200 - "binance.com" "Mozilla/5.0 (Windows NT 10.0; Win64; x64) AppleWebKit/537.36 (KHTML, like Gecko) Chrome/90.0.4430.85 Safari/537.36"
143.244.136.161 - - [19/Jun/2025:14:52:59 -0400] "GET /wp-includes/block-editor.php HTTP/1.1" 200 - "binance.com" "Mozilla/5.0 (Windows NT 10.0; Win64; x64) AppleWebKit/537.36 (KHTML, like Gecko) Chrome/90.0.4430.85 Safari/537.36"
143.244.136.161 - - [19/Jun/2025:14:53:01 -0400] "GET /wp-includes/block-template-utils.php HTTP/1.1" 200 - "binance.com" "Mozilla/5.0 (Windows NT 10.0; Win64; x64) AppleWebKit/537.36 (KHTML, like Gecko) Chrome/90.0.4430.85 Safari/537.36"
143.244.136.161 - - [19/Jun/2025:14:53:02 -0400] "GET /wp-includes/block-template.php HTTP/1.1" 200 - "binance.com" "Mozilla/5.0 (Windows NT 10.0; Win64; x64) AppleWebKit/537.36 (KHTML, like Gecko) Chrome/90.0.4430.85 Safari/537.36"
143.244.136.161 - - [19/Jun/2025:14:53:03 -0400] "GET /wp-includes/class-avif-info.php HTTP/1.1" 200 - "binance.com" "Mozilla/5.0 (Windows NT 10.0; Win64; x64) AppleWebKit/537.36 (KHTML, like Gecko) Chrome/90.0.4430.85 Safari/537.36"
143.244.136.161 - - [19/Jun/2025:14:53:04 -0400] "GET /wp-includes/class-wp-block-bindings-registry.php HTTP/1.1" 200 - "binance.com" "Mozilla/5.0 (Windows NT 10.0; Win64; x64) AppleWebKit/537.36 (KHTML, like Gecko) Chrome/90.0.4430.85 Safari/537.36"
143.244.136.161 - - [19/Jun/2025:14:53:06 -0400] "GET /wp-includes/class-wp-block-bindings-source.php HTTP/1.1" 200 - "binance.com" "Mozilla/5.0 (Windows NT 10.0; Win64; x64) AppleWebKit/537.36 (KHTML, like Gecko) Chrome/90.0.4430.85 Safari/537.36"
143.244.136.161 - - [19/Jun/2025:14:53:07 -0400] "GET /wp-includes/class-wp-block-editor-context.php HTTP/1.1" 200 - "binance.com" "Mozilla/5.0 (Windows NT 10.0; Win64; x64) AppleWebKit/537.36 (KHTML, like Gecko) Chrome/90.0.4430.85 Safari/537.36"
143.244.136.161 - - [19/Jun/2025:14:53:09 -0400] "GET /wp-includes/class-wp-block-parser-block.php HTTP/1.1" 200 - "binance.com" "Mozilla/5.0 (Windows NT 10.0; Win64; x64) AppleWebKit/537.36 (KHTML, like Gecko) Chrome/90.0.4430.85 Safari/537.36"
143.244.136.161 - - [19/Jun/2025:14:53:15 -0400] "GET /wp-includes/class-wp-block-parser-frame.php HTTP/1.1" 200 - "binance.com" "Mozilla/5.0 (Windows NT 10.0; Win64; x64) AppleWebKit/537.36 (KHTML, like Gecko) Chrome/90.0.4430.85 Safari/537.36"
143.244.136.161 - - [19/Jun/2025:14:53:16 -0400] "GET /wp-includes/class-wp-block-template.php HTTP/1.1" 200 - "binance.com" "Mozilla/5.0 (Windows NT 10.0; Win64; x64) AppleWebKit/537.36 (KHTML, like Gecko) Chrome/90.0.4430.85 Safari/537.36"
143.244.136.161 - - [19/Jun/2025:14:53:17 -0400] "GET /wp-includes/class-wp-classic-to-block-menu-converter.php HTTP/1.1" 200 - "binance.com" "Mozilla/5.0 (Windows NT 10.0; Win64; x64) AppleWebKit/537.36 (KHTML, like Gecko) Chrome/90.0.4430.85 Safari/537.36"
143.244.136.161 - - [19/Jun/2025:14:53:18 -0400] "GET /wp-includes/class-wp-dependencies.php HTTP/1.1" 200 - "binance.com" "Mozilla/5.0 (Windows NT 10.0; Win64; x64) AppleWebKit/537.36 (KHTML, like Gecko) Chrome/90.0.4430.85 Safari/537.36"
143.244.136.161 - - [19/Jun/2025:14:53:21 -0400] "GET /wp-includes/class-wp-duotone.php HTTP/1.1" 200 - "binance.com" "Mozilla/5.0 (Windows NT 10.0; Win64; x64) AppleWebKit/537.36 (KHTML, like Gecko) Chrome/90.0.4430.85 Safari/537.36"
143.244.136.161 - - [19/Jun/2025:14:53:22 -0400] "GET /wp-includes/class-wp-http.php HTTP/1.1" 500 - "binance.com" "Mozilla/5.0 (Windows NT 10.0; Win64; x64) AppleWebKit/537.36 (KHTML, like Gecko) Chrome/90.0.4430.85 Safari/537.36"
143.244.136.161 - - [19/Jun/2025:14:53:23 -0400] "GET /wp-includes/class-wp-navigation-fallback.php HTTP/1.1" 200 - "binance.com" "Mozilla/5.0 (Windows NT 10.0; Win64; x64) AppleWebKit/537.36 (KHTML, like Gecko) Chrome/90.0.4430.85 Safari/537.36"
143.244.136.161 - - [19/Jun/2025:14:53:24 -0400] "GET /wp-includes/class-wp-plugin-dependencies.php HTTP/1.1" 200 - "binance.com" "Mozilla/5.0 (Windows NT 10.0; Win64; x64) AppleWebKit/537.36 (KHTML, like Gecko) Chrome/90.0.4430.85 Safari/537.36"
143.244.136.161 - - [19/Jun/2025:14:53:25 -0400] "GET /wp-includes/class-wp-script-modules.php HTTP/1.1" 200 - "binance.com" "Mozilla/5.0 (Windows NT 10.0; Win64; x64) AppleWebKit/537.36 (KHTML, like Gecko) Chrome/90.0.4430.85 Safari/537.36"
143.244.136.161 - - [19/Jun/2025:14:53:25 -0400] "GET /wp-includes/class-wp-scripts.php HTTP/1.1" 500 - "binance.com" "Mozilla/5.0 (Windows NT 10.0; Win64; x64) AppleWebKit/537.36 (KHTML, like Gecko) Chrome/90.0.4430.85 Safari/537.36"
143.244.136.161 - - [19/Jun/2025:14:53:26 -0400] "GET /wp-includes/class-wp-styles.php HTTP/1.1" 500 - "binance.com" "Mozilla/5.0 (Windows NT 10.0; Win64; x64) AppleWebKit/537.36 (KHTML, like Gecko) Chrome/90.0.4430.85 Safari/537.36"
143.244.136.161 - - [19/Jun/2025:14:53:28 -0400] "GET /wp-includes/class-wp-textdomain-registry.php HTTP/1.1" 200 - "binance.com" "Mozilla/5.0 (Windows NT 10.0; Win64; x64) AppleWebKit/537.36 (KHTML, like Gecko) Chrome/90.0.4430.85 Safari/537.36"
143.244.136.161 - - [19/Jun/2025:14:53:29 -0400] "GET /wp-includes/class-wp-theme-json-data.php HTTP/1.1" 200 - "binance.com" "Mozilla/5.0 (Windows NT 10.0; Win64; x64) AppleWebKit/537.36 (KHTML, like Gecko) Chrome/90.0.4430.85 Safari/537.36"
143.244.136.161 - - [19/Jun/2025:14:53:29 -0400] "GET /wp-includes/class-wp-theme-json-resolver.php HTTP/1.1" 200 - "binance.com" "Mozilla/5.0 (Windows NT 10.0; Win64; x64) AppleWebKit/537.36 (KHTML, like Gecko) Chrome/90.0.4430.85 Safari/537.36"
143.244.136.161 - - [19/Jun/2025:14:53:30 -0400] "GET /wp-includes/class-wp-theme-json-schema.php HTTP/1.1" 200 - "binance.com" "Mozilla/5.0 (Windows NT 10.0; Win64; x64) AppleWebKit/537.36 (KHTML, like Gecko) Chrome/90.0.4430.85 Safari/537.36"
143.244.136.161 - - [19/Jun/2025:14:53:31 -0400] "GET /wp-includes/class-wp-theme-json.php HTTP/1.1" 200 - "binance.com" "Mozilla/5.0 (Windows NT 10.0; Win64; x64) AppleWebKit/537.36 (KHTML, like Gecko) Chrome/90.0.4430.85 Safari/537.36"
143.244.136.161 - - [19/Jun/2025:14:53:32 -0400] "GET /wp-includes/class-wp-token-map.php HTTP/1.1" 200 - "binance.com" "Mozilla/5.0 (Windows NT 10.0; Win64; x64) AppleWebKit/537.36 (KHTML, like Gecko) Chrome/90.0.4430.85 Safari/537.36"
143.244.136.161 - - [19/Jun/2025:14:53:34 -0400] "GET /wp-includes/class-wpdb.php HTTP/1.1" 200 - "binance.com" "Mozilla/5.0 (Windows NT 10.0; Win64; x64) AppleWebKit/537.36 (KHTML, like Gecko) Chrome/90.0.4430.85 Safari/537.36"
143.244.136.161 - - [19/Jun/2025:14:53:35 -0400] "GET /wp-includes/fonts.php HTTP/1.1" 200 - "binance.com" "Mozilla/5.0 (Windows NT 10.0; Win64; x64) AppleWebKit/537.36 (KHTML, like Gecko) Chrome/90.0.4430.85 Safari/537.36"
143.244.136.161 - - [19/Jun/2025:14:53:36 -0400] "GET /wp-includes/global-styles-and-settings.php HTTP/1.1" 200 - "binance.com" "Mozilla/5.0 (Windows NT 10.0; Win64; x64) AppleWebKit/537.36 (KHTML, like Gecko) Chrome/90.0.4430.85 Safari/537.36"
143.244.136.161 - - [19/Jun/2025:14:53:36 -0400] "GET /wp-includes/https-detection.php HTTP/1.1" 200 - "binance.com" "Mozilla/5.0 (Windows NT 10.0; Win64; x64) AppleWebKit/537.36 (KHTML, like Gecko) Chrome/90.0.4430.85 Safari/537.36"
143.244.136.161 - - [19/Jun/2025:14:53:37 -0400] "GET /wp-includes/https-migration.php HTTP/1.1" 200 - "binance.com" "Mozilla/5.0 (Windows NT 10.0; Win64; x64) AppleWebKit/537.36 (KHTML, like Gecko) Chrome/90.0.4430.85 Safari/537.36"
143.244.136.161 - - [19/Jun/2025:14:53:38 -0400] "GET /wp-includes/robots-template.php HTTP/1.1" 200 - "binance.com" "Mozilla/5.0 (Windows NT 10.0; Win64; x64) AppleWebKit/537.36 (KHTML, like Gecko) Chrome/90.0.4430.85 Safari/537.36"
143.244.136.161 - - [19/Jun/2025:14:53:39 -0400] "GET /wp-includes/script-modules.php HTTP/1.1" 200 - "binance.com" "Mozilla/5.0 (Windows NT 10.0; Win64; x64) AppleWebKit/537.36 (KHTML, like Gecko) Chrome/90.0.4430.85 Safari/537.36"
143.244.136.161 - - [19/Jun/2025:14:53:40 -0400] "GET /wp-includes/style-engine.php HTTP/1.1" 200 - "binance.com" "Mozilla/5.0 (Windows NT 10.0; Win64; x64) AppleWebKit/537.36 (KHTML, like Gecko) Chrome/90.0.4430.85 Safari/537.36"
143.244.136.161 - - [19/Jun/2025:14:53:41 -0400] "GET /wp-includes/template-canvas.php HTTP/1.1" 500 - "binance.com" "Mozilla/5.0 (Windows NT 10.0; Win64; x64) AppleWebKit/537.36 (KHTML, like Gecko) Chrome/90.0.4430.85 Safari/537.36"
143.244.136.161 - - [19/Jun/2025:14:53:42 -0400] "GET /wp-includes/theme-previews.php HTTP/1.1" 200 - "binance.com" "Mozilla/5.0 (Windows NT 10.0; Win64; x64) AppleWebKit/537.36 (KHTML, like Gecko) Chrome/90.0.4430.85 Safari/537.36"
143.244.136.161 - - [19/Jun/2025:14:53:45 -0400] "GET /wp-includes/theme-templates.php HTTP/1.1" 200 - "binance.com" "Mozilla/5.0 (Windows NT 10.0; Win64; x64) AppleWebKit/537.36 (KHTML, like Gecko) Chrome/90.0.4430.85 Safari/537.36"
143.244.136.161 - - [19/Jun/2025:14:53:47 -0400] "GET /wp-includes/ID3/ HTTP/1.1" 200 659 "binance.com" "Mozilla/5.0 (Windows NT 10.0; Win64; x64) AppleWebKit/537.36 (KHTML, like Gecko) Chrome/90.0.4430.85 Safari/537.36"
143.244.136.161 - - [19/Jun/2025:14:53:48 -0400] "GET /wp-includes/ID3/ HTTP/1.1" 200 659 "binance.com" "Mozilla/5.0 (Windows NT 10.0; Win64; x64) AppleWebKit/537.36 (KHTML, like Gecko) Chrome/90.0.4430.85 Safari/537.36"
143.244.136.161 - - [19/Jun/2025:14:53:49 -0400] "GET /wp-includes/IXR/ HTTP/1.1" 200 550 "binance.com" "Mozilla/5.0 (Windows NT 10.0; Win64; x64) AppleWebKit/537.36 (KHTML, like Gecko) Chrome/90.0.4430.85 Safari/537.36"
143.244.136.161 - - [19/Jun/2025:14:53:49 -0400] "GET /wp-includes/IXR/ HTTP/1.1" 200 550 "binance.com" "Mozilla/5.0 (Windows NT 10.0; Win64; x64) AppleWebKit/537.36 (KHTML, like Gecko) Chrome/90.0.4430.85 Safari/537.36"
143.244.136.161 - - [19/Jun/2025:14:53:50 -0400] "GET /wp-includes/PHPMailer/ HTTP/1.1" 200 407 "binance.com" "Mozilla/5.0 (Windows NT 10.0; Win64; x64) AppleWebKit/537.36 (KHTML, like Gecko) Chrome/90.0.4430.85 Safari/537.36"
143.244.136.161 - - [19/Jun/2025:14:53:51 -0400] "GET /wp-includes/PHPMailer/ HTTP/1.1" 200 407 "binance.com" "Mozilla/5.0 (Windows NT 10.0; Win64; x64) AppleWebKit/537.36 (KHTML, like Gecko) Chrome/90.0.4430.85 Safari/537.36"
143.244.136.161 - - [19/Jun/2025:14:53:52 -0400] "GET /wp-includes/Text/ HTTP/1.1" 200 381 "binance.com" "Mozilla/5.0 (Windows NT 10.0; Win64; x64) AppleWebKit/537.36 (KHTML, like Gecko) Chrome/90.0.4430.85 Safari/537.36"
143.244.136.161 - - [19/Jun/2025:14:53:53 -0400] "GET /wp-includes/Text/ HTTP/1.1" 200 381 "binance.com" "Mozilla/5.0 (Windows NT 10.0; Win64; x64) AppleWebKit/537.36 (KHTML, like Gecko) Chrome/90.0.4430.85 Safari/537.36"
143.244.136.161 - - [19/Jun/2025:14:53:54 -0400] "GET /wp-includes/Text/Diff/ HTTP/1.1" 200 408 "binance.com" "Mozilla/5.0 (Windows NT 10.0; Win64; x64) AppleWebKit/537.36 (KHTML, like Gecko) Chrome/90.0.4430.85 Safari/537.36"
143.244.136.161 - - [19/Jun/2025:14:53:55 -0400] "GET /wp-includes/Text/Diff/ HTTP/1.1" 200 408 "binance.com" "Mozilla/5.0 (Windows NT 10.0; Win64; x64) AppleWebKit/537.36 (KHTML, like Gecko) Chrome/90.0.4430.85 Safari/537.36"
143.244.136.161 - - [19/Jun/2025:14:53:55 -0400] "GET /wp-includes/Text/Diff/Engine/ HTTP/1.1" 200 415 "binance.com" "Mozilla/5.0 (Windows NT 10.0; Win64; x64) AppleWebKit/537.36 (KHTML, like Gecko) Chrome/90.0.4430.85 Safari/537.36"
143.244.136.161 - - [19/Jun/2025:14:53:56 -0400] "GET /wp-includes/Text/Diff/Engine/ HTTP/1.1" 200 415 "binance.com" "Mozilla/5.0 (Windows NT 10.0; Win64; x64) AppleWebKit/537.36 (KHTML, like Gecko) Chrome/90.0.4430.85 Safari/537.36"
143.244.136.161 - - [19/Jun/2025:14:53:57 -0400] "GET /wp-includes/Text/Diff/Renderer/ HTTP/1.1" 200 367 "binance.com" "Mozilla/5.0 (Windows NT 10.0; Win64; x64) AppleWebKit/537.36 (KHTML, like Gecko) Chrome/90.0.4430.85 Safari/537.36"
143.244.136.161 - - [19/Jun/2025:14:53:58 -0400] "GET /wp-includes/Text/Diff/Renderer/ HTTP/1.1" 200 367 "binance.com" "Mozilla/5.0 (Windows NT 10.0; Win64; x64) AppleWebKit/537.36 (KHTML, like Gecko) Chrome/90.0.4430.85 Safari/537.36"
143.244.136.161 - - [19/Jun/2025:14:53:59 -0400] "GET /wp-includes/blocks/ HTTP/1.1" 500 - "binance.com" "Mozilla/5.0 (Windows NT 10.0; Win64; x64) AppleWebKit/537.36 (KHTML, like Gecko) Chrome/90.0.4430.85 Safari/537.36"
143.244.136.161 - - [19/Jun/2025:14:53:59 -0400] "GET /wp-includes/pomo/ HTTP/1.1" 200 472 "binance.com" "Mozilla/5.0 (Windows NT 10.0; Win64; x64) AppleWebKit/537.36 (KHTML, like Gecko) Chrome/90.0.4430.85 Safari/537.36"
143.244.136.161 - - [19/Jun/2025:14:54:00 -0400] "GET /wp-includes/pomo/ HTTP/1.1" 200 472 "binance.com" "Mozilla/5.0 (Windows NT 10.0; Win64; x64) AppleWebKit/537.36 (KHTML, like Gecko) Chrome/90.0.4430.85 Safari/537.36"
143.244.136.161 - - [19/Jun/2025:14:54:01 -0400] "GET /wp-includes/sitemaps/ HTTP/1.1" 200 488 "binance.com" "Mozilla/5.0 (Windows NT 10.0; Win64; x64) AppleWebKit/537.36 (KHTML, like Gecko) Chrome/90.0.4430.85 Safari/537.36"
143.244.136.161 - - [19/Jun/2025:14:54:01 -0400] "GET /wp-includes/sitemaps/ HTTP/1.1" 200 488 "binance.com" "Mozilla/5.0 (Windows NT 10.0; Win64; x64) AppleWebKit/537.36 (KHTML, like Gecko) Chrome/90.0.4430.85 Safari/537.36"
143.244.136.161 - - [19/Jun/2025:14:54:03 -0400] "GET /wp-includes/sitemaps/providers/ HTTP/1.1" 200 427 "binance.com" "Mozilla/5.0 (Windows NT 10.0; Win64; x64) AppleWebKit/537.36 (KHTML, like Gecko) Chrome/90.0.4430.85 Safari/537.36"
143.244.136.161 - - [19/Jun/2025:14:54:04 -0400] "GET /wp-includes/sitemaps/providers/ HTTP/1.1" 200 427 "binance.com" "Mozilla/5.0 (Windows NT 10.0; Win64; x64) AppleWebKit/537.36 (KHTML, like Gecko) Chrome/90.0.4430.85 Safari/537.36"
143.244.136.161 - - [19/Jun/2025:14:54:05 -0400] "GET /wp-includes/widgets/ HTTP/1.1" 200 657 "binance.com" "Mozilla/5.0 (Windows NT 10.0; Win64; x64) AppleWebKit/537.36 (KHTML, like Gecko) Chrome/90.0.4430.85 Safari/537.36"
143.244.136.161 - - [19/Jun/2025:14:54:06 -0400] "GET /wp-includes/widgets/ HTTP/1.1" 200 657 "binance.com" "Mozilla/5.0 (Windows NT 10.0; Win64; x64) AppleWebKit/537.36 (KHTML, like Gecko) Chrome/90.0.4430.85 Safari/537.36"
143.244.136.161 - - [19/Jun/2025:14:54:08 -0400] "GET /wp-includes/widgets/class-wp-widget-block.php HTTP/1.1" 500 - "binance.com" "Mozilla/5.0 (Windows NT 10.0; Win64; x64) AppleWebKit/537.36 (KHTML, like Gecko) Chrome/90.0.4430.85 Safari/537.36"
143.244.136.161 - - [19/Jun/2025:14:54:08 -0400] "GET /wp-includes/css/ HTTP/1.1" 200 949 "binance.com" "Mozilla/5.0 (Windows NT 10.0; Win64; x64) AppleWebKit/537.36 (KHTML, like Gecko) Chrome/90.0.4430.85 Safari/537.36"
143.244.136.161 - - [19/Jun/2025:14:54:09 -0400] "GET /wp-includes/css/dist/ HTTP/1.1" 200 603 "binance.com" "Mozilla/5.0 (Windows NT 10.0; Win64; x64) AppleWebKit/537.36 (KHTML, like Gecko) Chrome/90.0.4430.85 Safari/537.36"
143.244.136.161 - - [19/Jun/2025:14:54:10 -0400] "GET /wp-includes/fonts/ HTTP/1.1" 200 555 "binance.com" "Mozilla/5.0 (Windows NT 10.0; Win64; x64) AppleWebKit/537.36 (KHTML, like Gecko) Chrome/90.0.4430.85 Safari/537.36"
143.244.136.161 - - [19/Jun/2025:14:54:11 -0400] "GET /wp-includes/fonts/ HTTP/1.1" 200 555 "binance.com" "Mozilla/5.0 (Windows NT 10.0; Win64; x64) AppleWebKit/537.36 (KHTML, like Gecko) Chrome/90.0.4430.85 Safari/537.36"
143.244.136.161 - - [19/Jun/2025:14:54:12 -0400] "GET /wp-includes/fonts/class-wp-font-collection.php HTTP/1.1" 200 - "binance.com" "Mozilla/5.0 (Windows NT 10.0; Win64; x64) AppleWebKit/537.36 (KHTML, like Gecko) Chrome/90.0.4430.85 Safari/537.36"
143.244.136.161 - - [19/Jun/2025:14:54:13 -0400] "GET /wp-includes/fonts/class-wp-font-face-resolver.php HTTP/1.1" 200 - "binance.com" "Mozilla/5.0 (Windows NT 10.0; Win64; x64) AppleWebKit/537.36 (KHTML, like Gecko) Chrome/90.0.4430.85 Safari/537.36"
143.244.136.161 - - [19/Jun/2025:14:54:13 -0400] "GET /wp-includes/fonts/class-wp-font-face.php HTTP/1.1" 200 - "binance.com" "Mozilla/5.0 (Windows NT 10.0; Win64; x64) AppleWebKit/537.36 (KHTML, like Gecko) Chrome/90.0.4430.85 Safari/537.36"
143.244.136.161 - - [19/Jun/2025:14:54:15 -0400] "GET /wp-includes/fonts/class-wp-font-library.php HTTP/1.1" 200 - "binance.com" "Mozilla/5.0 (Windows NT 10.0; Win64; x64) AppleWebKit/537.36 (KHTML, like Gecko) Chrome/90.0.4430.85 Safari/537.36"
143.244.136.161 - - [19/Jun/2025:14:54:16 -0400] "GET /wp-includes/fonts/class-wp-font-utils.php HTTP/1.1" 200 - "binance.com" "Mozilla/5.0 (Windows NT 10.0; Win64; x64) AppleWebKit/537.36 (KHTML, like Gecko) Chrome/90.0.4430.85 Safari/537.36"
143.244.136.161 - - [19/Jun/2025:14:54:18 -0400] "GET /wp-includes/images/ HTTP/1.1" 200 859 "binance.com" "Mozilla/5.0 (Windows NT 10.0; Win64; x64) AppleWebKit/537.36 (KHTML, like Gecko) Chrome/90.0.4430.85 Safari/537.36"
143.244.136.161 - - [19/Jun/2025:14:54:19 -0400] "GET /wp-includes/images/crystal/ HTTP/1.1" 200 523 "binance.com" "Mozilla/5.0 (Windows NT 10.0; Win64; x64) AppleWebKit/537.36 (KHTML, like Gecko) Chrome/90.0.4430.85 Safari/537.36"
143.244.136.161 - - [19/Jun/2025:14:54:20 -0400] "GET /wp-includes/images/media/ HTTP/1.1" 200 628 "binance.com" "Mozilla/5.0 (Windows NT 10.0; Win64; x64) AppleWebKit/537.36 (KHTML, like Gecko) Chrome/90.0.4430.85 Safari/537.36"
143.244.136.161 - - [19/Jun/2025:14:54:21 -0400] "GET /wp-includes/images/smilies/ HTTP/1.1" 200 755 "binance.com" "Mozilla/5.0 (Windows NT 10.0; Win64; x64) AppleWebKit/537.36 (KHTML, like Gecko) Chrome/90.0.4430.85 Safari/537.36"
143.244.136.161 - - [19/Jun/2025:14:54:23 -0400] "GET /wp-includes/images/wlw/ HTTP/1.1" 301 - "binance.com" "Mozilla/5.0 (Windows NT 10.0; Win64; x64) AppleWebKit/537.36 (KHTML, like Gecko) Chrome/90.0.4430.85 Safari/537.36"
70.39.147.11 - - [19/Jun/2025:14:54:25 -0400] "POST /wp-cron.php?doing_wp_cron=1750359265.1589300632476806640625 HTTP/1.1" 200 - "-" "WordPress/6.6.2; https://pur-tungsten.com"
143.244.136.161 - - [19/Jun/2025:14:54:31 -0400] "GET /wp-includes/js/%20 HTTP/1.1" 301 - "binance.com" "Mozilla/5.0 (Windows NT 10.0; Win64; x64) AppleWebKit/537.36 (KHTML, like Gecko) Chrome/90.0.4430.85 Safari/537.36"
143.244.136.161 - - [19/Jun/2025:14:54:41 -0400] "GET /wp-includes/js/codemirror/ HTTP/1.1" 200 493 "binance.com" "Mozilla/5.0 (Windows NT 10.0; Win64; x64) AppleWebKit/537.36 (KHTML, like Gecko) Chrome/90.0.4430.85 Safari/537.36"
143.244.136.161 - - [19/Jun/2025:14:54:41 -0400] "GET /wp-includes/js/plupload/ HTTP/1.1" 200 521 "binance.com" "Mozilla/5.0 (Windows NT 10.0; Win64; x64) AppleWebKit/537.36 (KHTML, like Gecko) Chrome/90.0.4430.85 Safari/537.36"
143.244.136.161 - - [19/Jun/2025:14:54:42 -0400] "GET /.well-known/ HTTP/1.1" 200 978 "binance.com" "Mozilla/5.0 (Windows NT 10.0; Win64; x64) AppleWebKit/537.36 (KHTML, like Gecko) Chrome/90.0.4430.85 Safari/537.36"
216.244.66.231 - - [19/Jun/2025:14:58:36 -0400] "GET /robots.txt HTTP/1.1" 200 67 "-" "Mozilla/5.0 (compatible; DotBot/1.2; +https://opensiteexplorer.org/dotbot; help@moz.com)"
216.244.66.231 - - [19/Jun/2025:15:04:45 -0400] "GET /product/steel-h-carbine-buffers/ HTTP/1.1" 301 - "-" "Mozilla/5.0 (compatible; DotBot/1.2; +https://opensiteexplorer.org/dotbot; help@moz.com)"
70.39.147.11 - - [19/Jun/2025:15:04:47 -0400] "POST /wp-cron.php?doing_wp_cron=1750359887.7314689159393310546875 HTTP/1.1" 200 - "-" "WordPress/6.6.2; https://pur-tungsten.com"
216.244.66.231 - - [19/Jun/2025:15:05:01 -0400] "GET /product/tungsten-ice-fishing-jigs/feed/ HTTP/1.1" 301 - "-" "Mozilla/5.0 (compatible; DotBot/1.2; +https://opensiteexplorer.org/dotbot; help@moz.com)"
216.244.66.231 - - [19/Jun/2025:15:05:54 -0400] "GET /s/15b974.js HTTP/1.1" 200 149054 "-" "Mozilla/5.0 (compatible; DotBot/1.2; +https://opensiteexplorer.org/dotbot; help@moz.com)"
216.244.66.231 - - [19/Jun/2025:15:06:00 -0400] "GET /s/35fdb1.js HTTP/1.1" 200 149054 "-" "Mozilla/5.0 (compatible; DotBot/1.2; +https://opensiteexplorer.org/dotbot; help@moz.com)"
216.244.66.231 - - [19/Jun/2025:15:06:07 -0400] "GET /s/838113.js.gz HTTP/1.1" 200 51110 "-" "Mozilla/5.0 (compatible; DotBot/1.2; +https://opensiteexplorer.org/dotbot; help@moz.com)"
216.244.66.231 - - [19/Jun/2025:15:06:13 -0400] "GET /s/a0b16a.js.gz HTTP/1.1" 200 51110 "-" "Mozilla/5.0 (compatible; DotBot/1.2; +https://opensiteexplorer.org/dotbot; help@moz.com)"
216.244.66.231 - - [19/Jun/2025:15:06:19 -0400] "GET /s/0287c8.js.gz HTTP/1.1" 200 310397 "-" "Mozilla/5.0 (compatible; DotBot/1.2; +https://opensiteexplorer.org/dotbot; help@moz.com)"
216.244.66.231 - - [19/Jun/2025:15:06:28 -0400] "GET /s/0343f3.js.gz HTTP/1.1" 200 310398 "-" "Mozilla/5.0 (compatible; DotBot/1.2; +https://opensiteexplorer.org/dotbot; help@moz.com)"
216.244.66.231 - - [19/Jun/2025:15:06:45 -0400] "GET /s/1c604f.js.gz HTTP/1.1" 200 310398 "-" "Mozilla/5.0 (compatible; DotBot/1.2; +https://opensiteexplorer.org/dotbot; help@moz.com)"
216.244.66.231 - - [19/Jun/2025:15:07:10 -0400] "GET /s/3fa9e6.js.gz HTTP/1.1" 200 310398 "-" "Mozilla/5.0 (compatible; DotBot/1.2; +https://opensiteexplorer.org/dotbot; help@moz.com)"
216.244.66.231 - - [19/Jun/2025:15:07:47 -0400] "GET /s/5020bb.js.gz HTTP/1.1" 200 508646 "-" "Mozilla/5.0 (compatible; DotBot/1.2; +https://opensiteexplorer.org/dotbot; help@moz.com)"
216.244.66.231 - - [19/Jun/2025:15:08:26 -0400] "GET /s/5a8a32.js.gz HTTP/1.1" 200 310398 "-" "Mozilla/5.0 (compatible; DotBot/1.2; +https://opensiteexplorer.org/dotbot; help@moz.com)"
216.244.66.231 - - [19/Jun/2025:15:09:01 -0400] "GET /s/68525a.js.gz HTTP/1.1" 200 310397 "-" "Mozilla/5.0 (compatible; DotBot/1.2; +https://opensiteexplorer.org/dotbot; help@moz.com)"
216.244.66.231 - - [19/Jun/2025:15:09:40 -0400] "GET /s/711d87.js.gz HTTP/1.1" 200 310397 "-" "Mozilla/5.0 (compatible; DotBot/1.2; +https://opensiteexplorer.org/dotbot; help@moz.com)"
216.244.66.231 - - [19/Jun/2025:15:10:15 -0400] "GET /s/80933d.js.gz HTTP/1.1" 200 506833 "-" "Mozilla/5.0 (compatible; DotBot/1.2; +https://opensiteexplorer.org/dotbot; help@moz.com)"
216.244.66.231 - - [19/Jun/2025:15:10:53 -0400] "GET /s/81fee0.js.gz HTTP/1.1" 200 506800 "-" "Mozilla/5.0 (compatible; DotBot/1.2; +https://opensiteexplorer.org/dotbot; help@moz.com)"
216.244.66.231 - - [19/Jun/2025:15:11:33 -0400] "GET /s/915177.js.gz HTTP/1.1" 200 506784 "-" "Mozilla/5.0 (compatible; DotBot/1.2; +https://opensiteexplorer.org/dotbot; help@moz.com)"
216.244.66.231 - - [19/Jun/2025:15:12:13 -0400] "GET /s/942a6d.js.gz HTTP/1.1" 200 506785 "-" "Mozilla/5.0 (compatible; DotBot/1.2; +https://opensiteexplorer.org/dotbot; help@moz.com)"
216.244.66.231 - - [19/Jun/2025:15:12:54 -0400] "GET /s/9bb807.js.gz HTTP/1.1" 200 310397 "-" "Mozilla/5.0 (compatible; DotBot/1.2; +https://opensiteexplorer.org/dotbot; help@moz.com)"
216.244.66.231 - - [19/Jun/2025:15:13:27 -0400] "GET /s/b32282.js.gz HTTP/1.1" 200 310396 "-" "Mozilla/5.0 (compatible; DotBot/1.2; +https://opensiteexplorer.org/dotbot; help@moz.com)"
216.244.66.231 - - [19/Jun/2025:15:13:58 -0400] "GET /s/bd9c15.js HTTP/1.1" 200 149054 "-" "Mozilla/5.0 (compatible; DotBot/1.2; +https://opensiteexplorer.org/dotbot; help@moz.com)"
216.244.66.231 - - [19/Jun/2025:15:14:27 -0400] "GET /s/dd00df.js.gz HTTP/1.1" 200 310396 "-" "Mozilla/5.0 (compatible; DotBot/1.2; +https://opensiteexplorer.org/dotbot; help@moz.com)"
216.244.66.231 - - [19/Jun/2025:15:14:56 -0400] "GET /s/e10330.js.gz HTTP/1.1" 200 506789 "-" "Mozilla/5.0 (compatible; DotBot/1.2; +https://opensiteexplorer.org/dotbot; help@moz.com)"
43.205.98.236 - - [19/Jun/2025:15:15:20 -0400] "GET / HTTP/1.1" 301 - "-" "Mozilla/5.0 (Windows NT 10.0; Win64; x64) AppleWebKit/537.36 (KHTML, like Gecko) Chrome/80.0.3987.149 Safari/537.36"
70.39.147.11 - - [19/Jun/2025:15:15:21 -0400] "POST /wp-cron.php?doing_wp_cron=1750360521.9138150215148925781250 HTTP/1.1" 200 - "-" "WordPress/6.6.2; https://pur-tungsten.com"
216.244.66.231 - - [19/Jun/2025:15:15:24 -0400] "GET /s/efca67.js.gz HTTP/1.1" 200 506829 "-" "Mozilla/5.0 (compatible; DotBot/1.2; +https://opensiteexplorer.org/dotbot; help@moz.com)"
216.244.66.231 - - [19/Jun/2025:15:15:50 -0400] "GET /s/f1fd15.js HTTP/1.1" 200 149054 "-" "Mozilla/5.0 (compatible; DotBot/1.2; +https://opensiteexplorer.org/dotbot; help@moz.com)"
35.227.78.24 - - [19/Jun/2025:15:16:02 -0400] "HEAD /wordpress HTTP/1.1" 301 - "-" "Mozilla/5.0 (Windows NT 10.0; Win64; x64) AppleWebKit/537.36 (KHTML, like Gecko) Chrome/74.0.3729.169 Safari/537.36"
35.227.78.24 - - [19/Jun/2025:15:16:02 -0400] "HEAD /wordpress/ HTTP/1.1" 200 - "http://mail.pur-tungsten.com/wordpress" "Mozilla/5.0 (Windows NT 10.0; Win64; x64) AppleWebKit/537.36 (KHTML, like Gecko) Chrome/74.0.3729.169 Safari/537.36"
35.227.78.24 - - [19/Jun/2025:15:16:02 -0400] "HEAD / HTTP/1.1" 301 - "-" "Mozilla/5.0 (Windows NT 10.0; Win64; x64) AppleWebKit/537.36 (KHTML, like Gecko) Chrome/74.0.3729.169 Safari/537.36"
70.39.147.11 - - [19/Jun/2025:15:16:04 -0400] "POST /wp-cron.php?doing_wp_cron=1750360564.7087469100952148437500 HTTP/1.1" 200 - "-" "WordPress/6.6.2; https://pur-tungsten.com"
35.227.78.24 - - [19/Jun/2025:15:16:09 -0400] "HEAD /wp HTTP/1.1" 301 - "-" "Mozilla/5.0 (Windows NT 10.0; Win64; x64) AppleWebKit/537.36 (KHTML, like Gecko) Chrome/74.0.3729.169 Safari/537.36"
216.244.66.231 - - [19/Jun/2025:15:16:14 -0400] "GET /s/fc8e47.js.gz HTTP/1.1" 200 506802 "-" "Mozilla/5.0 (compatible; DotBot/1.2; +https://opensiteexplorer.org/dotbot; help@moz.com)"
35.227.78.24 - - [19/Jun/2025:15:16:13 -0400] "HEAD /bc HTTP/1.1" 301 - "-" "Mozilla/5.0 (Windows NT 10.0; Win64; x64) AppleWebKit/537.36 (KHTML, like Gecko) Chrome/74.0.3729.169 Safari/537.36"
35.227.78.24 - - [19/Jun/2025:15:16:18 -0400] "HEAD /bk HTTP/1.1" 301 - "-" "Mozilla/5.0 (Windows NT 10.0; Win64; x64) AppleWebKit/537.36 (KHTML, like Gecko) Chrome/74.0.3729.169 Safari/537.36"
35.227.78.24 - - [19/Jun/2025:15:16:22 -0400] "HEAD /backup HTTP/1.1" 301 - "-" "Mozilla/5.0 (Windows NT 10.0; Win64; x64) AppleWebKit/537.36 (KHTML, like Gecko) Chrome/74.0.3729.169 Safari/537.36"
35.227.78.24 - - [19/Jun/2025:15:16:26 -0400] "HEAD /old HTTP/1.1" 301 - "-" "Mozilla/5.0 (Windows NT 10.0; Win64; x64) AppleWebKit/537.36 (KHTML, like Gecko) Chrome/74.0.3729.169 Safari/537.36"
35.227.78.24 - - [19/Jun/2025:15:16:30 -0400] "HEAD /new HTTP/1.1" 301 - "-" "Mozilla/5.0 (Windows NT 10.0; Win64; x64) AppleWebKit/537.36 (KHTML, like Gecko) Chrome/74.0.3729.169 Safari/537.36"
35.227.78.24 - - [19/Jun/2025:15:16:34 -0400] "HEAD /main HTTP/1.1" 301 - "-" "Mozilla/5.0 (Windows NT 10.0; Win64; x64) AppleWebKit/537.36 (KHTML, like Gecko) Chrome/74.0.3729.169 Safari/537.36"
216.244.66.231 - - [19/Jun/2025:15:16:38 -0400] "GET /product-category/ice-fishing/ HTTP/1.1" 301 - "-" "Mozilla/5.0 (compatible; DotBot/1.2; +https://opensiteexplorer.org/dotbot; help@moz.com)"
35.227.78.24 - - [19/Jun/2025:15:16:38 -0400] "HEAD /home HTTP/1.1" 301 - "-" "Mozilla/5.0 (Windows NT 10.0; Win64; x64) AppleWebKit/537.36 (KHTML, like Gecko) Chrome/74.0.3729.169 Safari/537.36"
216.244.66.231 - - [19/Jun/2025:15:17:01 -0400] "GET /product/tungsten-carbide-ball-shape-rotary-burrs/feed/ HTTP/1.1" 301 - "-" "Mozilla/5.0 (compatible; DotBot/1.2; +https://opensiteexplorer.org/dotbot; help@moz.com)"
216.244.66.231 - - [19/Jun/2025:15:17:23 -0400] "GET /product/tungsten-center-gravity-weights-2-oz/feed/ HTTP/1.1" 301 - "-" "Mozilla/5.0 (compatible; DotBot/1.2; +https://opensiteexplorer.org/dotbot; help@moz.com)"
216.244.66.231 - - [19/Jun/2025:15:17:44 -0400] "GET /product/tungsten-cube-block-weights-2-oz/ HTTP/1.1" 301 - "-" "Mozilla/5.0 (compatible; DotBot/1.2; +https://opensiteexplorer.org/dotbot; help@moz.com)"
216.244.66.231 - - [19/Jun/2025:15:18:04 -0400] "GET /s/077bc2.js HTTP/1.1" 200 149054 "-" "Mozilla/5.0 (compatible; DotBot/1.2; +https://opensiteexplorer.org/dotbot; help@moz.com)"
216.244.66.231 - - [19/Jun/2025:15:18:22 -0400] "GET /s/737ad5.js HTTP/1.1" 200 - "-" "Mozilla/5.0 (compatible; DotBot/1.2; +https://opensiteexplorer.org/dotbot; help@moz.com)"
216.244.66.231 - - [19/Jun/2025:15:18:38 -0400] "GET /s/73b784.js.gz HTTP/1.1" 200 51111 "-" "Mozilla/5.0 (compatible; DotBot/1.2; +https://opensiteexplorer.org/dotbot; help@moz.com)"
216.244.66.231 - - [19/Jun/2025:15:18:53 -0400] "GET /s/76333f.js.gz HTTP/1.1" 200 51111 "-" "Mozilla/5.0 (compatible; DotBot/1.2; +https://opensiteexplorer.org/dotbot; help@moz.com)"
216.244.66.231 - - [19/Jun/2025:15:19:08 -0400] "GET /s/7a5c1d.js.gz HTTP/1.1" 200 51110 "-" "Mozilla/5.0 (compatible; DotBot/1.2; +https://opensiteexplorer.org/dotbot; help@moz.com)"
216.244.66.231 - - [19/Jun/2025:15:19:21 -0400] "GET /s/8b7801.js.gz HTTP/1.1" 200 51111 "-" "Mozilla/5.0 (compatible; DotBot/1.2; +https://opensiteexplorer.org/dotbot; help@moz.com)"
216.244.66.231 - - [19/Jun/2025:15:19:34 -0400] "GET /s/a2693d.js HTTP/1.1" 200 149054 "-" "Mozilla/5.0 (compatible; DotBot/1.2; +https://opensiteexplorer.org/dotbot; help@moz.com)"
216.244.66.231 - - [19/Jun/2025:15:19:45 -0400] "GET /s/a4c03b.js.gz HTTP/1.1" 200 - "-" "Mozilla/5.0 (compatible; DotBot/1.2; +https://opensiteexplorer.org/dotbot; help@moz.com)"
216.244.66.231 - - [19/Jun/2025:15:19:56 -0400] "GET /s/af664c.js.gz HTTP/1.1" 200 51111 "-" "Mozilla/5.0 (compatible; DotBot/1.2; +https://opensiteexplorer.org/dotbot; help@moz.com)"
216.244.66.231 - - [19/Jun/2025:15:20:05 -0400] "GET /s/d8cb04.js.gz HTTP/1.1" 200 - "-" "Mozilla/5.0 (compatible; DotBot/1.2; +https://opensiteexplorer.org/dotbot; help@moz.com)"
216.244.66.231 - - [19/Jun/2025:15:20:13 -0400] "GET /s/e08bf5.js HTTP/1.1" 200 149053 "-" "Mozilla/5.0 (compatible; DotBot/1.2; +https://opensiteexplorer.org/dotbot; help@moz.com)"
216.244.66.231 - - [19/Jun/2025:15:20:21 -0400] "GET /s/f4cff6.js HTTP/1.1" 200 149053 "-" "Mozilla/5.0 (compatible; DotBot/1.2; +https://opensiteexplorer.org/dotbot; help@moz.com)"
216.244.66.231 - - [19/Jun/2025:15:20:27 -0400] "GET /s/f68df9.js HTTP/1.1" 200 - "-" "Mozilla/5.0 (compatible; DotBot/1.2; +https://opensiteexplorer.org/dotbot; help@moz.com)"
216.244.66.231 - - [19/Jun/2025:15:20:33 -0400] "GET /products/consumer-products/derby-car-weights/?add-to-cart=273 HTTP/1.1" 301 - "-" "Mozilla/5.0 (compatible; DotBot/1.2; +https://opensiteexplorer.org/dotbot; help@moz.com)"
70.39.147.11 - - [19/Jun/2025:15:20:35 -0400] "POST /wp-cron.php?doing_wp_cron=1750360835.0222530364990234375000 HTTP/1.1" 200 - "-" "WordPress/6.6.2; https://pur-tungsten.com"
216.244.66.231 - - [19/Jun/2025:15:45:18 -0400] "GET /robots.txt HTTP/1.1" 200 67 "-" "Mozilla/5.0 (compatible; DotBot/1.2; +https://opensiteexplorer.org/dotbot; help@moz.com)"
216.244.66.231 - - [19/Jun/2025:15:51:24 -0400] "GET /?C=M%3BO%3DD HTTP/1.1" 301 - "-" "Mozilla/5.0 (compatible; DotBot/1.2; +https://opensiteexplorer.org/dotbot; help@moz.com)"
70.39.147.11 - - [19/Jun/2025:15:51:26 -0400] "POST /wp-cron.php?doing_wp_cron=1750362686.6035718917846679687500 HTTP/1.1" 200 - "-" "WordPress/6.6.2; https://pur-tungsten.com"
216.244.66.231 - - [19/Jun/2025:15:52:29 -0400] "GET /s/00b95f.js HTTP/1.1" 200 149054 "-" "Mozilla/5.0 (compatible; DotBot/1.2; +https://opensiteexplorer.org/dotbot; help@moz.com)"
216.244.66.231 - - [19/Jun/2025:15:52:35 -0400] "GET /s/530c43.js.gz HTTP/1.1" 200 51110 "-" "Mozilla/5.0 (compatible; DotBot/1.2; +https://opensiteexplorer.org/dotbot; help@moz.com)"
216.244.66.231 - - [19/Jun/2025:15:52:40 -0400] "GET /s/547b73.js.gz HTTP/1.1" 200 51112 "-" "Mozilla/5.0 (compatible; DotBot/1.2; +https://opensiteexplorer.org/dotbot; help@moz.com)"
216.244.66.231 - - [19/Jun/2025:15:52:45 -0400] "GET /s/72e43a.js.gz HTTP/1.1" 200 51111 "-" "Mozilla/5.0 (compatible; DotBot/1.2; +https://opensiteexplorer.org/dotbot; help@moz.com)"
216.244.66.231 - - [19/Jun/2025:15:52:49 -0400] "GET /s/8d3957.js.gz HTTP/1.1" 200 51111 "-" "Mozilla/5.0 (compatible; DotBot/1.2; +https://opensiteexplorer.org/dotbot; help@moz.com)"
216.244.66.231 - - [19/Jun/2025:15:52:52 -0400] "GET /s/acb3a4.js HTTP/1.1" 200 149054 "-" "Mozilla/5.0 (compatible; DotBot/1.2; +https://opensiteexplorer.org/dotbot; help@moz.com)"
216.244.66.231 - - [19/Jun/2025:15:52:55 -0400] "GET /s/019e82.js.gz HTTP/1.1" 200 310396 "-" "Mozilla/5.0 (compatible; DotBot/1.2; +https://opensiteexplorer.org/dotbot; help@moz.com)"
216.244.66.231 - - [19/Jun/2025:15:53:19 -0400] "GET /s/023302.js.gz HTTP/1.1" 200 310398 "-" "Mozilla/5.0 (compatible; DotBot/1.2; +https://opensiteexplorer.org/dotbot; help@moz.com)"
216.244.66.231 - - [19/Jun/2025:15:53:48 -0400] "GET /s/094fa6.js.gz HTTP/1.1" 200 310398 "-" "Mozilla/5.0 (compatible; DotBot/1.2; +https://opensiteexplorer.org/dotbot; help@moz.com)"
216.244.66.231 - - [19/Jun/2025:15:54:16 -0400] "GET /s/1312d8.js.gz HTTP/1.1" 200 506783 "-" "Mozilla/5.0 (compatible; DotBot/1.2; +https://opensiteexplorer.org/dotbot; help@moz.com)"
147.78.181.44 - - [19/Jun/2025:15:54:48 -0400] "GET /2015/11/02/hello-world/ HTTP/1.1" 301 - "-" "Mozilla/5.0 (Windows NT 10.0; Win64; x64; Xbox; Xbox One) AppleWebKit/537.36 (KHTML, like Gecko) Chrome/114.0.0.0 Safari/537.36 Edge/44.18363.8131"
70.39.147.11 - - [19/Jun/2025:15:54:50 -0400] "POST /wp-cron.php?doing_wp_cron=1750362890.8615639209747314453125 HTTP/1.1" 200 - "-" "WordPress/6.6.2; https://pur-tungsten.com"
216.244.66.231 - - [19/Jun/2025:15:54:54 -0400] "GET /s/1b79ac.js.gz HTTP/1.1" 200 310396 "-" "Mozilla/5.0 (compatible; DotBot/1.2; +https://opensiteexplorer.org/dotbot; help@moz.com)"
216.244.66.231 - - [19/Jun/2025:15:55:28 -0400] "GET /s/22db99.js.gz HTTP/1.1" 200 508645 "-" "Mozilla/5.0 (compatible; DotBot/1.2; +https://opensiteexplorer.org/dotbot; help@moz.com)"
192.178.4.96 - - [19/Jun/2025:15:56:09 -0400] "GET /ads.txt HTTP/1.1" 304 - "-" "Google-adstxt"
216.244.66.231 - - [19/Jun/2025:15:56:10 -0400] "GET /s/2ed89b.js.gz HTTP/1.1" 200 310398 "-" "Mozilla/5.0 (compatible; DotBot/1.2; +https://opensiteexplorer.org/dotbot; help@moz.com)"
216.244.66.231 - - [19/Jun/2025:15:56:45 -0400] "GET /s/3922e8.js.gz HTTP/1.1" 200 506804 "-" "Mozilla/5.0 (compatible; DotBot/1.2; +https://opensiteexplorer.org/dotbot; help@moz.com)"
216.244.66.231 - - [19/Jun/2025:15:57:24 -0400] "GET /s/3ac306.js.gz HTTP/1.1" 200 506809 "-" "Mozilla/5.0 (compatible; DotBot/1.2; +https://opensiteexplorer.org/dotbot; help@moz.com)"
216.244.66.231 - - [19/Jun/2025:15:58:04 -0400] "GET /s/3f3e3a.js.gz HTTP/1.1" 200 310397 "-" "Mozilla/5.0 (compatible; DotBot/1.2; +https://opensiteexplorer.org/dotbot; help@moz.com)"
216.244.66.231 - - [19/Jun/2025:15:58:36 -0400] "GET /s/455fa7.js.gz HTTP/1.1" 200 506807 "-" "Mozilla/5.0 (compatible; DotBot/1.2; +https://opensiteexplorer.org/dotbot; help@moz.com)"
216.244.66.231 - - [19/Jun/2025:15:59:14 -0400] "GET /s/45fe16.js.gz HTTP/1.1" 200 506811 "-" "Mozilla/5.0 (compatible; DotBot/1.2; +https://opensiteexplorer.org/dotbot; help@moz.com)"
216.244.66.231 - - [19/Jun/2025:15:59:52 -0400] "GET /s/4dceb7.js.gz HTTP/1.1" 200 508659 "-" "Mozilla/5.0 (compatible; DotBot/1.2; +https://opensiteexplorer.org/dotbot; help@moz.com)"
216.244.66.231 - - [19/Jun/2025:16:00:30 -0400] "GET /s/55a0c1.js.gz HTTP/1.1" 200 310397 "-" "Mozilla/5.0 (compatible; DotBot/1.2; +https://opensiteexplorer.org/dotbot; help@moz.com)"
216.244.66.231 - - [19/Jun/2025:16:01:03 -0400] "GET /s/597e76.js.gz HTTP/1.1" 200 508650 "-" "Mozilla/5.0 (compatible; DotBot/1.2; +https://opensiteexplorer.org/dotbot; help@moz.com)"
216.244.66.231 - - [19/Jun/2025:16:01:34 -0400] "GET /s/5ae970.js.gz HTTP/1.1" 200 310398 "-" "Mozilla/5.0 (compatible; DotBot/1.2; +https://opensiteexplorer.org/dotbot; help@moz.com)"
216.244.66.231 - - [19/Jun/2025:16:02:03 -0400] "GET /s/5b3378.js.gz HTTP/1.1" 200 506803 "-" "Mozilla/5.0 (compatible; DotBot/1.2; +https://opensiteexplorer.org/dotbot; help@moz.com)"
216.244.66.231 - - [19/Jun/2025:16:02:31 -0400] "GET /s/630e6e.js.gz HTTP/1.1" 200 310396 "-" "Mozilla/5.0 (compatible; DotBot/1.2; +https://opensiteexplorer.org/dotbot; help@moz.com)"
216.244.66.231 - - [19/Jun/2025:16:02:57 -0400] "GET /s/747cd5.js.gz HTTP/1.1" 200 506785 "-" "Mozilla/5.0 (compatible; DotBot/1.2; +https://opensiteexplorer.org/dotbot; help@moz.com)"
216.244.66.231 - - [19/Jun/2025:16:03:23 -0400] "GET /s/910848.js.gz HTTP/1.1" 200 506803 "-" "Mozilla/5.0 (compatible; DotBot/1.2; +https://opensiteexplorer.org/dotbot; help@moz.com)"
216.244.66.231 - - [19/Jun/2025:16:03:48 -0400] "GET /s/99b26a.js.gz HTTP/1.1" 200 310397 "-" "Mozilla/5.0 (compatible; DotBot/1.2; +https://opensiteexplorer.org/dotbot; help@moz.com)"
216.244.66.231 - - [19/Jun/2025:16:04:11 -0400] "GET /s/ae5820.js.gz HTTP/1.1" 200 310396 "-" "Mozilla/5.0 (compatible; DotBot/1.2; +https://opensiteexplorer.org/dotbot; help@moz.com)"
216.244.66.231 - - [19/Jun/2025:16:04:33 -0400] "GET /s/b44ff5.js.gz HTTP/1.1" 200 506809 "-" "Mozilla/5.0 (compatible; DotBot/1.2; +https://opensiteexplorer.org/dotbot; help@moz.com)"
216.244.66.231 - - [19/Jun/2025:16:04:55 -0400] "GET /s/d36c83.js.gz HTTP/1.1" 200 508616 "-" "Mozilla/5.0 (compatible; DotBot/1.2; +https://opensiteexplorer.org/dotbot; help@moz.com)"
216.244.66.231 - - [19/Jun/2025:16:05:15 -0400] "GET /s/d37bda.js.gz HTTP/1.1" 200 507624 "-" "Mozilla/5.0 (compatible; DotBot/1.2; +https://opensiteexplorer.org/dotbot; help@moz.com)"
216.244.66.231 - - [19/Jun/2025:16:05:35 -0400] "GET /s/f3702b.js.gz HTTP/1.1" 200 310396 "-" "Mozilla/5.0 (compatible; DotBot/1.2; +https://opensiteexplorer.org/dotbot; help@moz.com)"
216.244.66.231 - - [19/Jun/2025:16:05:53 -0400] "GET /product/bullet-fishing-weights/feed/ HTTP/1.1" 301 - "-" "Mozilla/5.0 (compatible; DotBot/1.2; +https://opensiteexplorer.org/dotbot; help@moz.com)"
216.244.66.231 - - [19/Jun/2025:16:06:11 -0400] "GET /?add-to-cart=1027 HTTP/1.1" 301 - "-" "Mozilla/5.0 (compatible; DotBot/1.2; +https://opensiteexplorer.org/dotbot; help@moz.com)"
216.244.66.231 - - [19/Jun/2025:16:06:28 -0400] "GET /product/tungsten-skinny-drop-shots/ HTTP/1.1" 301 - "-" "Mozilla/5.0 (compatible; DotBot/1.2; +https://opensiteexplorer.org/dotbot; help@moz.com)"
70.39.147.11 - - [19/Jun/2025:16:06:30 -0400] "POST /wp-cron.php?doing_wp_cron=1750363590.2579069137573242187500 HTTP/1.1" 200 - "-" "WordPress/6.6.2; https://pur-tungsten.com"
216.244.66.231 - - [19/Jun/2025:16:06:45 -0400] "GET /s/00d13a.js HTTP/1.1" 200 149054 "-" "Mozilla/5.0 (compatible; DotBot/1.2; +https://opensiteexplorer.org/dotbot; help@moz.com)"
216.244.66.231 - - [19/Jun/2025:16:06:59 -0400] "GET /s/01a33c.js.gz HTTP/1.1" 200 - "-" "Mozilla/5.0 (compatible; DotBot/1.2; +https://opensiteexplorer.org/dotbot; help@moz.com)"
216.244.66.231 - - [19/Jun/2025:16:07:11 -0400] "GET /s/17c6ea.js.gz HTTP/1.1" 200 508658 "-" "Mozilla/5.0 (compatible; DotBot/1.2; +https://opensiteexplorer.org/dotbot; help@moz.com)"
216.244.66.231 - - [19/Jun/2025:16:07:23 -0400] "GET /s/3d79aa.js HTTP/1.1" 200 - "-" "Mozilla/5.0 (compatible; DotBot/1.2; +https://opensiteexplorer.org/dotbot; help@moz.com)"
216.244.66.231 - - [19/Jun/2025:16:07:34 -0400] "GET /s/3eb267.js.gz HTTP/1.1" 200 51109 "-" "Mozilla/5.0 (compatible; DotBot/1.2; +https://opensiteexplorer.org/dotbot; help@moz.com)"
216.244.66.231 - - [19/Jun/2025:16:07:43 -0400] "GET /s/7eab9a.js.gz HTTP/1.1" 200 - "-" "Mozilla/5.0 (compatible; DotBot/1.2; +https://opensiteexplorer.org/dotbot; help@moz.com)"
216.244.66.231 - - [19/Jun/2025:16:07:51 -0400] "GET /s/835970.js.gz HTTP/1.1" 200 - "-" "Mozilla/5.0 (compatible; DotBot/1.2; +https://opensiteexplorer.org/dotbot; help@moz.com)"
216.244.66.231 - - [19/Jun/2025:16:32:10 -0400] "GET /robots.txt HTTP/1.1" 200 67 "-" "Mozilla/5.0 (compatible; DotBot/1.2; +https://opensiteexplorer.org/dotbot; help@moz.com)"
216.244.66.231 - - [19/Jun/2025:16:38:32 -0400] "GET /cart/ HTTP/1.1" 301 - "-" "Mozilla/5.0 (compatible; DotBot/1.2; +https://opensiteexplorer.org/dotbot; help@moz.com)"
70.39.147.11 - - [19/Jun/2025:16:38:34 -0400] "POST /wp-cron.php?doing_wp_cron=1750365514.4706599712371826171875 HTTP/1.1" 200 - "-" "WordPress/6.6.2; https://pur-tungsten.com"
216.244.66.231 - - [19/Jun/2025:16:39:40 -0400] "GET /s/0779ff.js.gz HTTP/1.1" 200 51110 "-" "Mozilla/5.0 (compatible; DotBot/1.2; +https://opensiteexplorer.org/dotbot; help@moz.com)"
216.244.66.231 - - [19/Jun/2025:16:39:46 -0400] "GET /s/38cd4b.js HTTP/1.1" 200 149054 "-" "Mozilla/5.0 (compatible; DotBot/1.2; +https://opensiteexplorer.org/dotbot; help@moz.com)"
216.244.66.231 - - [19/Jun/2025:16:39:52 -0400] "GET /s/4fae0a.js HTTP/1.1" 200 149054 "-" "Mozilla/5.0 (compatible; DotBot/1.2; +https://opensiteexplorer.org/dotbot; help@moz.com)"
216.244.66.231 - - [19/Jun/2025:16:39:58 -0400] "GET /s/754a18.js HTTP/1.1" 200 149053 "-" "Mozilla/5.0 (compatible; DotBot/1.2; +https://opensiteexplorer.org/dotbot; help@moz.com)"
216.244.66.231 - - [19/Jun/2025:16:40:03 -0400] "GET /s/fa919d.js.gz HTTP/1.1" 200 51111 "-" "Mozilla/5.0 (compatible; DotBot/1.2; +https://opensiteexplorer.org/dotbot; help@moz.com)"
216.244.66.231 - - [19/Jun/2025:16:40:06 -0400] "GET /s/0120f1.js.gz HTTP/1.1" 200 310396 "-" "Mozilla/5.0 (compatible; DotBot/1.2; +https://opensiteexplorer.org/dotbot; help@moz.com)"
216.244.66.231 - - [19/Jun/2025:16:40:30 -0400] "GET /s/03977c.js.gz HTTP/1.1" 200 310397 "-" "Mozilla/5.0 (compatible; DotBot/1.2; +https://opensiteexplorer.org/dotbot; help@moz.com)"
216.244.66.231 - - [19/Jun/2025:16:40:52 -0400] "GET /s/0f9917.js.gz HTTP/1.1" 200 310397 "-" "Mozilla/5.0 (compatible; DotBot/1.2; +https://opensiteexplorer.org/dotbot; help@moz.com)"
216.244.66.231 - - [19/Jun/2025:16:41:12 -0400] "GET /s/1ef4c8.js.gz HTTP/1.1" 200 310396 "-" "Mozilla/5.0 (compatible; DotBot/1.2; +https://opensiteexplorer.org/dotbot; help@moz.com)"
216.244.66.231 - - [19/Jun/2025:16:41:34 -0400] "GET /s/1ff523.js.gz HTTP/1.1" 200 310398 "-" "Mozilla/5.0 (compatible; DotBot/1.2; +https://opensiteexplorer.org/dotbot; help@moz.com)"
216.244.66.231 - - [19/Jun/2025:16:42:01 -0400] "GET /s/24ba9d.js.gz HTTP/1.1" 200 506786 "-" "Mozilla/5.0 (compatible; DotBot/1.2; +https://opensiteexplorer.org/dotbot; help@moz.com)"
216.244.66.231 - - [19/Jun/2025:16:42:39 -0400] "GET /s/2cad62.js.gz HTTP/1.1" 200 506785 "-" "Mozilla/5.0 (compatible; DotBot/1.2; +https://opensiteexplorer.org/dotbot; help@moz.com)"
216.244.66.231 - - [19/Jun/2025:16:43:17 -0400] "GET /s/2d45c2.js.gz HTTP/1.1" 200 310396 "-" "Mozilla/5.0 (compatible; DotBot/1.2; +https://opensiteexplorer.org/dotbot; help@moz.com)"
216.244.66.231 - - [19/Jun/2025:16:43:50 -0400] "GET /s/2d6ff4.js.gz HTTP/1.1" 200 506807 "-" "Mozilla/5.0 (compatible; DotBot/1.2; +https://opensiteexplorer.org/dotbot; help@moz.com)"
216.244.66.231 - - [19/Jun/2025:16:44:30 -0400] "GET /s/2f39f8.js.gz HTTP/1.1" 200 310400 "-" "Mozilla/5.0 (compatible; DotBot/1.2; +https://opensiteexplorer.org/dotbot; help@moz.com)"
216.244.66.231 - - [19/Jun/2025:16:45:03 -0400] "GET /s/3d9d05.js.gz HTTP/1.1" 200 310398 "-" "Mozilla/5.0 (compatible; DotBot/1.2; +https://opensiteexplorer.org/dotbot; help@moz.com)"
216.244.66.231 - - [19/Jun/2025:16:45:37 -0400] "GET /s/80908d.js.gz HTTP/1.1" 200 506803 "-" "Mozilla/5.0 (compatible; DotBot/1.2; +https://opensiteexplorer.org/dotbot; help@moz.com)"
216.244.66.231 - - [19/Jun/2025:16:46:16 -0400] "GET /s/81c390.js.gz HTTP/1.1" 200 506808 "-" "Mozilla/5.0 (compatible; DotBot/1.2; +https://opensiteexplorer.org/dotbot; help@moz.com)"
216.244.66.231 - - [19/Jun/2025:16:46:51 -0400] "GET /s/8b7f55.js.gz HTTP/1.1" 200 310397 "-" "Mozilla/5.0 (compatible; DotBot/1.2; +https://opensiteexplorer.org/dotbot; help@moz.com)"
216.244.66.231 - - [19/Jun/2025:16:47:25 -0400] "GET /s/a26138.js.gz HTTP/1.1" 200 310396 "-" "Mozilla/5.0 (compatible; DotBot/1.2; +https://opensiteexplorer.org/dotbot; help@moz.com)"
216.244.66.231 - - [19/Jun/2025:16:47:55 -0400] "GET /s/b88780.js.gz HTTP/1.1" 200 508645 "-" "Mozilla/5.0 (compatible; DotBot/1.2; +https://opensiteexplorer.org/dotbot; help@moz.com)"
216.244.66.231 - - [19/Jun/2025:16:48:25 -0400] "GET /s/caffa8.js.gz HTTP/1.1" 200 310397 "-" "Mozilla/5.0 (compatible; DotBot/1.2; +https://opensiteexplorer.org/dotbot; help@moz.com)"
216.244.66.231 - - [19/Jun/2025:16:48:53 -0400] "GET /s/cd9046.js HTTP/1.1" 200 149054 "-" "Mozilla/5.0 (compatible; DotBot/1.2; +https://opensiteexplorer.org/dotbot; help@moz.com)"
216.244.66.231 - - [19/Jun/2025:16:49:18 -0400] "GET /s/f44e91.js.gz HTTP/1.1" 200 310396 "-" "Mozilla/5.0 (compatible; DotBot/1.2; +https://opensiteexplorer.org/dotbot; help@moz.com)"
