83.99.151.69 - - [19/Jun/2025:11:13:43 -0400] "GET /s/026f09.js HTTP/1.1" 200 310399 "-" "Mozilla/5.0 (X11; Linux x86_64) AppleWebKit/537.36 (KHTML, like Gecko; GeedoProductSearch; +https://geedo.com/product-search.html) Chrome/134.0.0.0 Safari/537.36"
83.99.151.69 - - [19/Jun/2025:11:13:52 -0400] "GET /s/0e90fe.js.gz HTTP/1.1" 200 310401 "-" "Mozilla/5.0 (X11; Linux x86_64) AppleWebKit/537.36 (KHTML, like Gecko; GeedoProductSearch; +https://geedo.com/product-search.html) Chrome/134.0.0.0 Safari/537.36"
47.128.123.61 - - [19/Jun/2025:11:13:53 -0400] "GET /product/tig-welding-tungsten-electrodes/ HTTP/2.0" 301 - "-" "Mozilla/5.0 (compatible; Bytespider; spider-feedback@bytedance.com) AppleWebKit/537.36 (KHTML, like Gecko) Chrome/70.0.0.0 Safari/537.36"
47.128.123.61 - - [19/Jun/2025:11:13:57 -0400] "GET /product/tig-welding-tungsten-electrodes-ceriated/ HTTP/2.0" 200 16139 "-" "Mozilla/5.0 (compatible; Bytespider; spider-feedback@bytedance.com) AppleWebKit/537.36 (KHTML, like Gecko) Chrome/70.0.0.0 Safari/537.36"
70.39.147.11 - - [19/Jun/2025:11:13:55 -0400] "POST /wp-cron.php?doing_wp_cron=1750346035.7649641036987304687500 HTTP/1.1" 200 - "-" "WordPress/6.6.2; https://pur-tungsten.com"
47.128.123.61 - - [19/Jun/2025:11:13:58 -0400] "GET /s/82f1d4.css HTTP/2.0" 200 2717 "https://pur-tungsten.com/product/tig-welding-tungsten-electrodes-ceriated/" "Mozilla/5.0 (compatible; Bytespider; spider-feedback@bytedance.com) AppleWebKit/537.36 (KHTML, like Gecko) Chrome/70.0.0.0 Safari/537.36"
47.128.123.61 - - [19/Jun/2025:11:13:59 -0400] "GET /s/img/wp-content/uploads/2017/12/TIGgray-810x810.jpg HTTP/2.0" 206 500 "https://pur-tungsten.com/product/tig-welding-tungsten-electrodes-ceriated/" "Mozilla/5.0 (compatible; Bytespider; spider-feedback@bytedance.com) AppleWebKit/537.36 (KHTML, like Gecko) Chrome/70.0.0.0 Safari/537.36"
47.128.123.61 - - [19/Jun/2025:11:13:59 -0400] "GET /s/img/wp-content/uploads/2017/12/THORIATED-100x100.jpg HTTP/2.0" 206 500 "https://pur-tungsten.com/product/tig-welding-tungsten-electrodes-ceriated/" "Mozilla/5.0 (compatible; Bytespider; spider-feedback@bytedance.com) AppleWebKit/537.36 (KHTML, like Gecko) Chrome/70.0.0.0 Safari/537.36"
47.128.123.61 - - [19/Jun/2025:11:13:59 -0400] "GET /wp-content/uploads/2017/12/TIGgray.jpg HTTP/2.0" 206 500 "https://pur-tungsten.com/product/tig-welding-tungsten-electrodes-ceriated/" "Mozilla/5.0 (compatible; Bytespider; spider-feedback@bytedance.com) AppleWebKit/537.36 (KHTML, like Gecko) Chrome/70.0.0.0 Safari/537.36"
47.128.123.61 - - [19/Jun/2025:11:14:00 -0400] "GET /s/img/wp-content/uploads/2020/03/TIGred-270x178.jpg HTTP/2.0" 206 500 "https://pur-tungsten.com/product/tig-welding-tungsten-electrodes-ceriated/" "Mozilla/5.0 (compatible; Bytespider; spider-feedback@bytedance.com) AppleWebKit/537.36 (KHTML, like Gecko) Chrome/70.0.0.0 Safari/537.36"
47.128.123.61 - - [19/Jun/2025:11:14:00 -0400] "GET /s/img/wp-content/uploads/2021/07/Pur_Tunngsten_logo_PNG_NEW.png HTTP/2.0" 206 500 "https://pur-tungsten.com/product/tig-welding-tungsten-electrodes-ceriated/" "Mozilla/5.0 (compatible; Bytespider; spider-feedback@bytedance.com) AppleWebKit/537.36 (KHTML, like Gecko) Chrome/70.0.0.0 Safari/537.36"
47.128.123.61 - - [19/Jun/2025:11:14:00 -0400] "GET /s/img/wp-content/uploads/2017/12/TIGblue-2-270x178.jpg HTTP/2.0" 206 500 "https://pur-tungsten.com/product/tig-welding-tungsten-electrodes-ceriated/" "Mozilla/5.0 (compatible; Bytespider; spider-feedback@bytedance.com) AppleWebKit/537.36 (KHTML, like Gecko) Chrome/70.0.0.0 Safari/537.36"
83.99.151.69 - - [19/Jun/2025:11:14:12 -0400] "GET /s/0f6b15.js.gz HTTP/1.1" 200 310398 "-" "Mozilla/5.0 (X11; Linux x86_64) AppleWebKit/537.36 (KHTML, like Gecko; GeedoProductSearch; +https://geedo.com/product-search.html) Chrome/134.0.0.0 Safari/537.36"
83.99.151.69 - - [19/Jun/2025:11:14:22 -0400] "GET /s/0fc5c2.js.gz HTTP/1.1" 200 506784 "-" "Mozilla/5.0 (X11; Linux x86_64) AppleWebKit/537.36 (KHTML, like Gecko; GeedoProductSearch; +https://geedo.com/product-search.html) Chrome/134.0.0.0 Safari/537.36"
192.178.4.97 - - [19/Jun/2025:11:14:24 -0400] "GET /products/sporting-goods/ar15-accesories//1000 HTTP/1.1" 301 - "-" "Mozilla/5.0 (Linux; Android 6.0.1; Nexus 5X Build/MMB29P) AppleWebKit/537.36 (KHTML, like Gecko) Chrome/137.0.7151.103 Mobile Safari/537.36 (compatible; Googlebot/2.1; +http://www.google.com/bot.html)"
70.39.147.11 - - [19/Jun/2025:11:14:25 -0400] "POST /wp-cron.php?doing_wp_cron=1750346065.9666340351104736328125 HTTP/1.1" 200 - "-" "WordPress/6.6.2; https://pur-tungsten.com"
192.178.4.96 - - [19/Jun/2025:11:14:27 -0400] "GET /product/pinewood-derby-incremental-tungsten-plate-weights/1000 HTTP/1.1" 301 - "-" "Mozilla/5.0 (Linux; Android 6.0.1; Nexus 5X Build/MMB29P) AppleWebKit/537.36 (KHTML, like Gecko) Chrome/137.0.7151.103 Mobile Safari/537.36 (compatible; Googlebot/2.1; +http://www.google.com/bot.html)"
192.178.4.105 - - [19/Jun/2025:11:14:30 -0400] "GET /products/sporting-goods/ar15-accesories/ HTTP/1.1" 200 17679 "-" "Mozilla/5.0 (Linux; Android 6.0.1; Nexus 5X Build/MMB29P) AppleWebKit/537.36 (KHTML, like Gecko) Chrome/137.0.7151.103 Mobile Safari/537.36 (compatible; Googlebot/2.1; +http://www.google.com/bot.html)"
83.99.151.69 - - [19/Jun/2025:11:14:33 -0400] "GET /s/085fa5.js.gz HTTP/1.1" 200 310400 "-" "Mozilla/5.0 (X11; Linux x86_64) AppleWebKit/537.36 (KHTML, like Gecko; GeedoProductSearch; +https://geedo.com/product-search.html) Chrome/134.0.0.0 Safari/537.36"
83.99.151.69 - - [19/Jun/2025:11:14:42 -0400] "GET /s/075f1f.js.gz HTTP/1.1" 200 508237 "-" "Mozilla/5.0 (X11; Linux x86_64) AppleWebKit/537.36 (KHTML, like Gecko; GeedoProductSearch; +https://geedo.com/product-search.html) Chrome/134.0.0.0 Safari/537.36"
83.99.151.69 - - [19/Jun/2025:11:14:52 -0400] "GET /s/025f4e.js.gz HTTP/1.1" 200 310399 "-" "Mozilla/5.0 (X11; Linux x86_64) AppleWebKit/537.36 (KHTML, like Gecko; GeedoProductSearch; +https://geedo.com/product-search.html) Chrome/134.0.0.0 Safari/537.36"
83.99.151.69 - - [19/Jun/2025:11:15:03 -0400] "GET /s/0c6b2e.js HTTP/1.1" 200 310400 "-" "Mozilla/5.0 (X11; Linux x86_64) AppleWebKit/537.36 (KHTML, like Gecko; GeedoProductSearch; +https://geedo.com/product-search.html) Chrome/134.0.0.0 Safari/537.36"
83.99.151.71 - - [19/Jun/2025:11:15:22 -0400] "GET /s/0d80cf.js.gz HTTP/1.1" 200 310399 "-" "Mozilla/5.0 (X11; Linux x86_64) AppleWebKit/537.36 (KHTML, like Gecko; GeedoProductSearch; +https://geedo.com/product-search.html) Chrome/134.0.0.0 Safari/537.36"
83.99.151.71 - - [19/Jun/2025:11:15:33 -0400] "GET /s/073e98.js.gz HTTP/1.1" 200 506801 "-" "Mozilla/5.0 (X11; Linux x86_64) AppleWebKit/537.36 (KHTML, like Gecko; GeedoProductSearch; +https://geedo.com/product-search.html) Chrome/134.0.0.0 Safari/537.36"
83.99.151.71 - - [19/Jun/2025:11:15:42 -0400] "GET /s/06bac2.js HTTP/1.1" 200 508106 "-" "Mozilla/5.0 (X11; Linux x86_64) AppleWebKit/537.36 (KHTML, like Gecko; GeedoProductSearch; +https://geedo.com/product-search.html) Chrome/134.0.0.0 Safari/537.36"
83.99.151.64 - - [19/Jun/2025:11:15:52 -0400] "GET /s/0c0e7c.js HTTP/1.1" 200 337849 "-" "Mozilla/5.0 (X11; Linux x86_64) AppleWebKit/537.36 (KHTML, like Gecko; GeedoProductSearch; +https://geedo.com/product-search.html) Chrome/134.0.0.0 Safari/537.36"
83.99.151.71 - - [19/Jun/2025:11:16:03 -0400] "GET /s/0bc360.js HTTP/1.1" 200 310400 "-" "Mozilla/5.0 (X11; Linux x86_64) AppleWebKit/537.36 (KHTML, like Gecko; GeedoProductSearch; +https://geedo.com/product-search.html) Chrome/134.0.0.0 Safari/537.36"
192.178.4.96 - - [19/Jun/2025:11:16:06 -0400] "GET /s/877038.js HTTP/1.1" 200 310423 "https://pur-tungsten.com/products/sporting-goods/ar15-accesories/" "Mozilla/5.0 (Linux; Android 6.0.1; Nexus 5X Build/MMB29P) AppleWebKit/537.36 (KHTML, like Gecko) Chrome/137.0.7151.68 Mobile Safari/537.36 (compatible; Googlebot/2.1; +http://www.google.com/bot.html)"
83.99.151.71 - - [19/Jun/2025:11:16:12 -0400] "GET /s/03fb1d.js HTTP/1.1" 200 310399 "-" "Mozilla/5.0 (X11; Linux x86_64) AppleWebKit/537.36 (KHTML, like Gecko; GeedoProductSearch; +https://geedo.com/product-search.html) Chrome/134.0.0.0 Safari/537.36"
83.99.151.70 - - [19/Jun/2025:11:16:35 -0400] "GET /s/0f1cdd.js.gz HTTP/1.1" 200 310396 "-" "Mozilla/5.0 (X11; Linux x86_64) AppleWebKit/537.36 (KHTML, like Gecko; GeedoProductSearch; +https://geedo.com/product-search.html) Chrome/134.0.0.0 Safari/537.36"
83.99.151.66 - - [19/Jun/2025:11:16:45 -0400] "GET /s/0f119c.js.gz HTTP/1.1" 200 552338 "-" "Mozilla/5.0 (X11; Linux x86_64) AppleWebKit/537.36 (KHTML, like Gecko; GeedoProductSearch; +https://geedo.com/product-search.html) Chrome/134.0.0.0 Safari/537.36"
83.99.151.64 - - [19/Jun/2025:11:16:56 -0400] "GET /s/08f466.js HTTP/1.1" 200 310398 "-" "Mozilla/5.0 (X11; Linux x86_64) AppleWebKit/537.36 (KHTML, like Gecko; GeedoProductSearch; +https://geedo.com/product-search.html) Chrome/134.0.0.0 Safari/537.36"
83.99.151.66 - - [19/Jun/2025:11:17:05 -0400] "GET /s/07bda6.js HTTP/1.1" 200 310399 "-" "Mozilla/5.0 (X11; Linux x86_64) AppleWebKit/537.36 (KHTML, like Gecko; GeedoProductSearch; +https://geedo.com/product-search.html) Chrome/134.0.0.0 Safari/537.36"
83.99.151.66 - - [19/Jun/2025:11:17:15 -0400] "GET /s/09b3b5.js HTTP/1.1" 200 310400 "-" "Mozilla/5.0 (X11; Linux x86_64) AppleWebKit/537.36 (KHTML, like Gecko; GeedoProductSearch; +https://geedo.com/product-search.html) Chrome/134.0.0.0 Safari/537.36"
83.99.151.66 - - [19/Jun/2025:11:17:26 -0400] "GET /s/022613.js.gz HTTP/1.1" 200 310398 "-" "Mozilla/5.0 (X11; Linux x86_64) AppleWebKit/537.36 (KHTML, like Gecko; GeedoProductSearch; +https://geedo.com/product-search.html) Chrome/134.0.0.0 Safari/537.36"
51.222.253.18 - - [19/Jun/2025:11:17:31 -0400] "GET /product/short-tungsten-recoil-buffer-weights-3-pack-1oz-each/ HTTP/2.0" 200 15617 "-" "Mozilla/5.0 (compatible; AhrefsBot/7.0; +http://ahrefs.com/robot/)"
70.39.147.11 - - [19/Jun/2025:11:17:33 -0400] "POST /wp-cron.php?doing_wp_cron=1750346253.0034511089324951171875 HTTP/1.1" 200 - "-" "WordPress/6.6.2; https://pur-tungsten.com"
106.221.67.113 - - [19/Jun/2025:11:17:36 -0400] "GET /product/tig-welding-tungsten-electrodes-thoriated/ HTTP/2.0" 200 15761 "https://www.google.co.in/" "Mozilla/5.0 (iPhone; CPU iPhone OS 18_4_1 like Mac OS X) AppleWebKit/605.1.15 (KHTML, like Gecko) Version/18.4 Mobile/15E148 Safari/604.1"
106.221.67.113 - - [19/Jun/2025:11:17:39 -0400] "GET /s/ed70e8.css HTTP/2.0" 200 14637 "https://pur-tungsten.com/product/tig-welding-tungsten-electrodes-thoriated/" "Mozilla/5.0 (iPhone; CPU iPhone OS 18_4_1 like Mac OS X) AppleWebKit/605.1.15 (KHTML, like Gecko) Version/18.4 Mobile/15E148 Safari/604.1"
106.221.67.113 - - [19/Jun/2025:11:17:39 -0400] "GET /s/0d9c36.css HTTP/2.0" 200 12650 "https://pur-tungsten.com/product/tig-welding-tungsten-electrodes-thoriated/" "Mozilla/5.0 (iPhone; CPU iPhone OS 18_4_1 like Mac OS X) AppleWebKit/605.1.15 (KHTML, like Gecko) Version/18.4 Mobile/15E148 Safari/604.1"
106.221.67.113 - - [19/Jun/2025:11:17:39 -0400] "GET /s/6c1864.css HTTP/2.0" 200 3955 "https://pur-tungsten.com/product/tig-welding-tungsten-electrodes-thoriated/" "Mozilla/5.0 (iPhone; CPU iPhone OS 18_4_1 like Mac OS X) AppleWebKit/605.1.15 (KHTML, like Gecko) Version/18.4 Mobile/15E148 Safari/604.1"
106.221.67.113 - - [19/Jun/2025:11:17:39 -0400] "GET /s/82f1d4.css HTTP/2.0" 200 2717 "https://pur-tungsten.com/product/tig-welding-tungsten-electrodes-thoriated/" "Mozilla/5.0 (iPhone; CPU iPhone OS 18_4_1 like Mac OS X) AppleWebKit/605.1.15 (KHTML, like Gecko) Version/18.4 Mobile/15E148 Safari/604.1"
106.221.67.113 - - [19/Jun/2025:11:17:39 -0400] "GET /s/e4f995.css HTTP/2.0" 200 2536 "https://pur-tungsten.com/product/tig-welding-tungsten-electrodes-thoriated/" "Mozilla/5.0 (iPhone; CPU iPhone OS 18_4_1 like Mac OS X) AppleWebKit/605.1.15 (KHTML, like Gecko) Version/18.4 Mobile/15E148 Safari/604.1"
106.221.67.113 - - [19/Jun/2025:11:17:39 -0400] "GET /s/661c7b.css HTTP/2.0" 200 32263 "https://pur-tungsten.com/product/tig-welding-tungsten-electrodes-thoriated/" "Mozilla/5.0 (iPhone; CPU iPhone OS 18_4_1 like Mac OS X) AppleWebKit/605.1.15 (KHTML, like Gecko) Version/18.4 Mobile/15E148 Safari/604.1"
106.221.67.113 - - [19/Jun/2025:11:17:39 -0400] "GET /s/img/wp-content/uploads/2020/03/TIGred-1280x1140.jpg HTTP/2.0" 200 181384 "https://pur-tungsten.com/product/tig-welding-tungsten-electrodes-thoriated/" "Mozilla/5.0 (iPhone; CPU iPhone OS 18_4_1 like Mac OS X) AppleWebKit/605.1.15 (KHTML, like Gecko) Version/18.4 Mobile/15E148 Safari/604.1"
106.221.67.113 - - [19/Jun/2025:11:17:40 -0400] "GET /s/img/wp-content/uploads/2021/07/pur_tungsten_header_logo-166x90.png HTTP/2.0" 200 11081 "https://pur-tungsten.com/product/tig-welding-tungsten-electrodes-thoriated/" "Mozilla/5.0 (iPhone; CPU iPhone OS 18_4_1 like Mac OS X) AppleWebKit/605.1.15 (KHTML, like Gecko) Version/18.4 Mobile/15E148 Safari/604.1"
106.221.67.113 - - [19/Jun/2025:11:17:40 -0400] "GET /wp-content/plugins/woocommerce/assets/fonts/WooCommerce.woff2 HTTP/2.0" 200 6488 "https://pur-tungsten.com/product/tig-welding-tungsten-electrodes-thoriated/" "Mozilla/5.0 (iPhone; CPU iPhone OS 18_4_1 like Mac OS X) AppleWebKit/605.1.15 (KHTML, like Gecko) Version/18.4 Mobile/15E148 Safari/604.1"
106.221.67.113 - - [19/Jun/2025:11:17:40 -0400] "GET /wp-content/uploads/2020/03/TIGred.jpg HTTP/2.0" 200 272409 "https://pur-tungsten.com/product/tig-welding-tungsten-electrodes-thoriated/" "Mozilla/5.0 (iPhone; CPU iPhone OS 18_4_1 like Mac OS X) AppleWebKit/605.1.15 (KHTML, like Gecko) Version/18.4 Mobile/15E148 Safari/604.1"
106.221.67.113 - - [19/Jun/2025:11:17:40 -0400] "GET /wp-content/plugins/live-composer-page-builder/css/font/fontawesome-webfont.woff HTTP/2.0" 200 97913 "https://pur-tungsten.com/product/tig-welding-tungsten-electrodes-thoriated/" "Mozilla/5.0 (iPhone; CPU iPhone OS 18_4_1 like Mac OS X) AppleWebKit/605.1.15 (KHTML, like Gecko) Version/18.4 Mobile/15E148 Safari/604.1"
106.221.67.113 - - [19/Jun/2025:11:17:41 -0400] "GET /s/img/wp-content/uploads/2017/12/CERIATED-300x300.jpg HTTP/2.0" 200 16857 "https://pur-tungsten.com/product/tig-welding-tungsten-electrodes-thoriated/" "Mozilla/5.0 (iPhone; CPU iPhone OS 18_4_1 like Mac OS X) AppleWebKit/605.1.15 (KHTML, like Gecko) Version/18.4 Mobile/15E148 Safari/604.1"
106.221.67.113 - - [19/Jun/2025:11:17:41 -0400] "GET /wp-content/uploads/2017/12/pur-tungsten-for-sporting-goods-and-industrial-applications.png HTTP/2.0" 200 1758 "https://pur-tungsten.com/product/tig-welding-tungsten-electrodes-thoriated/" "Mozilla/5.0 (iPhone; CPU iPhone OS 18_4_1 like Mac OS X) AppleWebKit/605.1.15 (KHTML, like Gecko) Version/18.4 Mobile/15E148 Safari/604.1"
83.99.151.65 - - [19/Jun/2025:11:17:46 -0400] "GET /s/0e8462.js.gz HTTP/1.1" 200 337850 "-" "Mozilla/5.0 (X11; Linux x86_64) AppleWebKit/537.36 (KHTML, like Gecko; GeedoProductSearch; +https://geedo.com/product-search.html) Chrome/134.0.0.0 Safari/537.36"
106.221.67.113 - - [19/Jun/2025:11:17:47 -0400] "GET /s/f88ffa.js HTTP/2.0" 200 312207 "https://pur-tungsten.com/product/tig-welding-tungsten-electrodes-thoriated/" "Mozilla/5.0 (iPhone; CPU iPhone OS 18_4_1 like Mac OS X) AppleWebKit/605.1.15 (KHTML, like Gecko) Version/18.4 Mobile/15E148 Safari/604.1"
106.221.67.113 - - [19/Jun/2025:11:17:49 -0400] "GET /s/55fc3f.js HTTP/2.0" 200 25523 "https://pur-tungsten.com/product/tig-welding-tungsten-electrodes-thoriated/" "Mozilla/5.0 (iPhone; CPU iPhone OS 18_4_1 like Mac OS X) AppleWebKit/605.1.15 (KHTML, like Gecko) Version/18.4 Mobile/15E148 Safari/604.1"
83.99.151.65 - - [19/Jun/2025:11:17:56 -0400] "GET /s/02e72d.js.gz HTTP/1.1" 200 310398 "-" "Mozilla/5.0 (X11; Linux x86_64) AppleWebKit/537.36 (KHTML, like Gecko; GeedoProductSearch; +https://geedo.com/product-search.html) Chrome/134.0.0.0 Safari/537.36"
47.82.60.74 - - [19/Jun/2025:11:17:56 -0400] "GET / HTTP/1.1" 301 - "http://pur-tungsten.tdmfginc.com" "Mozilla/5.0 (Windows NT 10.0; Win64; x64) AppleWebKit/537.36 (KHTML, like Gecko) Chrome/114.0.0.0 Safari/537.36 Edg/114.0.1823.43"
106.221.66.113 - - [19/Jun/2025:11:17:59 -0400] "GET /s/img/wp-content/uploads/2017/12/TIGgray-270x178.jpg HTTP/2.0" 200 8486 "https://pur-tungsten.com/product/tig-welding-tungsten-electrodes-thoriated/" "Mozilla/5.0 (iPhone; CPU iPhone OS 18_4_1 like Mac OS X) AppleWebKit/605.1.15 (KHTML, like Gecko) Version/18.4 Mobile/15E148 Safari/604.1"
106.221.66.113 - - [19/Jun/2025:11:17:59 -0400] "GET /s/img/wp-content/uploads/2017/12/TIGblue-2-270x178.jpg HTTP/2.0" 200 10757 "https://pur-tungsten.com/product/tig-welding-tungsten-electrodes-thoriated/" "Mozilla/5.0 (iPhone; CPU iPhone OS 18_4_1 like Mac OS X) AppleWebKit/605.1.15 (KHTML, like Gecko) Version/18.4 Mobile/15E148 Safari/604.1"
106.221.66.113 - - [19/Jun/2025:11:17:59 -0400] "GET /s/img/wp-content/uploads/2021/07/Pur_Tunngsten_logo_PNG_NEW.png HTTP/2.0" 200 58916 "https://pur-tungsten.com/product/tig-welding-tungsten-electrodes-thoriated/" "Mozilla/5.0 (iPhone; CPU iPhone OS 18_4_1 like Mac OS X) AppleWebKit/605.1.15 (KHTML, like Gecko) Version/18.4 Mobile/15E148 Safari/604.1"
106.221.66.113 - - [19/Jun/2025:11:18:00 -0400] "GET /s/img/wp-content/uploads/2020/04/itar-208x178.png HTTP/2.0" 200 25912 "https://pur-tungsten.com/product/tig-welding-tungsten-electrodes-thoriated/" "Mozilla/5.0 (iPhone; CPU iPhone OS 18_4_1 like Mac OS X) AppleWebKit/605.1.15 (KHTML, like Gecko) Version/18.4 Mobile/15E148 Safari/604.1"
83.99.151.65 - - [19/Jun/2025:11:18:06 -0400] "GET /s/00aa1b.js HTTP/1.1" 200 310400 "-" "Mozilla/5.0 (X11; Linux x86_64) AppleWebKit/537.36 (KHTML, like Gecko; GeedoProductSearch; +https://geedo.com/product-search.html) Chrome/134.0.0.0 Safari/537.36"
192.178.16.105 - - [19/Jun/2025:11:18:05 -0400] "GET /product/fishing-flipping-weights-bulk/ HTTP/1.1" 200 16862 "-" "Mozilla/5.0 AppleWebKit/537.36 (KHTML, like Gecko) Chrome/137.0.7151.68 Safari/537.36"
192.178.16.96 - - [19/Jun/2025:11:18:08 -0400] "GET /s/img/wp-content/uploads/2018/12/flippin-red-100x100.jpg HTTP/1.1" 200 2622 "https://pur-tungsten.com/product/fishing-flipping-weights-bulk/" "Mozilla/5.0 AppleWebKit/537.36 (KHTML, like Gecko) Chrome/137.0.7151.68 Safari/537.36"
192.178.16.97 - - [19/Jun/2025:11:18:09 -0400] "GET /s/img/wp-content/uploads/2018/01/iBLACK_FLIPPIN_WEIGHTS-810x534.jpg HTTP/1.1" 200 25361 "https://pur-tungsten.com/product/fishing-flipping-weights-bulk/" "Mozilla/5.0 AppleWebKit/537.36 (KHTML, like Gecko) Chrome/137.0.7151.68 Safari/537.36"
192.178.16.105 - - [19/Jun/2025:11:18:11 -0400] "GET /wp-content/uploads/2018/01/iBLACK_FLIPPIN_WEIGHTS.jpg HTTP/1.1" 200 84677 "https://pur-tungsten.com/product/fishing-flipping-weights-bulk/" "Mozilla/5.0 AppleWebKit/537.36 (KHTML, like Gecko) Chrome/137.0.7151.68 Safari/537.36"
192.178.16.105 - - [19/Jun/2025:11:18:16 -0400] "GET /s/img/wp-content/uploads/2018/02/GREEN_FLIPPIN_WEIGHTS-100x100.jpg HTTP/1.1" 200 1926 "https://pur-tungsten.com/product/fishing-flipping-weights-bulk/" "Mozilla/5.0 AppleWebKit/537.36 (KHTML, like Gecko) Chrome/137.0.7151.68 Safari/537.36"
83.99.151.65 - - [19/Jun/2025:11:18:16 -0400] "GET /s/0a7496.js HTTP/1.1" 200 310398 "-" "Mozilla/5.0 (X11; Linux x86_64) AppleWebKit/537.36 (KHTML, like Gecko; GeedoProductSearch; +https://geedo.com/product-search.html) Chrome/134.0.0.0 Safari/537.36"
192.178.16.105 - - [19/Jun/2025:11:18:18 -0400] "GET /s/612b16.js HTTP/1.1" 200 312206 "https://pur-tungsten.com/product/fishing-flipping-weights-bulk/" "Mozilla/5.0 AppleWebKit/537.36 (KHTML, like Gecko) Chrome/137.0.7151.68 Safari/537.36"
192.178.16.105 - - [19/Jun/2025:11:18:21 -0400] "GET /s/img/wp-content/uploads/2018/01/iBLACK_FLIPPIN_WEIGHTS-100x100.jpg HTTP/1.1" 200 1981 "https://pur-tungsten.com/product/fishing-flipping-weights-bulk/" "Mozilla/5.0 AppleWebKit/537.36 (KHTML, like Gecko) Chrome/137.0.7151.68 Safari/537.36"
192.178.16.105 - - [19/Jun/2025:11:18:23 -0400] "GET /s/img/wp-content/uploads/2018/12/starburst-save.png HTTP/1.1" 200 9872 "https://pur-tungsten.com/product/fishing-flipping-weights-bulk/" "Mozilla/5.0 AppleWebKit/537.36 (KHTML, like Gecko) Chrome/137.0.7151.68 Safari/537.36"
20.42.47.220 - - [19/Jun/2025:11:18:24 -0400] "GET / HTTP/1.1" 200 22619 "-" "Python/3.9 aiohttp/3.10.6"
192.178.16.105 - - [19/Jun/2025:11:18:26 -0400] "GET /s/img/wp-content/uploads/2018/01/PW-270x178.jpg HTTP/1.1" 200 8900 "https://pur-tungsten.com/product/fishing-flipping-weights-bulk/" "Mozilla/5.0 AppleWebKit/537.36 (KHTML, like Gecko) Chrome/137.0.7151.68 Safari/537.36"
83.99.151.65 - - [19/Jun/2025:11:18:26 -0400] "GET /s/08c953.js.gz HTTP/1.1" 200 552217 "-" "Mozilla/5.0 (X11; Linux x86_64) AppleWebKit/537.36 (KHTML, like Gecko; GeedoProductSearch; +https://geedo.com/product-search.html) Chrome/134.0.0.0 Safari/537.36"
192.178.16.105 - - [19/Jun/2025:11:18:28 -0400] "GET /s/img/wp-content/uploads/2018/01/RB4pk-270x178.jpg HTTP/1.1" 200 9136 "https://pur-tungsten.com/product/fishing-flipping-weights-bulk/" "Mozilla/5.0 AppleWebKit/537.36 (KHTML, like Gecko) Chrome/137.0.7151.68 Safari/537.36"
192.178.16.105 - - [19/Jun/2025:11:18:31 -0400] "GET /s/img/wp-content/uploads/2017/12/IceJigs-270x178.jpg HTTP/1.1" 200 12975 "https://pur-tungsten.com/product/fishing-flipping-weights-bulk/" "Mozilla/5.0 AppleWebKit/537.36 (KHTML, like Gecko) Chrome/137.0.7151.68 Safari/537.36"
83.99.151.70 - - [19/Jun/2025:11:18:37 -0400] "GET /s/017519.js HTTP/1.1" 200 310400 "-" "Mozilla/5.0 (X11; Linux x86_64) AppleWebKit/537.36 (KHTML, like Gecko; GeedoProductSearch; +https://geedo.com/product-search.html) Chrome/134.0.0.0 Safari/537.36"
83.99.151.69 - - [19/Jun/2025:11:18:59 -0400] "GET /s/06145c.js.gz HTTP/1.1" 200 310399 "-" "Mozilla/5.0 (X11; Linux x86_64) AppleWebKit/537.36 (KHTML, like Gecko; GeedoProductSearch; +https://geedo.com/product-search.html) Chrome/134.0.0.0 Safari/537.36"
83.99.151.70 - - [19/Jun/2025:11:19:08 -0400] "GET /s/089abd.js.gz HTTP/1.1" 200 310397 "-" "Mozilla/5.0 (X11; Linux x86_64) AppleWebKit/537.36 (KHTML, like Gecko; GeedoProductSearch; +https://geedo.com/product-search.html) Chrome/134.0.0.0 Safari/537.36"
83.99.151.69 - - [19/Jun/2025:11:19:18 -0400] "GET /s/0d4dda.js HTTP/1.1" 200 310398 "-" "Mozilla/5.0 (X11; Linux x86_64) AppleWebKit/537.36 (KHTML, like Gecko; GeedoProductSearch; +https://geedo.com/product-search.html) Chrome/134.0.0.0 Safari/537.36"
83.99.151.69 - - [19/Jun/2025:11:19:29 -0400] "GET /s/0ed9da.js.gz HTTP/1.1" 200 310399 "-" "Mozilla/5.0 (X11; Linux x86_64) AppleWebKit/537.36 (KHTML, like Gecko; GeedoProductSearch; +https://geedo.com/product-search.html) Chrome/134.0.0.0 Safari/537.36"
68.60.177.18 - - [19/Jun/2025:11:19:33 -0400] "GET / HTTP/2.0" 200 22619 "-" "Mozilla/5.0 (Windows NT 10.0; Win64; x64) AppleWebKit/537.36 (KHTML, like Gecko) Chrome/137.0.0.0 Safari/537.36"
68.60.177.18 - - [19/Jun/2025:11:19:33 -0400] "GET /s/ed70e8.css HTTP/2.0" 200 14637 "https://pur-tungsten.com/" "Mozilla/5.0 (Windows NT 10.0; Win64; x64) AppleWebKit/537.36 (KHTML, like Gecko) Chrome/137.0.0.0 Safari/537.36"
68.60.177.18 - - [19/Jun/2025:11:19:33 -0400] "GET /s/661c7b.css HTTP/2.0" 200 32263 "https://pur-tungsten.com/" "Mozilla/5.0 (Windows NT 10.0; Win64; x64) AppleWebKit/537.36 (KHTML, like Gecko) Chrome/137.0.0.0 Safari/537.36"
68.60.177.18 - - [19/Jun/2025:11:19:33 -0400] "GET /s/2b7810.css HTTP/2.0" 200 7345 "https://pur-tungsten.com/" "Mozilla/5.0 (Windows NT 10.0; Win64; x64) AppleWebKit/537.36 (KHTML, like Gecko) Chrome/137.0.0.0 Safari/537.36"
68.60.177.18 - - [19/Jun/2025:11:19:33 -0400] "GET /s/0d9c36.css HTTP/2.0" 200 12650 "https://pur-tungsten.com/" "Mozilla/5.0 (Windows NT 10.0; Win64; x64) AppleWebKit/537.36 (KHTML, like Gecko) Chrome/137.0.0.0 Safari/537.36"
68.60.177.18 - - [19/Jun/2025:11:19:33 -0400] "GET /s/6c1864.css HTTP/2.0" 200 3955 "https://pur-tungsten.com/" "Mozilla/5.0 (Windows NT 10.0; Win64; x64) AppleWebKit/537.36 (KHTML, like Gecko) Chrome/137.0.0.0 Safari/537.36"
68.60.177.18 - - [19/Jun/2025:11:19:33 -0400] "GET /s/img/wp-content/uploads/2017/12/lake-u3964-fr2.png HTTP/2.0" 200 378729 "https://pur-tungsten.com/" "Mozilla/5.0 (Windows NT 10.0; Win64; x64) AppleWebKit/537.36 (KHTML, like Gecko) Chrome/137.0.0.0 Safari/537.36"
68.60.177.18 - - [19/Jun/2025:11:19:33 -0400] "GET /s/img/wp-content/uploads/2021/07/pur_tungsten_header_logo-166x90.png HTTP/2.0" 200 11081 "https://pur-tungsten.com/" "Mozilla/5.0 (Windows NT 10.0; Win64; x64) AppleWebKit/537.36 (KHTML, like Gecko) Chrome/137.0.0.0 Safari/537.36"
68.60.177.18 - - [19/Jun/2025:11:19:33 -0400] "GET /s/img/wp-content/uploads/2021/07/Pur_Tunngsten_logo_PNG_NEW.png HTTP/2.0" 200 58916 "https://pur-tungsten.com/" "Mozilla/5.0 (Windows NT 10.0; Win64; x64) AppleWebKit/537.36 (KHTML, like Gecko) Chrome/137.0.0.0 Safari/537.36"
68.60.177.18 - - [19/Jun/2025:11:19:33 -0400] "GET /s/img/wp-content/uploads/2017/12/derby_car_001.jpg HTTP/2.0" 200 63763 "https://pur-tungsten.com/" "Mozilla/5.0 (Windows NT 10.0; Win64; x64) AppleWebKit/537.36 (KHTML, like Gecko) Chrome/137.0.0.0 Safari/537.36"
68.60.177.18 - - [19/Jun/2025:11:19:33 -0400] "GET /s/img/wp-content/uploads/2017/12/stock_car.jpg HTTP/2.0" 200 125863 "https://pur-tungsten.com/" "Mozilla/5.0 (Windows NT 10.0; Win64; x64) AppleWebKit/537.36 (KHTML, like Gecko) Chrome/137.0.0.0 Safari/537.36"
68.60.177.18 - - [19/Jun/2025:11:19:33 -0400] "GET /s/img/wp-content/uploads/2017/12/darts_001-u22254-fr.jpg HTTP/2.0" 200 190284 "https://pur-tungsten.com/" "Mozilla/5.0 (Windows NT 10.0; Win64; x64) AppleWebKit/537.36 (KHTML, like Gecko) Chrome/137.0.0.0 Safari/537.36"
68.60.177.18 - - [19/Jun/2025:11:19:33 -0400] "GET /s/img/wp-content/uploads/2017/12/tig_welding_wp9-u25723-fr.jpg HTTP/2.0" 200 190108 "https://pur-tungsten.com/" "Mozilla/5.0 (Windows NT 10.0; Win64; x64) AppleWebKit/537.36 (KHTML, like Gecko) Chrome/137.0.0.0 Safari/537.36"
68.60.177.18 - - [19/Jun/2025:11:19:33 -0400] "GET /s/e4f995.css HTTP/2.0" 200 2536 "https://pur-tungsten.com/" "Mozilla/5.0 (Windows NT 10.0; Win64; x64) AppleWebKit/537.36 (KHTML, like Gecko) Chrome/137.0.0.0 Safari/537.36"
68.60.177.18 - - [19/Jun/2025:11:19:33 -0400] "GET /s/img/wp-content/uploads/2017/12/crankshaft_cat-300x197.jpg HTTP/2.0" 200 9134 "https://pur-tungsten.com/" "Mozilla/5.0 (Windows NT 10.0; Win64; x64) AppleWebKit/537.36 (KHTML, like Gecko) Chrome/137.0.0.0 Safari/537.36"
68.60.177.18 - - [19/Jun/2025:11:19:33 -0400] "GET /s/img/wp-content/uploads/2017/12/tig_welding_cat-300x197.jpg HTTP/2.0" 200 14870 "https://pur-tungsten.com/" "Mozilla/5.0 (Windows NT 10.0; Win64; x64) AppleWebKit/537.36 (KHTML, like Gecko) Chrome/137.0.0.0 Safari/537.36"
68.60.177.18 - - [19/Jun/2025:11:19:33 -0400] "GET /s/img/wp-content/uploads/2017/12/desk_001-300x197.jpg HTTP/2.0" 200 14151 "https://pur-tungsten.com/" "Mozilla/5.0 (Windows NT 10.0; Win64; x64) AppleWebKit/537.36 (KHTML, like Gecko) Chrome/137.0.0.0 Safari/537.36"
68.60.177.18 - - [19/Jun/2025:11:19:33 -0400] "GET /s/img/wp-content/uploads/2017/12/car_cat-300x197.jpg HTTP/2.0" 200 6228 "https://pur-tungsten.com/" "Mozilla/5.0 (Windows NT 10.0; Win64; x64) AppleWebKit/537.36 (KHTML, like Gecko) Chrome/137.0.0.0 Safari/537.36"
68.60.177.18 - - [19/Jun/2025:11:19:33 -0400] "GET /s/img/wp-content/uploads/2017/12/fishing_cat-300x197.jpg HTTP/2.0" 200 13849 "https://pur-tungsten.com/" "Mozilla/5.0 (Windows NT 10.0; Win64; x64) AppleWebKit/537.36 (KHTML, like Gecko) Chrome/137.0.0.0 Safari/537.36"
68.60.177.18 - - [19/Jun/2025:11:19:33 -0400] "GET /s/img/wp-content/uploads/2017/12/ar15_cat-300x197.jpg HTTP/2.0" 200 13560 "https://pur-tungsten.com/" "Mozilla/5.0 (Windows NT 10.0; Win64; x64) AppleWebKit/537.36 (KHTML, like Gecko) Chrome/137.0.0.0 Safari/537.36"
68.60.177.18 - - [19/Jun/2025:11:19:33 -0400] "GET /s/img/wp-content/uploads/2017/12/stock_car_cat-300x197.jpg HTTP/2.0" 200 15686 "https://pur-tungsten.com/" "Mozilla/5.0 (Windows NT 10.0; Win64; x64) AppleWebKit/537.36 (KHTML, like Gecko) Chrome/137.0.0.0 Safari/537.36"
68.60.177.18 - - [19/Jun/2025:11:19:33 -0400] "GET /s/img/wp-content/uploads/2018/08/burrthumb-e1535032193919-270x178.jpg HTTP/2.0" 200 6974 "https://pur-tungsten.com/" "Mozilla/5.0 (Windows NT 10.0; Win64; x64) AppleWebKit/537.36 (KHTML, like Gecko) Chrome/137.0.0.0 Safari/537.36"
68.60.177.18 - - [19/Jun/2025:11:19:33 -0400] "GET /s/img/wp-content/uploads/2017/12/darts_001_cat-300x197.jpg HTTP/2.0" 200 17851 "https://pur-tungsten.com/" "Mozilla/5.0 (Windows NT 10.0; Win64; x64) AppleWebKit/537.36 (KHTML, like Gecko) Chrome/137.0.0.0 Safari/537.36"
68.60.177.18 - - [19/Jun/2025:11:19:33 -0400] "GET /s/img/wp-content/uploads/2020/04/itar-208x178.png HTTP/2.0" 200 25912 "https://pur-tungsten.com/" "Mozilla/5.0 (Windows NT 10.0; Win64; x64) AppleWebKit/537.36 (KHTML, like Gecko) Chrome/137.0.0.0 Safari/537.36"
68.60.177.18 - - [19/Jun/2025:11:19:33 -0400] "GET /s/2ed3a1.js HTTP/2.0" 200 431709 "https://pur-tungsten.com/" "Mozilla/5.0 (Windows NT 10.0; Win64; x64) AppleWebKit/537.36 (KHTML, like Gecko) Chrome/137.0.0.0 Safari/537.36"
68.60.177.18 - - [19/Jun/2025:11:19:33 -0400] "GET /s/24e5af.js HTTP/2.0" 200 14356 "https://pur-tungsten.com/" "Mozilla/5.0 (Windows NT 10.0; Win64; x64) AppleWebKit/537.36 (KHTML, like Gecko) Chrome/137.0.0.0 Safari/537.36"
68.60.177.18 - - [19/Jun/2025:11:19:33 -0400] "GET /wp-content/uploads/2017/12/pur-tungsten-for-sporting-goods-and-industrial-applications.png HTTP/2.0" 200 1758 "https://pur-tungsten.com/" "Mozilla/5.0 (Windows NT 10.0; Win64; x64) AppleWebKit/537.36 (KHTML, like Gecko) Chrome/137.0.0.0 Safari/537.36"
83.99.151.69 - - [19/Jun/2025:11:19:38 -0400] "GET /s/04c954.js HTTP/1.1" 200 310400 "-" "Mozilla/5.0 (X11; Linux x86_64) AppleWebKit/537.36 (KHTML, like Gecko; GeedoProductSearch; +https://geedo.com/product-search.html) Chrome/134.0.0.0 Safari/537.36"
68.60.177.18 - - [19/Jun/2025:11:19:43 -0400] "GET /products/industrial-products/crank-shaft/ HTTP/2.0" 200 - "https://pur-tungsten.com/" "Mozilla/5.0 (Windows NT 10.0; Win64; x64) AppleWebKit/537.36 (KHTML, like Gecko) Chrome/137.0.0.0 Safari/537.36"
70.39.147.11 - - [19/Jun/2025:11:19:45 -0400] "POST /wp-cron.php?doing_wp_cron=1750346385.3684809207916259765625 HTTP/1.1" 200 - "-" "WordPress/6.6.2; https://pur-tungsten.com"
68.60.177.18 - - [19/Jun/2025:11:19:45 -0400] "GET /products/industrial-products/crank-shaft/ HTTP/2.0" 200 11866 "https://pur-tungsten.com/" "Mozilla/5.0 (Windows NT 10.0; Win64; x64) AppleWebKit/537.36 (KHTML, like Gecko) Chrome/137.0.0.0 Safari/537.36"
68.60.177.18 - - [19/Jun/2025:11:19:47 -0400] "GET /s/01399b.css HTTP/2.0" 200 3410 "https://pur-tungsten.com/products/industrial-products/crank-shaft/" "Mozilla/5.0 (Windows NT 10.0; Win64; x64) AppleWebKit/537.36 (KHTML, like Gecko) Chrome/137.0.0.0 Safari/537.36"
68.60.177.18 - - [19/Jun/2025:11:19:47 -0400] "GET /s/img/wp-content/uploads/2018/01/CRANKSHAFTS_003-270x178.jpg HTTP/2.0" 200 5854 "https://pur-tungsten.com/products/industrial-products/crank-shaft/" "Mozilla/5.0 (Windows NT 10.0; Win64; x64) AppleWebKit/537.36 (KHTML, like Gecko) Chrome/137.0.0.0 Safari/537.36"
68.60.177.18 - - [19/Jun/2025:11:19:47 -0400] "GET /wp-content/plugins/woocommerce/assets/fonts/WooCommerce.woff2 HTTP/2.0" 200 6488 "https://pur-tungsten.com/s/0d9c36.css" "Mozilla/5.0 (Windows NT 10.0; Win64; x64) AppleWebKit/537.36 (KHTML, like Gecko) Chrome/137.0.0.0 Safari/537.36"
68.60.177.18 - - [19/Jun/2025:11:19:47 -0400] "GET /s/img/wp-content/uploads/2018/11/crankshaft-1-600x334.jpg HTTP/2.0" 200 21380 "https://pur-tungsten.com/products/industrial-products/crank-shaft/" "Mozilla/5.0 (Windows NT 10.0; Win64; x64) AppleWebKit/537.36 (KHTML, like Gecko) Chrome/137.0.0.0 Safari/537.36"
68.60.177.18 - - [19/Jun/2025:11:19:47 -0400] "GET /wp-content/uploads/2018/01/CRANKSHAFTS_003.jpg HTTP/2.0" 200 122447 "https://pur-tungsten.com/products/industrial-products/crank-shaft/" "Mozilla/5.0 (Windows NT 10.0; Win64; x64) AppleWebKit/537.36 (KHTML, like Gecko) Chrome/137.0.0.0 Safari/537.36"
68.60.177.18 - - [19/Jun/2025:11:19:47 -0400] "GET /s/009007.js HTTP/2.0" 200 310423 "https://pur-tungsten.com/products/industrial-products/crank-shaft/" "Mozilla/5.0 (Windows NT 10.0; Win64; x64) AppleWebKit/537.36 (KHTML, like Gecko) Chrome/137.0.0.0 Safari/537.36"
83.99.151.69 - - [19/Jun/2025:11:19:48 -0400] "GET /s/03309a.js.gz HTTP/1.1" 200 310399 "-" "Mozilla/5.0 (X11; Linux x86_64) AppleWebKit/537.36 (KHTML, like Gecko; GeedoProductSearch; +https://geedo.com/product-search.html) Chrome/134.0.0.0 Safari/537.36"
83.99.151.66 - - [19/Jun/2025:11:20:10 -0400] "GET /s/0445ba.js.gz HTTP/1.1" 200 310399 "-" "Mozilla/5.0 (X11; Linux x86_64) AppleWebKit/537.36 (KHTML, like Gecko; GeedoProductSearch; +https://geedo.com/product-search.html) Chrome/134.0.0.0 Safari/537.36"
83.99.151.68 - - [19/Jun/2025:11:20:19 -0400] "GET /s/00268e.js HTTP/1.1" 200 507621 "-" "Mozilla/5.0 (X11; Linux x86_64) AppleWebKit/537.36 (KHTML, like Gecko; GeedoProductSearch; +https://geedo.com/product-search.html) Chrome/134.0.0.0 Safari/537.36"
192.178.4.105 - - [19/Jun/2025:11:20:22 -0400] "GET /s/5dde5f.js HTTP/1.1" 200 312426 "https://pur-tungsten.com/product/ar-10-anodized-black-rifle-buffer/" "Mozilla/5.0 (Linux; Android 6.0.1; Nexus 5X Build/MMB29P) AppleWebKit/537.36 (KHTML, like Gecko) Chrome/137.0.7151.68 Mobile Safari/537.36 (compatible; Googlebot/2.1; +http://www.google.com/bot.html)"
83.99.151.66 - - [19/Jun/2025:11:20:29 -0400] "GET /s/09bdd8.js.gz HTTP/1.1" 200 310398 "-" "Mozilla/5.0 (X11; Linux x86_64) AppleWebKit/537.36 (KHTML, like Gecko; GeedoProductSearch; +https://geedo.com/product-search.html) Chrome/134.0.0.0 Safari/537.36"
83.99.151.66 - - [19/Jun/2025:11:20:40 -0400] "GET /s/0a7b71.js.gz HTTP/1.1" 200 310400 "-" "Mozilla/5.0 (X11; Linux x86_64) AppleWebKit/537.36 (KHTML, like Gecko; GeedoProductSearch; +https://geedo.com/product-search.html) Chrome/134.0.0.0 Safari/537.36"
83.99.151.66 - - [19/Jun/2025:11:20:49 -0400] "GET /s/0dd662.js HTTP/1.1" 200 310399 "-" "Mozilla/5.0 (X11; Linux x86_64) AppleWebKit/537.36 (KHTML, like Gecko; GeedoProductSearch; +https://geedo.com/product-search.html) Chrome/134.0.0.0 Safari/537.36"
83.99.151.66 - - [19/Jun/2025:11:20:59 -0400] "GET /s/088d8b.js.gz HTTP/1.1" 200 293997 "-" "Mozilla/5.0 (X11; Linux x86_64) AppleWebKit/537.36 (KHTML, like Gecko; GeedoProductSearch; +https://geedo.com/product-search.html) Chrome/134.0.0.0 Safari/537.36"
83.99.151.64 - - [19/Jun/2025:11:21:20 -0400] "GET /s/005e8d.js.gz HTTP/1.1" 200 312199 "-" "Mozilla/5.0 (X11; Linux x86_64) AppleWebKit/537.36 (KHTML, like Gecko; GeedoProductSearch; +https://geedo.com/product-search.html) Chrome/134.0.0.0 Safari/537.36"
83.99.151.64 - - [19/Jun/2025:11:21:29 -0400] "GET /s/07c2b5.js HTTP/1.1" 200 310399 "-" "Mozilla/5.0 (X11; Linux x86_64) AppleWebKit/537.36 (KHTML, like Gecko; GeedoProductSearch; +https://geedo.com/product-search.html) Chrome/134.0.0.0 Safari/537.36"
83.99.151.64 - - [19/Jun/2025:11:21:39 -0400] "GET /s/0336d1.js.gz HTTP/1.1" 200 310400 "-" "Mozilla/5.0 (X11; Linux x86_64) AppleWebKit/537.36 (KHTML, like Gecko; GeedoProductSearch; +https://geedo.com/product-search.html) Chrome/134.0.0.0 Safari/537.36"
83.99.151.64 - - [19/Jun/2025:11:21:49 -0400] "GET /s/0c9c14.js.gz HTTP/1.1" 200 310399 "-" "Mozilla/5.0 (X11; Linux x86_64) AppleWebKit/537.36 (KHTML, like Gecko; GeedoProductSearch; +https://geedo.com/product-search.html) Chrome/134.0.0.0 Safari/537.36"
83.99.151.67 - - [19/Jun/2025:11:21:59 -0400] "GET /s/022695.js.gz HTTP/1.1" 200 310400 "-" "Mozilla/5.0 (X11; Linux x86_64) AppleWebKit/537.36 (KHTML, like Gecko; GeedoProductSearch; +https://geedo.com/product-search.html) Chrome/134.0.0.0 Safari/537.36"
83.99.151.64 - - [19/Jun/2025:11:22:10 -0400] "GET /s/01e07f.js.gz HTTP/1.1" 200 553052 "-" "Mozilla/5.0 (X11; Linux x86_64) AppleWebKit/537.36 (KHTML, like Gecko; GeedoProductSearch; +https://geedo.com/product-search.html) Chrome/134.0.0.0 Safari/537.36"
83.99.151.71 - - [19/Jun/2025:11:22:31 -0400] "GET /s/08caf2.js.gz HTTP/1.1" 200 310398 "-" "Mozilla/5.0 (X11; Linux x86_64) AppleWebKit/537.36 (KHTML, like Gecko; GeedoProductSearch; +https://geedo.com/product-search.html) Chrome/134.0.0.0 Safari/537.36"
83.99.151.71 - - [19/Jun/2025:11:22:42 -0400] "GET /s/02a441.js.gz HTTP/1.1" 200 310401 "-" "Mozilla/5.0 (X11; Linux x86_64) AppleWebKit/537.36 (KHTML, like Gecko; GeedoProductSearch; +https://geedo.com/product-search.html) Chrome/134.0.0.0 Safari/537.36"
83.99.151.69 - - [19/Jun/2025:11:22:51 -0400] "GET /s/04f27d.js.gz HTTP/1.1" 200 310399 "-" "Mozilla/5.0 (X11; Linux x86_64) AppleWebKit/537.36 (KHTML, like Gecko; GeedoProductSearch; +https://geedo.com/product-search.html) Chrome/134.0.0.0 Safari/537.36"
83.99.151.71 - - [19/Jun/2025:11:23:01 -0400] "GET /s/06b878.js HTTP/1.1" 200 310400 "-" "Mozilla/5.0 (X11; Linux x86_64) AppleWebKit/537.36 (KHTML, like Gecko; GeedoProductSearch; +https://geedo.com/product-search.html) Chrome/134.0.0.0 Safari/537.36"
83.99.151.71 - - [19/Jun/2025:11:23:12 -0400] "GET /s/04e7f0.js.gz HTTP/1.1" 200 310400 "-" "Mozilla/5.0 (X11; Linux x86_64) AppleWebKit/537.36 (KHTML, like Gecko; GeedoProductSearch; +https://geedo.com/product-search.html) Chrome/134.0.0.0 Safari/537.36"
83.99.151.71 - - [19/Jun/2025:11:23:21 -0400] "GET /s/0ef04c.js.gz HTTP/1.1" 200 310398 "-" "Mozilla/5.0 (X11; Linux x86_64) AppleWebKit/537.36 (KHTML, like Gecko; GeedoProductSearch; +https://geedo.com/product-search.html) Chrome/134.0.0.0 Safari/537.36"
13.221.89.253 - - [19/Jun/2025:11:23:22 -0400] "HEAD /product-category/saw-blades/ HTTP/1.1" 200 - "-" "Mozilla/5.0 (Windows NT 10.0; Win64; x64; rv:126.0.0) Gecko/20100101 Firefox/126.0.0"
70.39.147.11 - - [19/Jun/2025:11:23:23 -0400] "POST /wp-cron.php?doing_wp_cron=1750346603.9767758846282958984375 HTTP/1.1" 200 - "-" "WordPress/6.6.2; https://pur-tungsten.com"
83.99.151.64 - - [19/Jun/2025:11:23:43 -0400] "GET /s/077ac2.js HTTP/1.1" 200 310398 "-" "Mozilla/5.0 (X11; Linux x86_64) AppleWebKit/537.36 (KHTML, like Gecko; GeedoProductSearch; +https://geedo.com/product-search.html) Chrome/134.0.0.0 Safari/537.36"
192.178.4.97 - - [19/Jun/2025:11:23:51 -0400] "GET /products/sporting-goods/fishing HTTP/1.1" 301 - "-" "Mozilla/5.0 (Linux; Android 6.0.1; Nexus 5X Build/MMB29P) AppleWebKit/537.36 (KHTML, like Gecko) Chrome/137.0.7151.103 Mobile Safari/537.36 (compatible; Googlebot/2.1; +http://www.google.com/bot.html)"
83.99.151.71 - - [19/Jun/2025:11:23:54 -0400] "GET /s/0b7dc2.js HTTP/1.1" 200 333580 "-" "Mozilla/5.0 (X11; Linux x86_64) AppleWebKit/537.36 (KHTML, like Gecko; GeedoProductSearch; +https://geedo.com/product-search.html) Chrome/134.0.0.0 Safari/537.36"
192.178.4.96 - - [19/Jun/2025:11:23:53 -0400] "GET /products/sporting-goods/fishing/ HTTP/1.1" 200 16591 "-" "Mozilla/5.0 (Linux; Android 6.0.1; Nexus 5X Build/MMB29P) AppleWebKit/537.36 (KHTML, like Gecko) Chrome/137.0.7151.103 Mobile Safari/537.36 (compatible; Googlebot/2.1; +http://www.google.com/bot.html)"
83.99.151.64 - - [19/Jun/2025:11:24:03 -0400] "GET /s/01ecb3.js HTTP/1.1" 200 310399 "-" "Mozilla/5.0 (X11; Linux x86_64) AppleWebKit/537.36 (KHTML, like Gecko; GeedoProductSearch; +https://geedo.com/product-search.html) Chrome/134.0.0.0 Safari/537.36"
83.99.151.71 - - [19/Jun/2025:11:24:13 -0400] "GET /s/09a6b4.js HTTP/1.1" 200 310400 "-" "Mozilla/5.0 (X11; Linux x86_64) AppleWebKit/537.36 (KHTML, like Gecko; GeedoProductSearch; +https://geedo.com/product-search.html) Chrome/134.0.0.0 Safari/537.36"
83.99.151.64 - - [19/Jun/2025:11:24:24 -0400] "GET /s/05ef7d.js HTTP/1.1" 200 310423 "-" "Mozilla/5.0 (X11; Linux x86_64) AppleWebKit/537.36 (KHTML, like Gecko; GeedoProductSearch; +https://geedo.com/product-search.html) Chrome/134.0.0.0 Safari/537.36"
83.99.151.66 - - [19/Jun/2025:11:24:33 -0400] "GET /s/08b180.js HTTP/1.1" 200 552370 "-" "Mozilla/5.0 (X11; Linux x86_64) AppleWebKit/537.36 (KHTML, like Gecko; GeedoProductSearch; +https://geedo.com/product-search.html) Chrome/134.0.0.0 Safari/537.36"
192.178.4.105 - - [19/Jun/2025:11:24:42 -0400] "GET /s/5922f4.css HTTP/1.1" 200 3358 "https://pur-tungsten.com/products/sporting-goods/fishing/" "Mozilla/5.0 (Linux; Android 6.0.1; Nexus 5X Build/MMB29P) AppleWebKit/537.36 (KHTML, like Gecko) Chrome/137.0.7151.68 Mobile Safari/537.36 (compatible; Googlebot/2.1; +http://www.google.com/bot.html)"
192.178.4.97 - - [19/Jun/2025:11:24:44 -0400] "GET /s/605bbd.js HTTP/1.1" 200 310420 "https://pur-tungsten.com/products/sporting-goods/fishing/" "Mozilla/5.0 (Linux; Android 6.0.1; Nexus 5X Build/MMB29P) AppleWebKit/537.36 (KHTML, like Gecko) Chrome/137.0.7151.68 Mobile Safari/537.36 (compatible; Googlebot/2.1; +http://www.google.com/bot.html)"
83.99.151.69 - - [19/Jun/2025:11:24:55 -0400] "GET /s/08db00.js HTTP/1.1" 200 310400 "-" "Mozilla/5.0 (X11; Linux x86_64) AppleWebKit/537.36 (KHTML, like Gecko; GeedoProductSearch; +https://geedo.com/product-search.html) Chrome/134.0.0.0 Safari/537.36"
83.99.151.64 - - [19/Jun/2025:11:25:04 -0400] "GET /s/054ebb.js.gz HTTP/1.1" 200 310400 "-" "Mozilla/5.0 (X11; Linux x86_64) AppleWebKit/537.36 (KHTML, like Gecko; GeedoProductSearch; +https://geedo.com/product-search.html) Chrome/134.0.0.0 Safari/537.36"
83.99.151.64 - - [19/Jun/2025:11:25:14 -0400] "GET /s/0f343e.js HTTP/1.1" 200 310398 "-" "Mozilla/5.0 (X11; Linux x86_64) AppleWebKit/537.36 (KHTML, like Gecko; GeedoProductSearch; +https://geedo.com/product-search.html) Chrome/134.0.0.0 Safari/537.36"
83.99.151.64 - - [19/Jun/2025:11:25:24 -0400] "GET /s/0e4cea.js.gz HTTP/1.1" 200 310398 "-" "Mozilla/5.0 (X11; Linux x86_64) AppleWebKit/537.36 (KHTML, like Gecko; GeedoProductSearch; +https://geedo.com/product-search.html) Chrome/134.0.0.0 Safari/537.36"
83.99.151.64 - - [19/Jun/2025:11:25:34 -0400] "GET /s/0b52bc.js.gz HTTP/1.1" 200 310400 "-" "Mozilla/5.0 (X11; Linux x86_64) AppleWebKit/537.36 (KHTML, like Gecko; GeedoProductSearch; +https://geedo.com/product-search.html) Chrome/134.0.0.0 Safari/537.36"
83.99.151.69 - - [19/Jun/2025:11:25:45 -0400] "GET /s/0a6cdc.js HTTP/1.1" 200 310399 "-" "Mozilla/5.0 (X11; Linux x86_64) AppleWebKit/537.36 (KHTML, like Gecko; GeedoProductSearch; +https://geedo.com/product-search.html) Chrome/134.0.0.0 Safari/537.36"
192.178.4.96 - - [19/Jun/2025:11:26:03 -0400] "GET /s/img/wp-content/uploads/2018/01/BW2-100x100.jpg HTTP/1.1" 304 - "-" "Googlebot-Image/1.0"
83.99.151.66 - - [19/Jun/2025:11:26:06 -0400] "GET /s/0ce50c.js HTTP/1.1" 200 310400 "-" "Mozilla/5.0 (X11; Linux x86_64) AppleWebKit/537.36 (KHTML, like Gecko; GeedoProductSearch; +https://geedo.com/product-search.html) Chrome/134.0.0.0 Safari/537.36"
83.99.151.71 - - [19/Jun/2025:11:26:15 -0400] "GET /s/0a7f6f.js.gz HTTP/1.1" 200 310399 "-" "Mozilla/5.0 (X11; Linux x86_64) AppleWebKit/537.36 (KHTML, like Gecko; GeedoProductSearch; +https://geedo.com/product-search.html) Chrome/134.0.0.0 Safari/537.36"
83.99.151.71 - - [19/Jun/2025:11:26:25 -0400] "GET /s/0483f6.js.gz HTTP/1.1" 200 310399 "-" "Mozilla/5.0 (X11; Linux x86_64) AppleWebKit/537.36 (KHTML, like Gecko; GeedoProductSearch; +https://geedo.com/product-search.html) Chrome/134.0.0.0 Safari/537.36"
83.99.151.71 - - [19/Jun/2025:11:26:36 -0400] "GET /s/0f05a4.js HTTP/1.1" 200 310396 "-" "Mozilla/5.0 (X11; Linux x86_64) AppleWebKit/537.36 (KHTML, like Gecko; GeedoProductSearch; +https://geedo.com/product-search.html) Chrome/134.0.0.0 Safari/537.36"
83.99.151.65 - - [19/Jun/2025:11:26:45 -0400] "GET /s/070c5f.js.gz HTTP/1.1" 200 337847 "-" "Mozilla/5.0 (X11; Linux x86_64) AppleWebKit/537.36 (KHTML, like Gecko; GeedoProductSearch; +https://geedo.com/product-search.html) Chrome/134.0.0.0 Safari/537.36"
83.99.151.71 - - [19/Jun/2025:11:26:55 -0400] "GET /s/00b63e.js.gz HTTP/1.1" 200 310399 "-" "Mozilla/5.0 (X11; Linux x86_64) AppleWebKit/537.36 (KHTML, like Gecko; GeedoProductSearch; +https://geedo.com/product-search.html) Chrome/134.0.0.0 Safari/537.36"
68.60.177.18 - - [19/Jun/2025:11:27:08 -0400] "GET /product/tungsten-crankshaft-balancing-weights/ HTTP/2.0" 200 16625 "https://pur-tungsten.com/products/industrial-products/crank-shaft/" "Mozilla/5.0 (Windows NT 10.0; Win64; x64) AppleWebKit/537.36 (KHTML, like Gecko) Chrome/137.0.0.0 Safari/537.36"
68.60.177.18 - - [19/Jun/2025:11:27:12 -0400] "GET /s/82f1d4.css HTTP/2.0" 200 2717 "https://pur-tungsten.com/product/tungsten-crankshaft-balancing-weights/" "Mozilla/5.0 (Windows NT 10.0; Win64; x64) AppleWebKit/537.36 (KHTML, like Gecko) Chrome/137.0.0.0 Safari/537.36"
68.60.177.18 - - [19/Jun/2025:11:27:12 -0400] "GET /s/img/wp-content/uploads/2018/01/CRANKSHAFTS_003-768x504.jpg HTTP/2.0" 200 30286 "https://pur-tungsten.com/product/tungsten-crankshaft-balancing-weights/" "Mozilla/5.0 (Windows NT 10.0; Win64; x64) AppleWebKit/537.36 (KHTML, like Gecko) Chrome/137.0.0.0 Safari/537.36"
68.60.177.18 - - [19/Jun/2025:11:27:12 -0400] "GET /s/img/wp-content/uploads/2018/01/CRANKSHAFTS_002-100x100.jpg HTTP/2.0" 200 2061 "https://pur-tungsten.com/product/tungsten-crankshaft-balancing-weights/" "Mozilla/5.0 (Windows NT 10.0; Win64; x64) AppleWebKit/537.36 (KHTML, like Gecko) Chrome/137.0.0.0 Safari/537.36"
68.60.177.18 - - [19/Jun/2025:11:27:12 -0400] "GET /s/img/wp-content/uploads/2018/01/CRANKSHAFTS_001-100x100.jpg HTTP/2.0" 200 2070 "https://pur-tungsten.com/product/tungsten-crankshaft-balancing-weights/" "Mozilla/5.0 (Windows NT 10.0; Win64; x64) AppleWebKit/537.36 (KHTML, like Gecko) Chrome/137.0.0.0 Safari/537.36"
68.60.177.18 - - [19/Jun/2025:11:27:12 -0400] "GET /s/img/wp-content/uploads/2018/01/BW-270x178.jpg HTTP/2.0" 200 9443 "https://pur-tungsten.com/product/tungsten-crankshaft-balancing-weights/" "Mozilla/5.0 (Windows NT 10.0; Win64; x64) AppleWebKit/537.36 (KHTML, like Gecko) Chrome/137.0.0.0 Safari/537.36"
68.60.177.18 - - [19/Jun/2025:11:27:12 -0400] "GET /s/img/wp-content/uploads/2020/11/bufferWeightsSm1-270x178.jpg HTTP/2.0" 200 5299 "https://pur-tungsten.com/product/tungsten-crankshaft-balancing-weights/" "Mozilla/5.0 (Windows NT 10.0; Win64; x64) AppleWebKit/537.36 (KHTML, like Gecko) Chrome/137.0.0.0 Safari/537.36"
68.60.177.18 - - [19/Jun/2025:11:27:12 -0400] "GET /s/img/wp-content/uploads/2017/12/cube-1-270x178.jpg HTTP/2.0" 200 8517 "https://pur-tungsten.com/product/tungsten-crankshaft-balancing-weights/" "Mozilla/5.0 (Windows NT 10.0; Win64; x64) AppleWebKit/537.36 (KHTML, like Gecko) Chrome/137.0.0.0 Safari/537.36"
68.60.177.18 - - [19/Jun/2025:11:27:12 -0400] "GET /s/img/wp-content/uploads/2018/01/PWSW-270x178.jpg HTTP/2.0" 200 9085 "https://pur-tungsten.com/product/tungsten-crankshaft-balancing-weights/" "Mozilla/5.0 (Windows NT 10.0; Win64; x64) AppleWebKit/537.36 (KHTML, like Gecko) Chrome/137.0.0.0 Safari/537.36"
68.60.177.18 - - [19/Jun/2025:11:27:12 -0400] "GET /s/55fc3f.js HTTP/2.0" 200 25523 "https://pur-tungsten.com/product/tungsten-crankshaft-balancing-weights/" "Mozilla/5.0 (Windows NT 10.0; Win64; x64) AppleWebKit/537.36 (KHTML, like Gecko) Chrome/137.0.0.0 Safari/537.36"
68.60.177.18 - - [19/Jun/2025:11:27:12 -0400] "GET /s/fbe611.js HTTP/2.0" 200 312203 "https://pur-tungsten.com/product/tungsten-crankshaft-balancing-weights/" "Mozilla/5.0 (Windows NT 10.0; Win64; x64) AppleWebKit/537.36 (KHTML, like Gecko) Chrome/137.0.0.0 Safari/537.36"
70.39.147.11 - - [19/Jun/2025:11:27:10 -0400] "POST /wp-cron.php?doing_wp_cron=1750346830.9211580753326416015625 HTTP/1.1" 200 - "-" "WordPress/6.6.2; https://pur-tungsten.com"
83.99.151.68 - - [19/Jun/2025:11:27:16 -0400] "GET /s/01399b.css HTTP/1.1" 200 3410 "-" "Mozilla/5.0 (X11; Linux x86_64) AppleWebKit/537.36 (KHTML, like Gecko; GeedoProductSearch; +https://geedo.com/product-search.html) Chrome/134.0.0.0 Safari/537.36"
51.222.253.3 - - [19/Jun/2025:11:27:21 -0400] "GET /product/tungsten-gen-1-silent-captured-spring-buffer-weights/ HTTP/2.0" 200 14107 "-" "Mozilla/5.0 (compatible; AhrefsBot/7.0; +http://ahrefs.com/robot/)"
70.39.147.11 - - [19/Jun/2025:11:27:23 -0400] "POST /wp-cron.php?doing_wp_cron=1750346843.6418850421905517578125 HTTP/1.1" 200 - "-" "WordPress/6.6.2; https://pur-tungsten.com"
83.99.151.68 - - [19/Jun/2025:11:27:26 -0400] "GET /s/09f20e.js HTTP/1.1" 200 337849 "-" "Mozilla/5.0 (X11; Linux x86_64) AppleWebKit/537.36 (KHTML, like Gecko; GeedoProductSearch; +https://geedo.com/product-search.html) Chrome/134.0.0.0 Safari/537.36"
68.60.177.18 - - [19/Jun/2025:11:27:27 -0400] "POST /product/tungsten-crankshaft-balancing-weights/ HTTP/2.0" 200 138292 "https://pur-tungsten.com/product/tungsten-crankshaft-balancing-weights/" "Mozilla/5.0 (Windows NT 10.0; Win64; x64) AppleWebKit/537.36 (KHTML, like Gecko) Chrome/137.0.0.0 Safari/537.36"
68.60.177.18 - - [19/Jun/2025:11:27:29 -0400] "GET /wp-content/plugins/contact-form-7/includes/css/styles.css?ver=5.9.8 HTTP/2.0" 200 1015 "https://pur-tungsten.com/product/tungsten-crankshaft-balancing-weights/" "Mozilla/5.0 (Windows NT 10.0; Win64; x64) AppleWebKit/537.36 (KHTML, like Gecko) Chrome/137.0.0.0 Safari/537.36"
68.60.177.18 - - [19/Jun/2025:11:27:29 -0400] "GET /wp-includes/css/dist/block-library/style.min.css?ver=b40c877adaf33178f81362b457652bd7 HTTP/2.0" 200 14840 "https://pur-tungsten.com/product/tungsten-crankshaft-balancing-weights/" "Mozilla/5.0 (Windows NT 10.0; Win64; x64) AppleWebKit/537.36 (KHTML, like Gecko) Chrome/137.0.0.0 Safari/537.36"
68.60.177.18 - - [19/Jun/2025:11:27:29 -0400] "GET /wp-content/plugins/honeypot/includes/css/wpa.css?ver=2.2.02 HTTP/2.0" 200 337 "https://pur-tungsten.com/product/tungsten-crankshaft-balancing-weights/" "Mozilla/5.0 (Windows NT 10.0; Win64; x64) AppleWebKit/537.36 (KHTML, like Gecko) Chrome/137.0.0.0 Safari/537.36"
68.60.177.18 - - [19/Jun/2025:11:27:29 -0400] "GET /wp-content/plugins/live-composer-page-builder/css/dist/frontend.plugins.min.css?ver=1.5.45 HTTP/2.0" 200 2629 "https://pur-tungsten.com/product/tungsten-crankshaft-balancing-weights/" "Mozilla/5.0 (Windows NT 10.0; Win64; x64) AppleWebKit/537.36 (KHTML, like Gecko) Chrome/137.0.0.0 Safari/537.36"
