140.248.0.1 - - [19/Jun/2025:15:47:30 -0400] "GET /wp-content/plugins/woocommerce/assets/css/woocommerce.css?ver=9.1.4 HTTP/2.0" 200 9979 "https://pur-tungsten.com/product/h-h2-h3-ar-15-carbine-buffers-anodized-gold/" "Mozilla/5.0 (iPhone; CPU iPhone OS 18_5 like Mac OS X) AppleWebKit/605.1.15 (KHTML, like Gecko) Version/18.5 Mobile/15E148 Safari/604.1"
140.248.0.1 - - [19/Jun/2025:15:47:30 -0400] "GET /wp-content/plugins/searchwp-live-ajax-search/assets/styles/frontend/search-forms.css?ver=1.8.2 HTTP/2.0" 200 742 "https://pur-tungsten.com/product/h-h2-h3-ar-15-carbine-buffers-anodized-gold/" "Mozilla/5.0 (iPhone; CPU iPhone OS 18_5 like Mac OS X) AppleWebKit/605.1.15 (KHTML, like Gecko) Version/18.5 Mobile/15E148 Safari/604.1"
140.248.0.1 - - [19/Jun/2025:15:47:30 -0400] "GET /wp-content/plugins/searchwp-live-ajax-search/assets/styles/style.css?ver=1.8.2 HTTP/2.0" 200 787 "https://pur-tungsten.com/product/h-h2-h3-ar-15-carbine-buffers-anodized-gold/" "Mozilla/5.0 (iPhone; CPU iPhone OS 18_5 like Mac OS X) AppleWebKit/605.1.15 (KHTML, like Gecko) Version/18.5 Mobile/15E148 Safari/604.1"
140.248.0.1 - - [19/Jun/2025:15:47:30 -0400] "GET /wp-content/plugins/live-composer-page-builder/js/dist/client_plugins.min.js?ver=1.5.45 HTTP/2.0" 200 14624 "https://pur-tungsten.com/product/h-h2-h3-ar-15-carbine-buffers-anodized-gold/" "Mozilla/5.0 (iPhone; CPU iPhone OS 18_5 like Mac OS X) AppleWebKit/605.1.15 (KHTML, like Gecko) Version/18.5 Mobile/15E148 Safari/604.1"
140.248.0.1 - - [19/Jun/2025:15:47:30 -0400] "GET /wp-content/plugins/revslider/public/assets/js/rbtools.min.js?ver=6.0 HTTP/2.0" 200 46649 "https://pur-tungsten.com/product/h-h2-h3-ar-15-carbine-buffers-anodized-gold/" "Mozilla/5.0 (iPhone; CPU iPhone OS 18_5 like Mac OS X) AppleWebKit/605.1.15 (KHTML, like Gecko) Version/18.5 Mobile/15E148 Safari/604.1"
140.248.0.1 - - [19/Jun/2025:15:47:30 -0400] "GET /wp-content/plugins/woocommerce/assets/js/js-cookie/js.cookie.min.js?ver=2.1.4-wc.9.1.4 HTTP/2.0" 200 833 "https://pur-tungsten.com/product/h-h2-h3-ar-15-carbine-buffers-anodized-gold/" "Mozilla/5.0 (iPhone; CPU iPhone OS 18_5 like Mac OS X) AppleWebKit/605.1.15 (KHTML, like Gecko) Version/18.5 Mobile/15E148 Safari/604.1"
140.248.0.1 - - [19/Jun/2025:15:47:30 -0400] "GET /wp-content/plugins/woocommerce/assets/js/frontend/single-product.min.js?ver=9.1.4 HTTP/2.0" 200 1902 "https://pur-tungsten.com/product/h-h2-h3-ar-15-carbine-buffers-anodized-gold/" "Mozilla/5.0 (iPhone; CPU iPhone OS 18_5 like Mac OS X) AppleWebKit/605.1.15 (KHTML, like Gecko) Version/18.5 Mobile/15E148 Safari/604.1"
140.248.0.1 - - [19/Jun/2025:15:47:30 -0400] "GET /wp-content/plugins/woocommerce/assets/js/frontend/add-to-cart.min.js?ver=9.1.4 HTTP/2.0" 200 1107 "https://pur-tungsten.com/product/h-h2-h3-ar-15-carbine-buffers-anodized-gold/" "Mozilla/5.0 (iPhone; CPU iPhone OS 18_5 like Mac OS X) AppleWebKit/605.1.15 (KHTML, like Gecko) Version/18.5 Mobile/15E148 Safari/604.1"
140.248.0.1 - - [19/Jun/2025:15:47:30 -0400] "GET /wp-content/uploads/2019/10/buffer-gold-standard-1-1280x1139.jpg HTTP/2.0" 200 120369 "https://pur-tungsten.com/product/h-h2-h3-ar-15-carbine-buffers-anodized-gold/" "Mozilla/5.0 (iPhone; CPU iPhone OS 18_5 like Mac OS X) AppleWebKit/605.1.15 (KHTML, like Gecko) Version/18.5 Mobile/15E148 Safari/604.1"
140.248.0.1 - - [19/Jun/2025:15:47:30 -0400] "GET /wp-content/plugins/woocommerce/assets/js/jquery-blockui/jquery.blockUI.min.js?ver=2.7.0-wc.9.1.4 HTTP/2.0" 200 3537 "https://pur-tungsten.com/product/h-h2-h3-ar-15-carbine-buffers-anodized-gold/" "Mozilla/5.0 (iPhone; CPU iPhone OS 18_5 like Mac OS X) AppleWebKit/605.1.15 (KHTML, like Gecko) Version/18.5 Mobile/15E148 Safari/604.1"
140.248.0.1 - - [19/Jun/2025:15:47:30 -0400] "GET /wp-content/plugins/woocommerce/assets/js/frontend/woocommerce.min.js?ver=9.1.4 HTTP/2.0" 200 948 "https://pur-tungsten.com/product/h-h2-h3-ar-15-carbine-buffers-anodized-gold/" "Mozilla/5.0 (iPhone; CPU iPhone OS 18_5 like Mac OS X) AppleWebKit/605.1.15 (KHTML, like Gecko) Version/18.5 Mobile/15E148 Safari/604.1"
140.248.0.1 - - [19/Jun/2025:15:47:30 -0400] "GET /wp-content/plugins/revslider/public/assets/js/rs6.min.js?ver=6.2.1 HTTP/2.0" 200 74285 "https://pur-tungsten.com/product/h-h2-h3-ar-15-carbine-buffers-anodized-gold/" "Mozilla/5.0 (iPhone; CPU iPhone OS 18_5 like Mac OS X) AppleWebKit/605.1.15 (KHTML, like Gecko) Version/18.5 Mobile/15E148 Safari/604.1"
140.248.0.1 - - [19/Jun/2025:15:47:30 -0400] "GET /wp-includes/js/jquery/jquery.js?ver=1.12.4 HTTP/2.0" 200 84020 "https://pur-tungsten.com/product/h-h2-h3-ar-15-carbine-buffers-anodized-gold/" "Mozilla/5.0 (iPhone; CPU iPhone OS 18_5 like Mac OS X) AppleWebKit/605.1.15 (KHTML, like Gecko) Version/18.5 Mobile/15E148 Safari/604.1"
140.248.0.1 - - [19/Jun/2025:15:47:30 -0400] "GET /wp-content/plugins/woocommerce/assets/client/blocks/wc-blocks.css?ver=wc-9.1.4 HTTP/2.0" 200 2556 "https://pur-tungsten.com/product/h-h2-h3-ar-15-carbine-buffers-anodized-gold/" "Mozilla/5.0 (iPhone; CPU iPhone OS 18_5 like Mac OS X) AppleWebKit/605.1.15 (KHTML, like Gecko) Version/18.5 Mobile/15E148 Safari/604.1"
140.248.0.1 - - [19/Jun/2025:15:47:30 -0400] "GET /wp-includes/js/dist/hooks.min.js?ver=2810c76e705dd1a53b18 HTTP/2.0" 200 1541 "https://pur-tungsten.com/product/h-h2-h3-ar-15-carbine-buffers-anodized-gold/" "Mozilla/5.0 (iPhone; CPU iPhone OS 18_5 like Mac OS X) AppleWebKit/605.1.15 (KHTML, like Gecko) Version/18.5 Mobile/15E148 Safari/604.1"
140.248.0.1 - - [19/Jun/2025:15:47:30 -0400] "GET /wp-includes/js/dist/i18n.min.js?ver=5e580eb46a90c2b997e6 HTTP/2.0" 200 3667 "https://pur-tungsten.com/product/h-h2-h3-ar-15-carbine-buffers-anodized-gold/" "Mozilla/5.0 (iPhone; CPU iPhone OS 18_5 like Mac OS X) AppleWebKit/605.1.15 (KHTML, like Gecko) Version/18.5 Mobile/15E148 Safari/604.1"
140.248.0.1 - - [19/Jun/2025:15:47:30 -0400] "GET /wp-content/plugins/honeypot/includes/js/wpa.js?ver=2.2.02 HTTP/2.0" 200 1546 "https://pur-tungsten.com/product/h-h2-h3-ar-15-carbine-buffers-anodized-gold/" "Mozilla/5.0 (iPhone; CPU iPhone OS 18_5 like Mac OS X) AppleWebKit/605.1.15 (KHTML, like Gecko) Version/18.5 Mobile/15E148 Safari/604.1"
140.248.0.1 - - [19/Jun/2025:15:47:30 -0400] "GET /wp-includes/js/jquery/jquery.masonry.min.js?ver=3.1.2b HTTP/2.0" 200 716 "https://pur-tungsten.com/product/h-h2-h3-ar-15-carbine-buffers-anodized-gold/" "Mozilla/5.0 (iPhone; CPU iPhone OS 18_5 like Mac OS X) AppleWebKit/605.1.15 (KHTML, like Gecko) Version/18.5 Mobile/15E148 Safari/604.1"
140.248.0.1 - - [19/Jun/2025:15:47:30 -0400] "GET /wp-content/plugins/contact-form-7/includes/swv/js/index.js?ver=5.9.8 HTTP/2.0" 200 3354 "https://pur-tungsten.com/product/h-h2-h3-ar-15-carbine-buffers-anodized-gold/" "Mozilla/5.0 (iPhone; CPU iPhone OS 18_5 like Mac OS X) AppleWebKit/605.1.15 (KHTML, like Gecko) Version/18.5 Mobile/15E148 Safari/604.1"
140.248.0.1 - - [19/Jun/2025:15:47:30 -0400] "GET /wp-content/plugins/contact-form-7/includes/js/index.js?ver=5.9.8 HTTP/2.0" 200 4257 "https://pur-tungsten.com/product/h-h2-h3-ar-15-carbine-buffers-anodized-gold/" "Mozilla/5.0 (iPhone; CPU iPhone OS 18_5 like Mac OS X) AppleWebKit/605.1.15 (KHTML, like Gecko) Version/18.5 Mobile/15E148 Safari/604.1"
140.248.0.1 - - [19/Jun/2025:15:47:30 -0400] "GET /wp-includes/js/mediaelement/wp-mediaelement.min.js?ver=b40c877adaf33178f81362b457652bd7 HTTP/2.0" 200 538 "https://pur-tungsten.com/product/h-h2-h3-ar-15-carbine-buffers-anodized-gold/" "Mozilla/5.0 (iPhone; CPU iPhone OS 18_5 like Mac OS X) AppleWebKit/605.1.15 (KHTML, like Gecko) Version/18.5 Mobile/15E148 Safari/604.1"
140.248.0.1 - - [19/Jun/2025:15:47:30 -0400] "GET /wp-includes/js/imagesloaded.min.js?ver=5.0.0 HTTP/2.0" 200 1803 "https://pur-tungsten.com/product/h-h2-h3-ar-15-carbine-buffers-anodized-gold/" "Mozilla/5.0 (iPhone; CPU iPhone OS 18_5 like Mac OS X) AppleWebKit/605.1.15 (KHTML, like Gecko) Version/18.5 Mobile/15E148 Safari/604.1"
140.248.0.1 - - [19/Jun/2025:15:47:30 -0400] "GET /wp-content/plugins/woocommerce/assets/js/sourcebuster/sourcebuster.min.js?ver=9.1.4 HTTP/2.0" 200 4807 "https://pur-tungsten.com/product/h-h2-h3-ar-15-carbine-buffers-anodized-gold/" "Mozilla/5.0 (iPhone; CPU iPhone OS 18_5 like Mac OS X) AppleWebKit/605.1.15 (KHTML, like Gecko) Version/18.5 Mobile/15E148 Safari/604.1"
140.248.0.1 - - [19/Jun/2025:15:47:30 -0400] "GET /wp-includes/js/mediaelement/mediaelement-migrate.min.js?ver=b40c877adaf33178f81362b457652bd7 HTTP/2.0" 200 540 "https://pur-tungsten.com/product/h-h2-h3-ar-15-carbine-buffers-anodized-gold/" "Mozilla/5.0 (iPhone; CPU iPhone OS 18_5 like Mac OS X) AppleWebKit/605.1.15 (KHTML, like Gecko) Version/18.5 Mobile/15E148 Safari/604.1"
140.248.0.1 - - [19/Jun/2025:15:47:30 -0400] "GET /wp-content/plugins/live-composer-page-builder/js/dist/client_frontend.min.js?ver=1.5.45 HTTP/2.0" 200 6236 "https://pur-tungsten.com/product/h-h2-h3-ar-15-carbine-buffers-anodized-gold/" "Mozilla/5.0 (iPhone; CPU iPhone OS 18_5 like Mac OS X) AppleWebKit/605.1.15 (KHTML, like Gecko) Version/18.5 Mobile/15E148 Safari/604.1"
140.248.0.1 - - [19/Jun/2025:15:47:30 -0400] "GET /wp-content/plugins/duracelltomi-google-tag-manager/dist/js/gtm4wp-ecommerce-generic.js?ver=1.20.2 HTTP/2.0" 200 567 "https://pur-tungsten.com/product/h-h2-h3-ar-15-carbine-buffers-anodized-gold/" "Mozilla/5.0 (iPhone; CPU iPhone OS 18_5 like Mac OS X) AppleWebKit/605.1.15 (KHTML, like Gecko) Version/18.5 Mobile/15E148 Safari/604.1"
140.248.0.1 - - [19/Jun/2025:15:47:30 -0400] "GET /wp-includes/js/dist/vendor/wp-polyfill.min.js?ver=3.15.0 HTTP/2.0" 200 13831 "https://pur-tungsten.com/product/h-h2-h3-ar-15-carbine-buffers-anodized-gold/" "Mozilla/5.0 (iPhone; CPU iPhone OS 18_5 like Mac OS X) AppleWebKit/605.1.15 (KHTML, like Gecko) Version/18.5 Mobile/15E148 Safari/604.1"
140.248.0.1 - - [19/Jun/2025:15:47:30 -0400] "GET /wp-content/plugins/contact-form-7/modules/recaptcha/index.js?ver=5.9.8 HTTP/2.0" 200 483 "https://pur-tungsten.com/product/h-h2-h3-ar-15-carbine-buffers-anodized-gold/" "Mozilla/5.0 (iPhone; CPU iPhone OS 18_5 like Mac OS X) AppleWebKit/605.1.15 (KHTML, like Gecko) Version/18.5 Mobile/15E148 Safari/604.1"
140.248.0.1 - - [19/Jun/2025:15:47:30 -0400] "GET /wp-content/plugins/woocommerce/assets/js/frontend/order-attribution.min.js?ver=9.1.4 HTTP/2.0" 200 1137 "https://pur-tungsten.com/product/h-h2-h3-ar-15-carbine-buffers-anodized-gold/" "Mozilla/5.0 (iPhone; CPU iPhone OS 18_5 like Mac OS X) AppleWebKit/605.1.15 (KHTML, like Gecko) Version/18.5 Mobile/15E148 Safari/604.1"
140.248.0.1 - - [19/Jun/2025:15:47:30 -0400] "GET /wp-content/plugins/duracelltomi-google-tag-manager/dist/js/gtm4wp-woocommerce.js?ver=1.20.2 HTTP/2.0" 200 2757 "https://pur-tungsten.com/product/h-h2-h3-ar-15-carbine-buffers-anodized-gold/" "Mozilla/5.0 (iPhone; CPU iPhone OS 18_5 like Mac OS X) AppleWebKit/605.1.15 (KHTML, like Gecko) Version/18.5 Mobile/15E148 Safari/604.1"
140.248.0.1 - - [19/Jun/2025:15:47:30 -0400] "GET /wp-content/plugins/searchwp-live-ajax-search/assets/javascript/dist/script.min.js?ver=1.8.2 HTTP/2.0" 200 3675 "https://pur-tungsten.com/product/h-h2-h3-ar-15-carbine-buffers-anodized-gold/" "Mozilla/5.0 (iPhone; CPU iPhone OS 18_5 like Mac OS X) AppleWebKit/605.1.15 (KHTML, like Gecko) Version/18.5 Mobile/15E148 Safari/604.1"
140.248.0.1 - - [19/Jun/2025:15:47:30 -0400] "GET /wp-includes/js/underscore.min.js?ver=1.13.4 HTTP/2.0" 200 7311 "https://pur-tungsten.com/product/h-h2-h3-ar-15-carbine-buffers-anodized-gold/" "Mozilla/5.0 (iPhone; CPU iPhone OS 18_5 like Mac OS X) AppleWebKit/605.1.15 (KHTML, like Gecko) Version/18.5 Mobile/15E148 Safari/604.1"
140.248.0.1 - - [19/Jun/2025:15:47:30 -0400] "GET /wp-includes/js/wp-util.min.js?ver=b40c877adaf33178f81362b457652bd7 HTTP/2.0" 200 756 "https://pur-tungsten.com/product/h-h2-h3-ar-15-carbine-buffers-anodized-gold/" "Mozilla/5.0 (iPhone; CPU iPhone OS 18_5 like Mac OS X) AppleWebKit/605.1.15 (KHTML, like Gecko) Version/18.5 Mobile/15E148 Safari/604.1"
140.248.0.1 - - [19/Jun/2025:15:47:30 -0400] "GET /wp-content/plugins/woocommerce/assets/js/frontend/add-to-cart-variation.min.js?ver=9.1.4 HTTP/2.0" 200 3700 "https://pur-tungsten.com/product/h-h2-h3-ar-15-carbine-buffers-anodized-gold/" "Mozilla/5.0 (iPhone; CPU iPhone OS 18_5 like Mac OS X) AppleWebKit/605.1.15 (KHTML, like Gecko) Version/18.5 Mobile/15E148 Safari/604.1"
140.248.0.1 - - [19/Jun/2025:15:47:30 -0400] "GET /wp-includes/js/masonry.min.js?ver=4.2.2 HTTP/2.0" 200 7382 "https://pur-tungsten.com/product/h-h2-h3-ar-15-carbine-buffers-anodized-gold/" "Mozilla/5.0 (iPhone; CPU iPhone OS 18_5 like Mac OS X) AppleWebKit/605.1.15 (KHTML, like Gecko) Version/18.5 Mobile/15E148 Safari/604.1"
140.248.0.1 - - [19/Jun/2025:15:47:30 -0400] "GET /wp-includes/js/mediaelement/mediaelement-and-player.min.js?ver=4.2.17 HTTP/2.0" 200 38789 "https://pur-tungsten.com/product/h-h2-h3-ar-15-carbine-buffers-anodized-gold/" "Mozilla/5.0 (iPhone; CPU iPhone OS 18_5 like Mac OS X) AppleWebKit/605.1.15 (KHTML, like Gecko) Version/18.5 Mobile/15E148 Safari/604.1"
140.248.0.1 - - [19/Jun/2025:15:47:31 -0400] "GET /wp-content/uploads/2021/07/pur_tungsten_header_logo-166x90.png HTTP/2.0" 200 11081 "https://pur-tungsten.com/product/h-h2-h3-ar-15-carbine-buffers-anodized-gold/" "Mozilla/5.0 (iPhone; CPU iPhone OS 18_5 like Mac OS X) AppleWebKit/605.1.15 (KHTML, like Gecko) Version/18.5 Mobile/15E148 Safari/604.1"
140.248.0.1 - - [19/Jun/2025:15:47:31 -0400] "GET /wp-content/uploads/2021/07/Pur_Tunngsten_logo_PNG_NEW.png HTTP/2.0" 200 58916 "https://pur-tungsten.com/product/h-h2-h3-ar-15-carbine-buffers-anodized-gold/" "Mozilla/5.0 (iPhone; CPU iPhone OS 18_5 like Mac OS X) AppleWebKit/605.1.15 (KHTML, like Gecko) Version/18.5 Mobile/15E148 Safari/604.1"
140.248.0.1 - - [19/Jun/2025:15:47:31 -0400] "GET /wp-content/uploads/2020/04/itar-208x178.png HTTP/2.0" 200 25912 "https://pur-tungsten.com/product/h-h2-h3-ar-15-carbine-buffers-anodized-gold/" "Mozilla/5.0 (iPhone; CPU iPhone OS 18_5 like Mac OS X) AppleWebKit/605.1.15 (KHTML, like Gecko) Version/18.5 Mobile/15E148 Safari/604.1"
140.248.0.1 - - [19/Jun/2025:15:47:31 -0400] "GET /wp-content/plugins/live-composer-page-builder/css/font/fontawesome-webfont.woff?v=4.7.0 HTTP/2.0" 200 97913 "https://pur-tungsten.com/product/h-h2-h3-ar-15-carbine-buffers-anodized-gold/" "Mozilla/5.0 (iPhone; CPU iPhone OS 18_5 like Mac OS X) AppleWebKit/605.1.15 (KHTML, like Gecko) Version/18.5 Mobile/15E148 Safari/604.1"
70.39.147.11 - - [19/Jun/2025:15:47:29 -0400] "POST /wp-cron.php?doing_wp_cron=1750362449.5957279205322265625000 HTTP/1.1" 200 - "-" "WordPress/6.6.2; https://pur-tungsten.com"
140.248.0.1 - - [19/Jun/2025:15:47:40 -0400] "POST /product/h-h2-h3-ar-15-carbine-buffers-anodized-gold/ HTTP/2.0" 302 - "https://pur-tungsten.com/product/h-h2-h3-ar-15-carbine-buffers-anodized-gold/" "Mozilla/5.0 (iPhone; CPU iPhone OS 18_5 like Mac OS X) AppleWebKit/605.1.15 (KHTML, like Gecko) Version/18.5 Mobile/15E148 Safari/604.1"
140.248.0.1 - - [19/Jun/2025:15:47:42 -0400] "GET /cart/ HTTP/2.0" 200 48517 "https://pur-tungsten.com/product/h-h2-h3-ar-15-carbine-buffers-anodized-gold/" "Mozilla/5.0 (iPhone; CPU iPhone OS 18_5 like Mac OS X) AppleWebKit/605.1.15 (KHTML, like Gecko) Version/18.5 Mobile/15E148 Safari/604.1"
140.248.0.1 - - [19/Jun/2025:15:47:53 -0400] "GET /s/496e56.js HTTP/2.0" 200 338167 "https://pur-tungsten.com/cart/" "Mozilla/5.0 (iPhone; CPU iPhone OS 18_5 like Mac OS X) AppleWebKit/605.1.15 (KHTML, like Gecko) Version/18.5 Mobile/15E148 Safari/604.1"
192.178.4.96 - - [19/Jun/2025:15:48:13 -0400] "GET /product/ice-fishing-jigs-lores/ HTTP/1.1" 301 - "-" "Mozilla/5.0 (Linux; Android 6.0.1; Nexus 5X Build/MMB29P) AppleWebKit/537.36 (KHTML, like Gecko) Chrome/137.0.7151.103 Mobile Safari/537.36 (compatible; Googlebot/2.1; +http://www.google.com/bot.html)"
74.119.118.32 - - [19/Jun/2025:15:48:31 -0400] "GET /robots.txt HTTP/1.1" 200 67 "-" "CriteoBot/0.1 (+https://www.criteo.com/criteo-crawler/)"
74.119.118.20 - - [19/Jun/2025:15:48:31 -0400] "GET /robots.txt HTTP/1.1" 200 67 "-" "CriteoBot/0.1 (+https://www.criteo.com/criteo-crawler/)"
74.119.118.8 - - [19/Jun/2025:15:48:31 -0400] "GET /product/h-h2-h3-ar-15-carbine-buffers-anodized-gold HTTP/1.1" 301 - "-" "CriteoBot/0.1 (+https://www.criteo.com/criteo-crawler/)"
70.39.147.11 - - [19/Jun/2025:15:48:33 -0400] "POST /wp-cron.php?doing_wp_cron=1750362513.8983941078186035156250 HTTP/1.1" 200 - "-" "WordPress/6.6.2; https://pur-tungsten.com"
74.119.118.8 - - [19/Jun/2025:15:48:35 -0400] "GET /product/h-h2-h3-ar-15-carbine-buffers-anodized-gold/ HTTP/1.1" 200 17666 "-" "CriteoBot/0.1 (+https://www.criteo.com/criteo-crawler/)"
192.178.4.97 - - [19/Jun/2025:15:49:03 -0400] "GET /s/24e11b.js HTTP/1.1" 200 312198 "https://pur-tungsten.com/product/tungsten-ice-fishing-jigs/" "Mozilla/5.0 (Linux; Android 6.0.1; Nexus 5X Build/MMB29P) AppleWebKit/537.36 (KHTML, like Gecko) Chrome/137.0.7151.68 Mobile Safari/537.36 (compatible; Googlebot/2.1; +http://www.google.com/bot.html)"
51.222.253.7 - - [19/Jun/2025:15:50:57 -0400] "GET /product/tungsten-mini-buffer-weights-3-pack-half-oz-each/ HTTP/2.0" 200 15615 "-" "Mozilla/5.0 (compatible; AhrefsBot/7.0; +http://ahrefs.com/robot/)"
70.39.147.11 - - [19/Jun/2025:15:50:59 -0400] "POST /wp-cron.php?doing_wp_cron=1750362659.0588779449462890625000 HTTP/1.1" 200 - "-" "WordPress/6.6.2; https://pur-tungsten.com"
40.77.167.47 - - [19/Jun/2025:15:51:39 -0400] "GET /products/consumer-products/derby-car-weights/ HTTP/2.0" 200 13833 "-" "Mozilla/5.0 AppleWebKit/537.36 (KHTML, like Gecko; compatible; bingbot/2.0; +http://www.bing.com/bingbot.htm) Chrome/116.0.1938.76 Safari/537.36"
52.167.144.212 - - [19/Jun/2025:15:51:59 -0400] "GET /s/24e5af.js HTTP/2.0" 200 14356 "-" "Mozilla/5.0 AppleWebKit/537.36 (KHTML, like Gecko; compatible; bingbot/2.0; +http://www.bing.com/bingbot.htm) Chrome/116.0.1938.76 Safari/537.36"
52.167.144.212 - - [19/Jun/2025:15:51:59 -0400] "GET /s/9b7b5e.js HTTP/2.0" 200 310422 "-" "Mozilla/5.0 AppleWebKit/537.36 (KHTML, like Gecko; compatible; bingbot/2.0; +http://www.bing.com/bingbot.htm) Chrome/116.0.1938.76 Safari/537.36"
40.77.167.47 - - [19/Jun/2025:15:52:04 -0400] "GET /s/22a419.css HTTP/2.0" 200 3339 "-" "Mozilla/5.0 AppleWebKit/537.36 (KHTML, like Gecko; compatible; bingbot/2.0; +http://www.bing.com/bingbot.htm) Chrome/116.0.1938.76 Safari/537.36"
43.156.109.53 - - [19/Jun/2025:15:52:57 -0400] "GET /wp-json/wp/v2/pages/21 HTTP/1.1" 200 13464 "-" "Mozilla/5.0 (iPhone; CPU iPhone OS 13_2_3 like Mac OS X) AppleWebKit/605.1.15 (KHTML, like Gecko) Version/13.0.3 Mobile/15E148 Safari/604.1"
70.39.147.11 - - [19/Jun/2025:15:52:58 -0400] "POST /wp-cron.php?doing_wp_cron=1750362778.9683759212493896484375 HTTP/1.1" 200 - "-" "WordPress/6.6.2; https://pur-tungsten.com"
147.78.181.44 - - [19/Jun/2025:15:54:52 -0400] "GET /2015/11/02/hello-world/ HTTP/1.1" 200 9244 "http://pur-tungsten.com/2015/11/02/hello-world/" "Mozilla/5.0 (Windows NT 10.0; Win64; x64; Xbox; Xbox One) AppleWebKit/537.36 (KHTML, like Gecko) Chrome/114.0.0.0 Safari/537.36 Edge/44.18363.8131"
147.78.181.44 - - [19/Jun/2025:15:54:56 -0400] "GET /wp-login.php?action=register HTTP/1.1" 302 - "https://pur-tungsten.com/2015/11/02/hello-world/" "Mozilla/5.0 (Windows NT 6.3; Win64; x64) AppleWebKit/537.36 (KHTML, like Gecko) Chrome/103.0.0.0 Safari/537.36"
147.78.181.44 - - [19/Jun/2025:15:54:58 -0400] "GET /wp-login.php?registration=disabled HTTP/1.1" 200 2177 "https://pur-tungsten.com/wp-login.php?action=register" "Mozilla/5.0 (Windows NT 6.3; Win64; x64) AppleWebKit/537.36 (KHTML, like Gecko) Chrome/103.0.0.0 Safari/537.36"
192.178.4.97 - - [19/Jun/2025:15:56:10 -0400] "GET /ads.txt HTTP/1.1" 304 - "-" "Google-adstxt"
70.39.147.11 - - [19/Jun/2025:15:57:58 -0400] "GET / HTTP/1.1" 200 22619 "-" "WordPress/6.6.2; https://pur-tungsten.com"
70.39.147.11 - - [19/Jun/2025:15:57:57 -0400] "POST /wp-cron.php?doing_wp_cron=1750363077.2750129699707031250000 HTTP/1.1" 200 - "-" "WordPress/6.6.2; https://pur-tungsten.com"
68.80.130.70 - - [19/Jun/2025:15:57:55 -0400] "GET /wp-admin/ HTTP/2.0" 200 336147 "https://pur-tungsten.com/wp-login.php" "Mozilla/5.0 (Windows NT 10.0; Win64; x64) AppleWebKit/537.36 (KHTML, like Gecko) Chrome/136.0.0.0 Safari/537.36"
68.80.130.70 - - [19/Jun/2025:15:58:02 -0400] "GET /wp-json/yoast/v1/statistics HTTP/2.0" 200 128 "https://pur-tungsten.com/wp-admin/" "Mozilla/5.0 (Windows NT 10.0; Win64; x64) AppleWebKit/537.36 (KHTML, like Gecko) Chrome/136.0.0.0 Safari/537.36"
70.39.147.11 - - [19/Jun/2025:15:58:04 -0400] "POST /wp-cron.php?doing_wp_cron=1750363084.2360279560089111328125 HTTP/1.1" 200 - "-" "WordPress/6.6.2; https://pur-tungsten.com"
51.222.253.20 - - [19/Jun/2025:15:58:42 -0400] "GET / HTTP/2.0" 200 22619 "-" "Mozilla/5.0 (compatible; AhrefsBot/7.0; +http://ahrefs.com/robot/)"
68.80.130.70 - - [19/Jun/2025:16:00:02 -0400] "POST /wp-admin/admin-ajax.php HTTP/2.0" 200 47 "https://pur-tungsten.com/wp-admin/" "Mozilla/5.0 (Windows NT 10.0; Win64; x64) AppleWebKit/537.36 (KHTML, like Gecko) Chrome/136.0.0.0 Safari/537.36"
70.39.147.11 - - [19/Jun/2025:16:00:10 -0400] "POST /wp-cron.php?doing_wp_cron=1750363210.0976099967956542968750 HTTP/1.1" 200 - "-" "WordPress/6.6.2; https://pur-tungsten.com"
170.106.180.139 - - [19/Jun/2025:16:01:39 -0400] "GET /wp-json/oembed/1.0/embed?url=https%3A%2F%2Fpur-tungsten.com%2Fcareers%2F HTTP/1.1" 200 2384 "-" "Mozilla/5.0 (iPhone; CPU iPhone OS 13_2_3 like Mac OS X) AppleWebKit/605.1.15 (KHTML, like Gecko) Version/13.0.3 Mobile/15E148 Safari/604.1"
70.39.147.11 - - [19/Jun/2025:16:01:41 -0400] "POST /wp-cron.php?doing_wp_cron=1750363301.7912778854370117187500 HTTP/1.1" 200 - "-" "WordPress/6.6.2; https://pur-tungsten.com"
68.80.130.70 - - [19/Jun/2025:16:02:03 -0400] "POST /wp-admin/admin-ajax.php HTTP/2.0" 200 47 "https://pur-tungsten.com/wp-admin/" "Mozilla/5.0 (Windows NT 10.0; Win64; x64) AppleWebKit/537.36 (KHTML, like Gecko) Chrome/136.0.0.0 Safari/537.36"
68.80.130.70 - - [19/Jun/2025:16:04:05 -0400] "POST /wp-admin/admin-ajax.php HTTP/2.0" 200 47 "https://pur-tungsten.com/wp-admin/" "Mozilla/5.0 (Windows NT 10.0; Win64; x64) AppleWebKit/537.36 (KHTML, like Gecko) Chrome/136.0.0.0 Safari/537.36"
70.39.147.11 - - [19/Jun/2025:16:04:07 -0400] "POST /wp-cron.php?doing_wp_cron=1750363447.1822390556335449218750 HTTP/1.1" 200 - "-" "WordPress/6.6.2; https://pur-tungsten.com"
93.198.206.95 - - [19/Jun/2025:16:05:26 -0400] "GET /s/img/wp-content/uploads/2018/01/BW.jpg HTTP/1.1" 200 326883 "https://www.bing.com/" "Mozilla/5.0 (Windows NT 10.0; Win64; x64) AppleWebKit/537.36 (KHTML, like Gecko) Chrome/137.0.0.0 Safari/537.36 Herring/90.1.1785.9"
101.44.187.242 - - [19/Jun/2025:16:05:36 -0400] "GET /contact/wp-content/uploads/2021/07/pur_tungsten_header_logo-166x90.png HTTP/2.0" 200 9245 "https://pur-tungsten.com/contact/" "Mozilla/5.0 (Macintosh; Intel Mac OS X 10_15_7) AppleWebKit/537.36 (KHTML, like Gecko) Chrome/120.0.0.0 Safari/537.36"
70.39.147.11 - - [19/Jun/2025:16:05:38 -0400] "POST /wp-cron.php?doing_wp_cron=1750363538.2106969356536865234375 HTTP/1.1" 200 - "-" "WordPress/6.6.2; https://pur-tungsten.com"
68.80.130.70 - - [19/Jun/2025:16:06:05 -0400] "POST /wp-admin/admin-ajax.php HTTP/2.0" 200 47 "https://pur-tungsten.com/wp-admin/" "Mozilla/5.0 (Windows NT 10.0; Win64; x64) AppleWebKit/537.36 (KHTML, like Gecko) Chrome/136.0.0.0 Safari/537.36"
70.39.147.11 - - [19/Jun/2025:16:06:08 -0400] "POST /wp-cron.php?doing_wp_cron=1750363567.9885249137878417968750 HTTP/1.1" 200 - "-" "WordPress/6.6.2; https://pur-tungsten.com"
68.80.130.70 - - [19/Jun/2025:16:08:06 -0400] "POST /wp-admin/admin-ajax.php HTTP/2.0" 200 47 "https://pur-tungsten.com/wp-admin/" "Mozilla/5.0 (Windows NT 10.0; Win64; x64) AppleWebKit/537.36 (KHTML, like Gecko) Chrome/136.0.0.0 Safari/537.36"
70.39.147.11 - - [19/Jun/2025:16:08:08 -0400] "POST /wp-cron.php?doing_wp_cron=1750363688.9115750789642333984375 HTTP/1.1" 200 - "-" "WordPress/6.6.2; https://pur-tungsten.com"
68.80.130.70 - - [19/Jun/2025:16:10:07 -0400] "POST /wp-admin/admin-ajax.php HTTP/2.0" 200 47 "https://pur-tungsten.com/wp-admin/" "Mozilla/5.0 (Windows NT 10.0; Win64; x64) AppleWebKit/537.36 (KHTML, like Gecko) Chrome/136.0.0.0 Safari/537.36"
70.39.147.11 - - [19/Jun/2025:16:10:09 -0400] "POST /wp-cron.php?doing_wp_cron=1750363809.9562809467315673828125 HTTP/1.1" 200 - "-" "WordPress/6.6.2; https://pur-tungsten.com"
187.95.175.82 - - [19/Jun/2025:16:10:34 -0400] "GET /product/tungsten-incremental-plate-weights/products/industrial-products/ HTTP/1.1" 200 9244 "-" "Mozilla/5.0 (Windows NT 10.0; Win64; x64) AppleWebKit/537.36 (KHTML, like Gecko) Chrome/121.0.0.0 Safari/537.36 Edg/121.0.0.0"
70.39.147.11 - - [19/Jun/2025:16:10:36 -0400] "POST /wp-cron.php?doing_wp_cron=1750363836.2914190292358398437500 HTTP/1.1" 200 - "-" "WordPress/6.6.2; https://pur-tungsten.com"
51.222.253.13 - - [19/Jun/2025:16:11:20 -0400] "GET /product/h-h2-h3-anodized-black-buffers/ HTTP/2.0" 200 17563 "-" "Mozilla/5.0 (compatible; AhrefsBot/7.0; +http://ahrefs.com/robot/)"
68.80.130.70 - - [19/Jun/2025:16:12:08 -0400] "POST /wp-admin/admin-ajax.php HTTP/2.0" 200 47 "https://pur-tungsten.com/wp-admin/" "Mozilla/5.0 (Windows NT 10.0; Win64; x64) AppleWebKit/537.36 (KHTML, like Gecko) Chrome/136.0.0.0 Safari/537.36"
70.39.147.11 - - [19/Jun/2025:16:12:10 -0400] "POST /wp-cron.php?doing_wp_cron=1750363930.9404449462890625000000 HTTP/1.1" 200 - "-" "WordPress/6.6.2; https://pur-tungsten.com"
43.159.145.149 - - [19/Jun/2025:16:13:52 -0400] "GET /wp-json/oembed/1.0/embed?url=https%3A%2F%2Fpur-tungsten.com%2Fcareers%2F&format=xml HTTP/1.1" 200 2542 "-" "Mozilla/5.0 (iPhone; CPU iPhone OS 13_2_3 like Mac OS X) AppleWebKit/605.1.15 (KHTML, like Gecko) Version/13.0.3 Mobile/15E148 Safari/604.1"
70.39.147.11 - - [19/Jun/2025:16:13:54 -0400] "POST /wp-cron.php?doing_wp_cron=1750364034.2578670978546142578125 HTTP/1.1" 200 - "-" "WordPress/6.6.2; https://pur-tungsten.com"
68.80.130.70 - - [19/Jun/2025:16:14:09 -0400] "POST /wp-admin/admin-ajax.php HTTP/2.0" 200 47 "https://pur-tungsten.com/wp-admin/" "Mozilla/5.0 (Windows NT 10.0; Win64; x64) AppleWebKit/537.36 (KHTML, like Gecko) Chrome/136.0.0.0 Safari/537.36"
104.210.140.137 - - [19/Jun/2025:16:15:25 -0400] "GET /robots.txt HTTP/2.0" 200 67 "-" "Mozilla/5.0 (Macintosh; Intel Mac OS X 10_15_7) AppleWebKit/537.36 (KHTML, like Gecko) Chrome/131.0.0.0 Safari/537.36; compatible; OAI-SearchBot/1.0; +https://openai.com/searchbot"
68.80.130.70 - - [19/Jun/2025:16:16:10 -0400] "POST /wp-admin/admin-ajax.php HTTP/2.0" 200 47 "https://pur-tungsten.com/wp-admin/" "Mozilla/5.0 (Windows NT 10.0; Win64; x64) AppleWebKit/537.36 (KHTML, like Gecko) Chrome/136.0.0.0 Safari/537.36"
70.39.147.11 - - [19/Jun/2025:16:16:12 -0400] "POST /wp-cron.php?doing_wp_cron=1750364172.9126191139221191406250 HTTP/1.1" 200 - "-" "WordPress/6.6.2; https://pur-tungsten.com"
192.178.4.97 - - [19/Jun/2025:16:16:46 -0400] "GET /s/img/wp-content/uploads/2020/04/pellets-scaled-270x178.jpg HTTP/1.1" 304 - "-" "Googlebot-Image/1.0"
68.80.130.70 - - [19/Jun/2025:16:18:11 -0400] "POST /wp-admin/admin-ajax.php HTTP/2.0" 200 47 "https://pur-tungsten.com/wp-admin/" "Mozilla/5.0 (Windows NT 10.0; Win64; x64) AppleWebKit/537.36 (KHTML, like Gecko) Chrome/136.0.0.0 Safari/537.36"
70.39.147.11 - - [19/Jun/2025:16:18:13 -0400] "POST /wp-cron.php?doing_wp_cron=1750364293.9306430816650390625000 HTTP/1.1" 200 - "-" "WordPress/6.6.2; https://pur-tungsten.com"
68.80.130.70 - - [19/Jun/2025:16:20:13 -0400] "POST /wp-admin/admin-ajax.php HTTP/2.0" 200 47 "https://pur-tungsten.com/wp-admin/" "Mozilla/5.0 (Windows NT 10.0; Win64; x64) AppleWebKit/537.36 (KHTML, like Gecko) Chrome/136.0.0.0 Safari/537.36"
70.39.147.11 - - [19/Jun/2025:16:20:16 -0400] "POST /wp-cron.php?doing_wp_cron=1750364416.0639169216156005859375 HTTP/1.1" 200 - "-" "WordPress/6.6.2; https://pur-tungsten.com"
43.135.148.92 - - [19/Jun/2025:16:20:40 -0400] "GET /search/feed/rss2/ HTTP/1.1" 200 874 "-" "Mozilla/5.0 (iPhone; CPU iPhone OS 13_2_3 like Mac OS X) AppleWebKit/605.1.15 (KHTML, like Gecko) Version/13.0.3 Mobile/15E148 Safari/604.1"
68.80.130.70 - - [19/Jun/2025:16:21:14 -0400] "POST /wp-admin/admin-ajax.php HTTP/2.0" 200 47 "https://pur-tungsten.com/wp-admin/" "Mozilla/5.0 (Windows NT 10.0; Win64; x64) AppleWebKit/537.36 (KHTML, like Gecko) Chrome/136.0.0.0 Safari/537.36"
70.39.147.11 - - [19/Jun/2025:16:21:16 -0400] "POST /wp-cron.php?doing_wp_cron=1750364476.5584599971771240234375 HTTP/1.1" 200 - "-" "WordPress/6.6.2; https://pur-tungsten.com"
186.194.23.232 - - [19/Jun/2025:16:22:05 -0400] "GET /products/industrial-products/tig-welding/ HTTP/1.1" 200 13081 "-" "Mozilla/5.0 (iPad; CPU OS 17_0_3 like Mac OS X) AppleWebKit/605.1.15 (KHTML, like Gecko) Version/17.0.1 Mobile/15E148 Safari/604.1"
51.222.253.18 - - [19/Jun/2025:16:22:23 -0400] "GET /product/ar-308-lanodized-light-gold-buffer/ HTTP/2.0" 200 13885 "-" "Mozilla/5.0 (compatible; AhrefsBot/7.0; +http://ahrefs.com/robot/)"
192.178.4.96 - - [19/Jun/2025:16:23:08 -0400] "GET /wp-content/uploads/2020/08/bufferWeightsSm1-e1604677249751-270x178.jpg HTTP/1.1" 304 - "-" "Googlebot-Image/1.0"
68.80.130.70 - - [19/Jun/2025:16:23:14 -0400] "POST /wp-admin/admin-ajax.php HTTP/2.0" 200 47 "https://pur-tungsten.com/wp-admin/" "Mozilla/5.0 (Windows NT 10.0; Win64; x64) AppleWebKit/537.36 (KHTML, like Gecko) Chrome/136.0.0.0 Safari/537.36"
70.39.147.11 - - [19/Jun/2025:16:23:17 -0400] "POST /wp-cron.php?doing_wp_cron=1750364596.9440839290618896484375 HTTP/1.1" 200 - "-" "WordPress/6.6.2; https://pur-tungsten.com"
68.80.130.70 - - [19/Jun/2025:16:25:16 -0400] "POST /wp-admin/admin-ajax.php HTTP/2.0" 200 47 "https://pur-tungsten.com/wp-admin/" "Mozilla/5.0 (Windows NT 10.0; Win64; x64) AppleWebKit/537.36 (KHTML, like Gecko) Chrome/136.0.0.0 Safari/537.36"
70.39.147.11 - - [19/Jun/2025:16:25:18 -0400] "POST /wp-cron.php?doing_wp_cron=1750364718.5678160190582275390625 HTTP/1.1" 200 - "-" "WordPress/6.6.2; https://pur-tungsten.com"
68.80.130.70 - - [19/Jun/2025:16:27:16 -0400] "POST /wp-admin/admin-ajax.php HTTP/2.0" 200 47 "https://pur-tungsten.com/wp-admin/" "Mozilla/5.0 (Windows NT 10.0; Win64; x64) AppleWebKit/537.36 (KHTML, like Gecko) Chrome/136.0.0.0 Safari/537.36"
70.39.147.11 - - [19/Jun/2025:16:27:19 -0400] "POST /wp-cron.php?doing_wp_cron=1750364839.1118249893188476562500 HTTP/1.1" 200 - "-" "WordPress/6.6.2; https://pur-tungsten.com"
68.80.130.70 - - [19/Jun/2025:16:29:17 -0400] "POST /wp-admin/admin-ajax.php HTTP/2.0" 200 47 "https://pur-tungsten.com/wp-admin/" "Mozilla/5.0 (Windows NT 10.0; Win64; x64) AppleWebKit/537.36 (KHTML, like Gecko) Chrome/136.0.0.0 Safari/537.36"
70.39.147.11 - - [19/Jun/2025:16:29:19 -0400] "POST /wp-cron.php?doing_wp_cron=1750364959.9591100215911865234375 HTTP/1.1" 200 - "-" "WordPress/6.6.2; https://pur-tungsten.com"
94.207.194.54 - - [19/Jun/2025:16:30:49 -0400] "GET /product/heavy-ar-15-rifle-buffers-anodized-black-gold/ HTTP/1.1" 200 16360 "-" "Mozilla/5.0 (Linux; Android 10; K) AppleWebKit/537.36 (KHTML, like Gecko) Chrome/122.0.0.0 Mobile Safari/537.36"
70.39.147.11 - - [19/Jun/2025:16:30:51 -0400] "POST /wp-cron.php?doing_wp_cron=1750365050.9867599010467529296875 HTTP/1.1" 200 - "-" "WordPress/6.6.2; https://pur-tungsten.com"
43.130.37.243 - - [19/Jun/2025:16:32:50 -0400] "GET /product/pinewood-derby-tungsten-weights-cylinders/ HTTP/1.1" 200 14786 "-" "Mozilla/5.0 (iPhone; CPU iPhone OS 13_2_3 like Mac OS X) AppleWebKit/605.1.15 (KHTML, like Gecko) Version/13.0.3 Mobile/15E148 Safari/604.1"
51.222.253.16 - - [19/Jun/2025:16:32:53 -0400] "GET /product/ar-308-anodized-buffer-2-2oz/ HTTP/2.0" 200 16217 "-" "Mozilla/5.0 (compatible; AhrefsBot/7.0; +http://ahrefs.com/robot/)"
70.39.147.11 - - [19/Jun/2025:16:40:37 -0400] "POST /wp-cron.php?doing_wp_cron=1750365637.0433309078216552734375 HTTP/1.1" 200 - "-" "WordPress/6.6.2; https://pur-tungsten.com"
43.166.136.202 - - [19/Jun/2025:16:40:35 -0400] "GET /wp-json/wp/v2/pages/56 HTTP/1.1" 200 319625 "-" "Mozilla/5.0 (iPhone; CPU iPhone OS 13_2_3 like Mac OS X) AppleWebKit/605.1.15 (KHTML, like Gecko) Version/13.0.3 Mobile/15E148 Safari/604.1"
51.222.253.7 - - [19/Jun/2025:16:43:12 -0400] "GET /product/ar-308-gold-anodized-buffer-2-4oz/ HTTP/2.0" 200 14116 "-" "Mozilla/5.0 (compatible; AhrefsBot/7.0; +http://ahrefs.com/robot/)"
138.246.253.24 - - [19/Jun/2025:16:44:09 -0400] "GET /robots.txt HTTP/1.1" 200 67 "-" "Mozilla/5.0 (Windows NT 10.0; Win64; x64) AppleWebKit/537.36 (KHTML, like Gecko) Chrome/103.0.5060.134 Safari/537.36"
187.73.203.123 - - [19/Jun/2025:16:46:21 -0400] "GET /product/tungsten-putty-1-oz/ HTTP/1.1" 200 14307 "-" "Mozilla/5.0 (Windows NT 10.0; Win64; x64) AppleWebKit/537.36 (KHTML, like Gecko) Chrome/121.0.0.0 Safari/537.36 Edg/121.0.0.0"
70.39.147.11 - - [19/Jun/2025:16:46:23 -0400] "POST /wp-cron.php?doing_wp_cron=1750365983.1157469749450683593750 HTTP/1.1" 200 - "-" "WordPress/6.6.2; https://pur-tungsten.com"
192.178.4.105 - - [19/Jun/2025:16:46:46 -0400] "GET /wp-content/uploads/2018/02/WW-red.jpg?sw=2200&sh=2500 HTTP/1.1" 200 76795 "-" "Googlebot-Image/1.0"
43.153.47.201 - - [19/Jun/2025:16:50:17 -0400] "GET /careers/embed/ HTTP/1.1" 200 7866 "-" "Mozilla/5.0 (iPhone; CPU iPhone OS 13_2_3 like Mac OS X) AppleWebKit/605.1.15 (KHTML, like Gecko) Version/13.0.3 Mobile/15E148 Safari/604.1"
70.39.147.11 - - [19/Jun/2025:16:50:19 -0400] "POST /wp-cron.php?doing_wp_cron=1750366219.4159760475158691406250 HTTP/1.1" 200 - "-" "WordPress/6.6.2; https://pur-tungsten.com"
4.227.36.54 - - [19/Jun/2025:16:50:42 -0400] "GET /robots.txt HTTP/2.0" 200 67 "-" "Mozilla/5.0 AppleWebKit/537.36 (KHTML, like Gecko; compatible; GPTBot/1.2; +https://openai.com/gptbot)"
51.222.253.2 - - [19/Jun/2025:16:53:34 -0400] "GET /product/short-tungsten-recoil-buffer-weights-3-pack-1oz-each/ HTTP/2.0" 200 15296 "-" "Mozilla/5.0 (compatible; AhrefsBot/7.0; +http://ahrefs.com/robot/)"
65.56.110.79 - - [19/Jun/2025:16:54:00 -0400] "GET /wp-content/uploads/2019/01/Cyl-DW-270x178.jpg HTTP/1.1" 200 8746 "-" "Mozilla/5.0 (X11; Ubuntu; Linux x86_64; rv:72.0) Gecko/20100101 Firefox/72.0"
168.228.204.156 - - [19/Jun/2025:16:55:41 -0400] "GET /product/tungsten-putty-1-oz/?add-to-cart=281 HTTP/1.1" 302 - "-" "Mozilla/5.0 (Windows NT 10.0; Win64; x64) AppleWebKit/537.36 (KHTML, like Gecko) Chrome/121.0.0.0 Safari/537.36 Edg/121.0.0.0"
70.39.147.11 - - [19/Jun/2025:16:55:52 -0400] "POST /wp-cron.php?doing_wp_cron=1750366552.1301119327545166015625 HTTP/1.1" 200 - "-" "WordPress/6.6.2; https://pur-tungsten.com"
201.187.169.224 - - [19/Jun/2025:16:55:50 -0400] "GET /cart/ HTTP/1.1" 200 48518 "-" "Mozilla/5.0 (Windows NT 10.0; Win64; x64) AppleWebKit/537.36 (KHTML, like Gecko) Chrome/121.0.0.0 Safari/537.36 Edg/121.0.0.0"
54.37.252.137 - - [19/Jun/2025:16:56:04 -0400] "GET /robots.txt HTTP/1.1" 200 67 "-" "Mozilla/5.0 (compatible; MJ12bot/v1.4.8; http://mj12bot.com/)"
54.37.252.137 - - [19/Jun/2025:16:56:06 -0400] "GET /checkout/ HTTP/1.1" 302 - "-" "Mozilla/5.0 (compatible; MJ12bot/v1.4.8; http://mj12bot.com/)"
70.39.147.11 - - [19/Jun/2025:16:56:08 -0400] "POST /wp-cron.php?doing_wp_cron=1750366568.0128250122070312500000 HTTP/1.1" 200 - "-" "WordPress/6.6.2; https://pur-tungsten.com"
54.37.252.137 - - [19/Jun/2025:16:56:13 -0400] "GET /cart/ HTTP/1.1" 200 48536 "-" "Mozilla/5.0 (compatible; MJ12bot/v1.4.8; http://mj12bot.com/)"
213.180.203.37 - - [19/Jun/2025:16:58:12 -0400] "GET /robots.txt HTTP/1.1" 200 67 "-" "Mozilla/5.0 (compatible; YandexBot/3.0; +http://yandex.com/bots)"
5.255.231.113 - - [19/Jun/2025:16:58:13 -0400] "GET /product/tungsten-recoil-buffer-weights/feed/ HTTP/1.1" 200 7537 "-" "Mozilla/5.0 (compatible; YandexBot/3.0; +http://yandex.com/bots)"
70.39.147.11 - - [19/Jun/2025:16:58:14 -0400] "POST /wp-cron.php?doing_wp_cron=1750366694.9681351184844970703125 HTTP/1.1" 200 - "-" "WordPress/6.6.2; https://pur-tungsten.com"
40.77.167.254 - - [19/Jun/2025:17:03:56 -0400] "GET /product/tungsten-fishing-worm-weights-bulk-1lb-bags-black/ HTTP/2.0" 200 16220 "-" "Mozilla/5.0 AppleWebKit/537.36 (KHTML, like Gecko; compatible; bingbot/2.0; +http://www.bing.com/bingbot.htm) Chrome/116.0.1938.76 Safari/537.36"
51.222.253.9 - - [19/Jun/2025:17:04:21 -0400] "GET /product/tungsten-gen-1-silent-captured-spring-buffer-weights/ HTTP/2.0" 200 14071 "-" "Mozilla/5.0 (compatible; AhrefsBot/7.0; +http://ahrefs.com/robot/)"
20.171.207.243 - - [19/Jun/2025:17:04:43 -0400] "GET / HTTP/2.0" 301 - "-" "Mozilla/5.0 AppleWebKit/537.36 (KHTML, like Gecko; compatible; GPTBot/1.2; +https://openai.com/gptbot)"
70.39.147.11 - - [19/Jun/2025:17:04:45 -0400] "POST /wp-cron.php?doing_wp_cron=1750367085.1926009654998779296875 HTTP/1.1" 200 - "-" "WordPress/6.6.2; https://pur-tungsten.com"
174.201.235.105 - - [19/Jun/2025:17:05:07 -0400] "GET / HTTP/2.0" 200 22619 "-" "Mozilla/5.0 (Macintosh; Intel Mac OS X 10_11_1) AppleWebKit/601.2.4 (KHTML, like Gecko) Version/9.0.1 Safari/601.2.4 facebookexternalhit/1.1 Facebot Twitterbot/1.0"
20.171.207.144 - - [19/Jun/2025:17:05:58 -0400] "GET / HTTP/2.0" 200 22619 "-" "Mozilla/5.0 AppleWebKit/537.36 (KHTML, like Gecko; compatible; GPTBot/1.2; +https://openai.com/gptbot)"
4.227.36.32 - - [19/Jun/2025:17:07:41 -0400] "GET /robots.txt HTTP/2.0" 200 67 "-" "Mozilla/5.0 AppleWebKit/537.36 (KHTML, like Gecko; compatible; GPTBot/1.2; +https://openai.com/gptbot)"
47.128.122.114 - - [19/Jun/2025:17:10:01 -0400] "GET /product/tig-welding-tungsten-electrodes/ HTTP/2.0" 301 - "-" "Mozilla/5.0 (Linux; Android 5.0) AppleWebKit/537.36 (KHTML, like Gecko) Mobile Safari/537.36 (compatible; TikTokSpider; ttspider-feedback@tiktok.com)"
47.128.122.114 - - [19/Jun/2025:17:10:04 -0400] "GET /product/tig-welding-tungsten-electrodes-ceriated/ HTTP/2.0" 200 16138 "-" "Mozilla/5.0 (Linux; Android 5.0) AppleWebKit/537.36 (KHTML, like Gecko) Mobile Safari/537.36 (compatible; TikTokSpider; ttspider-feedback@tiktok.com)"
20.171.207.188 - - [19/Jun/2025:17:10:01 -0400] "GET / HTTP/2.0" 301 - "-" "Mozilla/5.0 AppleWebKit/537.36 (KHTML, like Gecko; compatible; GPTBot/1.2; +https://openai.com/gptbot)"
70.39.147.11 - - [19/Jun/2025:17:10:03 -0400] "POST /wp-cron.php?doing_wp_cron=1750367403.5036909580230712890625 HTTP/1.1" 200 - "-" "WordPress/6.6.2; https://pur-tungsten.com"
47.128.122.114 - - [19/Jun/2025:17:10:05 -0400] "GET /s/ed70e8.css HTTP/2.0" 200 14637 "https://pur-tungsten.com/product/tig-welding-tungsten-electrodes-ceriated/" "Mozilla/5.0 (Linux; Android 5.0) AppleWebKit/537.36 (KHTML, like Gecko) Mobile Safari/537.36 (compatible; TikTokSpider; ttspider-feedback@tiktok.com)"
47.128.122.114 - - [19/Jun/2025:17:10:06 -0400] "GET /s/0d9c36.css HTTP/2.0" 200 12650 "https://pur-tungsten.com/product/tig-welding-tungsten-electrodes-ceriated/" "Mozilla/5.0 (Linux; Android 5.0) AppleWebKit/537.36 (KHTML, like Gecko) Mobile Safari/537.36 (compatible; TikTokSpider; ttspider-feedback@tiktok.com)"
47.128.122.114 - - [19/Jun/2025:17:10:07 -0400] "GET /s/661c7b.css HTTP/2.0" 200 32263 "https://pur-tungsten.com/product/tig-welding-tungsten-electrodes-ceriated/" "Mozilla/5.0 (Linux; Android 5.0) AppleWebKit/537.36 (KHTML, like Gecko) Mobile Safari/537.36 (compatible; TikTokSpider; ttspider-feedback@tiktok.com)"
47.128.122.114 - - [19/Jun/2025:17:10:07 -0400] "GET /s/82f1d4.css HTTP/2.0" 200 2717 "https://pur-tungsten.com/product/tig-welding-tungsten-electrodes-ceriated/" "Mozilla/5.0 (Linux; Android 5.0) AppleWebKit/537.36 (KHTML, like Gecko) Mobile Safari/537.36 (compatible; TikTokSpider; ttspider-feedback@tiktok.com)"
47.128.122.114 - - [19/Jun/2025:17:10:08 -0400] "GET /s/6c1864.css HTTP/2.0" 200 3955 "https://pur-tungsten.com/product/tig-welding-tungsten-electrodes-ceriated/" "Mozilla/5.0 (Linux; Android 5.0) AppleWebKit/537.36 (KHTML, like Gecko) Mobile Safari/537.36 (compatible; TikTokSpider; ttspider-feedback@tiktok.com)"
47.128.122.114 - - [19/Jun/2025:17:10:08 -0400] "GET /s/img/wp-content/uploads/2021/07/pur_tungsten_header_logo-166x90.png HTTP/2.0" 206 500 "https://pur-tungsten.com/product/tig-welding-tungsten-electrodes-ceriated/" "Mozilla/5.0 (Linux; Android 5.0) AppleWebKit/537.36 (KHTML, like Gecko) Mobile Safari/537.36 (compatible; TikTokSpider; ttspider-feedback@tiktok.com)"
47.128.122.114 - - [19/Jun/2025:17:10:09 -0400] "GET /s/img/wp-content/uploads/2017/12/THORIATED-100x100.jpg HTTP/2.0" 206 500 "https://pur-tungsten.com/product/tig-welding-tungsten-electrodes-ceriated/" "Mozilla/5.0 (Linux; Android 5.0) AppleWebKit/537.36 (KHTML, like Gecko) Mobile Safari/537.36 (compatible; TikTokSpider; ttspider-feedback@tiktok.com)"
47.128.122.114 - - [19/Jun/2025:17:10:10 -0400] "GET /s/img/wp-content/uploads/2017/12/TIGgray-640x640.jpg HTTP/2.0" 206 500 "https://pur-tungsten.com/product/tig-welding-tungsten-electrodes-ceriated/" "Mozilla/5.0 (Linux; Android 5.0) AppleWebKit/537.36 (KHTML, like Gecko) Mobile Safari/537.36 (compatible; TikTokSpider; ttspider-feedback@tiktok.com)"
47.128.122.114 - - [19/Jun/2025:17:10:10 -0400] "GET /s/e4f995.css HTTP/2.0" 200 2536 "https://pur-tungsten.com/product/tig-welding-tungsten-electrodes-ceriated/" "Mozilla/5.0 (Linux; Android 5.0) AppleWebKit/537.36 (KHTML, like Gecko) Mobile Safari/537.36 (compatible; TikTokSpider; ttspider-feedback@tiktok.com)"
47.128.122.114 - - [19/Jun/2025:17:10:11 -0400] "GET /wp-content/uploads/2017/12/TIGgray.jpg HTTP/2.0" 206 500 "https://pur-tungsten.com/product/tig-welding-tungsten-electrodes-ceriated/" "Mozilla/5.0 (Linux; Android 5.0) AppleWebKit/537.36 (KHTML, like Gecko) Mobile Safari/537.36 (compatible; TikTokSpider; ttspider-feedback@tiktok.com)"
47.128.122.114 - - [19/Jun/2025:17:10:12 -0400] "GET /s/img/wp-content/uploads/2020/03/TIGred-270x178.jpg HTTP/2.0" 206 500 "https://pur-tungsten.com/product/tig-welding-tungsten-electrodes-ceriated/" "Mozilla/5.0 (Linux; Android 5.0) AppleWebKit/537.36 (KHTML, like Gecko) Mobile Safari/537.36 (compatible; TikTokSpider; ttspider-feedback@tiktok.com)"
47.128.122.114 - - [19/Jun/2025:17:10:13 -0400] "GET /s/img/wp-content/uploads/2017/12/TIGblue-2-270x178.jpg HTTP/2.0" 206 500 "https://pur-tungsten.com/product/tig-welding-tungsten-electrodes-ceriated/" "Mozilla/5.0 (Linux; Android 5.0) AppleWebKit/537.36 (KHTML, like Gecko) Mobile Safari/537.36 (compatible; TikTokSpider; ttspider-feedback@tiktok.com)"
47.128.122.114 - - [19/Jun/2025:17:10:13 -0400] "GET /s/img/wp-content/uploads/2021/07/Pur_Tunngsten_logo_PNG_NEW-500x208.png HTTP/2.0" 206 500 "https://pur-tungsten.com/product/tig-welding-tungsten-electrodes-ceriated/" "Mozilla/5.0 (Linux; Android 5.0) AppleWebKit/537.36 (KHTML, like Gecko) Mobile Safari/537.36 (compatible; TikTokSpider; ttspider-feedback@tiktok.com)"
47.128.122.114 - - [19/Jun/2025:17:10:13 -0400] "GET /s/img/wp-content/uploads/2020/04/itar-208x178.png HTTP/2.0" 206 500 "https://pur-tungsten.com/product/tig-welding-tungsten-electrodes-ceriated/" "Mozilla/5.0 (Linux; Android 5.0) AppleWebKit/537.36 (KHTML, like Gecko) Mobile Safari/537.36 (compatible; TikTokSpider; ttspider-feedback@tiktok.com)"
51.68.248.18 - - [19/Jun/2025:17:11:58 -0400] "GET /wp-content/uploads/2018/01/iCUBES-270x178.jpg HTTP/1.1" 200 6105 "-" "Mozilla/5.0 (X11; Ubuntu; Linux x86_64; rv:72.0) Gecko/20100101 Firefox/72.0"
47.128.16.123 - - [19/Jun/2025:17:14:06 -0400] "GET /robots.txt HTTP/2.0" 200 67 "-" "Go-http-client/2.0"
51.222.253.6 - - [19/Jun/2025:17:14:56 -0400] "GET /product/steel-h-carbine-buffers/ HTTP/2.0" 200 24455 "-" "Mozilla/5.0 (compatible; AhrefsBot/7.0; +http://ahrefs.com/robot/)"
192.178.4.105 - - [19/Jun/2025:17:18:29 -0400] "GET /product/tungsten-carbide-circular-saw-blades/ HTTP/1.1" 200 13836 "-" "Mozilla/5.0 (Linux; Android 6.0.1; Nexus 5X Build/MMB29P) AppleWebKit/537.36 (KHTML, like Gecko) Chrome/137.0.7151.103 Mobile Safari/537.36 (compatible; Googlebot/2.1; +http://www.google.com/bot.html)"
70.39.147.11 - - [19/Jun/2025:17:18:31 -0400] "POST /wp-cron.php?doing_wp_cron=1750367911.7189390659332275390625 HTTP/1.1" 200 - "-" "WordPress/6.6.2; https://pur-tungsten.com"
192.178.4.96 - - [19/Jun/2025:17:18:47 -0400] "GET /s/661c7b.css HTTP/1.1" 200 32263 "https://pur-tungsten.com/product/tungsten-carbide-circular-saw-blades/" "Mozilla/5.0 (Linux; Android 6.0.1; Nexus 5X Build/MMB29P) AppleWebKit/537.36 (KHTML, like Gecko) Chrome/137.0.7151.68 Mobile Safari/537.36 (compatible; Googlebot/2.1; +http://www.google.com/bot.html)"
192.178.4.105 - - [19/Jun/2025:17:18:49 -0400] "GET /s/55fc3f.js HTTP/1.1" 200 25523 "https://pur-tungsten.com/product/tungsten-carbide-circular-saw-blades/" "Mozilla/5.0 (Linux; Android 6.0.1; Nexus 5X Build/MMB29P) AppleWebKit/537.36 (KHTML, like Gecko) Chrome/137.0.7151.68 Mobile Safari/537.36 (compatible; Googlebot/2.1; +http://www.google.com/bot.html)"
192.178.4.97 - - [19/Jun/2025:17:19:11 -0400] "GET /s/55fc3f.js HTTP/1.1" 200 25523 "https://pur-tungsten.com/product/tungsten-carbide-circular-saw-blades/" "Mozilla/5.0 (Linux; Android 6.0.1; Nexus 5X Build/MMB29P) AppleWebKit/537.36 (KHTML, like Gecko) Chrome/137.0.7151.68 Mobile Safari/537.36 (compatible; Googlebot/2.1; +http://www.google.com/bot.html)"
14.191.211.97 - - [19/Jun/2025:17:22:47 -0400] "GET /product/tungsten-recoil-buffer-weights/?add-to-cart=15531 HTTP/1.1" 200 27418 "-" "Mozilla/5.0 (Macintosh; Intel Mac OS X 10_15) AppleWebKit/605.1.15 (KHTML, like Gecko) Version/17.0 DuckDuckGo/7 Safari/605.1.15"
70.39.147.11 - - [19/Jun/2025:17:22:49 -0400] "POST /wp-cron.php?doing_wp_cron=1750368169.4114360809326171875000 HTTP/1.1" 200 - "-" "WordPress/6.6.2; https://pur-tungsten.com"
51.222.253.5 - - [19/Jun/2025:17:25:17 -0400] "GET /product/ar-15-rifle-buffer-tubes-anodized-black/ HTTP/2.0" 200 13971 "-" "Mozilla/5.0 (compatible; AhrefsBot/7.0; +http://ahrefs.com/robot/)"
192.178.4.97 - - [19/Jun/2025:17:26:07 -0400] "GET /s/img/wp-content/uploads/2020/03/ar3082.5gold-270x178.jpg HTTP/1.1" 304 - "-" "Googlebot-Image/1.0"
108.196.236.99 - - [19/Jun/2025:17:26:26 -0400] "GET /s/img/wp-content/uploads/2018/01/BW.jpg HTTP/2.0" 200 326883 "https://images.search.yahoo.com/" "Mozilla/5.0 (Macintosh; Intel Mac OS X 10_15_7) AppleWebKit/605.1.15 (KHTML, like Gecko) Version/18.5 Safari/605.1.15"
45.196.47.82 - - [19/Jun/2025:17:30:21 -0400] "GET / HTTP/2.0" 301 - "-" "Mozilla/5.0 (Macintosh; Intel Mac OS X 10_15_7) AppleWebKit/537.36 (KHTML, like Gecko) Chrome/123.0.0.0 Safari/537.36"
45.196.47.82 - - [19/Jun/2025:17:30:24 -0400] "GET / HTTP/2.0" 200 22619 "-" "Mozilla/5.0 (Macintosh; Intel Mac OS X 10_15_7) AppleWebKit/537.36 (KHTML, like Gecko) Chrome/123.0.0.0 Safari/537.36"
3.224.104.67 - - [19/Jun/2025:17:31:02 -0400] "GET /products/consumer-products/paper-weights/ HTTP/1.1" 200 11724 "-" "Mozilla/5.0 AppleWebKit/537.36 (KHTML, like Gecko; compatible; Amazonbot/0.1; +https://developer.amazon.com/support/amazonbot) Chrome/119.0.6045.214 Safari/537.36"
40.77.167.27 - - [19/Jun/2025:17:33:49 -0400] "GET /product/ar-308-anodized-buffer-2-2oz/ HTTP/2.0" 200 16217 "-" "Mozilla/5.0 AppleWebKit/537.36 (KHTML, like Gecko; compatible; bingbot/2.0; +http://www.bing.com/bingbot.htm) Chrome/116.0.1938.76 Safari/537.36"
51.222.253.8 - - [19/Jun/2025:17:35:18 -0400] "GET /s/img/wp-content/uploads/2020/ HTTP/2.0" 200 447 "-" "Mozilla/5.0 (compatible; AhrefsBot/7.0; +http://ahrefs.com/robot/)"
13.251.39.246 - - [19/Jun/2025:17:37:34 -0400] "GET /s/img/wp-content/uploads/2018/08/burrthumb-e1535032193919.jpg.webp HTTP/2.0" 200 6270 "-" "Mozilla/5.0 (compatible; imageSpider; scrapedia-receive@bytedance.com)"
20.171.207.144 - - [19/Jun/2025:17:37:45 -0400] "GET / HTTP/2.0" 200 22619 "-" "Mozilla/5.0 AppleWebKit/537.36 (KHTML, like Gecko; compatible; GPTBot/1.2; +https://openai.com/gptbot)"
192.178.4.105 - - [19/Jun/2025:17:39:16 -0400] "GET /product/short-tungsten-buffer-weights-3-pack-half-oz-each/ HTTP/1.1" 301 - "-" "Mozilla/5.0 (Linux; Android 6.0.1; Nexus 5X Build/MMB29P) AppleWebKit/537.36 (KHTML, like Gecko) Chrome/137.0.7151.103 Mobile Safari/537.36 (compatible; Googlebot/2.1; +http://www.google.com/bot.html)"
70.39.147.11 - - [19/Jun/2025:17:39:18 -0400] "POST /wp-cron.php?doing_wp_cron=1750369158.1949319839477539062500 HTTP/1.1" 200 - "-" "WordPress/6.6.2; https://pur-tungsten.com"
114.119.141.116 - - [19/Jun/2025:17:39:11 -0400] "GET /s/2d71b4.js HTTP/1.1" 200 628121 "https://pur-tungsten.com/s/?C=N%3BO%3DD" "Mozilla/5.0 (Linux; Android 7.0;) AppleWebKit/537.36 (KHTML, like Gecko) Mobile Safari/537.36 (compatible; PetalBot;+https://webmaster.petalsearch.com/site/petalbot)"
182.42.105.144 - - [19/Jun/2025:17:41:17 -0400] "GET / HTTP/1.1" 301 - "http://www.pur-tungsten.com" "Mozilla/5.0 (iPhone; CPU iPhone OS 13_2_3 like Mac OS X) AppleWebKit/605.1.15 (KHTML, like Gecko) Version/13.0.3 Mobile/15E148 Safari/604.1"
70.39.147.11 - - [19/Jun/2025:17:41:18 -0400] "POST /wp-cron.php?doing_wp_cron=1750369278.9774529933929443359375 HTTP/1.1" 200 - "-" "WordPress/6.6.2; https://pur-tungsten.com"
182.42.105.144 - - [19/Jun/2025:17:41:22 -0400] "GET / HTTP/1.1" 200 22637 "https://www.pur-tungsten.com/" "Mozilla/5.0 (iPhone; CPU iPhone OS 13_2_3 like Mac OS X) AppleWebKit/605.1.15 (KHTML, like Gecko) Version/13.0.3 Mobile/15E148 Safari/604.1"
57.141.0.23 - - [19/Jun/2025:17:42:27 -0400] "GET /?product-page=2 HTTP/2.0" 200 140202 "-" "meta-externalagent/1.1 (+https://developers.facebook.com/docs/sharing/webmasters/crawler)"
70.39.147.11 - - [19/Jun/2025:17:42:28 -0400] "POST /wp-cron.php?doing_wp_cron=1750369348.9497621059417724609375 HTTP/1.1" 200 - "-" "WordPress/6.6.2; https://pur-tungsten.com"
164.163.44.186 - - [19/Jun/2025:17:42:35 -0400] "GET /product/tungsten-gen-1-silent-captured-spring-buffer-weights/ HTTP/1.1" 200 14071 "-" "Mozilla/5.0 (iPhone; CPU iPhone OS 17_1 like Mac OS X) AppleWebKit/605.1.15 (KHTML, like Gecko) EdgiOS/118.0.2088.68 Version/17.0 Mobile/15E148 Safari/604.1"
52.167.144.222 - - [19/Jun/2025:17:43:09 -0400] "GET /products/consumer-products/ HTTP/2.0" 200 12007 "-" "Mozilla/5.0 AppleWebKit/537.36 (KHTML, like Gecko; compatible; bingbot/2.0; +http://www.bing.com/bingbot.htm) Chrome/116.0.1938.76 Safari/537.36"
