68.80.130.70 - - [19/Jun/2025:10:23:16 -0400] "GET /wp-includes/js/media-audiovideo.min.js?ver=b40c877adaf33178f81362b457652bd7 HTTP/2.0" 200 3363 "https://pur-tungsten.com/wp-admin/" "Mozilla/5.0 (Windows NT 10.0; Win64; x64) AppleWebKit/537.36 (KHTML, like Gecko) Chrome/136.0.0.0 Safari/537.36"
68.80.130.70 - - [19/Jun/2025:10:23:16 -0400] "GET /wp-includes/js/imgareaselect/jquery.imgareaselect.min.js?ver=b40c877adaf33178f81362b457652bd7 HTTP/2.0" 200 3718 "https://pur-tungsten.com/wp-admin/" "Mozilla/5.0 (Windows NT 10.0; Win64; x64) AppleWebKit/537.36 (KHTML, like Gecko) Chrome/136.0.0.0 Safari/537.36"
68.80.130.70 - - [19/Jun/2025:10:23:17 -0400] "GET /wp-admin/js/image-edit.min.js?ver=6.6.2 HTTP/2.0" 200 14639 "https://pur-tungsten.com/wp-admin/" "Mozilla/5.0 (Windows NT 10.0; Win64; x64) AppleWebKit/537.36 (KHTML, like Gecko) Chrome/136.0.0.0 Safari/537.36"
68.80.130.70 - - [19/Jun/2025:10:23:17 -0400] "GET /wp-includes/js/jquery/ui/accordion.min.js?ver=1.13.3 HTTP/2.0" 200 2783 "https://pur-tungsten.com/wp-admin/" "Mozilla/5.0 (Windows NT 10.0; Win64; x64) AppleWebKit/537.36 (KHTML, like Gecko) Chrome/136.0.0.0 Safari/537.36"
68.80.130.70 - - [19/Jun/2025:10:23:17 -0400] "GET /wp-includes/js/jquery/ui/resizable.min.js?ver=1.13.3 HTTP/2.0" 200 5354 "https://pur-tungsten.com/wp-admin/" "Mozilla/5.0 (Windows NT 10.0; Win64; x64) AppleWebKit/537.36 (KHTML, like Gecko) Chrome/136.0.0.0 Safari/537.36"
68.80.130.70 - - [19/Jun/2025:10:23:17 -0400] "GET /wp-includes/js/jquery/ui/controlgroup.min.js?ver=1.13.3 HTTP/2.0" 200 1606 "https://pur-tungsten.com/wp-admin/" "Mozilla/5.0 (Windows NT 10.0; Win64; x64) AppleWebKit/537.36 (KHTML, like Gecko) Chrome/136.0.0.0 Safari/537.36"
68.80.130.70 - - [19/Jun/2025:10:23:17 -0400] "GET /wp-includes/js/jquery/ui/checkboxradio.min.js?ver=1.13.3 HTTP/2.0" 200 1422 "https://pur-tungsten.com/wp-admin/" "Mozilla/5.0 (Windows NT 10.0; Win64; x64) AppleWebKit/537.36 (KHTML, like Gecko) Chrome/136.0.0.0 Safari/537.36"
68.80.130.70 - - [19/Jun/2025:10:23:17 -0400] "GET /wp-includes/js/jquery/ui/draggable.min.js?ver=1.13.3 HTTP/2.0" 200 4875 "https://pur-tungsten.com/wp-admin/" "Mozilla/5.0 (Windows NT 10.0; Win64; x64) AppleWebKit/537.36 (KHTML, like Gecko) Chrome/136.0.0.0 Safari/537.36"
68.80.130.70 - - [19/Jun/2025:10:23:17 -0400] "GET /wp-includes/js/jquery/ui/button.min.js?ver=1.13.3 HTTP/2.0" 200 1979 "https://pur-tungsten.com/wp-admin/" "Mozilla/5.0 (Windows NT 10.0; Win64; x64) AppleWebKit/537.36 (KHTML, like Gecko) Chrome/136.0.0.0 Safari/537.36"
68.80.130.70 - - [19/Jun/2025:10:23:17 -0400] "GET /wp-includes/js/jquery/ui/slider.min.js?ver=1.13.3 HTTP/2.0" 200 3138 "https://pur-tungsten.com/wp-admin/" "Mozilla/5.0 (Windows NT 10.0; Win64; x64) AppleWebKit/537.36 (KHTML, like Gecko) Chrome/136.0.0.0 Safari/537.36"
68.80.130.70 - - [19/Jun/2025:10:23:17 -0400] "GET /wp-includes/js/jquery/ui/dialog.min.js?ver=1.13.3 HTTP/2.0" 200 3832 "https://pur-tungsten.com/wp-admin/" "Mozilla/5.0 (Windows NT 10.0; Win64; x64) AppleWebKit/537.36 (KHTML, like Gecko) Chrome/136.0.0.0 Safari/537.36"
68.80.130.70 - - [19/Jun/2025:10:23:17 -0400] "GET /wp-includes/js/jquery/ui/menu.min.js?ver=1.13.3 HTTP/2.0" 200 3058 "https://pur-tungsten.com/wp-admin/" "Mozilla/5.0 (Windows NT 10.0; Win64; x64) AppleWebKit/537.36 (KHTML, like Gecko) Chrome/136.0.0.0 Safari/537.36"
68.80.130.70 - - [19/Jun/2025:10:23:17 -0400] "GET /wp-includes/js/jquery/ui/autocomplete.min.js?ver=1.13.3 HTTP/2.0" 200 2905 "https://pur-tungsten.com/wp-admin/" "Mozilla/5.0 (Windows NT 10.0; Win64; x64) AppleWebKit/537.36 (KHTML, like Gecko) Chrome/136.0.0.0 Safari/537.36"
68.80.130.70 - - [19/Jun/2025:10:23:17 -0400] "GET /wp-includes/js/jquery/ui/droppable.min.js?ver=1.13.3 HTTP/2.0" 200 2052 "https://pur-tungsten.com/wp-admin/" "Mozilla/5.0 (Windows NT 10.0; Win64; x64) AppleWebKit/537.36 (KHTML, like Gecko) Chrome/136.0.0.0 Safari/537.36"
68.80.130.70 - - [19/Jun/2025:10:23:17 -0400] "GET /wp-includes/js/jquery/ui/tabs.min.js?ver=1.13.3 HTTP/2.0" 200 3945 "https://pur-tungsten.com/wp-admin/" "Mozilla/5.0 (Windows NT 10.0; Win64; x64) AppleWebKit/537.36 (KHTML, like Gecko) Chrome/136.0.0.0 Safari/537.36"
68.80.130.70 - - [19/Jun/2025:10:23:17 -0400] "GET /wp-includes/js/jquery/jquery.ui.touch-punch.js?ver=0.2.2 HTTP/2.0" 200 585 "https://pur-tungsten.com/wp-admin/" "Mozilla/5.0 (Windows NT 10.0; Win64; x64) AppleWebKit/537.36 (KHTML, like Gecko) Chrome/136.0.0.0 Safari/537.36"
68.80.130.70 - - [19/Jun/2025:10:23:17 -0400] "GET /wp-admin/js/iris.min.js?ver=1.1.1 HTTP/2.0" 200 23643 "https://pur-tungsten.com/wp-admin/" "Mozilla/5.0 (Windows NT 10.0; Win64; x64) AppleWebKit/537.36 (KHTML, like Gecko) Chrome/136.0.0.0 Safari/537.36"
68.80.130.70 - - [19/Jun/2025:10:23:17 -0400] "GET /wp-admin/js/color-picker.min.js?ver=6.6.2 HTTP/2.0" 200 3486 "https://pur-tungsten.com/wp-admin/" "Mozilla/5.0 (Windows NT 10.0; Win64; x64) AppleWebKit/537.36 (KHTML, like Gecko) Chrome/136.0.0.0 Safari/537.36"
68.80.130.70 - - [19/Jun/2025:10:23:17 -0400] "GET /wp-includes/js/wpdialog.min.js?ver=b40c877adaf33178f81362b457652bd7 HTTP/2.0" 200 211 "https://pur-tungsten.com/wp-admin/" "Mozilla/5.0 (Windows NT 10.0; Win64; x64) AppleWebKit/537.36 (KHTML, like Gecko) Chrome/136.0.0.0 Safari/537.36"
68.80.130.70 - - [19/Jun/2025:10:23:17 -0400] "GET /wp-content/plugins/wp-smushit/app/assets/js/smush-global.min.js?ver=3.16.6 HTTP/2.0" 200 4745 "https://pur-tungsten.com/wp-admin/" "Mozilla/5.0 (Windows NT 10.0; Win64; x64) AppleWebKit/537.36 (KHTML, like Gecko) Chrome/136.0.0.0 Safari/537.36"
68.80.130.70 - - [19/Jun/2025:10:23:17 -0400] "GET /wp-includes/js/dist/escape-html.min.js?ver=6561a406d2d232a6fbd2 HTTP/2.0" 200 532 "https://pur-tungsten.com/wp-admin/" "Mozilla/5.0 (Windows NT 10.0; Win64; x64) AppleWebKit/537.36 (KHTML, like Gecko) Chrome/136.0.0.0 Safari/537.36"
68.80.130.70 - - [19/Jun/2025:10:23:17 -0400] "GET /wp-includes/js/dist/vendor/react.min.js?ver=18.3.1 HTTP/2.0" 200 2655 "https://pur-tungsten.com/wp-admin/" "Mozilla/5.0 (Windows NT 10.0; Win64; x64) AppleWebKit/537.36 (KHTML, like Gecko) Chrome/136.0.0.0 Safari/537.36"
68.80.130.70 - - [19/Jun/2025:10:23:17 -0400] "GET /wp-includes/js/dist/vendor/react-dom.min.js?ver=18.3.1 HTTP/2.0" 200 42927 "https://pur-tungsten.com/wp-admin/" "Mozilla/5.0 (Windows NT 10.0; Win64; x64) AppleWebKit/537.36 (KHTML, like Gecko) Chrome/136.0.0.0 Safari/537.36"
68.80.130.70 - - [19/Jun/2025:10:23:17 -0400] "GET /wp-includes/js/dist/element.min.js?ver=cb762d190aebbec25b27 HTTP/2.0" 200 4959 "https://pur-tungsten.com/wp-admin/" "Mozilla/5.0 (Windows NT 10.0; Win64; x64) AppleWebKit/537.36 (KHTML, like Gecko) Chrome/136.0.0.0 Safari/537.36"
68.80.130.70 - - [19/Jun/2025:10:23:17 -0400] "GET /wp-includes/js/dist/vendor/lodash.min.js?ver=4.17.21 HTTP/2.0" 200 24902 "https://pur-tungsten.com/wp-admin/" "Mozilla/5.0 (Windows NT 10.0; Win64; x64) AppleWebKit/537.36 (KHTML, like Gecko) Chrome/136.0.0.0 Safari/537.36"
68.80.130.70 - - [19/Jun/2025:10:23:17 -0400] "GET /wp-content/plugins/wordpress-seo/js/dist/externals/propTypes.js?ver=4c546a0c9e97b70d3fe0 HTTP/2.0" 200 575 "https://pur-tungsten.com/wp-admin/" "Mozilla/5.0 (Windows NT 10.0; Win64; x64) AppleWebKit/537.36 (KHTML, like Gecko) Chrome/136.0.0.0 Safari/537.36"
68.80.130.70 - - [19/Jun/2025:10:23:17 -0400] "GET /wp-content/plugins/wordpress-seo/js/dist/externals/styledComponents.js?ver=f030a78c47ee9be46c07 HTTP/2.0" 200 13799 "https://pur-tungsten.com/wp-admin/" "Mozilla/5.0 (Windows NT 10.0; Win64; x64) AppleWebKit/537.36 (KHTML, like Gecko) Chrome/136.0.0.0 Safari/537.36"
68.80.130.70 - - [19/Jun/2025:10:23:17 -0400] "GET /wp-content/plugins/wordpress-seo/js/dist/externals/helpers.js?ver=f38a5f8b9a9ba801e722 HTTP/2.0" 200 17325 "https://pur-tungsten.com/wp-admin/" "Mozilla/5.0 (Windows NT 10.0; Win64; x64) AppleWebKit/537.36 (KHTML, like Gecko) Chrome/136.0.0.0 Safari/537.36"
68.80.130.70 - - [19/Jun/2025:10:23:17 -0400] "GET /wp-content/plugins/wordpress-seo/js/dist/react-select.js?ver=016b19f563b56deb8ad5 HTTP/2.0" 200 27634 "https://pur-tungsten.com/wp-admin/" "Mozilla/5.0 (Windows NT 10.0; Win64; x64) AppleWebKit/537.36 (KHTML, like Gecko) Chrome/136.0.0.0 Safari/537.36"
68.80.130.70 - - [19/Jun/2025:10:23:17 -0400] "GET /wp-content/plugins/wordpress-seo/js/dist/externals/styleGuide.js?ver=a65ddb8de826da5fea4d HTTP/2.0" 200 2208 "https://pur-tungsten.com/wp-admin/" "Mozilla/5.0 (Windows NT 10.0; Win64; x64) AppleWebKit/537.36 (KHTML, like Gecko) Chrome/136.0.0.0 Safari/537.36"
68.80.130.70 - - [19/Jun/2025:10:23:17 -0400] "GET /wp-content/plugins/wordpress-seo/js/dist/externals/componentsNew.js?ver=898e7a63226507fb9afc HTTP/2.0" 200 45877 "https://pur-tungsten.com/wp-admin/" "Mozilla/5.0 (Windows NT 10.0; Win64; x64) AppleWebKit/537.36 (KHTML, like Gecko) Chrome/136.0.0.0 Safari/537.36"
68.80.130.70 - - [19/Jun/2025:10:23:17 -0400] "GET /wp-content/plugins/wordpress-seo/js/dist/externals/analysisReport.js?ver=fccb1f1b610758028ff9 HTTP/2.0" 200 3316 "https://pur-tungsten.com/wp-admin/" "Mozilla/5.0 (Windows NT 10.0; Win64; x64) AppleWebKit/537.36 (KHTML, like Gecko) Chrome/136.0.0.0 Safari/537.36"
68.80.130.70 - - [19/Jun/2025:10:23:17 -0400] "GET /wp-includes/js/wp-api.min.js?ver=b40c877adaf33178f81362b457652bd7 HTTP/2.0" 200 4136 "https://pur-tungsten.com/wp-admin/" "Mozilla/5.0 (Windows NT 10.0; Win64; x64) AppleWebKit/537.36 (KHTML, like Gecko) Chrome/136.0.0.0 Safari/537.36"
68.80.130.70 - - [19/Jun/2025:10:23:17 -0400] "GET /wp-content/plugins/wordpress-seo/js/dist/api-client.js?ver=f56d7de163fa219c67e2 HTTP/2.0" 200 310 "https://pur-tungsten.com/wp-admin/" "Mozilla/5.0 (Windows NT 10.0; Win64; x64) AppleWebKit/537.36 (KHTML, like Gecko) Chrome/136.0.0.0 Safari/537.36"
68.80.130.70 - - [19/Jun/2025:10:23:17 -0400] "GET /wp-content/plugins/wordpress-seo/js/dist/dashboard-widget.js?ver=ad6147e367cc50376cc5 HTTP/2.0" 200 954 "https://pur-tungsten.com/wp-admin/" "Mozilla/5.0 (Windows NT 10.0; Win64; x64) AppleWebKit/537.36 (KHTML, like Gecko) Chrome/136.0.0.0 Safari/537.36"
68.80.130.70 - - [19/Jun/2025:10:23:17 -0400] "GET /wp-includes/js/dist/api-fetch.min.js?ver=4c185334c5ec26e149cc HTTP/2.0" 200 2332 "https://pur-tungsten.com/wp-admin/" "Mozilla/5.0 (Windows NT 10.0; Win64; x64) AppleWebKit/537.36 (KHTML, like Gecko) Chrome/136.0.0.0 Safari/537.36"
68.80.130.70 - - [19/Jun/2025:10:23:17 -0400] "GET /wp-content/plugins/easy-wp-smtp/assets/js/smtp-dashboard-widget.min.js?ver=2.4.1 HTTP/2.0" 200 1233 "https://pur-tungsten.com/wp-admin/" "Mozilla/5.0 (Windows NT 10.0; Win64; x64) AppleWebKit/537.36 (KHTML, like Gecko) Chrome/136.0.0.0 Safari/537.36"
68.80.130.70 - - [19/Jun/2025:10:23:17 -0400] "GET /wp-content/plugins/wordpress-seo/js/dist/wincher-dashboard-widget.js?ver=3e855acf6ae73ab6d1ed HTTP/2.0" 200 9194 "https://pur-tungsten.com/wp-admin/" "Mozilla/5.0 (Windows NT 10.0; Win64; x64) AppleWebKit/537.36 (KHTML, like Gecko) Chrome/136.0.0.0 Safari/537.36"
68.80.130.70 - - [19/Jun/2025:10:23:17 -0400] "GET /wp-content/plugins/easy-wp-smtp/assets/js/vendor/apexcharts.min.js?ver=3.35.1 HTTP/2.0" 200 127112 "https://pur-tungsten.com/wp-admin/" "Mozilla/5.0 (Windows NT 10.0; Win64; x64) AppleWebKit/537.36 (KHTML, like Gecko) Chrome/136.0.0.0 Safari/537.36"
68.80.130.70 - - [19/Jun/2025:10:23:17 -0400] "GET /wp-content/plugins/woocommerce/assets/js/admin/wc-status-widget.min.js?ver=9.1.4 HTTP/2.0" 200 240 "https://pur-tungsten.com/wp-admin/" "Mozilla/5.0 (Windows NT 10.0; Win64; x64) AppleWebKit/537.36 (KHTML, like Gecko) Chrome/136.0.0.0 Safari/537.36"
68.80.130.70 - - [19/Jun/2025:10:23:17 -0400] "GET /wp-includes/js/wplink.min.js?ver=b40c877adaf33178f81362b457652bd7 HTTP/2.0" 200 3907 "https://pur-tungsten.com/wp-admin/" "Mozilla/5.0 (Windows NT 10.0; Win64; x64) AppleWebKit/537.36 (KHTML, like Gecko) Chrome/136.0.0.0 Safari/537.36"
68.80.130.70 - - [19/Jun/2025:10:23:18 -0400] "GET /wp-content/plugins/google-site-kit/dist/assets/js/googlesitekit-wp-dashboard-f0b3a322ee971ebc7bb0.js HTTP/2.0" 200 61679 "https://pur-tungsten.com/wp-admin/" "Mozilla/5.0 (Windows NT 10.0; Win64; x64) AppleWebKit/537.36 (KHTML, like Gecko) Chrome/136.0.0.0 Safari/537.36"
68.80.130.70 - - [19/Jun/2025:10:23:18 -0400] "GET /wp-content/plugins/wordfence/images/logos/shield-free.svg HTTP/2.0" 200 883 "https://pur-tungsten.com/wp-content/plugins/wordfence/css/license/free-global.1722265817.css?ver=7.11.7" "Mozilla/5.0 (Windows NT 10.0; Win64; x64) AppleWebKit/537.36 (KHTML, like Gecko) Chrome/136.0.0.0 Safari/537.36"
68.80.130.70 - - [19/Jun/2025:10:23:18 -0400] "GET /wp-content/plugins/wordfence/images/flags.png HTTP/2.0" 200 82204 "https://pur-tungsten.com/wp-content/plugins/wordfence/css/wf-adminbar.1722265817.css?ver=7.11.7" "Mozilla/5.0 (Windows NT 10.0; Win64; x64) AppleWebKit/537.36 (KHTML, like Gecko) Chrome/136.0.0.0 Safari/537.36"
83.99.151.66 - - [19/Jun/2025:10:23:18 -0400] "GET /s/053552.js HTTP/1.1" 200 310400 "-" "Mozilla/5.0 (X11; Linux x86_64) AppleWebKit/537.36 (KHTML, like Gecko; GeedoProductSearch; +https://geedo.com/product-search.html) Chrome/134.0.0.0 Safari/537.36"
68.80.130.70 - - [19/Jun/2025:10:23:18 -0400] "GET /wp-content/plugins/wordpress-seo/packages/js/images/Yoast_SEO_Icon.svg HTTP/2.0" 200 554 "https://pur-tungsten.com/wp-content/plugins/wordpress-seo/css/dist/dashboard-2320.css" "Mozilla/5.0 (Windows NT 10.0; Win64; x64) AppleWebKit/537.36 (KHTML, like Gecko) Chrome/136.0.0.0 Safari/537.36"
68.80.130.70 - - [19/Jun/2025:10:23:19 -0400] "GET /wp-includes/js/wp-emoji-release.min.js?ver=b40c877adaf33178f81362b457652bd7 HTTP/2.0" 200 5062 "https://pur-tungsten.com/wp-admin/" "Mozilla/5.0 (Windows NT 10.0; Win64; x64) AppleWebKit/537.36 (KHTML, like Gecko) Chrome/136.0.0.0 Safari/537.36"
68.80.130.70 - - [19/Jun/2025:10:23:19 -0400] "GET /wp-includes/js/thickbox/loadingAnimation.gif HTTP/2.0" 200 15238 "https://pur-tungsten.com/wp-admin/" "Mozilla/5.0 (Windows NT 10.0; Win64; x64) AppleWebKit/537.36 (KHTML, like Gecko) Chrome/136.0.0.0 Safari/537.36"
68.80.130.70 - - [19/Jun/2025:10:23:17 -0400] "GET /wp-json/yoast/v1/statistics HTTP/2.0" 200 128 "https://pur-tungsten.com/wp-admin/" "Mozilla/5.0 (Windows NT 10.0; Win64; x64) AppleWebKit/537.36 (KHTML, like Gecko) Chrome/136.0.0.0 Safari/537.36"
68.80.130.70 - - [19/Jun/2025:10:23:17 -0400] "GET /wp-json/wp/v2/ HTTP/2.0" 200 208709 "https://pur-tungsten.com/wp-admin/" "Mozilla/5.0 (Windows NT 10.0; Win64; x64) AppleWebKit/537.36 (KHTML, like Gecko) Chrome/136.0.0.0 Safari/537.36"
68.80.130.70 - - [19/Jun/2025:10:23:18 -0400] "POST /wp-admin/admin-ajax.php HTTP/2.0" 200 1696 "https://pur-tungsten.com/wp-admin/" "Mozilla/5.0 (Windows NT 10.0; Win64; x64) AppleWebKit/537.36 (KHTML, like Gecko) Chrome/136.0.0.0 Safari/537.36"
70.39.147.11 - - [19/Jun/2025:10:23:19 -0400] "POST /wp-cron.php?doing_wp_cron=1750342999.7027928829193115234375 HTTP/1.1" 200 - "-" "WordPress/6.6.2; https://pur-tungsten.com"
68.80.130.70 - - [19/Jun/2025:10:23:19 -0400] "GET /wp-admin/admin-ajax.php?action=dashboard-widgets&widget=dashboard_primary&pagenow=dashboard HTTP/2.0" 200 978 "https://pur-tungsten.com/wp-admin/" "Mozilla/5.0 (Windows NT 10.0; Win64; x64) AppleWebKit/537.36 (KHTML, like Gecko) Chrome/136.0.0.0 Safari/537.36"
83.99.151.66 - - [19/Jun/2025:10:23:27 -0400] "GET /s/0afa28.js.gz HTTP/1.1" 200 310399 "-" "Mozilla/5.0 (X11; Linux x86_64) AppleWebKit/537.36 (KHTML, like Gecko; GeedoProductSearch; +https://geedo.com/product-search.html) Chrome/134.0.0.0 Safari/537.36"
83.99.151.66 - - [19/Jun/2025:10:23:37 -0400] "GET /s/0ad15c.js.gz HTTP/1.1" 200 338022 "-" "Mozilla/5.0 (X11; Linux x86_64) AppleWebKit/537.36 (KHTML, like Gecko; GeedoProductSearch; +https://geedo.com/product-search.html) Chrome/134.0.0.0 Safari/537.36"
83.99.151.66 - - [19/Jun/2025:10:23:48 -0400] "GET /s/061e25.js.gz HTTP/1.1" 200 310397 "-" "Mozilla/5.0 (X11; Linux x86_64) AppleWebKit/537.36 (KHTML, like Gecko; GeedoProductSearch; +https://geedo.com/product-search.html) Chrome/134.0.0.0 Safari/537.36"
83.99.151.66 - - [19/Jun/2025:10:23:57 -0400] "GET /s/0efbd2.js.gz HTTP/1.1" 200 310399 "-" "Mozilla/5.0 (X11; Linux x86_64) AppleWebKit/537.36 (KHTML, like Gecko; GeedoProductSearch; +https://geedo.com/product-search.html) Chrome/134.0.0.0 Safari/537.36"
83.99.151.65 - - [19/Jun/2025:10:24:07 -0400] "GET /s/0038c7.js.gz HTTP/1.1" 200 310400 "-" "Mozilla/5.0 (X11; Linux x86_64) AppleWebKit/537.36 (KHTML, like Gecko; GeedoProductSearch; +https://geedo.com/product-search.html) Chrome/134.0.0.0 Safari/537.36"
68.80.130.70 - - [19/Jun/2025:10:24:19 -0400] "POST /wp-admin/admin-ajax.php HTTP/2.0" 200 47 "https://pur-tungsten.com/wp-admin/" "Mozilla/5.0 (Windows NT 10.0; Win64; x64) AppleWebKit/537.36 (KHTML, like Gecko) Chrome/136.0.0.0 Safari/537.36"
70.39.147.11 - - [19/Jun/2025:10:24:21 -0400] "POST /wp-cron.php?doing_wp_cron=1750343061.9583899974822998046875 HTTP/1.1" 200 - "-" "WordPress/6.6.2; https://pur-tungsten.com"
83.99.151.65 - - [19/Jun/2025:10:24:29 -0400] "GET /s/050a60.js.gz HTTP/1.1" 200 310400 "-" "Mozilla/5.0 (X11; Linux x86_64) AppleWebKit/537.36 (KHTML, like Gecko; GeedoProductSearch; +https://geedo.com/product-search.html) Chrome/134.0.0.0 Safari/537.36"
83.99.151.70 - - [19/Jun/2025:10:24:38 -0400] "GET /s/005f77.js.gz HTTP/1.1" 200 310399 "-" "Mozilla/5.0 (X11; Linux x86_64) AppleWebKit/537.36 (KHTML, like Gecko; GeedoProductSearch; +https://geedo.com/product-search.html) Chrome/134.0.0.0 Safari/537.36"
83.99.151.65 - - [19/Jun/2025:10:24:48 -0400] "GET /s/062314.js.gz HTTP/1.1" 200 310399 "-" "Mozilla/5.0 (X11; Linux x86_64) AppleWebKit/537.36 (KHTML, like Gecko; GeedoProductSearch; +https://geedo.com/product-search.html) Chrome/134.0.0.0 Safari/537.36"
83.99.151.65 - - [19/Jun/2025:10:24:59 -0400] "GET /s/0d3fd5.js HTTP/1.1" 200 310397 "-" "Mozilla/5.0 (X11; Linux x86_64) AppleWebKit/537.36 (KHTML, like Gecko; GeedoProductSearch; +https://geedo.com/product-search.html) Chrome/134.0.0.0 Safari/537.36"
83.99.151.69 - - [19/Jun/2025:10:25:08 -0400] "GET /s/01bd41.js.gz HTTP/1.1" 200 310399 "-" "Mozilla/5.0 (X11; Linux x86_64) AppleWebKit/537.36 (KHTML, like Gecko; GeedoProductSearch; +https://geedo.com/product-search.html) Chrome/134.0.0.0 Safari/537.36"
83.99.151.71 - - [19/Jun/2025:10:25:18 -0400] "GET /s/0e9562.js HTTP/1.1" 200 310400 "-" "Mozilla/5.0 (X11; Linux x86_64) AppleWebKit/537.36 (KHTML, like Gecko; GeedoProductSearch; +https://geedo.com/product-search.html) Chrome/134.0.0.0 Safari/537.36"
51.222.253.20 - - [19/Jun/2025:10:25:28 -0400] "GET / HTTP/2.0" 200 23272 "-" "Mozilla/5.0 (compatible; AhrefsBot/7.0; +http://ahrefs.com/robot/)"
70.39.147.11 - - [19/Jun/2025:10:25:31 -0400] "POST /wp-cron.php?doing_wp_cron=1750343131.0206880569458007812500 HTTP/1.1" 200 - "-" "WordPress/6.6.2; https://pur-tungsten.com"
83.99.151.66 - - [19/Jun/2025:10:25:39 -0400] "GET /s/0e0b94.js HTTP/1.1" 200 310399 "-" "Mozilla/5.0 (X11; Linux x86_64) AppleWebKit/537.36 (KHTML, like Gecko; GeedoProductSearch; +https://geedo.com/product-search.html) Chrome/134.0.0.0 Safari/537.36"
83.99.151.66 - - [19/Jun/2025:10:25:49 -0400] "GET /s/0108d7.js.gz HTTP/1.1" 200 310399 "-" "Mozilla/5.0 (X11; Linux x86_64) AppleWebKit/537.36 (KHTML, like Gecko; GeedoProductSearch; +https://geedo.com/product-search.html) Chrome/134.0.0.0 Safari/537.36"
192.178.4.105 - - [19/Jun/2025:10:25:56 -0400] "GET /product/tungsten-bullet-worm-weights/ HTTP/1.1" 200 17296 "-" "Mozilla/5.0 (Linux; Android 6.0.1; Nexus 5X Build/MMB29P) AppleWebKit/537.36 (KHTML, like Gecko) Chrome/137.0.7151.103 Mobile Safari/537.36 (compatible; Googlebot/2.1; +http://www.google.com/bot.html)"
83.99.151.66 - - [19/Jun/2025:10:26:00 -0400] "GET /s/09c398.js HTTP/1.1" 200 338023 "-" "Mozilla/5.0 (X11; Linux x86_64) AppleWebKit/537.36 (KHTML, like Gecko; GeedoProductSearch; +https://geedo.com/product-search.html) Chrome/134.0.0.0 Safari/537.36"
192.178.4.96 - - [19/Jun/2025:10:26:04 -0400] "GET /s/e2c50a.js HTTP/1.1" 200 312196 "https://pur-tungsten.com/product/tungsten-bullet-worm-weights/" "Mozilla/5.0 (Linux; Android 6.0.1; Nexus 5X Build/MMB29P) AppleWebKit/537.36 (KHTML, like Gecko) Chrome/137.0.7151.68 Mobile Safari/537.36 (compatible; Googlebot/2.1; +http://www.google.com/bot.html)"
83.99.151.68 - - [19/Jun/2025:10:26:09 -0400] "GET /s/0b433b.js.gz HTTP/1.1" 200 310399 "-" "Mozilla/5.0 (X11; Linux x86_64) AppleWebKit/537.36 (KHTML, like Gecko; GeedoProductSearch; +https://geedo.com/product-search.html) Chrome/134.0.0.0 Safari/537.36"
83.99.151.66 - - [19/Jun/2025:10:26:19 -0400] "GET /s/07dbf8.js HTTP/1.1" 200 310398 "-" "Mozilla/5.0 (X11; Linux x86_64) AppleWebKit/537.36 (KHTML, like Gecko; GeedoProductSearch; +https://geedo.com/product-search.html) Chrome/134.0.0.0 Safari/537.36"
68.80.130.70 - - [19/Jun/2025:10:26:20 -0400] "POST /wp-admin/admin-ajax.php HTTP/2.0" 200 47 "https://pur-tungsten.com/wp-admin/" "Mozilla/5.0 (Windows NT 10.0; Win64; x64) AppleWebKit/537.36 (KHTML, like Gecko) Chrome/136.0.0.0 Safari/537.36"
70.39.147.11 - - [19/Jun/2025:10:26:22 -0400] "POST /wp-cron.php?doing_wp_cron=1750343182.9640069007873535156250 HTTP/1.1" 200 - "-" "WordPress/6.6.2; https://pur-tungsten.com"
83.99.151.66 - - [19/Jun/2025:10:26:29 -0400] "GET /s/0f7e71.js.gz HTTP/1.1" 200 310400 "-" "Mozilla/5.0 (X11; Linux x86_64) AppleWebKit/537.36 (KHTML, like Gecko; GeedoProductSearch; +https://geedo.com/product-search.html) Chrome/134.0.0.0 Safari/537.36"
83.99.151.65 - - [19/Jun/2025:10:26:50 -0400] "GET /s/0d34da.js HTTP/1.1" 200 310399 "-" "Mozilla/5.0 (X11; Linux x86_64) AppleWebKit/537.36 (KHTML, like Gecko; GeedoProductSearch; +https://geedo.com/product-search.html) Chrome/134.0.0.0 Safari/537.36"
83.99.151.71 - - [19/Jun/2025:10:26:59 -0400] "GET /s/05d84c.js HTTP/1.1" 200 337849 "-" "Mozilla/5.0 (X11; Linux x86_64) AppleWebKit/537.36 (KHTML, like Gecko; GeedoProductSearch; +https://geedo.com/product-search.html) Chrome/134.0.0.0 Safari/537.36"
83.99.151.71 - - [19/Jun/2025:10:27:09 -0400] "GET /s/0a123e.js HTTP/1.1" 200 310400 "-" "Mozilla/5.0 (X11; Linux x86_64) AppleWebKit/537.36 (KHTML, like Gecko; GeedoProductSearch; +https://geedo.com/product-search.html) Chrome/134.0.0.0 Safari/537.36"
91.84.99.6 - - [19/Jun/2025:10:27:15 -0400] "GET / HTTP/1.1" 301 - "-" "Mozilla/5.0 (Macintosh; Intel Mac OS X 10_15_7) AppleWebKit/537.36 (KHTML, like Gecko) Chrome/133.0.0.0 Safari/537.36"
91.84.99.6 - - [19/Jun/2025:10:27:19 -0400] "GET / HTTP/1.1" 200 22637 "https://PUR-TUNGSTEN.COM" "Mozilla/5.0 (Macintosh; Intel Mac OS X 10_15_7) AppleWebKit/537.36 (KHTML, like Gecko) Chrome/133.0.0.0 Safari/537.36"
70.39.147.11 - - [19/Jun/2025:10:27:17 -0400] "POST /wp-cron.php?doing_wp_cron=1750343237.8740489482879638671875 HTTP/1.1" 200 - "-" "WordPress/6.6.2; https://pur-tungsten.com"
83.99.151.71 - - [19/Jun/2025:10:27:20 -0400] "GET /s/023196.js.gz HTTP/1.1" 200 310399 "-" "Mozilla/5.0 (X11; Linux x86_64) AppleWebKit/537.36 (KHTML, like Gecko; GeedoProductSearch; +https://geedo.com/product-search.html) Chrome/134.0.0.0 Safari/537.36"
84.43.155.206 - - [19/Jun/2025:10:27:20 -0400] "POST /?na=s HTTP/1.1" 200 2191 "-" "Mozilla/5.0 (Macintosh; Intel Mac OS X 10_15_7) AppleWebKit/537.36 (KHTML, like Gecko) Chrome/133.0.0.0 Safari/537.36"
84.43.155.206 - - [19/Jun/2025:10:27:23 -0400] "POST /?na=s HTTP/1.1" 406 19154 "-" "Mozilla/5.0 (Windows NT 10.0; Win64; x64) AppleWebKit/537.36 (KHTML, like Gecko) Chrome/120.0.0.0 Safari/537.36"
91.84.99.6 - - [19/Jun/2025:10:27:27 -0400] "GET /comments/feed/ HTTP/1.1" 200 12885 "-" "Mozilla/5.0 (Macintosh; Intel Mac OS X 10_15_7) AppleWebKit/537.36 (KHTML, like Gecko) Chrome/133.0.0.0 Safari/537.36"
83.99.151.71 - - [19/Jun/2025:10:27:29 -0400] "GET /s/0ce842.js HTTP/1.1" 200 310400 "-" "Mozilla/5.0 (X11; Linux x86_64) AppleWebKit/537.36 (KHTML, like Gecko; GeedoProductSearch; +https://geedo.com/product-search.html) Chrome/134.0.0.0 Safari/537.36"
91.84.99.6 - - [19/Jun/2025:10:27:30 -0400] "GET /contact/ HTTP/1.1" 200 10876 "-" "Mozilla/5.0 (Macintosh; Intel Mac OS X 10_15_7) AppleWebKit/537.36 (KHTML, like Gecko) Chrome/133.0.0.0 Safari/537.36"
84.43.155.206 - - [19/Jun/2025:10:27:33 -0400] "POST /contact/ HTTP/1.1" 200 116485 "-" "Mozilla/5.0 (Macintosh; Intel Mac OS X 10_15_7) AppleWebKit/537.36 (KHTML, like Gecko) Chrome/133.0.0.0 Safari/537.36"
84.43.155.206 - - [19/Jun/2025:10:27:36 -0400] "POST /contact/ HTTP/1.1" 406 10694 "-" "Mozilla/5.0 (Windows NT 10.0; Win64; x64) AppleWebKit/537.36 (KHTML, like Gecko) Chrome/120.0.0.0 Safari/537.36"
84.43.155.206 - - [19/Jun/2025:10:27:37 -0400] "POST /?na=s HTTP/1.1" 200 2196 "-" "Mozilla/5.0 (Macintosh; Intel Mac OS X 10_15_7) AppleWebKit/537.36 (KHTML, like Gecko) Chrome/133.0.0.0 Safari/537.36"
84.43.155.206 - - [19/Jun/2025:10:27:39 -0400] "POST /?na=s HTTP/1.1" 406 18574 "-" "Mozilla/5.0 (Windows NT 10.0; Win64; x64) AppleWebKit/537.36 (KHTML, like Gecko) Chrome/120.0.0.0 Safari/537.36"
83.99.151.71 - - [19/Jun/2025:10:27:39 -0400] "GET /s/036ac7.js HTTP/1.1" 200 508647 "-" "Mozilla/5.0 (X11; Linux x86_64) AppleWebKit/537.36 (KHTML, like Gecko; GeedoProductSearch; +https://geedo.com/product-search.html) Chrome/134.0.0.0 Safari/537.36"
91.84.99.6 - - [19/Jun/2025:10:27:40 -0400] "GET /products/sporting-goods/ar15-accesories/ HTTP/1.1" 200 18207 "-" "Mozilla/5.0 (Macintosh; Intel Mac OS X 10_15_7) AppleWebKit/537.36 (KHTML, like Gecko) Chrome/133.0.0.0 Safari/537.36"
192.178.4.97 - - [19/Jun/2025:10:27:43 -0400] "GET /product/pinewood-derby-tungsten-weights-cylinders/ HTTP/1.1" 200 14916 "-" "Mozilla/5.0 (Linux; Android 6.0.1; Nexus 5X Build/MMB29P) AppleWebKit/537.36 (KHTML, like Gecko) Chrome/137.0.7151.103 Mobile Safari/537.36 (compatible; Googlebot/2.1; +http://www.google.com/bot.html)"
83.99.151.69 - - [19/Jun/2025:10:28:01 -0400] "GET /s/0e634b.js.gz HTTP/1.1" 200 310400 "-" "Mozilla/5.0 (X11; Linux x86_64) AppleWebKit/537.36 (KHTML, like Gecko; GeedoProductSearch; +https://geedo.com/product-search.html) Chrome/134.0.0.0 Safari/537.36"
83.99.151.69 - - [19/Jun/2025:10:28:12 -0400] "GET /s/035db0.js.gz HTTP/1.1" 200 310399 "-" "Mozilla/5.0 (X11; Linux x86_64) AppleWebKit/537.36 (KHTML, like Gecko; GeedoProductSearch; +https://geedo.com/product-search.html) Chrome/134.0.0.0 Safari/537.36"
83.99.151.69 - - [19/Jun/2025:10:28:21 -0400] "GET /s/0ce8bf.js HTTP/1.1" 200 508328 "-" "Mozilla/5.0 (X11; Linux x86_64) AppleWebKit/537.36 (KHTML, like Gecko; GeedoProductSearch; +https://geedo.com/product-search.html) Chrome/134.0.0.0 Safari/537.36"
68.80.130.70 - - [19/Jun/2025:10:28:21 -0400] "POST /wp-admin/admin-ajax.php HTTP/2.0" 200 47 "https://pur-tungsten.com/wp-admin/" "Mozilla/5.0 (Windows NT 10.0; Win64; x64) AppleWebKit/537.36 (KHTML, like Gecko) Chrome/136.0.0.0 Safari/537.36"
70.39.147.11 - - [19/Jun/2025:10:28:23 -0400] "POST /wp-cron.php?doing_wp_cron=1750343303.9448978900909423828125 HTTP/1.1" 200 - "-" "WordPress/6.6.2; https://pur-tungsten.com"
83.99.151.69 - - [19/Jun/2025:10:28:31 -0400] "GET /s/050919.js HTTP/1.1" 200 508780 "-" "Mozilla/5.0 (X11; Linux x86_64) AppleWebKit/537.36 (KHTML, like Gecko; GeedoProductSearch; +https://geedo.com/product-search.html) Chrome/134.0.0.0 Safari/537.36"
83.99.151.69 - - [19/Jun/2025:10:28:42 -0400] "GET /s/0bc832.js HTTP/1.1" 200 310398 "-" "Mozilla/5.0 (X11; Linux x86_64) AppleWebKit/537.36 (KHTML, like Gecko; GeedoProductSearch; +https://geedo.com/product-search.html) Chrome/134.0.0.0 Safari/537.36"
83.99.151.69 - - [19/Jun/2025:10:28:51 -0400] "GET /s/0d1655.js HTTP/1.1" 200 310399 "-" "Mozilla/5.0 (X11; Linux x86_64) AppleWebKit/537.36 (KHTML, like Gecko; GeedoProductSearch; +https://geedo.com/product-search.html) Chrome/134.0.0.0 Safari/537.36"
83.99.151.68 - - [19/Jun/2025:10:29:12 -0400] "GET /s/0c8369.js HTTP/1.1" 200 310399 "-" "Mozilla/5.0 (X11; Linux x86_64) AppleWebKit/537.36 (KHTML, like Gecko; GeedoProductSearch; +https://geedo.com/product-search.html) Chrome/134.0.0.0 Safari/537.36"
83.99.151.68 - - [19/Jun/2025:10:29:22 -0400] "GET /s/0591c2.js HTTP/1.1" 200 312421 "-" "Mozilla/5.0 (X11; Linux x86_64) AppleWebKit/537.36 (KHTML, like Gecko; GeedoProductSearch; +https://geedo.com/product-search.html) Chrome/134.0.0.0 Safari/537.36"
83.99.151.68 - - [19/Jun/2025:10:29:33 -0400] "GET /s/08a476.js HTTP/1.1" 200 310400 "-" "Mozilla/5.0 (X11; Linux x86_64) AppleWebKit/537.36 (KHTML, like Gecko; GeedoProductSearch; +https://geedo.com/product-search.html) Chrome/134.0.0.0 Safari/537.36"
83.99.151.68 - - [19/Jun/2025:10:29:42 -0400] "GET /s/0f45cd.js HTTP/1.1" 200 508137 "-" "Mozilla/5.0 (X11; Linux x86_64) AppleWebKit/537.36 (KHTML, like Gecko; GeedoProductSearch; +https://geedo.com/product-search.html) Chrome/134.0.0.0 Safari/537.36"
83.99.151.68 - - [19/Jun/2025:10:29:52 -0400] "GET /s/009c06.js HTTP/1.1" 200 507082 "-" "Mozilla/5.0 (X11; Linux x86_64) AppleWebKit/537.36 (KHTML, like Gecko; GeedoProductSearch; +https://geedo.com/product-search.html) Chrome/134.0.0.0 Safari/537.36"
83.99.151.65 - - [19/Jun/2025:10:30:03 -0400] "GET /s/0e8ab2.js.gz HTTP/1.1" 200 310398 "-" "Mozilla/5.0 (X11; Linux x86_64) AppleWebKit/537.36 (KHTML, like Gecko; GeedoProductSearch; +https://geedo.com/product-search.html) Chrome/134.0.0.0 Safari/537.36"
83.99.151.71 - - [19/Jun/2025:10:30:24 -0400] "GET /s/0006ca.js.gz HTTP/1.1" 200 337847 "-" "Mozilla/5.0 (X11; Linux x86_64) AppleWebKit/537.36 (KHTML, like Gecko; GeedoProductSearch; +https://geedo.com/product-search.html) Chrome/134.0.0.0 Safari/537.36"
68.80.130.70 - - [19/Jun/2025:10:30:22 -0400] "POST /wp-admin/admin-ajax.php HTTP/2.0" 200 47 "https://pur-tungsten.com/wp-admin/" "Mozilla/5.0 (Windows NT 10.0; Win64; x64) AppleWebKit/537.36 (KHTML, like Gecko) Chrome/136.0.0.0 Safari/537.36"
70.39.147.11 - - [19/Jun/2025:10:30:25 -0400] "POST /wp-cron.php?doing_wp_cron=1750343425.1039910316467285156250 HTTP/1.1" 200 - "-" "WordPress/6.6.2; https://pur-tungsten.com"
83.99.151.71 - - [19/Jun/2025:10:30:33 -0400] "GET /s/03bb98.js.gz HTTP/1.1" 200 - "-" "Mozilla/5.0 (X11; Linux x86_64) AppleWebKit/537.36 (KHTML, like Gecko; GeedoProductSearch; +https://geedo.com/product-search.html) Chrome/134.0.0.0 Safari/537.36"
83.99.151.71 - - [19/Jun/2025:10:30:43 -0400] "GET /s/03f21a.js.gz HTTP/1.1" 200 552369 "-" "Mozilla/5.0 (X11; Linux x86_64) AppleWebKit/537.36 (KHTML, like Gecko; GeedoProductSearch; +https://geedo.com/product-search.html) Chrome/134.0.0.0 Safari/537.36"
83.99.151.71 - - [19/Jun/2025:10:30:54 -0400] "GET /s/0b1b94.js.gz HTTP/1.1" 200 506783 "-" "Mozilla/5.0 (X11; Linux x86_64) AppleWebKit/537.36 (KHTML, like Gecko; GeedoProductSearch; +https://geedo.com/product-search.html) Chrome/134.0.0.0 Safari/537.36"
192.178.4.105 - - [19/Jun/2025:10:31:03 -0400] "GET /s/288028.js HTTP/1.1" 200 312363 "https://pur-tungsten.com/product/pinewood-derby-tungsten-weights-cylinders/" "Mozilla/5.0 (Linux; Android 6.0.1; Nexus 5X Build/MMB29P) AppleWebKit/537.36 (KHTML, like Gecko) Chrome/137.0.7151.68 Mobile Safari/537.36 (compatible; Googlebot/2.1; +http://www.google.com/bot.html)"
83.99.151.71 - - [19/Jun/2025:10:31:03 -0400] "GET /s/002388.js HTTP/1.1" 200 310399 "-" "Mozilla/5.0 (X11; Linux x86_64) AppleWebKit/537.36 (KHTML, like Gecko; GeedoProductSearch; +https://geedo.com/product-search.html) Chrome/134.0.0.0 Safari/537.36"
83.99.151.66 - - [19/Jun/2025:10:31:13 -0400] "GET /s/0d2fba.js.gz HTTP/1.1" 200 337977 "-" "Mozilla/5.0 (X11; Linux x86_64) AppleWebKit/537.36 (KHTML, like Gecko; GeedoProductSearch; +https://geedo.com/product-search.html) Chrome/134.0.0.0 Safari/537.36"
83.99.151.68 - - [19/Jun/2025:10:31:34 -0400] "GET /s/0702e1.js.gz HTTP/1.1" 200 310401 "-" "Mozilla/5.0 (X11; Linux x86_64) AppleWebKit/537.36 (KHTML, like Gecko; GeedoProductSearch; +https://geedo.com/product-search.html) Chrome/134.0.0.0 Safari/537.36"
68.224.242.231 - - [19/Jun/2025:10:31:34 -0400] "GET /wp-content/uploads/2018/01/BW.jpg HTTP/2.0" 200 326883 "https://www.google.com/" "Mozilla/5.0 (Linux; Android 10; K) AppleWebKit/537.36 (KHTML, like Gecko) SamsungBrowser/28.0 Chrome/130.0.0.0 Mobile Safari/537.36"
83.99.151.68 - - [19/Jun/2025:10:31:43 -0400] "GET /s/0a9806.js HTTP/1.1" 200 310398 "-" "Mozilla/5.0 (X11; Linux x86_64) AppleWebKit/537.36 (KHTML, like Gecko; GeedoProductSearch; +https://geedo.com/product-search.html) Chrome/134.0.0.0 Safari/537.36"
83.99.151.68 - - [19/Jun/2025:10:31:53 -0400] "GET /s/00409a.js HTTP/1.1" 200 310400 "-" "Mozilla/5.0 (X11; Linux x86_64) AppleWebKit/537.36 (KHTML, like Gecko; GeedoProductSearch; +https://geedo.com/product-search.html) Chrome/134.0.0.0 Safari/537.36"
83.99.151.68 - - [19/Jun/2025:10:32:04 -0400] "GET /s/09d5a5.js.gz HTTP/1.1" 200 310399 "-" "Mozilla/5.0 (X11; Linux x86_64) AppleWebKit/537.36 (KHTML, like Gecko; GeedoProductSearch; +https://geedo.com/product-search.html) Chrome/134.0.0.0 Safari/537.36"
83.99.151.68 - - [19/Jun/2025:10:32:13 -0400] "GET /s/05bc17.js.gz HTTP/1.1" 200 310398 "-" "Mozilla/5.0 (X11; Linux x86_64) AppleWebKit/537.36 (KHTML, like Gecko; GeedoProductSearch; +https://geedo.com/product-search.html) Chrome/134.0.0.0 Safari/537.36"
83.99.151.68 - - [19/Jun/2025:10:32:23 -0400] "GET /s/0da5f2.js HTTP/1.1" 200 310400 "-" "Mozilla/5.0 (X11; Linux x86_64) AppleWebKit/537.36 (KHTML, like Gecko; GeedoProductSearch; +https://geedo.com/product-search.html) Chrome/134.0.0.0 Safari/537.36"
68.80.130.70 - - [19/Jun/2025:10:32:23 -0400] "POST /wp-admin/admin-ajax.php HTTP/2.0" 200 47 "https://pur-tungsten.com/wp-admin/" "Mozilla/5.0 (Windows NT 10.0; Win64; x64) AppleWebKit/537.36 (KHTML, like Gecko) Chrome/136.0.0.0 Safari/537.36"
70.39.147.11 - - [19/Jun/2025:10:32:25 -0400] "POST /wp-cron.php?doing_wp_cron=1750343545.9151139259338378906250 HTTP/1.1" 200 - "-" "WordPress/6.6.2; https://pur-tungsten.com"
83.99.151.64 - - [19/Jun/2025:10:32:43 -0400] "GET /s/0d449c.js HTTP/1.1" 200 310399 "-" "Mozilla/5.0 (X11; Linux x86_64) AppleWebKit/537.36 (KHTML, like Gecko; GeedoProductSearch; +https://geedo.com/product-search.html) Chrome/134.0.0.0 Safari/537.36"
83.99.151.64 - - [19/Jun/2025:10:32:54 -0400] "GET /s/0ca442.js.gz HTTP/1.1" 200 310398 "-" "Mozilla/5.0 (X11; Linux x86_64) AppleWebKit/537.36 (KHTML, like Gecko; GeedoProductSearch; +https://geedo.com/product-search.html) Chrome/134.0.0.0 Safari/537.36"
83.99.151.64 - - [19/Jun/2025:10:33:03 -0400] "GET /s/003c3b.js HTTP/1.1" 200 310400 "-" "Mozilla/5.0 (X11; Linux x86_64) AppleWebKit/537.36 (KHTML, like Gecko; GeedoProductSearch; +https://geedo.com/product-search.html) Chrome/134.0.0.0 Safari/537.36"
54.164.233.185 - - [19/Jun/2025:10:33:09 -0400] "HEAD /s/ HTTP/1.1" 200 - "-" "Mozilla/5.0 (Windows NT 10.0; Win64; x64) AppleWebKit/537.36 (KHTML, like Gecko) Chrome/125.0.6422.70 Safari/537.36"
83.99.151.70 - - [19/Jun/2025:10:33:13 -0400] "GET /s/076160.js HTTP/1.1" 200 552221 "-" "Mozilla/5.0 (X11; Linux x86_64) AppleWebKit/537.36 (KHTML, like Gecko; GeedoProductSearch; +https://geedo.com/product-search.html) Chrome/134.0.0.0 Safari/537.36"
83.99.151.64 - - [19/Jun/2025:10:33:24 -0400] "GET /s/071d94.js.gz HTTP/1.1" 200 310397 "-" "Mozilla/5.0 (X11; Linux x86_64) AppleWebKit/537.36 (KHTML, like Gecko; GeedoProductSearch; +https://geedo.com/product-search.html) Chrome/134.0.0.0 Safari/537.36"
83.99.151.71 - - [19/Jun/2025:10:33:33 -0400] "GET /s/0b4780.js HTTP/1.1" 200 310399 "-" "Mozilla/5.0 (X11; Linux x86_64) AppleWebKit/537.36 (KHTML, like Gecko; GeedoProductSearch; +https://geedo.com/product-search.html) Chrome/134.0.0.0 Safari/537.36"
83.99.151.69 - - [19/Jun/2025:10:33:54 -0400] "GET /s/030003.js.gz HTTP/1.1" 200 310399 "-" "Mozilla/5.0 (X11; Linux x86_64) AppleWebKit/537.36 (KHTML, like Gecko; GeedoProductSearch; +https://geedo.com/product-search.html) Chrome/134.0.0.0 Safari/537.36"
83.99.151.69 - - [19/Jun/2025:10:34:05 -0400] "GET /s/045202.js.gz HTTP/1.1" 200 431710 "-" "Mozilla/5.0 (X11; Linux x86_64) AppleWebKit/537.36 (KHTML, like Gecko; GeedoProductSearch; +https://geedo.com/product-search.html) Chrome/134.0.0.0 Safari/537.36"
83.99.151.65 - - [19/Jun/2025:10:34:14 -0400] "GET /s/0d4709.js.gz HTTP/1.1" 200 552223 "-" "Mozilla/5.0 (X11; Linux x86_64) AppleWebKit/537.36 (KHTML, like Gecko; GeedoProductSearch; +https://geedo.com/product-search.html) Chrome/134.0.0.0 Safari/537.36"
83.99.151.69 - - [19/Jun/2025:10:34:24 -0400] "GET /s/049d24.js.gz HTTP/1.1" 200 310398 "-" "Mozilla/5.0 (X11; Linux x86_64) AppleWebKit/537.36 (KHTML, like Gecko; GeedoProductSearch; +https://geedo.com/product-search.html) Chrome/134.0.0.0 Safari/537.36"
83.99.151.69 - - [19/Jun/2025:10:34:35 -0400] "GET /s/06bac4.js HTTP/1.1" 200 310398 "-" "Mozilla/5.0 (X11; Linux x86_64) AppleWebKit/537.36 (KHTML, like Gecko; GeedoProductSearch; +https://geedo.com/product-search.html) Chrome/134.0.0.0 Safari/537.36"
83.99.151.69 - - [19/Jun/2025:10:34:44 -0400] "GET /s/04e7bd.js.gz HTTP/1.1" 200 310399 "-" "Mozilla/5.0 (X11; Linux x86_64) AppleWebKit/537.36 (KHTML, like Gecko; GeedoProductSearch; +https://geedo.com/product-search.html) Chrome/134.0.0.0 Safari/537.36"
83.99.151.68 - - [19/Jun/2025:10:35:06 -0400] "GET /s/061de4.js.gz HTTP/1.1" 200 310399 "-" "Mozilla/5.0 (X11; Linux x86_64) AppleWebKit/537.36 (KHTML, like Gecko; GeedoProductSearch; +https://geedo.com/product-search.html) Chrome/134.0.0.0 Safari/537.36"
83.99.151.68 - - [19/Jun/2025:10:35:15 -0400] "GET /s/02ce0b.js.gz HTTP/1.1" 200 310400 "-" "Mozilla/5.0 (X11; Linux x86_64) AppleWebKit/537.36 (KHTML, like Gecko; GeedoProductSearch; +https://geedo.com/product-search.html) Chrome/134.0.0.0 Safari/537.36"
83.99.151.68 - - [19/Jun/2025:10:35:25 -0400] "GET /s/09a12f.js HTTP/1.1" 200 310398 "-" "Mozilla/5.0 (X11; Linux x86_64) AppleWebKit/537.36 (KHTML, like Gecko; GeedoProductSearch; +https://geedo.com/product-search.html) Chrome/134.0.0.0 Safari/537.36"
83.99.151.68 - - [19/Jun/2025:10:35:36 -0400] "GET /s/0f9f0e.js HTTP/1.1" 200 310399 "-" "Mozilla/5.0 (X11; Linux x86_64) AppleWebKit/537.36 (KHTML, like Gecko; GeedoProductSearch; +https://geedo.com/product-search.html) Chrome/134.0.0.0 Safari/537.36"
83.99.151.68 - - [19/Jun/2025:10:35:45 -0400] "GET /s/06cf9e.js.gz HTTP/1.1" 200 310424 "-" "Mozilla/5.0 (X11; Linux x86_64) AppleWebKit/537.36 (KHTML, like Gecko; GeedoProductSearch; +https://geedo.com/product-search.html) Chrome/134.0.0.0 Safari/537.36"
83.99.151.68 - - [19/Jun/2025:10:35:55 -0400] "GET /s/065600.js.gz HTTP/1.1" 200 310399 "-" "Mozilla/5.0 (X11; Linux x86_64) AppleWebKit/537.36 (KHTML, like Gecko; GeedoProductSearch; +https://geedo.com/product-search.html) Chrome/134.0.0.0 Safari/537.36"
192.86.65.13 - - [19/Jun/2025:10:35:57 -0400] "GET /wp-content/uploads/2019/01/Cyl-DW-270x178.jpg HTTP/1.1" 200 8746 "-" "Mozilla/5.0 (X11; Ubuntu; Linux x86_64; rv:72.0) Gecko/20100101 Firefox/72.0"
83.99.151.69 - - [19/Jun/2025:10:36:16 -0400] "GET /s/01b087.js HTTP/1.1" 200 506786 "-" "Mozilla/5.0 (X11; Linux x86_64) AppleWebKit/537.36 (KHTML, like Gecko; GeedoProductSearch; +https://geedo.com/product-search.html) Chrome/134.0.0.0 Safari/537.36"
83.99.151.69 - - [19/Jun/2025:10:36:27 -0400] "GET /s/028b29.js.gz HTTP/1.1" 200 310400 "-" "Mozilla/5.0 (X11; Linux x86_64) AppleWebKit/537.36 (KHTML, like Gecko; GeedoProductSearch; +https://geedo.com/product-search.html) Chrome/134.0.0.0 Safari/537.36"
83.99.151.69 - - [19/Jun/2025:10:36:36 -0400] "GET /s/0a7abb.js HTTP/1.1" 200 310400 "-" "Mozilla/5.0 (X11; Linux x86_64) AppleWebKit/537.36 (KHTML, like Gecko; GeedoProductSearch; +https://geedo.com/product-search.html) Chrome/134.0.0.0 Safari/537.36"
83.99.151.69 - - [19/Jun/2025:10:36:46 -0400] "GET /s/0563fb.js HTTP/1.1" 200 310398 "-" "Mozilla/5.0 (X11; Linux x86_64) AppleWebKit/537.36 (KHTML, like Gecko; GeedoProductSearch; +https://geedo.com/product-search.html) Chrome/134.0.0.0 Safari/537.36"
83.99.151.66 - - [19/Jun/2025:10:36:57 -0400] "GET /s/024d1c.js HTTP/1.1" 200 310423 "-" "Mozilla/5.0 (X11; Linux x86_64) AppleWebKit/537.36 (KHTML, like Gecko; GeedoProductSearch; +https://geedo.com/product-search.html) Chrome/134.0.0.0 Safari/537.36"
83.99.151.69 - - [19/Jun/2025:10:37:06 -0400] "GET /s/018eb9.js HTTP/1.1" 200 506838 "-" "Mozilla/5.0 (X11; Linux x86_64) AppleWebKit/537.36 (KHTML, like Gecko; GeedoProductSearch; +https://geedo.com/product-search.html) Chrome/134.0.0.0 Safari/537.36"
83.99.151.70 - - [19/Jun/2025:10:37:27 -0400] "GET /s/02798f.js HTTP/1.1" 200 312413 "-" "Mozilla/5.0 (X11; Linux x86_64) AppleWebKit/537.36 (KHTML, like Gecko; GeedoProductSearch; +https://geedo.com/product-search.html) Chrome/134.0.0.0 Safari/537.36"
83.99.151.70 - - [19/Jun/2025:10:37:37 -0400] "GET /s/0ac9ba.js HTTP/1.1" 200 310398 "-" "Mozilla/5.0 (X11; Linux x86_64) AppleWebKit/537.36 (KHTML, like Gecko; GeedoProductSearch; +https://geedo.com/product-search.html) Chrome/134.0.0.0 Safari/537.36"
83.99.151.70 - - [19/Jun/2025:10:37:47 -0400] "GET /s/07c0ca.js HTTP/1.1" 200 310400 "-" "Mozilla/5.0 (X11; Linux x86_64) AppleWebKit/537.36 (KHTML, like Gecko; GeedoProductSearch; +https://geedo.com/product-search.html) Chrome/134.0.0.0 Safari/537.36"
83.99.151.70 - - [19/Jun/2025:10:37:58 -0400] "GET /s/0e04f8.js HTTP/1.1" 200 310398 "-" "Mozilla/5.0 (X11; Linux x86_64) AppleWebKit/537.36 (KHTML, like Gecko; GeedoProductSearch; +https://geedo.com/product-search.html) Chrome/134.0.0.0 Safari/537.36"
51.222.253.13 - - [19/Jun/2025:10:38:03 -0400] "GET /product/ar-15-anodized-light-gold-carbine-buffers/ HTTP/2.0" 200 17603 "-" "Mozilla/5.0 (compatible; AhrefsBot/7.0; +http://ahrefs.com/robot/)"
70.39.147.11 - - [19/Jun/2025:10:38:05 -0400] "POST /wp-cron.php?doing_wp_cron=1750343885.4459168910980224609375 HTTP/1.1" 200 - "-" "WordPress/6.6.2; https://pur-tungsten.com"
83.99.151.70 - - [19/Jun/2025:10:38:07 -0400] "GET /s/006f24.js.gz HTTP/1.1" 200 310399 "-" "Mozilla/5.0 (X11; Linux x86_64) AppleWebKit/537.36 (KHTML, like Gecko; GeedoProductSearch; +https://geedo.com/product-search.html) Chrome/134.0.0.0 Safari/537.36"
83.99.151.70 - - [19/Jun/2025:10:38:17 -0400] "GET /s/020584.js.gz HTTP/1.1" 200 552428 "-" "Mozilla/5.0 (X11; Linux x86_64) AppleWebKit/537.36 (KHTML, like Gecko; GeedoProductSearch; +https://geedo.com/product-search.html) Chrome/134.0.0.0 Safari/537.36"
83.99.151.66 - - [19/Jun/2025:10:38:38 -0400] "GET /s/0eb73c.js HTTP/1.1" 200 310399 "-" "Mozilla/5.0 (X11; Linux x86_64) AppleWebKit/537.36 (KHTML, like Gecko; GeedoProductSearch; +https://geedo.com/product-search.html) Chrome/134.0.0.0 Safari/537.36"
83.99.151.65 - - [19/Jun/2025:10:38:49 -0400] "GET /s/0439de.js HTTP/1.1" 200 310398 "-" "Mozilla/5.0 (X11; Linux x86_64) AppleWebKit/537.36 (KHTML, like Gecko; GeedoProductSearch; +https://geedo.com/product-search.html) Chrome/134.0.0.0 Safari/537.36"
83.99.151.66 - - [19/Jun/2025:10:38:58 -0400] "GET /s/0a5737.js HTTP/1.1" 200 338020 "-" "Mozilla/5.0 (X11; Linux x86_64) AppleWebKit/537.36 (KHTML, like Gecko; GeedoProductSearch; +https://geedo.com/product-search.html) Chrome/134.0.0.0 Safari/537.36"
83.99.151.66 - - [19/Jun/2025:10:39:08 -0400] "GET /s/0cdb3c.js HTTP/1.1" 200 310398 "-" "Mozilla/5.0 (X11; Linux x86_64) AppleWebKit/537.36 (KHTML, like Gecko; GeedoProductSearch; +https://geedo.com/product-search.html) Chrome/134.0.0.0 Safari/537.36"
83.99.151.66 - - [19/Jun/2025:10:39:18 -0400] "GET /s/0b047e.js.gz HTTP/1.1" 200 310399 "-" "Mozilla/5.0 (X11; Linux x86_64) AppleWebKit/537.36 (KHTML, like Gecko; GeedoProductSearch; +https://geedo.com/product-search.html) Chrome/134.0.0.0 Safari/537.36"
83.99.151.66 - - [19/Jun/2025:10:39:28 -0400] "GET /s/0391a2.js HTTP/1.1" 200 506807 "-" "Mozilla/5.0 (X11; Linux x86_64) AppleWebKit/537.36 (KHTML, like Gecko; GeedoProductSearch; +https://geedo.com/product-search.html) Chrome/134.0.0.0 Safari/537.36"
83.99.151.71 - - [19/Jun/2025:10:39:49 -0400] "GET /s/08664b.js HTTP/1.1" 200 310399 "-" "Mozilla/5.0 (X11; Linux x86_64) AppleWebKit/537.36 (KHTML, like Gecko; GeedoProductSearch; +https://geedo.com/product-search.html) Chrome/134.0.0.0 Safari/537.36"
83.99.151.71 - - [19/Jun/2025:10:40:00 -0400] "GET /s/0e07c9.js HTTP/1.1" 200 310401 "-" "Mozilla/5.0 (X11; Linux x86_64) AppleWebKit/537.36 (KHTML, like Gecko; GeedoProductSearch; +https://geedo.com/product-search.html) Chrome/134.0.0.0 Safari/537.36"
83.99.151.71 - - [19/Jun/2025:10:40:09 -0400] "GET /s/029341.js.gz HTTP/1.1" 200 310401 "-" "Mozilla/5.0 (X11; Linux x86_64) AppleWebKit/537.36 (KHTML, like Gecko; GeedoProductSearch; +https://geedo.com/product-search.html) Chrome/134.0.0.0 Safari/537.36"
83.99.151.71 - - [19/Jun/2025:10:40:19 -0400] "GET /s/023f49.js HTTP/1.1" 200 310435 "-" "Mozilla/5.0 (X11; Linux x86_64) AppleWebKit/537.36 (KHTML, like Gecko; GeedoProductSearch; +https://geedo.com/product-search.html) Chrome/134.0.0.0 Safari/537.36"
83.99.151.71 - - [19/Jun/2025:10:40:30 -0400] "GET /s/0889e2.js.gz HTTP/1.1" 200 310399 "-" "Mozilla/5.0 (X11; Linux x86_64) AppleWebKit/537.36 (KHTML, like Gecko; GeedoProductSearch; +https://geedo.com/product-search.html) Chrome/134.0.0.0 Safari/537.36"
83.99.151.71 - - [19/Jun/2025:10:40:39 -0400] "GET /s/00f258.js HTTP/1.1" 200 310398 "-" "Mozilla/5.0 (X11; Linux x86_64) AppleWebKit/537.36 (KHTML, like Gecko; GeedoProductSearch; +https://geedo.com/product-search.html) Chrome/134.0.0.0 Safari/537.36"
83.99.151.64 - - [19/Jun/2025:10:41:00 -0400] "GET /s/00722b.js HTTP/1.1" 200 310432 "-" "Mozilla/5.0 (X11; Linux x86_64) AppleWebKit/537.36 (KHTML, like Gecko; GeedoProductSearch; +https://geedo.com/product-search.html) Chrome/134.0.0.0 Safari/537.36"
83.99.151.69 - - [19/Jun/2025:10:41:11 -0400] "GET /s/0de260.js HTTP/1.1" 200 337849 "-" "Mozilla/5.0 (X11; Linux x86_64) AppleWebKit/537.36 (KHTML, like Gecko; GeedoProductSearch; +https://geedo.com/product-search.html) Chrome/134.0.0.0 Safari/537.36"
83.99.151.70 - - [19/Jun/2025:10:41:20 -0400] "GET /s/0c0825.js HTTP/1.1" 200 310400 "-" "Mozilla/5.0 (X11; Linux x86_64) AppleWebKit/537.36 (KHTML, like Gecko; GeedoProductSearch; +https://geedo.com/product-search.html) Chrome/134.0.0.0 Safari/537.36"
83.99.151.69 - - [19/Jun/2025:10:41:30 -0400] "GET /s/0b3a2a.js.gz HTTP/1.1" 200 310401 "-" "Mozilla/5.0 (X11; Linux x86_64) AppleWebKit/537.36 (KHTML, like Gecko; GeedoProductSearch; +https://geedo.com/product-search.html) Chrome/134.0.0.0 Safari/537.36"
83.99.151.69 - - [19/Jun/2025:10:41:41 -0400] "GET /s/01aed4.js.gz HTTP/1.1" 200 552221 "-" "Mozilla/5.0 (X11; Linux x86_64) AppleWebKit/537.36 (KHTML, like Gecko; GeedoProductSearch; +https://geedo.com/product-search.html) Chrome/134.0.0.0 Safari/537.36"
83.99.151.69 - - [19/Jun/2025:10:41:50 -0400] "GET /s/0e5753.js.gz HTTP/1.1" 200 310399 "-" "Mozilla/5.0 (X11; Linux x86_64) AppleWebKit/537.36 (KHTML, like Gecko; GeedoProductSearch; +https://geedo.com/product-search.html) Chrome/134.0.0.0 Safari/537.36"
83.99.151.66 - - [19/Jun/2025:10:42:12 -0400] "GET /s/0a25bb.js HTTP/1.1" 200 310398 "-" "Mozilla/5.0 (X11; Linux x86_64) AppleWebKit/537.36 (KHTML, like Gecko; GeedoProductSearch; +https://geedo.com/product-search.html) Chrome/134.0.0.0 Safari/537.36"
83.99.151.66 - - [19/Jun/2025:10:42:21 -0400] "GET /s/0db2b1.js HTTP/1.1" 200 310400 "-" "Mozilla/5.0 (X11; Linux x86_64) AppleWebKit/537.36 (KHTML, like Gecko; GeedoProductSearch; +https://geedo.com/product-search.html) Chrome/134.0.0.0 Safari/537.36"
83.99.151.66 - - [19/Jun/2025:10:42:31 -0400] "GET /s/041801.js.gz HTTP/1.1" 200 310399 "-" "Mozilla/5.0 (X11; Linux x86_64) AppleWebKit/537.36 (KHTML, like Gecko; GeedoProductSearch; +https://geedo.com/product-search.html) Chrome/134.0.0.0 Safari/537.36"
83.99.151.66 - - [19/Jun/2025:10:42:42 -0400] "GET /s/0337e7.js.gz HTTP/1.1" 200 310399 "-" "Mozilla/5.0 (X11; Linux x86_64) AppleWebKit/537.36 (KHTML, like Gecko; GeedoProductSearch; +https://geedo.com/product-search.html) Chrome/134.0.0.0 Safari/537.36"
83.99.151.66 - - [19/Jun/2025:10:42:51 -0400] "GET /s/055c2b.js HTTP/1.1" 200 552219 "-" "Mozilla/5.0 (X11; Linux x86_64) AppleWebKit/537.36 (KHTML, like Gecko; GeedoProductSearch; +https://geedo.com/product-search.html) Chrome/134.0.0.0 Safari/537.36"
83.99.151.66 - - [19/Jun/2025:10:43:01 -0400] "GET /s/0ff314.js.gz HTTP/1.1" 200 310399 "-" "Mozilla/5.0 (X11; Linux x86_64) AppleWebKit/537.36 (KHTML, like Gecko; GeedoProductSearch; +https://geedo.com/product-search.html) Chrome/134.0.0.0 Safari/537.36"
18.208.154.10 - - [19/Jun/2025:10:43:09 -0400] "HEAD /product/tungsten-fishing-worm-weights-bulk-1lb-bags-black/ HTTP/1.1" 200 - "-" "Mozilla/5.0 (Windows NT 10.0; Win64; x64) AppleWebKit/537.36 (KHTML, like Gecko) Chrome/124.0.6367.141 Safari/537.36"
70.39.147.11 - - [19/Jun/2025:10:43:11 -0400] "POST /wp-cron.php?doing_wp_cron=1750344191.3487720489501953125000 HTTP/1.1" 200 - "-" "WordPress/6.6.2; https://pur-tungsten.com"
83.99.151.66 - - [19/Jun/2025:10:43:21 -0400] "GET /s/0aaba0.js.gz HTTP/1.1" 200 310400 "-" "Mozilla/5.0 (X11; Linux x86_64) AppleWebKit/537.36 (KHTML, like Gecko; GeedoProductSearch; +https://geedo.com/product-search.html) Chrome/134.0.0.0 Safari/537.36"
83.99.151.67 - - [19/Jun/2025:10:43:31 -0400] "GET /s/0f8022.js.gz HTTP/1.1" 200 312366 "-" "Mozilla/5.0 (X11; Linux x86_64) AppleWebKit/537.36 (KHTML, like Gecko; GeedoProductSearch; +https://geedo.com/product-search.html) Chrome/134.0.0.0 Safari/537.36"
83.99.151.67 - - [19/Jun/2025:10:43:41 -0400] "GET /s/0ccc48.js HTTP/1.1" 200 310398 "-" "Mozilla/5.0 (X11; Linux x86_64) AppleWebKit/537.36 (KHTML, like Gecko; GeedoProductSearch; +https://geedo.com/product-search.html) Chrome/134.0.0.0 Safari/537.36"
83.99.151.67 - - [19/Jun/2025:10:43:52 -0400] "GET /s/03d694.js.gz HTTP/1.1" 200 310399 "-" "Mozilla/5.0 (X11; Linux x86_64) AppleWebKit/537.36 (KHTML, like Gecko; GeedoProductSearch; +https://geedo.com/product-search.html) Chrome/134.0.0.0 Safari/537.36"
83.99.151.67 - - [19/Jun/2025:10:44:01 -0400] "GET /s/029979.js HTTP/1.1" 200 310398 "-" "Mozilla/5.0 (X11; Linux x86_64) AppleWebKit/537.36 (KHTML, like Gecko; GeedoProductSearch; +https://geedo.com/product-search.html) Chrome/134.0.0.0 Safari/537.36"
