Current File : /home/tdmfgi5/access-logs/pur-tungsten.tdmfginc.com-ssl_log |
192.178.4.97 - - [19/Jun/2025:08:08:02 -0400] "GET /robots.txt HTTP/1.1" 200 67 "-" "Mozilla/5.0 (compatible; Googlebot/2.1; +http://www.google.com/bot.html)"
192.178.4.105 - - [19/Jun/2025:08:08:02 -0400] "GET /wp-content/uploads/2018/06/logo.png HTTP/1.1" 304 - "-" "Googlebot-Image/1.0"
51.222.253.14 - - [19/Jun/2025:08:09:14 -0400] "GET /product/tungsten-punch-fishing-weights-with-skirts/ HTTP/2.0" 200 15143 "-" "Mozilla/5.0 (compatible; AhrefsBot/7.0; +http://ahrefs.com/robot/)"
114.119.153.131 - - [19/Jun/2025:08:10:55 -0400] "GET /product/tungsten-recoil-buffer-weights/ HTTP/1.1" 200 26721 "https://pur-tungsten.com/?product-page=2&ved=2ahUKEwiU1N3_svT_AhXwLrkGHfJzCHgQFnoECDwQAg&usg=AOvVaw3ahFlerLLPw6bgFm_BjSbR" "Mozilla/5.0 (Linux; Android 7.0;) AppleWebKit/537.36 (KHTML, like Gecko) Mobile Safari/537.36 (compatible; PetalBot;+https://webmaster.petalsearch.com/site/petalbot)"
40.77.167.6 - - [19/Jun/2025:08:11:37 -0400] "GET /wp-content/uploads/2017/12/IceJigs-1024x1024.jpg HTTP/2.0" 200 183744 "-" "Mozilla/5.0 AppleWebKit/537.36 (KHTML, like Gecko; compatible; bingbot/2.0; +http://www.bing.com/bingbot.htm) Chrome/116.0.1938.76 Safari/537.36"
51.222.253.14 - - [19/Jun/2025:08:12:07 -0400] "GET /s/img/wp-content/uploads/2017/12/ HTTP/2.0" 200 4213 "-" "Mozilla/5.0 (compatible; AhrefsBot/7.0; +http://ahrefs.com/robot/)"
73.50.166.146 - - [19/Jun/2025:08:12:46 -0400] "HEAD /apple-touch-icon.png HTTP/1.1" 404 - "-" "-"
70.39.147.11 - - [19/Jun/2025:08:12:48 -0400] "POST /wp-cron.php?doing_wp_cron=1750335168.8552899360656738281250 HTTP/1.1" 200 - "-" "WordPress/6.6.2; https://pur-tungsten.com"
73.50.166.146 - - [19/Jun/2025:08:12:49 -0400] "HEAD /manifest.json HTTP/1.1" 404 - "-" "-"
73.50.166.146 - - [19/Jun/2025:08:12:52 -0400] "GET / HTTP/1.1" 200 159548 "-" "Mozilla/5.0 (Windows; U; Windows NT 5.1; en-US; rv:x.x.x) Gecko/20041107 Firefox/x.x"
73.50.166.146 - - [19/Jun/2025:08:12:52 -0400] "GET / HTTP/1.1" 200 159548 "-" "Mozilla/5.0 (Windows; U; Windows NT 5.1; en-US; rv:x.x.x) Gecko/20041107 Firefox/x.x"
73.50.166.146 - - [19/Jun/2025:08:12:52 -0400] "GET / HTTP/1.1" 200 159548 "-" "Mozilla/5.0 (Windows; U; Windows NT 5.1; en-US; rv:x.x.x) Gecko/20041107 Firefox/x.x"
73.50.166.146 - - [19/Jun/2025:08:12:52 -0400] "HEAD /favicon.ico HTTP/1.1" 200 - "-" "-"
43.128.156.124 - - [19/Jun/2025:08:13:37 -0400] "GET / HTTP/1.1" 301 - "http://www.pur-tungsten.com" "Mozilla/5.0 (iPhone; CPU iPhone OS 13_2_3 like Mac OS X) AppleWebKit/605.1.15 (KHTML, like Gecko) Version/13.0.3 Mobile/15E148 Safari/604.1"
43.128.156.124 - - [19/Jun/2025:08:13:40 -0400] "GET / HTTP/1.1" 200 22637 "https://www.pur-tungsten.com/" "Mozilla/5.0 (iPhone; CPU iPhone OS 13_2_3 like Mac OS X) AppleWebKit/605.1.15 (KHTML, like Gecko) Version/13.0.3 Mobile/15E148 Safari/604.1"
114.119.133.253 - - [19/Jun/2025:08:13:52 -0400] "GET /product/ar-15-anodized-light-gold-carbine-buffers/ HTTP/1.1" 200 17164 "https://pur-tungsten.com/" "Mozilla/5.0 (Linux; Android 7.0;) AppleWebKit/537.36 (KHTML, like Gecko) Mobile Safari/537.36 (compatible; PetalBot;+https://webmaster.petalsearch.com/site/petalbot)"
51.222.253.1 - - [19/Jun/2025:08:14:46 -0400] "GET /s/img/wp-content/uploads/2018/12/?C=M;O=A HTTP/2.0" 200 1149 "-" "Mozilla/5.0 (compatible; AhrefsBot/7.0; +http://ahrefs.com/robot/)"
83.99.151.67 - - [19/Jun/2025:08:16:20 -0400] "GET / HTTP/1.1" 200 22619 "-" "Mozilla/5.0 (X11; Linux x86_64) AppleWebKit/537.36 (KHTML, like Gecko; GeedoProductSearch; +https://geedo.com/product-search.html) Chrome/134.0.0.0 Safari/537.36"
83.99.151.69 - - [19/Jun/2025:08:16:31 -0400] "GET /sitemap.xml HTTP/1.1" 301 - "-" "Mozilla/5.0 (X11; Linux x86_64) AppleWebKit/537.36 (KHTML, like Gecko; GeedoProductSearch; +https://geedo.com/product-search.html) Chrome/134.0.0.0 Safari/537.36"
83.99.151.69 - - [19/Jun/2025:08:16:34 -0400] "GET /sitemap_index.xml HTTP/1.1" 200 935 "-" "Mozilla/5.0 (X11; Linux x86_64) AppleWebKit/537.36 (KHTML, like Gecko; GeedoProductSearch; +https://geedo.com/product-search.html) Chrome/134.0.0.0 Safari/537.36"
83.99.151.69 - - [19/Jun/2025:08:16:46 -0400] "GET /wp-sitemap.xml HTTP/1.1" 301 - "-" "Mozilla/5.0 (X11; Linux x86_64) AppleWebKit/537.36 (KHTML, like Gecko; GeedoProductSearch; +https://geedo.com/product-search.html) Chrome/134.0.0.0 Safari/537.36"
83.99.151.69 - - [19/Jun/2025:08:16:48 -0400] "GET /sitemap_index.xml HTTP/1.1" 200 935 "-" "Mozilla/5.0 (X11; Linux x86_64) AppleWebKit/537.36 (KHTML, like Gecko; GeedoProductSearch; +https://geedo.com/product-search.html) Chrome/134.0.0.0 Safari/537.36"
83.99.151.64 - - [19/Jun/2025:08:17:00 -0400] "GET /sitemap_index.xml HTTP/1.1" 200 935 "-" "Mozilla/5.0 (X11; Linux x86_64) AppleWebKit/537.36 (KHTML, like Gecko; GeedoProductSearch; +https://geedo.com/product-search.html) Chrome/134.0.0.0 Safari/537.36"
83.99.151.69 - - [19/Jun/2025:08:17:13 -0400] "GET /page-sitemap.xml HTTP/1.1" 200 11982 "-" "Mozilla/5.0 (X11; Linux x86_64) AppleWebKit/537.36 (KHTML, like Gecko; GeedoProductSearch; +https://geedo.com/product-search.html) Chrome/134.0.0.0 Safari/537.36"
51.222.253.10 - - [19/Jun/2025:08:17:19 -0400] "GET /s/img/wp-content/uploads/2018/12/?C=S;O=A HTTP/2.0" 200 1125 "-" "Mozilla/5.0 (compatible; AhrefsBot/7.0; +http://ahrefs.com/robot/)"
83.99.151.69 - - [19/Jun/2025:08:17:25 -0400] "GET /product-sitemap.xml HTTP/1.1" 200 14419 "-" "Mozilla/5.0 (X11; Linux x86_64) AppleWebKit/537.36 (KHTML, like Gecko; GeedoProductSearch; +https://geedo.com/product-search.html) Chrome/134.0.0.0 Safari/537.36"
70.39.147.11 - - [19/Jun/2025:08:17:27 -0400] "POST /wp-cron.php?doing_wp_cron=1750335447.5258851051330566406250 HTTP/1.1" 200 - "-" "WordPress/6.6.2; https://pur-tungsten.com"
83.99.151.69 - - [19/Jun/2025:08:17:39 -0400] "GET /dslc_hf-sitemap.xml HTTP/1.1" 200 967 "-" "Mozilla/5.0 (X11; Linux x86_64) AppleWebKit/537.36 (KHTML, like Gecko; GeedoProductSearch; +https://geedo.com/product-search.html) Chrome/134.0.0.0 Safari/537.36"
83.99.151.69 - - [19/Jun/2025:08:17:51 -0400] "GET /product_cat-sitemap.xml HTTP/1.1" 200 2042 "-" "Mozilla/5.0 (X11; Linux x86_64) AppleWebKit/537.36 (KHTML, like Gecko; GeedoProductSearch; +https://geedo.com/product-search.html) Chrome/134.0.0.0 Safari/537.36"
83.99.151.69 - - [19/Jun/2025:08:18:03 -0400] "GET /product_shipping_class-sitemap.xml HTTP/1.1" 200 773 "-" "Mozilla/5.0 (X11; Linux x86_64) AppleWebKit/537.36 (KHTML, like Gecko; GeedoProductSearch; +https://geedo.com/product-search.html) Chrome/134.0.0.0 Safari/537.36"
83.99.151.71 - - [19/Jun/2025:08:18:27 -0400] "GET /product/tungsten-fishing-worm-weights-bulk-1-lb-bags-green/ HTTP/1.1" 200 15621 "-" "Mozilla/5.0 (X11; Linux x86_64) AppleWebKit/537.36 (KHTML, like Gecko; GeedoProductSearch; +https://geedo.com/product-search.html) Chrome/134.0.0.0 Safari/537.36"
83.99.151.71 - - [19/Jun/2025:08:18:36 -0400] "GET /slidetest/ HTTP/1.1" 200 11247 "-" "Mozilla/5.0 (X11; Linux x86_64) AppleWebKit/537.36 (KHTML, like Gecko; GeedoProductSearch; +https://geedo.com/product-search.html) Chrome/134.0.0.0 Safari/537.36"
83.99.151.71 - - [19/Jun/2025:08:18:47 -0400] "GET /products/sporting-goods/hunting-products/ HTTP/1.1" 200 10089 "-" "Mozilla/5.0 (X11; Linux x86_64) AppleWebKit/537.36 (KHTML, like Gecko; GeedoProductSearch; +https://geedo.com/product-search.html) Chrome/134.0.0.0 Safari/537.36"
83.99.151.71 - - [19/Jun/2025:08:18:56 -0400] "GET /product/pinewood-derby-incremental-tungsten-plate-weights/ HTTP/1.1" 200 14524 "-" "Mozilla/5.0 (X11; Linux x86_64) AppleWebKit/537.36 (KHTML, like Gecko; GeedoProductSearch; +https://geedo.com/product-search.html) Chrome/134.0.0.0 Safari/537.36"
83.99.151.71 - - [19/Jun/2025:08:19:07 -0400] "GET /product/tungsten-mini-buffer-weights-3-pack-half-oz-each/ HTTP/1.1" 200 15593 "-" "Mozilla/5.0 (X11; Linux x86_64) AppleWebKit/537.36 (KHTML, like Gecko; GeedoProductSearch; +https://geedo.com/product-search.html) Chrome/134.0.0.0 Safari/537.36"
83.99.151.71 - - [19/Jun/2025:08:19:16 -0400] "GET /dslc_hf/footer/ HTTP/1.1" 302 - "-" "Mozilla/5.0 (X11; Linux x86_64) AppleWebKit/537.36 (KHTML, like Gecko; GeedoProductSearch; +https://geedo.com/product-search.html) Chrome/134.0.0.0 Safari/537.36"
83.99.151.71 - - [19/Jun/2025:08:19:20 -0400] "GET / HTTP/1.1" 200 22619 "-" "Mozilla/5.0 (X11; Linux x86_64) AppleWebKit/537.36 (KHTML, like Gecko; GeedoProductSearch; +https://geedo.com/product-search.html) Chrome/134.0.0.0 Safari/537.36"
70.39.147.11 - - [19/Jun/2025:08:19:18 -0400] "POST /wp-cron.php?doing_wp_cron=1750335558.6288080215454101562500 HTTP/1.1" 200 - "-" "WordPress/6.6.2; https://pur-tungsten.com"
83.99.151.69 - - [19/Jun/2025:08:19:45 -0400] "GET /products/consumer-products/paper-weights/ HTTP/1.1" 200 11724 "-" "Mozilla/5.0 (X11; Linux x86_64) AppleWebKit/537.36 (KHTML, like Gecko; GeedoProductSearch; +https://geedo.com/product-search.html) Chrome/134.0.0.0 Safari/537.36"
51.222.253.10 - - [19/Jun/2025:08:19:52 -0400] "GET /s/img/wp-content/uploads/2021/?C=D;O=A HTTP/2.0" 200 371 "-" "Mozilla/5.0 (compatible; AhrefsBot/7.0; +http://ahrefs.com/robot/)"
83.99.151.64 - - [19/Jun/2025:08:19:54 -0400] "GET /products/industrial-products/rotary-burrs/ HTTP/1.1" 200 11984 "-" "Mozilla/5.0 (X11; Linux x86_64) AppleWebKit/537.36 (KHTML, like Gecko; GeedoProductSearch; +https://geedo.com/product-search.html) Chrome/134.0.0.0 Safari/537.36"
83.99.151.64 - - [19/Jun/2025:08:20:04 -0400] "GET /products/sporting-goods/ar15-accesories/ HTTP/1.1" 200 17679 "-" "Mozilla/5.0 (X11; Linux x86_64) AppleWebKit/537.36 (KHTML, like Gecko; GeedoProductSearch; +https://geedo.com/product-search.html) Chrome/134.0.0.0 Safari/537.36"
57.141.0.10 - - [19/Jun/2025:08:20:09 -0400] "GET /index.html HTTP/2.0" 200 42641 "-" "meta-externalagent/1.1 (+https://developers.facebook.com/docs/sharing/webmasters/crawler)"
70.39.147.11 - - [19/Jun/2025:08:20:11 -0400] "POST /wp-cron.php?doing_wp_cron=1750335611.3727369308471679687500 HTTP/1.1" 200 - "-" "WordPress/6.6.2; https://pur-tungsten.com"
83.99.151.66 - - [19/Jun/2025:08:20:14 -0400] "GET /dslc_hf/header2/ HTTP/1.1" 302 - "-" "Mozilla/5.0 (X11; Linux x86_64) AppleWebKit/537.36 (KHTML, like Gecko; GeedoProductSearch; +https://geedo.com/product-search.html) Chrome/134.0.0.0 Safari/537.36"
83.99.151.66 - - [19/Jun/2025:08:20:17 -0400] "GET / HTTP/1.1" 200 22619 "-" "Mozilla/5.0 (X11; Linux x86_64) AppleWebKit/537.36 (KHTML, like Gecko; GeedoProductSearch; +https://geedo.com/product-search.html) Chrome/134.0.0.0 Safari/537.36"
83.99.151.64 - - [19/Jun/2025:08:20:26 -0400] "GET /store/ HTTP/1.1" 200 9629 "-" "Mozilla/5.0 (X11; Linux x86_64) AppleWebKit/537.36 (KHTML, like Gecko; GeedoProductSearch; +https://geedo.com/product-search.html) Chrome/134.0.0.0 Safari/537.36"
83.99.151.66 - - [19/Jun/2025:08:20:35 -0400] "GET /?product-page=4 HTTP/1.1" 200 16294 "-" "Mozilla/5.0 (X11; Linux x86_64) AppleWebKit/537.36 (KHTML, like Gecko; GeedoProductSearch; +https://geedo.com/product-search.html) Chrome/134.0.0.0 Safari/537.36"
83.99.151.66 - - [19/Jun/2025:08:21:00 -0400] "GET /product-category/tig-welding/ HTTP/1.1" 302 - "-" "Mozilla/5.0 (X11; Linux x86_64) AppleWebKit/537.36 (KHTML, like Gecko; GeedoProductSearch; +https://geedo.com/product-search.html) Chrome/134.0.0.0 Safari/537.36"
70.39.147.11 - - [19/Jun/2025:08:21:02 -0400] "POST /wp-cron.php?doing_wp_cron=1750335662.9343330860137939453125 HTTP/1.1" 200 - "-" "WordPress/6.6.2; https://pur-tungsten.com"
83.99.151.66 - - [19/Jun/2025:08:21:04 -0400] "GET /products/industrial-products/tig-welding HTTP/1.1" 301 - "-" "Mozilla/5.0 (X11; Linux x86_64) AppleWebKit/537.36 (KHTML, like Gecko; GeedoProductSearch; +https://geedo.com/product-search.html) Chrome/134.0.0.0 Safari/537.36"
83.99.151.66 - - [19/Jun/2025:08:21:07 -0400] "GET /products/industrial-products/tig-welding/ HTTP/1.1" 200 12859 "-" "Mozilla/5.0 (X11; Linux x86_64) AppleWebKit/537.36 (KHTML, like Gecko; GeedoProductSearch; +https://geedo.com/product-search.html) Chrome/134.0.0.0 Safari/537.36"
83.99.151.66 - - [19/Jun/2025:08:21:10 -0400] "GET /product/derby-car-tungsten-cube-weights-2oz/ HTTP/1.1" 200 14201 "-" "Mozilla/5.0 (X11; Linux x86_64) AppleWebKit/537.36 (KHTML, like Gecko; GeedoProductSearch; +https://geedo.com/product-search.html) Chrome/134.0.0.0 Safari/537.36"
192.178.4.105 - - [19/Jun/2025:08:21:16 -0400] "GET /product/ar-15-anodized-light-gold-carbine-buffers/ HTTP/1.1" 200 17164 "-" "Mozilla/5.0 (Linux; Android 6.0.1; Nexus 5X Build/MMB29P) AppleWebKit/537.36 (KHTML, like Gecko) Chrome/137.0.7151.103 Mobile Safari/537.36 (compatible; Googlebot/2.1; +http://www.google.com/bot.html)"
83.99.151.66 - - [19/Jun/2025:08:21:20 -0400] "GET /product/tungsten-putty-1-oz/ HTTP/1.1" 200 14108 "-" "Mozilla/5.0 (X11; Linux x86_64) AppleWebKit/537.36 (KHTML, like Gecko; GeedoProductSearch; +https://geedo.com/product-search.html) Chrome/134.0.0.0 Safari/537.36"
83.99.151.71 - - [19/Jun/2025:08:21:30 -0400] "GET /product/heavy-ar-15-rifle-buffers-anodized-black-gold/ HTTP/1.1" 200 16223 "-" "Mozilla/5.0 (X11; Linux x86_64) AppleWebKit/537.36 (KHTML, like Gecko; GeedoProductSearch; +https://geedo.com/product-search.html) Chrome/134.0.0.0 Safari/537.36"
83.99.151.66 - - [19/Jun/2025:08:21:40 -0400] "GET /product/tungsten-fishing-worm-weights-bulk-1lb-bags-black/ HTTP/1.1" 200 16020 "-" "Mozilla/5.0 (X11; Linux x86_64) AppleWebKit/537.36 (KHTML, like Gecko; GeedoProductSearch; +https://geedo.com/product-search.html) Chrome/134.0.0.0 Safari/537.36"
83.99.151.68 - - [19/Jun/2025:08:21:50 -0400] "GET /product/ar-308-anodized-buffer-2-2oz/ HTTP/1.1" 200 16219 "-" "Mozilla/5.0 (X11; Linux x86_64) AppleWebKit/537.36 (KHTML, like Gecko; GeedoProductSearch; +https://geedo.com/product-search.html) Chrome/134.0.0.0 Safari/537.36"
83.99.151.70 - - [19/Jun/2025:08:22:13 -0400] "GET /product/ar-15-rifle-buffer-tubes-anodized-black/ HTTP/1.1" 200 13930 "-" "Mozilla/5.0 (X11; Linux x86_64) AppleWebKit/537.36 (KHTML, like Gecko; GeedoProductSearch; +https://geedo.com/product-search.html) Chrome/134.0.0.0 Safari/537.36"
83.99.151.69 - - [19/Jun/2025:08:22:23 -0400] "GET /product-category/racing/ HTTP/1.1" 302 - "-" "Mozilla/5.0 (X11; Linux x86_64) AppleWebKit/537.36 (KHTML, like Gecko; GeedoProductSearch; +https://geedo.com/product-search.html) Chrome/134.0.0.0 Safari/537.36"
83.99.151.69 - - [19/Jun/2025:08:22:26 -0400] "GET /products/sporting-goods/racing-products/ HTTP/1.1" 200 12485 "-" "Mozilla/5.0 (X11; Linux x86_64) AppleWebKit/537.36 (KHTML, like Gecko; GeedoProductSearch; +https://geedo.com/product-search.html) Chrome/134.0.0.0 Safari/537.36"
70.39.147.11 - - [19/Jun/2025:08:22:25 -0400] "POST /wp-cron.php?doing_wp_cron=1750335745.0653059482574462890625 HTTP/1.1" 200 - "-" "WordPress/6.6.2; https://pur-tungsten.com"
51.222.253.20 - - [19/Jun/2025:08:22:31 -0400] "GET /s/img/wp-content/plugins/live-composer-page-builder/css/?C=N;O=A HTTP/2.0" 200 380 "-" "Mozilla/5.0 (compatible; AhrefsBot/7.0; +http://ahrefs.com/robot/)"
83.99.151.66 - - [19/Jun/2025:08:22:33 -0400] "GET /products/sporting-goods/fishing/ HTTP/1.1" 200 16256 "-" "Mozilla/5.0 (X11; Linux x86_64) AppleWebKit/537.36 (KHTML, like Gecko; GeedoProductSearch; +https://geedo.com/product-search.html) Chrome/134.0.0.0 Safari/537.36"
83.99.151.66 - - [19/Jun/2025:08:22:44 -0400] "GET /product/tungsten-recoil-buffer-weights/ HTTP/1.1" 200 26721 "-" "Mozilla/5.0 (X11; Linux x86_64) AppleWebKit/537.36 (KHTML, like Gecko; GeedoProductSearch; +https://geedo.com/product-search.html) Chrome/134.0.0.0 Safari/537.36"
83.99.151.66 - - [19/Jun/2025:08:22:53 -0400] "GET /product/tungsten-skinny-fishing-drop-shots/ HTTP/1.1" 200 16262 "-" "Mozilla/5.0 (X11; Linux x86_64) AppleWebKit/537.36 (KHTML, like Gecko; GeedoProductSearch; +https://geedo.com/product-search.html) Chrome/134.0.0.0 Safari/537.36"
83.99.151.66 - - [19/Jun/2025:08:23:04 -0400] "GET /products/consumer-products/ HTTP/1.1" 200 11833 "-" "Mozilla/5.0 (X11; Linux x86_64) AppleWebKit/537.36 (KHTML, like Gecko; GeedoProductSearch; +https://geedo.com/product-search.html) Chrome/134.0.0.0 Safari/537.36"
40.77.167.57 - - [19/Jun/2025:08:23:07 -0400] "GET /?s= HTTP/2.0" 200 9552 "-" "Mozilla/5.0 AppleWebKit/537.36 (KHTML, like Gecko; compatible; bingbot/2.0; +http://www.bing.com/bingbot.htm) Chrome/116.0.1938.76 Safari/537.36"
83.99.151.69 - - [19/Jun/2025:08:23:27 -0400] "GET /product/tungsten-nail-sinker-fishing-weights/ HTTP/1.1" 200 15736 "-" "Mozilla/5.0 (X11; Linux x86_64) AppleWebKit/537.36 (KHTML, like Gecko; GeedoProductSearch; +https://geedo.com/product-search.html) Chrome/134.0.0.0 Safari/537.36"
83.99.151.69 - - [19/Jun/2025:08:23:36 -0400] "GET /product/short-tungsten-recoil-buffer-weights-3-pack-1oz-each/ HTTP/1.1" 200 15375 "-" "Mozilla/5.0 (X11; Linux x86_64) AppleWebKit/537.36 (KHTML, like Gecko; GeedoProductSearch; +https://geedo.com/product-search.html) Chrome/134.0.0.0 Safari/537.36"
83.99.151.69 - - [19/Jun/2025:08:23:47 -0400] "GET /about/ HTTP/1.1" 200 13222 "-" "Mozilla/5.0 (X11; Linux x86_64) AppleWebKit/537.36 (KHTML, like Gecko; GeedoProductSearch; +https://geedo.com/product-search.html) Chrome/134.0.0.0 Safari/537.36"
83.99.151.69 - - [19/Jun/2025:08:23:56 -0400] "GET /products/ HTTP/1.1" 200 9774 "-" "Mozilla/5.0 (X11; Linux x86_64) AppleWebKit/537.36 (KHTML, like Gecko; GeedoProductSearch; +https://geedo.com/product-search.html) Chrome/134.0.0.0 Safari/537.36"
83.99.151.67 - - [19/Jun/2025:08:24:07 -0400] "GET /product/pinewood-derby-tungsten-weights-3oz/ HTTP/1.1" 200 14911 "-" "Mozilla/5.0 (X11; Linux x86_64) AppleWebKit/537.36 (KHTML, like Gecko; GeedoProductSearch; +https://geedo.com/product-search.html) Chrome/134.0.0.0 Safari/537.36"
83.99.151.69 - - [19/Jun/2025:08:24:16 -0400] "GET /product-category/weights/ HTTP/1.1" 200 13947 "-" "Mozilla/5.0 (X11; Linux x86_64) AppleWebKit/537.36 (KHTML, like Gecko; GeedoProductSearch; +https://geedo.com/product-search.html) Chrome/134.0.0.0 Safari/537.36"
57.141.0.23 - - [19/Jun/2025:08:24:26 -0400] "GET / HTTP/2.0" 200 159548 "-" "meta-externalagent/1.1 (+https://developers.facebook.com/docs/sharing/webmasters/crawler)"
83.99.151.66 - - [19/Jun/2025:08:24:38 -0400] "GET /products/sporting-goods/ HTTP/1.1" 200 12021 "-" "Mozilla/5.0 (X11; Linux x86_64) AppleWebKit/537.36 (KHTML, like Gecko; GeedoProductSearch; +https://geedo.com/product-search.html) Chrome/134.0.0.0 Safari/537.36"
94.191.43.82 - - [19/Jun/2025:08:24:41 -0400] "GET / HTTP/1.1" 200 22637 "http://pur-tungsten.com" "Mozilla/5.0 (iPhone; CPU iPhone OS 13_2_3 like Mac OS X) AppleWebKit/605.1.15 (KHTML, like Gecko) Version/13.0.3 Mobile/15E148 Safari/604.1"
83.99.151.71 - - [19/Jun/2025:08:24:48 -0400] "GET /product-category/crank-shaft/ HTTP/1.1" 302 - "-" "Mozilla/5.0 (X11; Linux x86_64) AppleWebKit/537.36 (KHTML, like Gecko; GeedoProductSearch; +https://geedo.com/product-search.html) Chrome/134.0.0.0 Safari/537.36"
83.99.151.71 - - [19/Jun/2025:08:24:51 -0400] "GET /products/sporting-goods/ar15-accesories/ HTTP/1.1" 200 17679 "-" "Mozilla/5.0 (X11; Linux x86_64) AppleWebKit/537.36 (KHTML, like Gecko; GeedoProductSearch; +https://geedo.com/product-search.html) Chrome/134.0.0.0 Safari/537.36"
83.99.151.71 - - [19/Jun/2025:08:24:58 -0400] "GET /product/tungsten-carbide-cylindrical-rotary-burrs/ HTTP/1.1" 200 15839 "-" "Mozilla/5.0 (X11; Linux x86_64) AppleWebKit/537.36 (KHTML, like Gecko; GeedoProductSearch; +https://geedo.com/product-search.html) Chrome/134.0.0.0 Safari/537.36"
83.99.151.71 - - [19/Jun/2025:08:25:09 -0400] "GET /product-category/derby-car-weights/ HTTP/1.1" 301 - "-" "Mozilla/5.0 (X11; Linux x86_64) AppleWebKit/537.36 (KHTML, like Gecko; GeedoProductSearch; +https://geedo.com/product-search.html) Chrome/134.0.0.0 Safari/537.36"
83.99.151.71 - - [19/Jun/2025:08:25:11 -0400] "GET /products/consumer-products/derby-car-weights/ HTTP/1.1" 200 13834 "-" "Mozilla/5.0 (X11; Linux x86_64) AppleWebKit/537.36 (KHTML, like Gecko; GeedoProductSearch; +https://geedo.com/product-search.html) Chrome/134.0.0.0 Safari/537.36"
83.99.151.71 - - [19/Jun/2025:08:25:18 -0400] "GET /product/tig-welding-tungsten-electrodes-thoriated/ HTTP/1.1" 200 15563 "-" "Mozilla/5.0 (X11; Linux x86_64) AppleWebKit/537.36 (KHTML, like Gecko; GeedoProductSearch; +https://geedo.com/product-search.html) Chrome/134.0.0.0 Safari/537.36"
83.99.151.71 - - [19/Jun/2025:08:25:29 -0400] "GET /product/tungsten-flipping-fishing-weights/ HTTP/1.1" 200 17709 "-" "Mozilla/5.0 (X11; Linux x86_64) AppleWebKit/537.36 (KHTML, like Gecko; GeedoProductSearch; +https://geedo.com/product-search.html) Chrome/134.0.0.0 Safari/537.36"
51.222.253.12 - - [19/Jun/2025:08:25:41 -0400] "GET /s/img/wp-content/plugins/revslider/public/assets/fonts/?C=S;O=A HTTP/2.0" 200 380 "-" "Mozilla/5.0 (compatible; AhrefsBot/7.0; +http://ahrefs.com/robot/)"
83.99.151.66 - - [19/Jun/2025:08:25:51 -0400] "GET /dealers/ HTTP/1.1" 200 10794 "-" "Mozilla/5.0 (X11; Linux x86_64) AppleWebKit/537.36 (KHTML, like Gecko; GeedoProductSearch; +https://geedo.com/product-search.html) Chrome/134.0.0.0 Safari/537.36"
83.99.151.64 - - [19/Jun/2025:08:26:00 -0400] "GET /?product-page=3 HTTP/1.1" 200 18994 "-" "Mozilla/5.0 (X11; Linux x86_64) AppleWebKit/537.36 (KHTML, like Gecko; GeedoProductSearch; +https://geedo.com/product-search.html) Chrome/134.0.0.0 Safari/537.36"
83.99.151.66 - - [19/Jun/2025:08:26:11 -0400] "GET /product-category/paper-weights/ HTTP/1.1" 302 - "-" "Mozilla/5.0 (X11; Linux x86_64) AppleWebKit/537.36 (KHTML, like Gecko; GeedoProductSearch; +https://geedo.com/product-search.html) Chrome/134.0.0.0 Safari/537.36"
83.99.151.66 - - [19/Jun/2025:08:26:14 -0400] "GET /products/consumer-products/paper-weights/ HTTP/1.1" 200 11724 "-" "Mozilla/5.0 (X11; Linux x86_64) AppleWebKit/537.36 (KHTML, like Gecko; GeedoProductSearch; +https://geedo.com/product-search.html) Chrome/134.0.0.0 Safari/537.36"
70.39.147.11 - - [19/Jun/2025:08:26:13 -0400] "POST /wp-cron.php?doing_wp_cron=1750335973.0085320472717285156250 HTTP/1.1" 200 - "-" "WordPress/6.6.2; https://pur-tungsten.com"
83.99.151.66 - - [19/Jun/2025:08:26:20 -0400] "GET /product/tungsten-super-shot-tss/ HTTP/1.1" 200 18914 "-" "Mozilla/5.0 (X11; Linux x86_64) AppleWebKit/537.36 (KHTML, like Gecko; GeedoProductSearch; +https://geedo.com/product-search.html) Chrome/134.0.0.0 Safari/537.36"
83.99.151.66 - - [19/Jun/2025:08:26:31 -0400] "GET /product/pinewood-derby-tungsten-weights-cylinders/ HTTP/1.1" 200 14789 "-" "Mozilla/5.0 (X11; Linux x86_64) AppleWebKit/537.36 (KHTML, like Gecko; GeedoProductSearch; +https://geedo.com/product-search.html) Chrome/134.0.0.0 Safari/537.36"
83.99.151.66 - - [19/Jun/2025:08:26:40 -0400] "GET /?product-page=1 HTTP/1.1" 200 18569 "-" "Mozilla/5.0 (X11; Linux x86_64) AppleWebKit/537.36 (KHTML, like Gecko; GeedoProductSearch; +https://geedo.com/product-search.html) Chrome/134.0.0.0 Safari/537.36"
83.99.151.71 - - [19/Jun/2025:08:27:01 -0400] "GET /products/industrial-products/tig-welding HTTP/1.1" 301 - "-" "Mozilla/5.0 (X11; Linux x86_64) AppleWebKit/537.36 (KHTML, like Gecko; GeedoProductSearch; +https://geedo.com/product-search.html) Chrome/134.0.0.0 Safari/537.36"
83.99.151.71 - - [19/Jun/2025:08:27:04 -0400] "GET /products/industrial-products/tig-welding/ HTTP/1.1" 200 12859 "-" "Mozilla/5.0 (X11; Linux x86_64) AppleWebKit/537.36 (KHTML, like Gecko; GeedoProductSearch; +https://geedo.com/product-search.html) Chrome/134.0.0.0 Safari/537.36"
70.39.147.11 - - [19/Jun/2025:08:27:03 -0400] "POST /wp-cron.php?doing_wp_cron=1750336023.3982200622558593750000 HTTP/1.1" 200 - "-" "WordPress/6.6.2; https://pur-tungsten.com"
83.99.151.68 - - [19/Jun/2025:08:27:11 -0400] "GET /products/sporting-goods/racing-products/ HTTP/1.1" 200 12485 "-" "Mozilla/5.0 (X11; Linux x86_64) AppleWebKit/537.36 (KHTML, like Gecko; GeedoProductSearch; +https://geedo.com/product-search.html) Chrome/134.0.0.0 Safari/537.36"
13.214.0.180 - - [19/Jun/2025:08:27:16 -0400] "GET /s/img/wp-content/uploads/2017/12/car_cat-300x197.jpg.webp HTTP/2.0" 200 3538 "-" "Mozilla/5.0 (compatible; imageSpider; scrapedia-receive@bytedance.com)"
83.99.151.68 - - [19/Jun/2025:08:27:20 -0400] "GET /product/tungsten-round-ball-drop-shot-fishing-sinkers/ HTTP/1.1" 200 15677 "-" "Mozilla/5.0 (X11; Linux x86_64) AppleWebKit/537.36 (KHTML, like Gecko; GeedoProductSearch; +https://geedo.com/product-search.html) Chrome/134.0.0.0 Safari/537.36"
83.99.151.68 - - [19/Jun/2025:08:27:31 -0400] "GET /product/steel-h-carbine-buffers/ HTTP/1.1" 200 24516 "-" "Mozilla/5.0 (X11; Linux x86_64) AppleWebKit/537.36 (KHTML, like Gecko; GeedoProductSearch; +https://geedo.com/product-search.html) Chrome/134.0.0.0 Safari/537.36"
83.99.151.68 - - [19/Jun/2025:08:27:40 -0400] "GET /product/ar-10-anodized-gold-rifle-buffer/ HTTP/1.1" 200 13916 "-" "Mozilla/5.0 (X11; Linux x86_64) AppleWebKit/537.36 (KHTML, like Gecko; GeedoProductSearch; +https://geedo.com/product-search.html) Chrome/134.0.0.0 Safari/537.36"
83.99.151.68 - - [19/Jun/2025:08:27:51 -0400] "GET /product/tungsten-punch-fishing-weights-with-skirts/ HTTP/1.1" 200 15143 "-" "Mozilla/5.0 (X11; Linux x86_64) AppleWebKit/537.36 (KHTML, like Gecko; GeedoProductSearch; +https://geedo.com/product-search.html) Chrome/134.0.0.0 Safari/537.36"
83.99.151.69 - - [19/Jun/2025:08:28:11 -0400] "GET /products/consumer-products/derby-car-weights/ HTTP/1.1" 200 13834 "-" "Mozilla/5.0 (X11; Linux x86_64) AppleWebKit/537.36 (KHTML, like Gecko; GeedoProductSearch; +https://geedo.com/product-search.html) Chrome/134.0.0.0 Safari/537.36"
83.99.151.69 - - [19/Jun/2025:08:28:21 -0400] "GET /product/tungsten-skirt-keeper-punch-fishing-weights/ HTTP/1.1" 200 16620 "-" "Mozilla/5.0 (X11; Linux x86_64) AppleWebKit/537.36 (KHTML, like Gecko; GeedoProductSearch; +https://geedo.com/product-search.html) Chrome/134.0.0.0 Safari/537.36"
167.172.70.125 - - [19/Jun/2025:08:28:30 -0400] "GET /robots.txt HTTP/1.1" 200 67 "-" "Mozilla/5.0 (compatible; WellKnownBot/0.1; +https://well-known.dev/about/#bot)"
167.172.70.125 - - [19/Jun/2025:08:28:34 -0400] "GET /ads.txt HTTP/1.1" 200 58 "-" "Mozilla/5.0 (compatible; WellKnownBot/0.1; +https://well-known.dev/about/#bot)"
83.99.151.69 - - [19/Jun/2025:08:28:31 -0400] "GET /product/brand-new-tungsten-chassis-ballast-weight/ HTTP/1.1" 301 - "-" "Mozilla/5.0 (X11; Linux x86_64) AppleWebKit/537.36 (KHTML, like Gecko; GeedoProductSearch; +https://geedo.com/product-search.html) Chrome/134.0.0.0 Safari/537.36"
83.99.151.69 - - [19/Jun/2025:08:28:35 -0400] "GET /product/tungsten-chassis-ballast-weight-36lbs/ HTTP/1.1" 200 18316 "-" "Mozilla/5.0 (X11; Linux x86_64) AppleWebKit/537.36 (KHTML, like Gecko; GeedoProductSearch; +https://geedo.com/product-search.html) Chrome/134.0.0.0 Safari/537.36"
70.39.147.11 - - [19/Jun/2025:08:28:33 -0400] "POST /wp-cron.php?doing_wp_cron=1750336113.8173449039459228515625 HTTP/1.1" 200 - "-" "WordPress/6.6.2; https://pur-tungsten.com"
51.222.253.3 - - [19/Jun/2025:08:28:36 -0400] "GET /s/img/wp-content/plugins/revslider/public/assets/fonts/revicons/?C=N;O=A HTTP/2.0" 200 418 "-" "Mozilla/5.0 (compatible; AhrefsBot/7.0; +http://ahrefs.com/robot/)"
83.99.151.69 - - [19/Jun/2025:08:28:41 -0400] "GET /product/tungsten-cube-block-display-weights/ HTTP/1.1" 200 17434 "-" "Mozilla/5.0 (X11; Linux x86_64) AppleWebKit/537.36 (KHTML, like Gecko; GeedoProductSearch; +https://geedo.com/product-search.html) Chrome/134.0.0.0 Safari/537.36"
167.172.70.125 - - [19/Jun/2025:08:28:39 -0400] "GET /app-ads.txt HTTP/1.1" 200 9245 "-" "Mozilla/5.0 (compatible; WellKnownBot/0.1; +https://well-known.dev/about/#bot)"
167.172.70.125 - - [19/Jun/2025:08:28:45 -0400] "GET /robots.txt HTTP/1.1" 200 67 "-" "Mozilla/5.0 (compatible; WellKnownBot/0.1; +https://well-known.dev/about/#bot)"
167.172.70.125 - - [19/Jun/2025:08:28:49 -0400] "GET /app-ads.txt HTTP/1.1" 301 - "-" "Mozilla/5.0 (compatible; WellKnownBot/0.1; +https://well-known.dev/about/#bot)"
83.99.151.69 - - [19/Jun/2025:08:28:52 -0400] "GET /product/tig-welding-tungsten-electrodes-lanthanated/ HTTP/1.1" 200 15344 "-" "Mozilla/5.0 (X11; Linux x86_64) AppleWebKit/537.36 (KHTML, like Gecko; GeedoProductSearch; +https://geedo.com/product-search.html) Chrome/134.0.0.0 Safari/537.36"
167.172.70.125 - - [19/Jun/2025:08:28:52 -0400] "GET /app-ads.txt HTTP/1.1" 200 9245 "-" "Mozilla/5.0 (compatible; WellKnownBot/0.1; +https://well-known.dev/about/#bot)"
167.172.70.125 - - [19/Jun/2025:08:28:55 -0400] "GET /.well-known/apple-app-site-association HTTP/1.1" 200 9245 "-" "Mozilla/5.0 (compatible; WellKnownBot/0.1; +https://well-known.dev/about/#bot)"
83.99.151.69 - - [19/Jun/2025:08:29:01 -0400] "GET /product/tungsten-ice-fishing-jigs/ HTTP/1.1" 200 18566 "-" "Mozilla/5.0 (X11; Linux x86_64) AppleWebKit/537.36 (KHTML, like Gecko; GeedoProductSearch; +https://geedo.com/product-search.html) Chrome/134.0.0.0 Safari/537.36"
167.172.70.125 - - [19/Jun/2025:08:29:00 -0400] "GET /apple-app-site-association HTTP/1.1" 200 9244 "-" "Mozilla/5.0 (compatible; WellKnownBot/0.1; +https://well-known.dev/about/#bot)"
167.172.70.125 - - [19/Jun/2025:08:29:06 -0400] "GET /.well-known/apple-app-site-association HTTP/1.1" 301 - "-" "Mozilla/5.0 (compatible; WellKnownBot/0.1; +https://well-known.dev/about/#bot)"
167.172.70.125 - - [19/Jun/2025:08:29:09 -0400] "GET /.well-known/apple-app-site-association HTTP/1.1" 200 9244 "-" "Mozilla/5.0 (compatible; WellKnownBot/0.1; +https://well-known.dev/about/#bot)"
167.172.70.125 - - [19/Jun/2025:08:29:12 -0400] "GET /apple-app-site-association HTTP/1.1" 301 - "-" "Mozilla/5.0 (compatible; WellKnownBot/0.1; +https://well-known.dev/about/#bot)"
167.172.70.125 - - [19/Jun/2025:08:29:15 -0400] "GET /apple-app-site-association HTTP/1.1" 200 9244 "-" "Mozilla/5.0 (compatible; WellKnownBot/0.1; +https://well-known.dev/about/#bot)"
167.172.70.125 - - [19/Jun/2025:08:29:18 -0400] "GET /.well-known/assetlinks.json HTTP/1.1" 200 9244 "-" "Mozilla/5.0 (compatible; WellKnownBot/0.1; +https://well-known.dev/about/#bot)"
70.39.147.11 - - [19/Jun/2025:08:29:20 -0400] "POST /wp-cron.php?doing_wp_cron=1750336160.2056970596313476562500 HTTP/1.1" 200 - "-" "WordPress/6.6.2; https://pur-tungsten.com"
83.99.151.66 - - [19/Jun/2025:08:29:22 -0400] "GET /product/tungsten-chassis-ballast-weight-36lbs/ HTTP/1.1" 200 18316 "-" "Mozilla/5.0 (X11; Linux x86_64) AppleWebKit/537.36 (KHTML, like Gecko; GeedoProductSearch; +https://geedo.com/product-search.html) Chrome/134.0.0.0 Safari/537.36"
167.172.70.125 - - [19/Jun/2025:08:29:23 -0400] "GET /.well-known/assetlinks.json HTTP/1.1" 301 - "-" "Mozilla/5.0 (compatible; WellKnownBot/0.1; +https://well-known.dev/about/#bot)"
167.172.70.125 - - [19/Jun/2025:08:29:25 -0400] "GET /.well-known/assetlinks.json HTTP/1.1" 200 9245 "-" "Mozilla/5.0 (compatible; WellKnownBot/0.1; +https://well-known.dev/about/#bot)"
167.172.70.125 - - [19/Jun/2025:08:29:28 -0400] "GET /.well-known/gpc.json HTTP/1.1" 200 9245 "-" "Mozilla/5.0 (compatible; WellKnownBot/0.1; +https://well-known.dev/about/#bot)"
83.99.151.71 - - [19/Jun/2025:08:29:33 -0400] "GET /product/ar-308-stainless-steel-body-buffer-3-8oz/ HTTP/1.1" 200 14103 "-" "Mozilla/5.0 (X11; Linux x86_64) AppleWebKit/537.36 (KHTML, like Gecko; GeedoProductSearch; +https://geedo.com/product-search.html) Chrome/134.0.0.0 Safari/537.36"
167.172.70.125 - - [19/Jun/2025:08:29:33 -0400] "GET /.well-known/gpc.json HTTP/1.1" 301 - "-" "Mozilla/5.0 (compatible; WellKnownBot/0.1; +https://well-known.dev/about/#bot)"
167.172.70.125 - - [19/Jun/2025:08:29:39 -0400] "GET /.well-known/gpc.json HTTP/1.1" 200 9244 "-" "Mozilla/5.0 (compatible; WellKnownBot/0.1; +https://well-known.dev/about/#bot)"
83.99.151.71 - - [19/Jun/2025:08:29:42 -0400] "GET /product/ar-308-gold-anodized-buffer-2-4oz/ HTTP/1.1" 200 14182 "-" "Mozilla/5.0 (X11; Linux x86_64) AppleWebKit/537.36 (KHTML, like Gecko; GeedoProductSearch; +https://geedo.com/product-search.html) Chrome/134.0.0.0 Safari/537.36"
167.172.70.125 - - [19/Jun/2025:08:29:42 -0400] "GET /.well-known/nodeinfo HTTP/1.1" 200 9245 "-" "Mozilla/5.0 (compatible; WellKnownBot/0.1; +https://well-known.dev/about/#bot)"
167.172.70.125 - - [19/Jun/2025:08:29:47 -0400] "GET /.well-known/nodeinfo HTTP/1.1" 301 - "-" "Mozilla/5.0 (compatible; WellKnownBot/0.1; +https://well-known.dev/about/#bot)"
167.172.70.125 - - [19/Jun/2025:08:29:50 -0400] "GET /.well-known/nodeinfo HTTP/1.1" 200 9244 "-" "Mozilla/5.0 (compatible; WellKnownBot/0.1; +https://well-known.dev/about/#bot)"
83.99.151.71 - - [19/Jun/2025:08:29:53 -0400] "GET /product/tungsten-fishing-putty-1-oz/ HTTP/1.1" 200 13877 "-" "Mozilla/5.0 (X11; Linux x86_64) AppleWebKit/537.36 (KHTML, like Gecko; GeedoProductSearch; +https://geedo.com/product-search.html) Chrome/134.0.0.0 Safari/537.36"
167.172.70.125 - - [19/Jun/2025:08:29:52 -0400] "GET /.well-known/openid-configuration HTTP/1.1" 200 9245 "-" "Mozilla/5.0 (compatible; WellKnownBot/0.1; +https://well-known.dev/about/#bot)"
167.172.70.125 - - [19/Jun/2025:08:29:58 -0400] "GET /.well-known/openid-configuration HTTP/1.1" 301 - "-" "Mozilla/5.0 (compatible; WellKnownBot/0.1; +https://well-known.dev/about/#bot)"
83.99.151.71 - - [19/Jun/2025:08:30:02 -0400] "GET /product/ar-308-solid-steel-buffer/ HTTP/1.1" 200 14161 "-" "Mozilla/5.0 (X11; Linux x86_64) AppleWebKit/537.36 (KHTML, like Gecko; GeedoProductSearch; +https://geedo.com/product-search.html) Chrome/134.0.0.0 Safari/537.36"
167.172.70.125 - - [19/Jun/2025:08:30:00 -0400] "GET /.well-known/openid-configuration HTTP/1.1" 200 9245 "-" "Mozilla/5.0 (compatible; WellKnownBot/0.1; +https://well-known.dev/about/#bot)"
70.39.147.11 - - [19/Jun/2025:08:30:07 -0400] "POST /wp-cron.php?doing_wp_cron=1750336207.3571109771728515625000 HTTP/1.1" 200 - "-" "WordPress/6.6.2; https://pur-tungsten.com"
167.172.70.125 - - [19/Jun/2025:08:30:03 -0400] "GET /.well-known/security.txt HTTP/1.1" 200 9244 "-" "Mozilla/5.0 (compatible; WellKnownBot/0.1; +https://well-known.dev/about/#bot)"
83.99.151.71 - - [19/Jun/2025:08:30:12 -0400] "GET /product/ar-308-lanodized-light-gold-buffer/ HTTP/1.1" 200 13932 "-" "Mozilla/5.0 (X11; Linux x86_64) AppleWebKit/537.36 (KHTML, like Gecko; GeedoProductSearch; +https://geedo.com/product-search.html) Chrome/134.0.0.0 Safari/537.36"
167.172.70.125 - - [19/Jun/2025:08:30:12 -0400] "GET /security.txt HTTP/1.1" 200 9245 "-" "Mozilla/5.0 (compatible; WellKnownBot/0.1; +https://well-known.dev/about/#bot)"
167.172.70.125 - - [19/Jun/2025:08:30:17 -0400] "GET /.well-known/security.txt HTTP/1.1" 301 - "-" "Mozilla/5.0 (compatible; WellKnownBot/0.1; +https://well-known.dev/about/#bot)"
70.39.147.11 - - [19/Jun/2025:08:30:19 -0400] "POST /wp-cron.php?doing_wp_cron=1750336219.9105849266052246093750 HTTP/1.1" 200 - "-" "WordPress/6.6.2; https://pur-tungsten.com"
167.172.70.125 - - [19/Jun/2025:08:30:21 -0400] "GET /.well-known/security.txt HTTP/1.1" 200 9245 "-" "Mozilla/5.0 (compatible; WellKnownBot/0.1; +https://well-known.dev/about/#bot)"
167.172.70.125 - - [19/Jun/2025:08:30:24 -0400] "GET /security.txt HTTP/1.1" 301 - "-" "Mozilla/5.0 (compatible; WellKnownBot/0.1; +https://well-known.dev/about/#bot)"
167.172.70.125 - - [19/Jun/2025:08:30:26 -0400] "GET /security.txt HTTP/1.1" 200 9245 "-" "Mozilla/5.0 (compatible; WellKnownBot/0.1; +https://well-known.dev/about/#bot)"
167.172.70.125 - - [19/Jun/2025:08:30:29 -0400] "GET /.well-known/trust.txt HTTP/1.1" 200 9244 "-" "Mozilla/5.0 (compatible; WellKnownBot/0.1; +https://well-known.dev/about/#bot)"
83.99.151.71 - - [19/Jun/2025:08:30:33 -0400] "GET /product/tungsten-cube-block-weights/ HTTP/1.1" 301 - "-" "Mozilla/5.0 (X11; Linux x86_64) AppleWebKit/537.36 (KHTML, like Gecko; GeedoProductSearch; +https://geedo.com/product-search.html) Chrome/134.0.0.0 Safari/537.36"
83.99.151.71 - - [19/Jun/2025:08:30:35 -0400] "GET /product/tungsten-cube-block-display-weights/ HTTP/1.1" 200 17434 "-" "Mozilla/5.0 (X11; Linux x86_64) AppleWebKit/537.36 (KHTML, like Gecko; GeedoProductSearch; +https://geedo.com/product-search.html) Chrome/134.0.0.0 Safari/537.36"
167.172.70.125 - - [19/Jun/2025:08:30:34 -0400] "GET /trust.txt HTTP/1.1" 200 9244 "-" "Mozilla/5.0 (compatible; WellKnownBot/0.1; +https://well-known.dev/about/#bot)"
167.172.70.125 - - [19/Jun/2025:08:30:40 -0400] "GET /.well-known/trust.txt HTTP/1.1" 301 - "-" "Mozilla/5.0 (compatible; WellKnownBot/0.1; +https://well-known.dev/about/#bot)"
83.99.151.71 - - [19/Jun/2025:08:30:42 -0400] "GET /product/tungsten-bullet-worm-weights/ HTTP/1.1" 200 16828 "-" "Mozilla/5.0 (X11; Linux x86_64) AppleWebKit/537.36 (KHTML, like Gecko; GeedoProductSearch; +https://geedo.com/product-search.html) Chrome/134.0.0.0 Safari/537.36"
167.172.70.125 - - [19/Jun/2025:08:30:42 -0400] "GET /.well-known/trust.txt HTTP/1.1" 200 9244 "-" "Mozilla/5.0 (compatible; WellKnownBot/0.1; +https://well-known.dev/about/#bot)"
167.172.70.125 - - [19/Jun/2025:08:30:45 -0400] "GET /trust.txt HTTP/1.1" 301 - "-" "Mozilla/5.0 (compatible; WellKnownBot/0.1; +https://well-known.dev/about/#bot)"
167.172.70.125 - - [19/Jun/2025:08:30:47 -0400] "GET /trust.txt HTTP/1.1" 200 9244 "-" "Mozilla/5.0 (compatible; WellKnownBot/0.1; +https://well-known.dev/about/#bot)"
83.99.151.71 - - [19/Jun/2025:08:30:52 -0400] "GET /product/tungsten-teardrop-sinker-fishing-weights/ HTTP/1.1" 200 16753 "-" "Mozilla/5.0 (X11; Linux x86_64) AppleWebKit/537.36 (KHTML, like Gecko; GeedoProductSearch; +https://geedo.com/product-search.html) Chrome/134.0.0.0 Safari/537.36"
83.99.151.71 - - [19/Jun/2025:08:31:02 -0400] "GET /product/tungsten-fishing-barrel-weights/ HTTP/1.1" 200 16327 "-" "Mozilla/5.0 (X11; Linux x86_64) AppleWebKit/537.36 (KHTML, like Gecko; GeedoProductSearch; +https://geedo.com/product-search.html) Chrome/134.0.0.0 Safari/537.36"
51.68.248.18 - - [19/Jun/2025:08:31:10 -0400] "GET /wp-content/uploads/2018/08/SASBSC-300x300.jpg HTTP/1.1" 200 10280 "-" "Mozilla/5.0 (X11; Ubuntu; Linux x86_64; rv:72.0) Gecko/20100101 Firefox/72.0"
57.141.0.26 - - [19/Jun/2025:08:31:08 -0400] "GET /index.html HTTP/2.0" 301 - "-" "meta-externalagent/1.1 (+https://developers.facebook.com/docs/sharing/webmasters/crawler)"
83.99.151.71 - - [19/Jun/2025:08:31:12 -0400] "GET /?taxonomy=product_shipping_class&term=pur-tungsten HTTP/1.1" 200 16498 "-" "Mozilla/5.0 (X11; Linux x86_64) AppleWebKit/537.36 (KHTML, like Gecko; GeedoProductSearch; +https://geedo.com/product-search.html) Chrome/134.0.0.0 Safari/537.36"
70.39.147.11 - - [19/Jun/2025:08:31:10 -0400] "POST /wp-cron.php?doing_wp_cron=1750336270.6806170940399169921875 HTTP/1.1" 200 - "-" "WordPress/6.6.2; https://pur-tungsten.com"
57.141.0.24 - - [19/Jun/2025:08:31:12 -0400] "GET / HTTP/2.0" 301 - "-" "meta-externalagent/1.1 (+https://developers.facebook.com/docs/sharing/webmasters/crawler)"
83.99.151.71 - - [19/Jun/2025:08:31:23 -0400] "GET /products/industrial-products/crank-shaft/ HTTP/1.1" 200 11705 "-" "Mozilla/5.0 (X11; Linux x86_64) AppleWebKit/537.36 (KHTML, like Gecko; GeedoProductSearch; +https://geedo.com/product-search.html) Chrome/134.0.0.0 Safari/537.36"
51.222.253.1 - - [19/Jun/2025:08:31:30 -0400] "GET /s/img/wp-content/plugins/live-composer-page-builder/?C=M;O=A HTTP/2.0" 200 376 "-" "Mozilla/5.0 (compatible; AhrefsBot/7.0; +http://ahrefs.com/robot/)"
83.99.151.65 - - [19/Jun/2025:08:31:44 -0400] "GET /product/ar-15-anodized-light-gold-carbine-buffers/ HTTP/1.1" 200 17164 "-" "Mozilla/5.0 (X11; Linux x86_64) AppleWebKit/537.36 (KHTML, like Gecko; GeedoProductSearch; +https://geedo.com/product-search.html) Chrome/134.0.0.0 Safari/537.36"
83.99.151.71 - - [19/Jun/2025:08:31:55 -0400] "GET /product-category/fishing/ HTTP/1.1" 302 - "-" "Mozilla/5.0 (X11; Linux x86_64) AppleWebKit/537.36 (KHTML, like Gecko; GeedoProductSearch; +https://geedo.com/product-search.html) Chrome/134.0.0.0 Safari/537.36"
83.99.151.71 - - [19/Jun/2025:08:31:57 -0400] "GET /products/sporting-goods/fishing/ HTTP/1.1" 200 16256 "-" "Mozilla/5.0 (X11; Linux x86_64) AppleWebKit/537.36 (KHTML, like Gecko; GeedoProductSearch; +https://geedo.com/product-search.html) Chrome/134.0.0.0 Safari/537.36"
83.99.151.69 - - [19/Jun/2025:08:32:04 -0400] "GET /careers/ HTTP/1.1" 200 10469 "-" "Mozilla/5.0 (X11; Linux x86_64) AppleWebKit/537.36 (KHTML, like Gecko; GeedoProductSearch; +https://geedo.com/product-search.html) Chrome/134.0.0.0 Safari/537.36"
83.99.151.69 - - [19/Jun/2025:08:32:15 -0400] "GET /product/fishing-flipping-weights-bulk/ HTTP/1.1" 200 16486 "-" "Mozilla/5.0 (X11; Linux x86_64) AppleWebKit/537.36 (KHTML, like Gecko; GeedoProductSearch; +https://geedo.com/product-search.html) Chrome/134.0.0.0 Safari/537.36"
83.99.151.69 - - [19/Jun/2025:08:32:24 -0400] "GET /product/tungsten-carbide-circular-saw-blades/ HTTP/1.1" 200 13669 "-" "Mozilla/5.0 (X11; Linux x86_64) AppleWebKit/537.36 (KHTML, like Gecko; GeedoProductSearch; +https://geedo.com/product-search.html) Chrome/134.0.0.0 Safari/537.36"
83.99.151.69 - - [19/Jun/2025:08:32:35 -0400] "GET /product/tungsten-carbide-round-tree-rotary-burrs/ HTTP/1.1" 200 15530 "-" "Mozilla/5.0 (X11; Linux x86_64) AppleWebKit/537.36 (KHTML, like Gecko; GeedoProductSearch; +https://geedo.com/product-search.html) Chrome/134.0.0.0 Safari/537.36"
83.99.151.71 - - [19/Jun/2025:08:32:59 -0400] "GET /dslc_hf/header/ HTTP/1.1" 302 - "-" "Mozilla/5.0 (X11; Linux x86_64) AppleWebKit/537.36 (KHTML, like Gecko; GeedoProductSearch; +https://geedo.com/product-search.html) Chrome/134.0.0.0 Safari/537.36"
70.39.147.11 - - [19/Jun/2025:08:33:01 -0400] "POST /wp-cron.php?doing_wp_cron=1750336381.8040258884429931640625 HTTP/1.1" 200 - "-" "WordPress/6.6.2; https://pur-tungsten.com"
83.99.151.71 - - [19/Jun/2025:08:33:04 -0400] "GET / HTTP/1.1" 200 22619 "-" "Mozilla/5.0 (X11; Linux x86_64) AppleWebKit/537.36 (KHTML, like Gecko; GeedoProductSearch; +https://geedo.com/product-search.html) Chrome/134.0.0.0 Safari/537.36"
83.99.151.64 - - [19/Jun/2025:08:33:09 -0400] "GET /product/tungsten-gen-1-silent-captured-spring-buffer-weights/ HTTP/1.1" 200 13911 "-" "Mozilla/5.0 (X11; Linux x86_64) AppleWebKit/537.36 (KHTML, like Gecko; GeedoProductSearch; +https://geedo.com/product-search.html) Chrome/134.0.0.0 Safari/537.36"
51.68.236.87 - - [19/Jun/2025:08:33:13 -0400] "GET /robots.txt HTTP/1.1" 200 67 "-" "Mozilla/5.0 (compatible; MJ12bot/v2.0.2; http://mj12bot.com/)"
51.68.236.87 - - [19/Jun/2025:08:33:13 -0400] "GET /2015/11/02/hello-world/ HTTP/1.1" 200 9263 "-" "Mozilla/5.0 (compatible; MJ12bot/v2.0.2; http://mj12bot.com/)"
83.99.151.71 - - [19/Jun/2025:08:33:19 -0400] "GET /product/h-h2-h3-anodized-black-buffers/ HTTP/1.1" 200 17504 "-" "Mozilla/5.0 (X11; Linux x86_64) AppleWebKit/537.36 (KHTML, like Gecko; GeedoProductSearch; +https://geedo.com/product-search.html) Chrome/134.0.0.0 Safari/537.36"
51.68.236.87 - - [19/Jun/2025:08:33:19 -0400] "GET /product/air-mail-dress/ HTTP/1.1" 200 9263 "-" "Mozilla/5.0 (compatible; MJ12bot/v2.0.2; http://mj12bot.com/)"
51.68.236.87 - - [19/Jun/2025:08:33:23 -0400] "GET /product/black-belt/ HTTP/1.1" 200 9262 "-" "Mozilla/5.0 (compatible; MJ12bot/v2.0.2; http://mj12bot.com/)"
83.99.151.71 - - [19/Jun/2025:08:33:29 -0400] "GET /product/ar-308-parkerized-steel-buffer-3-8oz/ HTTP/1.1" 200 13896 "-" "Mozilla/5.0 (X11; Linux x86_64) AppleWebKit/537.36 (KHTML, like Gecko; GeedoProductSearch; +https://geedo.com/product-search.html) Chrome/134.0.0.0 Safari/537.36"
51.68.236.87 - - [19/Jun/2025:08:33:28 -0400] "GET /product/flip-test/ HTTP/1.1" 200 9263 "-" "Mozilla/5.0 (compatible; MJ12bot/v2.0.2; http://mj12bot.com/)"
51.68.236.87 - - [19/Jun/2025:08:33:32 -0400] "GET /product/pur-tungsten-cone-head-beads/ HTTP/1.1" 200 9262 "-" "Mozilla/5.0 (compatible; MJ12bot/v2.0.2; http://mj12bot.com/)"
83.99.151.68 - - [19/Jun/2025:08:33:39 -0400] "GET /product/h-h2-h3-ar-15-carbine-buffers-anodized-gold/ HTTP/1.1" 200 17327 "-" "Mozilla/5.0 (X11; Linux x86_64) AppleWebKit/537.36 (KHTML, like Gecko; GeedoProductSearch; +https://geedo.com/product-search.html) Chrome/134.0.0.0 Safari/537.36"
51.68.236.87 - - [19/Jun/2025:08:33:37 -0400] "GET /product/pur-tungsten-eyes-for-fly-fishing/ HTTP/1.1" 200 9263 "-" "Mozilla/5.0 (compatible; MJ12bot/v2.0.2; http://mj12bot.com/)"
51.68.236.87 - - [19/Jun/2025:08:33:41 -0400] "GET /product/pur-tungsten-ice-fishing-jigs/ HTTP/1.1" 200 9263 "-" "Mozilla/5.0 (compatible; MJ12bot/v2.0.2; http://mj12bot.com/)"
51.68.236.87 - - [19/Jun/2025:08:33:45 -0400] "GET /product/pur-tungsten-salt-water-jigs/ HTTP/1.1" 200 9262 "-" "Mozilla/5.0 (compatible; MJ12bot/v2.0.2; http://mj12bot.com/)"
83.99.151.71 - - [19/Jun/2025:08:33:48 -0400] "GET /product-category/ar15-accessories/ HTTP/1.1" 302 - "-" "Mozilla/5.0 (X11; Linux x86_64) AppleWebKit/537.36 (KHTML, like Gecko; GeedoProductSearch; +https://geedo.com/product-search.html) Chrome/134.0.0.0 Safari/537.36"
83.99.151.71 - - [19/Jun/2025:08:33:51 -0400] "GET /products/sporting-goods/ar15-accesories/ HTTP/1.1" 200 17679 "-" "Mozilla/5.0 (X11; Linux x86_64) AppleWebKit/537.36 (KHTML, like Gecko; GeedoProductSearch; +https://geedo.com/product-search.html) Chrome/134.0.0.0 Safari/537.36"
51.68.236.87 - - [19/Jun/2025:08:33:50 -0400] "GET /product/pur-tungsten-screw-in-weights/ HTTP/1.1" 200 9262 "-" "Mozilla/5.0 (compatible; MJ12bot/v2.0.2; http://mj12bot.com/)"
51.68.236.87 - - [19/Jun/2025:08:33:54 -0400] "GET /product/vanity-case/ HTTP/1.1" 200 9263 "-" "Mozilla/5.0 (compatible; MJ12bot/v2.0.2; http://mj12bot.com/)"
51.222.253.11 - - [19/Jun/2025:08:34:09 -0400] "GET /s/img/wp-content/uploads/2018/12/?C=D;O=A HTTP/2.0" 200 1134 "-" "Mozilla/5.0 (compatible; AhrefsBot/7.0; +http://ahrefs.com/robot/)"
83.99.151.65 - - [19/Jun/2025:08:34:14 -0400] "GET /products/industrial-products/ HTTP/1.1" 200 12166 "-" "Mozilla/5.0 (X11; Linux x86_64) AppleWebKit/537.36 (KHTML, like Gecko; GeedoProductSearch; +https://geedo.com/product-search.html) Chrome/134.0.0.0 Safari/537.36"
83.99.151.68 - - [19/Jun/2025:08:34:25 -0400] "GET /product/tungsten-steel-tip-throwing-darts/ HTTP/1.1" 200 16332 "-" "Mozilla/5.0 (X11; Linux x86_64) AppleWebKit/537.36 (KHTML, like Gecko; GeedoProductSearch; +https://geedo.com/product-search.html) Chrome/134.0.0.0 Safari/537.36"
83.99.151.70 - - [19/Jun/2025:08:34:34 -0400] "GET /product/tig-welding-tungsten-electrodes-ceriated/ HTTP/1.1" 200 16138 "-" "Mozilla/5.0 (X11; Linux x86_64) AppleWebKit/537.36 (KHTML, like Gecko; GeedoProductSearch; +https://geedo.com/product-search.html) Chrome/134.0.0.0 Safari/537.36"
83.99.151.70 - - [19/Jun/2025:08:34:45 -0400] "GET /products/sporting-goods/darts/ HTTP/1.1" 200 11631 "-" "Mozilla/5.0 (X11; Linux x86_64) AppleWebKit/537.36 (KHTML, like Gecko; GeedoProductSearch; +https://geedo.com/product-search.html) Chrome/134.0.0.0 Safari/537.36"
83.99.151.70 - - [19/Jun/2025:08:34:54 -0400] "GET /product/ar-10-anodized-black-rifle-buffer/ HTTP/1.1" 200 14179 "-" "Mozilla/5.0 (X11; Linux x86_64) AppleWebKit/537.36 (KHTML, like Gecko; GeedoProductSearch; +https://geedo.com/product-search.html) Chrome/134.0.0.0 Safari/537.36"
83.99.151.64 - - [19/Jun/2025:08:35:05 -0400] "GET /product/tungsten-crankshaft-balancing-weights/ HTTP/1.1" 200 16543 "-" "Mozilla/5.0 (X11; Linux x86_64) AppleWebKit/537.36 (KHTML, like Gecko; GeedoProductSearch; +https://geedo.com/product-search.html) Chrome/134.0.0.0 Safari/537.36"
83.99.151.69 - - [19/Jun/2025:08:35:29 -0400] "GET /shop/ HTTP/1.1" 302 - "-" "Mozilla/5.0 (X11; Linux x86_64) AppleWebKit/537.36 (KHTML, like Gecko; GeedoProductSearch; +https://geedo.com/product-search.html) Chrome/134.0.0.0 Safari/537.36"
70.39.147.11 - - [19/Jun/2025:08:35:31 -0400] "POST /wp-cron.php?doing_wp_cron=1750336531.2010319232940673828125 HTTP/1.1" 200 - "-" "WordPress/6.6.2; https://pur-tungsten.com"
83.99.151.69 - - [19/Jun/2025:08:35:33 -0400] "GET / HTTP/1.1" 200 22619 "-" "Mozilla/5.0 (X11; Linux x86_64) AppleWebKit/537.36 (KHTML, like Gecko; GeedoProductSearch; +https://geedo.com/product-search.html) Chrome/134.0.0.0 Safari/537.36"
83.99.151.69 - - [19/Jun/2025:08:35:39 -0400] "GET /product-category/rotary-burrs/ HTTP/1.1" 200 12154 "-" "Mozilla/5.0 (X11; Linux x86_64) AppleWebKit/537.36 (KHTML, like Gecko; GeedoProductSearch; +https://geedo.com/product-search.html) Chrome/134.0.0.0 Safari/537.36"
83.99.151.70 - - [19/Jun/2025:08:35:50 -0400] "GET /?product-page=2 HTTP/1.1" 200 19067 "-" "Mozilla/5.0 (X11; Linux x86_64) AppleWebKit/537.36 (KHTML, like Gecko; GeedoProductSearch; +https://geedo.com/product-search.html) Chrome/134.0.0.0 Safari/537.36"
83.99.151.69 - - [19/Jun/2025:08:35:59 -0400] "GET /s/ HTTP/1.1" 200 5869075 "-" "Mozilla/5.0 (X11; Linux x86_64) AppleWebKit/537.36 (KHTML, like Gecko; GeedoProductSearch; +https://geedo.com/product-search.html) Chrome/134.0.0.0 Safari/537.36"
83.99.151.70 - - [19/Jun/2025:08:36:12 -0400] "GET /product-category/darts/ HTTP/1.1" 302 - "-" "Mozilla/5.0 (X11; Linux x86_64) AppleWebKit/537.36 (KHTML, like Gecko; GeedoProductSearch; +https://geedo.com/product-search.html) Chrome/134.0.0.0 Safari/537.36"
70.39.147.11 - - [19/Jun/2025:08:36:14 -0400] "POST /wp-cron.php?doing_wp_cron=1750336573.9883620738983154296875 HTTP/1.1" 200 - "-" "WordPress/6.6.2; https://pur-tungsten.com"
83.99.151.70 - - [19/Jun/2025:08:36:16 -0400] "GET /products/sporting-goods/darts/ HTTP/1.1" 200 11631 "-" "Mozilla/5.0 (X11; Linux x86_64) AppleWebKit/537.36 (KHTML, like Gecko; GeedoProductSearch; +https://geedo.com/product-search.html) Chrome/134.0.0.0 Safari/537.36"
83.99.151.69 - - [19/Jun/2025:08:36:20 -0400] "GET /page/2/?taxonomy=product_shipping_class&term=pur-tungsten HTTP/1.1" 200 12355 "-" "Mozilla/5.0 (X11; Linux x86_64) AppleWebKit/537.36 (KHTML, like Gecko; GeedoProductSearch; +https://geedo.com/product-search.html) Chrome/134.0.0.0 Safari/537.36"
83.99.151.71 - - [19/Jun/2025:08:36:44 -0400] "GET /s/0b13b3.js.gz HTTP/1.1" 200 310399 "-" "Mozilla/5.0 (X11; Linux x86_64) AppleWebKit/537.36 (KHTML, like Gecko; GeedoProductSearch; +https://geedo.com/product-search.html) Chrome/134.0.0.0 Safari/537.36"
