83.99.151.71 - - [19/Jun/2025:08:36:55 -0400] "GET /s/041ac1.js HTTP/1.1" 200 310398 "-" "Mozilla/5.0 (X11; Linux x86_64) AppleWebKit/537.36 (KHTML, like Gecko; GeedoProductSearch; +https://geedo.com/product-search.html) Chrome/134.0.0.0 Safari/537.36"
51.222.253.12 - - [19/Jun/2025:08:36:55 -0400] "GET /s/img/wp-content/plugins/revslider/public/assets/fonts/?C=D;O=A HTTP/2.0" 200 380 "-" "Mozilla/5.0 (compatible; AhrefsBot/7.0; +http://ahrefs.com/robot/)"
83.99.151.71 - - [19/Jun/2025:08:37:04 -0400] "GET /s/0a8bea.js HTTP/1.1" 200 310399 "-" "Mozilla/5.0 (X11; Linux x86_64) AppleWebKit/537.36 (KHTML, like Gecko; GeedoProductSearch; +https://geedo.com/product-search.html) Chrome/134.0.0.0 Safari/537.36"
83.99.151.71 - - [19/Jun/2025:08:37:14 -0400] "GET /s/00dd23.js.gz HTTP/1.1" 200 310400 "-" "Mozilla/5.0 (X11; Linux x86_64) AppleWebKit/537.36 (KHTML, like Gecko; GeedoProductSearch; +https://geedo.com/product-search.html) Chrome/134.0.0.0 Safari/537.36"
83.99.151.71 - - [19/Jun/2025:08:37:25 -0400] "GET /s/026bd7.js.gz HTTP/1.1" 200 310400 "-" "Mozilla/5.0 (X11; Linux x86_64) AppleWebKit/537.36 (KHTML, like Gecko; GeedoProductSearch; +https://geedo.com/product-search.html) Chrome/134.0.0.0 Safari/537.36"
83.99.151.69 - - [19/Jun/2025:08:37:34 -0400] "GET /s/050105.js.gz HTTP/1.1" 200 508780 "-" "Mozilla/5.0 (X11; Linux x86_64) AppleWebKit/537.36 (KHTML, like Gecko; GeedoProductSearch; +https://geedo.com/product-search.html) Chrome/134.0.0.0 Safari/537.36"
83.99.151.69 - - [19/Jun/2025:08:38:00 -0400] "GET /s/030afa.js HTTP/1.1" 200 310399 "-" "Mozilla/5.0 (X11; Linux x86_64) AppleWebKit/537.36 (KHTML, like Gecko; GeedoProductSearch; +https://geedo.com/product-search.html) Chrome/134.0.0.0 Safari/537.36"
83.99.151.69 - - [19/Jun/2025:08:38:09 -0400] "GET /s/00b1a8.js.gz HTTP/1.1" 200 310399 "-" "Mozilla/5.0 (X11; Linux x86_64) AppleWebKit/537.36 (KHTML, like Gecko; GeedoProductSearch; +https://geedo.com/product-search.html) Chrome/134.0.0.0 Safari/537.36"
83.99.151.69 - - [19/Jun/2025:08:38:19 -0400] "GET /s/02c8d9.js.gz HTTP/1.1" 200 310399 "-" "Mozilla/5.0 (X11; Linux x86_64) AppleWebKit/537.36 (KHTML, like Gecko; GeedoProductSearch; +https://geedo.com/product-search.html) Chrome/134.0.0.0 Safari/537.36"
83.99.151.69 - - [19/Jun/2025:08:38:29 -0400] "GET /s/0148d1.js HTTP/1.1" 200 310399 "-" "Mozilla/5.0 (X11; Linux x86_64) AppleWebKit/537.36 (KHTML, like Gecko; GeedoProductSearch; +https://geedo.com/product-search.html) Chrome/134.0.0.0 Safari/537.36"
83.99.151.66 - - [19/Jun/2025:08:38:39 -0400] "GET /s/0486cb.js.gz HTTP/1.1" 200 310399 "-" "Mozilla/5.0 (X11; Linux x86_64) AppleWebKit/537.36 (KHTML, like Gecko; GeedoProductSearch; +https://geedo.com/product-search.html) Chrome/134.0.0.0 Safari/537.36"
83.99.151.69 - - [19/Jun/2025:08:38:49 -0400] "GET /s/0a21b7.js HTTP/1.1" 200 310400 "-" "Mozilla/5.0 (X11; Linux x86_64) AppleWebKit/537.36 (KHTML, like Gecko; GeedoProductSearch; +https://geedo.com/product-search.html) Chrome/134.0.0.0 Safari/537.36"
18.212.191.87 - - [19/Jun/2025:08:38:49 -0400] "HEAD /product/h-h2-h3-ar-15-carbine-buffers-anodized-gold/ HTTP/1.1" 200 - "-" "Mozilla/5.0 (Windows NT 10.0; Win64; x64; rv:126.0.1) Gecko/20100101 Firefox/126.0.1"
70.39.147.11 - - [19/Jun/2025:08:38:51 -0400] "POST /wp-cron.php?doing_wp_cron=1750336731.5063979625701904296875 HTTP/1.1" 200 - "-" "WordPress/6.6.2; https://pur-tungsten.com"
83.99.151.71 - - [19/Jun/2025:08:39:12 -0400] "GET /s/00aa34.js HTTP/1.1" 200 311594 "-" "Mozilla/5.0 (X11; Linux x86_64) AppleWebKit/537.36 (KHTML, like Gecko; GeedoProductSearch; +https://geedo.com/product-search.html) Chrome/134.0.0.0 Safari/537.36"
83.99.151.71 - - [19/Jun/2025:08:39:22 -0400] "GET /s/0b6997.js HTTP/1.1" 200 310399 "-" "Mozilla/5.0 (X11; Linux x86_64) AppleWebKit/537.36 (KHTML, like Gecko; GeedoProductSearch; +https://geedo.com/product-search.html) Chrome/134.0.0.0 Safari/537.36"
83.99.151.71 - - [19/Jun/2025:08:39:32 -0400] "GET /s/04b47f.js.gz HTTP/1.1" 200 310400 "-" "Mozilla/5.0 (X11; Linux x86_64) AppleWebKit/537.36 (KHTML, like Gecko; GeedoProductSearch; +https://geedo.com/product-search.html) Chrome/134.0.0.0 Safari/537.36"
83.99.151.71 - - [19/Jun/2025:08:39:43 -0400] "GET /s/016436.js.gz HTTP/1.1" 200 310399 "-" "Mozilla/5.0 (X11; Linux x86_64) AppleWebKit/537.36 (KHTML, like Gecko; GeedoProductSearch; +https://geedo.com/product-search.html) Chrome/134.0.0.0 Safari/537.36"
51.222.253.13 - - [19/Jun/2025:08:39:45 -0400] "GET / HTTP/2.0" 304 - "-" "Mozilla/5.0 (compatible; AhrefsBot/7.0; +http://ahrefs.com/robot/)"
83.99.151.71 - - [19/Jun/2025:08:39:52 -0400] "GET /s/037a8e.js HTTP/1.1" 200 310400 "-" "Mozilla/5.0 (X11; Linux x86_64) AppleWebKit/537.36 (KHTML, like Gecko; GeedoProductSearch; +https://geedo.com/product-search.html) Chrome/134.0.0.0 Safari/537.36"
83.99.151.71 - - [19/Jun/2025:08:40:02 -0400] "GET /s/0e1442.js.gz HTTP/1.1" 200 310399 "-" "Mozilla/5.0 (X11; Linux x86_64) AppleWebKit/537.36 (KHTML, like Gecko; GeedoProductSearch; +https://geedo.com/product-search.html) Chrome/134.0.0.0 Safari/537.36"
83.99.151.71 - - [19/Jun/2025:08:40:25 -0400] "GET /s/06fb52.js.gz HTTP/1.1" 200 310398 "-" "Mozilla/5.0 (X11; Linux x86_64) AppleWebKit/537.36 (KHTML, like Gecko; GeedoProductSearch; +https://geedo.com/product-search.html) Chrome/134.0.0.0 Safari/537.36"
83.99.151.71 - - [19/Jun/2025:08:40:34 -0400] "GET /s/0e833e.js.gz HTTP/1.1" 200 310398 "-" "Mozilla/5.0 (X11; Linux x86_64) AppleWebKit/537.36 (KHTML, like Gecko; GeedoProductSearch; +https://geedo.com/product-search.html) Chrome/134.0.0.0 Safari/537.36"
83.99.151.71 - - [19/Jun/2025:08:40:44 -0400] "GET /s/0e62aa.js HTTP/1.1" 200 310399 "-" "Mozilla/5.0 (X11; Linux x86_64) AppleWebKit/537.36 (KHTML, like Gecko; GeedoProductSearch; +https://geedo.com/product-search.html) Chrome/134.0.0.0 Safari/537.36"
83.99.151.71 - - [19/Jun/2025:08:40:55 -0400] "GET /s/045095.js HTTP/1.1" 200 310399 "-" "Mozilla/5.0 (X11; Linux x86_64) AppleWebKit/537.36 (KHTML, like Gecko; GeedoProductSearch; +https://geedo.com/product-search.html) Chrome/134.0.0.0 Safari/537.36"
83.99.151.71 - - [19/Jun/2025:08:41:04 -0400] "GET /s/033447.js HTTP/1.1" 200 310400 "-" "Mozilla/5.0 (X11; Linux x86_64) AppleWebKit/537.36 (KHTML, like Gecko; GeedoProductSearch; +https://geedo.com/product-search.html) Chrome/134.0.0.0 Safari/537.36"
83.99.151.71 - - [19/Jun/2025:08:41:14 -0400] "GET /s/0b38c0.js HTTP/1.1" 200 508188 "-" "Mozilla/5.0 (X11; Linux x86_64) AppleWebKit/537.36 (KHTML, like Gecko; GeedoProductSearch; +https://geedo.com/product-search.html) Chrome/134.0.0.0 Safari/537.36"
83.99.151.67 - - [19/Jun/2025:08:41:37 -0400] "GET /s/08cfc5.js HTTP/1.1" 200 555043 "-" "Mozilla/5.0 (X11; Linux x86_64) AppleWebKit/537.36 (KHTML, like Gecko; GeedoProductSearch; +https://geedo.com/product-search.html) Chrome/134.0.0.0 Safari/537.36"
83.99.151.66 - - [19/Jun/2025:08:41:48 -0400] "GET /s/073de0.js.gz HTTP/1.1" 200 337978 "-" "Mozilla/5.0 (X11; Linux x86_64) AppleWebKit/537.36 (KHTML, like Gecko; GeedoProductSearch; +https://geedo.com/product-search.html) Chrome/134.0.0.0 Safari/537.36"
83.99.151.66 - - [19/Jun/2025:08:41:57 -0400] "GET /s/010219.js HTTP/1.1" 200 312429 "-" "Mozilla/5.0 (X11; Linux x86_64) AppleWebKit/537.36 (KHTML, like Gecko; GeedoProductSearch; +https://geedo.com/product-search.html) Chrome/134.0.0.0 Safari/537.36"
83.99.151.66 - - [19/Jun/2025:08:42:07 -0400] "GET /s/0870b5.js.gz HTTP/1.1" 200 312422 "-" "Mozilla/5.0 (X11; Linux x86_64) AppleWebKit/537.36 (KHTML, like Gecko; GeedoProductSearch; +https://geedo.com/product-search.html) Chrome/134.0.0.0 Safari/537.36"
83.99.151.66 - - [19/Jun/2025:08:42:18 -0400] "GET /s/02c7ea.js.gz HTTP/1.1" 200 337977 "-" "Mozilla/5.0 (X11; Linux x86_64) AppleWebKit/537.36 (KHTML, like Gecko; GeedoProductSearch; +https://geedo.com/product-search.html) Chrome/134.0.0.0 Safari/537.36"
83.99.151.66 - - [19/Jun/2025:08:42:27 -0400] "GET /s/0d5505.js HTTP/1.1" 200 310399 "-" "Mozilla/5.0 (X11; Linux x86_64) AppleWebKit/537.36 (KHTML, like Gecko; GeedoProductSearch; +https://geedo.com/product-search.html) Chrome/134.0.0.0 Safari/537.36"
83.99.151.69 - - [19/Jun/2025:08:42:51 -0400] "GET /s/0aecf1.js HTTP/1.1" 200 310398 "-" "Mozilla/5.0 (X11; Linux x86_64) AppleWebKit/537.36 (KHTML, like Gecko; GeedoProductSearch; +https://geedo.com/product-search.html) Chrome/134.0.0.0 Safari/537.36"
83.99.151.70 - - [19/Jun/2025:08:43:00 -0400] "GET /s/0fb55a.js.gz HTTP/1.1" 200 310398 "-" "Mozilla/5.0 (X11; Linux x86_64) AppleWebKit/537.36 (KHTML, like Gecko; GeedoProductSearch; +https://geedo.com/product-search.html) Chrome/134.0.0.0 Safari/537.36"
83.99.151.69 - - [19/Jun/2025:08:43:10 -0400] "GET /s/063ac6.js HTTP/1.1" 200 310399 "-" "Mozilla/5.0 (X11; Linux x86_64) AppleWebKit/537.36 (KHTML, like Gecko; GeedoProductSearch; +https://geedo.com/product-search.html) Chrome/134.0.0.0 Safari/537.36"
83.99.151.69 - - [19/Jun/2025:08:43:21 -0400] "GET /s/0b7dd9.js HTTP/1.1" 200 337851 "-" "Mozilla/5.0 (X11; Linux x86_64) AppleWebKit/537.36 (KHTML, like Gecko; GeedoProductSearch; +https://geedo.com/product-search.html) Chrome/134.0.0.0 Safari/537.36"
83.99.151.69 - - [19/Jun/2025:08:43:30 -0400] "GET /s/0b3f0c.js.gz HTTP/1.1" 200 310400 "-" "Mozilla/5.0 (X11; Linux x86_64) AppleWebKit/537.36 (KHTML, like Gecko; GeedoProductSearch; +https://geedo.com/product-search.html) Chrome/134.0.0.0 Safari/537.36"
83.99.151.65 - - [19/Jun/2025:08:43:40 -0400] "GET /s/0786c5.js HTTP/1.1" 200 310400 "-" "Mozilla/5.0 (X11; Linux x86_64) AppleWebKit/537.36 (KHTML, like Gecko; GeedoProductSearch; +https://geedo.com/product-search.html) Chrome/134.0.0.0 Safari/537.36"
192.178.4.97 - - [19/Jun/2025:08:44:02 -0400] "GET /wp-content/uploads/2017/12/tig_welding_cat.jpg HTTP/1.1" 304 - "-" "Googlebot-Image/1.0"
83.99.151.65 - - [19/Jun/2025:08:44:03 -0400] "GET /s/0a6fc3.js.gz HTTP/1.1" 200 507614 "-" "Mozilla/5.0 (X11; Linux x86_64) AppleWebKit/537.36 (KHTML, like Gecko; GeedoProductSearch; +https://geedo.com/product-search.html) Chrome/134.0.0.0 Safari/537.36"
83.99.151.67 - - [19/Jun/2025:08:44:14 -0400] "GET /s/087806.js HTTP/1.1" 200 312204 "-" "Mozilla/5.0 (X11; Linux x86_64) AppleWebKit/537.36 (KHTML, like Gecko; GeedoProductSearch; +https://geedo.com/product-search.html) Chrome/134.0.0.0 Safari/537.36"
83.99.151.69 - - [19/Jun/2025:08:44:23 -0400] "GET /s/0332f1.js.gz HTTP/1.1" 200 310400 "-" "Mozilla/5.0 (X11; Linux x86_64) AppleWebKit/537.36 (KHTML, like Gecko; GeedoProductSearch; +https://geedo.com/product-search.html) Chrome/134.0.0.0 Safari/537.36"
83.99.151.65 - - [19/Jun/2025:08:44:33 -0400] "GET /s/0292f2.js HTTP/1.1" 200 310399 "-" "Mozilla/5.0 (X11; Linux x86_64) AppleWebKit/537.36 (KHTML, like Gecko; GeedoProductSearch; +https://geedo.com/product-search.html) Chrome/134.0.0.0 Safari/537.36"
83.99.151.65 - - [19/Jun/2025:08:44:44 -0400] "GET /s/044113.js.gz HTTP/1.1" 200 310400 "-" "Mozilla/5.0 (X11; Linux x86_64) AppleWebKit/537.36 (KHTML, like Gecko; GeedoProductSearch; +https://geedo.com/product-search.html) Chrome/134.0.0.0 Safari/537.36"
83.99.151.65 - - [19/Jun/2025:08:44:53 -0400] "GET /s/08f5d7.js HTTP/1.1" 200 552999 "-" "Mozilla/5.0 (X11; Linux x86_64) AppleWebKit/537.36 (KHTML, like Gecko; GeedoProductSearch; +https://geedo.com/product-search.html) Chrome/134.0.0.0 Safari/537.36"
83.99.151.71 - - [19/Jun/2025:08:45:16 -0400] "GET /s/0a83dc.js HTTP/1.1" 200 310397 "-" "Mozilla/5.0 (X11; Linux x86_64) AppleWebKit/537.36 (KHTML, like Gecko; GeedoProductSearch; +https://geedo.com/product-search.html) Chrome/134.0.0.0 Safari/537.36"
83.99.151.68 - - [19/Jun/2025:08:45:27 -0400] "GET /s/0fddb8.js.gz HTTP/1.1" 200 310399 "-" "Mozilla/5.0 (X11; Linux x86_64) AppleWebKit/537.36 (KHTML, like Gecko; GeedoProductSearch; +https://geedo.com/product-search.html) Chrome/134.0.0.0 Safari/537.36"
83.99.151.71 - - [19/Jun/2025:08:45:37 -0400] "GET /s/0d24ce.js.gz HTTP/1.1" 200 310399 "-" "Mozilla/5.0 (X11; Linux x86_64) AppleWebKit/537.36 (KHTML, like Gecko; GeedoProductSearch; +https://geedo.com/product-search.html) Chrome/134.0.0.0 Safari/537.36"
83.99.151.69 - - [19/Jun/2025:08:45:46 -0400] "GET /s/0413d5.js.gz HTTP/1.1" 200 310400 "-" "Mozilla/5.0 (X11; Linux x86_64) AppleWebKit/537.36 (KHTML, like Gecko; GeedoProductSearch; +https://geedo.com/product-search.html) Chrome/134.0.0.0 Safari/537.36"
83.99.151.71 - - [19/Jun/2025:08:45:56 -0400] "GET /s/0178df.js HTTP/1.1" 200 310399 "-" "Mozilla/5.0 (X11; Linux x86_64) AppleWebKit/537.36 (KHTML, like Gecko; GeedoProductSearch; +https://geedo.com/product-search.html) Chrome/134.0.0.0 Safari/537.36"
83.99.151.71 - - [19/Jun/2025:08:46:07 -0400] "GET /s/071b37.js.gz HTTP/1.1" 200 310400 "-" "Mozilla/5.0 (X11; Linux x86_64) AppleWebKit/537.36 (KHTML, like Gecko; GeedoProductSearch; +https://geedo.com/product-search.html) Chrome/134.0.0.0 Safari/537.36"
83.99.151.65 - - [19/Jun/2025:08:46:29 -0400] "GET /s/0dc75c.js.gz HTTP/1.1" 200 310399 "-" "Mozilla/5.0 (X11; Linux x86_64) AppleWebKit/537.36 (KHTML, like Gecko; GeedoProductSearch; +https://geedo.com/product-search.html) Chrome/134.0.0.0 Safari/537.36"
83.99.151.65 - - [19/Jun/2025:08:46:40 -0400] "GET /s/0e6b37.js.gz HTTP/1.1" 200 628119 "-" "Mozilla/5.0 (X11; Linux x86_64) AppleWebKit/537.36 (KHTML, like Gecko; GeedoProductSearch; +https://geedo.com/product-search.html) Chrome/134.0.0.0 Safari/537.36"
83.99.151.68 - - [19/Jun/2025:08:46:49 -0400] "GET /s/06e9ea.js.gz HTTP/1.1" 200 312214 "-" "Mozilla/5.0 (X11; Linux x86_64) AppleWebKit/537.36 (KHTML, like Gecko; GeedoProductSearch; +https://geedo.com/product-search.html) Chrome/134.0.0.0 Safari/537.36"
83.99.151.65 - - [19/Jun/2025:08:47:00 -0400] "GET /s/0ba2fe.js HTTP/1.1" 200 337849 "-" "Mozilla/5.0 (X11; Linux x86_64) AppleWebKit/537.36 (KHTML, like Gecko; GeedoProductSearch; +https://geedo.com/product-search.html) Chrome/134.0.0.0 Safari/537.36"
83.99.151.65 - - [19/Jun/2025:08:47:09 -0400] "GET /s/0850fa.js HTTP/1.1" 200 310399 "-" "Mozilla/5.0 (X11; Linux x86_64) AppleWebKit/537.36 (KHTML, like Gecko; GeedoProductSearch; +https://geedo.com/product-search.html) Chrome/134.0.0.0 Safari/537.36"
83.99.151.65 - - [19/Jun/2025:08:47:19 -0400] "GET /s/0306fe.js.gz HTTP/1.1" 200 310400 "-" "Mozilla/5.0 (X11; Linux x86_64) AppleWebKit/537.36 (KHTML, like Gecko; GeedoProductSearch; +https://geedo.com/product-search.html) Chrome/134.0.0.0 Safari/537.36"
83.99.151.70 - - [19/Jun/2025:08:47:40 -0400] "GET /s/0c35b7.js HTTP/1.1" 200 506241 "-" "Mozilla/5.0 (X11; Linux x86_64) AppleWebKit/537.36 (KHTML, like Gecko; GeedoProductSearch; +https://geedo.com/product-search.html) Chrome/134.0.0.0 Safari/537.36"
83.99.151.70 - - [19/Jun/2025:08:47:50 -0400] "GET /s/07c311.js HTTP/1.1" 200 310398 "-" "Mozilla/5.0 (X11; Linux x86_64) AppleWebKit/537.36 (KHTML, like Gecko; GeedoProductSearch; +https://geedo.com/product-search.html) Chrome/134.0.0.0 Safari/537.36"
83.99.151.70 - - [19/Jun/2025:08:48:01 -0400] "GET /s/0a6b15.js HTTP/1.1" 200 310399 "-" "Mozilla/5.0 (X11; Linux x86_64) AppleWebKit/537.36 (KHTML, like Gecko; GeedoProductSearch; +https://geedo.com/product-search.html) Chrome/134.0.0.0 Safari/537.36"
83.99.151.70 - - [19/Jun/2025:08:48:10 -0400] "GET /s/06565c.js HTTP/1.1" 200 553006 "-" "Mozilla/5.0 (X11; Linux x86_64) AppleWebKit/537.36 (KHTML, like Gecko; GeedoProductSearch; +https://geedo.com/product-search.html) Chrome/134.0.0.0 Safari/537.36"
83.99.151.70 - - [19/Jun/2025:08:48:20 -0400] "GET /s/0c234b.js HTTP/1.1" 200 310401 "-" "Mozilla/5.0 (X11; Linux x86_64) AppleWebKit/537.36 (KHTML, like Gecko; GeedoProductSearch; +https://geedo.com/product-search.html) Chrome/134.0.0.0 Safari/537.36"
34.194.14.255 - - [19/Jun/2025:08:48:31 -0400] "GET /product/tungsten-cube-block-display-weights/ HTTP/1.1" 200 17434 "-" "Mozilla/5.0 AppleWebKit/537.36 (KHTML, like Gecko; compatible; Amazonbot/0.1; +https://developer.amazon.com/support/amazonbot) Chrome/119.0.6045.214 Safari/537.36"
83.99.151.70 - - [19/Jun/2025:08:48:31 -0400] "GET /s/08c2e8.js.gz HTTP/1.1" 200 310398 "-" "Mozilla/5.0 (X11; Linux x86_64) AppleWebKit/537.36 (KHTML, like Gecko; GeedoProductSearch; +https://geedo.com/product-search.html) Chrome/134.0.0.0 Safari/537.36"
54.83.56.1 - - [19/Jun/2025:08:48:35 -0400] "GET /product/tungsten-ice-fishing-jigs/ HTTP/1.1" 200 18566 "-" "Mozilla/5.0 AppleWebKit/537.36 (KHTML, like Gecko; compatible; Amazonbot/0.1; +https://developer.amazon.com/support/amazonbot) Chrome/119.0.6045.214 Safari/537.36"
192.86.65.12 - - [19/Jun/2025:08:48:46 -0400] "GET /wp-content/uploads/2019/01/PWskirtOnBlack-270x178.jpg HTTP/1.1" 200 7869 "-" "Mozilla/5.0 (X11; Ubuntu; Linux x86_64; rv:72.0) Gecko/20100101 Firefox/72.0"
70.39.147.11 - - [19/Jun/2025:08:48:49 -0400] "POST /wp-admin/admin-ajax.php?action=wp_1_wc_privacy_cleanup&nonce=6c81c26eac HTTP/1.1" 200 - "-" "WordPress/6.6.2; https://pur-tungsten.com"
70.39.147.11 - - [19/Jun/2025:08:48:50 -0400] "POST /wp-admin/admin-ajax.php?action=wordfence_testAjax HTTP/1.1" 200 12 "-" "WordPress/6.6.2; https://pur-tungsten.com"
83.99.151.69 - - [19/Jun/2025:08:48:53 -0400] "GET /s/0587e0.js HTTP/1.1" 200 310399 "-" "Mozilla/5.0 (X11; Linux x86_64) AppleWebKit/537.36 (KHTML, like Gecko; GeedoProductSearch; +https://geedo.com/product-search.html) Chrome/134.0.0.0 Safari/537.36"
70.39.147.11 - - [19/Jun/2025:08:48:53 -0400] "GET /wp-admin/admin-ajax.php?action=wordfence_doScan&isFork=0&scanMode=quick&cronKey=a868d538106b5f189b064aadac42a2e0&signature=55a9d78a0c2aef82f193c341771985977c22936bd8ce937332727563f96fe6c8 HTTP/1.1" 200 - "-" "WordPress/6.6.2; https://pur-tungsten.com"
83.99.151.69 - - [19/Jun/2025:08:49:03 -0400] "GET /s/06aa6a.js HTTP/1.1" 200 508767 "-" "Mozilla/5.0 (X11; Linux x86_64) AppleWebKit/537.36 (KHTML, like Gecko; GeedoProductSearch; +https://geedo.com/product-search.html) Chrome/134.0.0.0 Safari/537.36"
83.99.151.68 - - [19/Jun/2025:08:49:13 -0400] "GET /s/05e996.js HTTP/1.1" 200 506258 "-" "Mozilla/5.0 (X11; Linux x86_64) AppleWebKit/537.36 (KHTML, like Gecko; GeedoProductSearch; +https://geedo.com/product-search.html) Chrome/134.0.0.0 Safari/537.36"
83.99.151.69 - - [19/Jun/2025:08:49:23 -0400] "GET /s/0a92df.js.gz HTTP/1.1" 200 310398 "-" "Mozilla/5.0 (X11; Linux x86_64) AppleWebKit/537.36 (KHTML, like Gecko; GeedoProductSearch; +https://geedo.com/product-search.html) Chrome/134.0.0.0 Safari/537.36"
83.99.151.67 - - [19/Jun/2025:08:49:34 -0400] "GET /s/077ac2.js.gz HTTP/1.1" 200 310398 "-" "Mozilla/5.0 (X11; Linux x86_64) AppleWebKit/537.36 (KHTML, like Gecko; GeedoProductSearch; +https://geedo.com/product-search.html) Chrome/134.0.0.0 Safari/537.36"
83.99.151.69 - - [19/Jun/2025:08:49:43 -0400] "GET /s/05ac24.js.gz HTTP/1.1" 200 310399 "-" "Mozilla/5.0 (X11; Linux x86_64) AppleWebKit/537.36 (KHTML, like Gecko; GeedoProductSearch; +https://geedo.com/product-search.html) Chrome/134.0.0.0 Safari/537.36"
83.99.151.68 - - [19/Jun/2025:08:50:05 -0400] "GET /s/02e34b.js HTTP/1.1" 200 552224 "-" "Mozilla/5.0 (X11; Linux x86_64) AppleWebKit/537.36 (KHTML, like Gecko; GeedoProductSearch; +https://geedo.com/product-search.html) Chrome/134.0.0.0 Safari/537.36"
83.99.151.68 - - [19/Jun/2025:08:50:15 -0400] "GET /s/062389.js.gz HTTP/1.1" 200 310420 "-" "Mozilla/5.0 (X11; Linux x86_64) AppleWebKit/537.36 (KHTML, like Gecko; GeedoProductSearch; +https://geedo.com/product-search.html) Chrome/134.0.0.0 Safari/537.36"
83.99.151.68 - - [19/Jun/2025:08:50:25 -0400] "GET /s/0f3bcd.js.gz HTTP/1.1" 200 628134 "-" "Mozilla/5.0 (X11; Linux x86_64) AppleWebKit/537.36 (KHTML, like Gecko; GeedoProductSearch; +https://geedo.com/product-search.html) Chrome/134.0.0.0 Safari/537.36"
83.99.151.67 - - [19/Jun/2025:08:50:35 -0400] "GET /s/01c611.js.gz HTTP/1.1" 200 310399 "-" "Mozilla/5.0 (X11; Linux x86_64) AppleWebKit/537.36 (KHTML, like Gecko; GeedoProductSearch; +https://geedo.com/product-search.html) Chrome/134.0.0.0 Safari/537.36"
83.99.151.68 - - [19/Jun/2025:08:50:46 -0400] "GET /s/0438a4.js.gz HTTP/1.1" 200 310400 "-" "Mozilla/5.0 (X11; Linux x86_64) AppleWebKit/537.36 (KHTML, like Gecko; GeedoProductSearch; +https://geedo.com/product-search.html) Chrome/134.0.0.0 Safari/537.36"
83.99.151.68 - - [19/Jun/2025:08:50:55 -0400] "GET /s/09bec0.js HTTP/1.1" 200 333580 "-" "Mozilla/5.0 (X11; Linux x86_64) AppleWebKit/537.36 (KHTML, like Gecko; GeedoProductSearch; +https://geedo.com/product-search.html) Chrome/134.0.0.0 Safari/537.36"
83.99.151.65 - - [19/Jun/2025:08:51:17 -0400] "GET /s/06bda9.js.gz HTTP/1.1" 200 310399 "-" "Mozilla/5.0 (X11; Linux x86_64) AppleWebKit/537.36 (KHTML, like Gecko; GeedoProductSearch; +https://geedo.com/product-search.html) Chrome/134.0.0.0 Safari/537.36"
83.99.151.65 - - [19/Jun/2025:08:51:27 -0400] "GET /s/007b34.js.gz HTTP/1.1" 200 337849 "-" "Mozilla/5.0 (X11; Linux x86_64) AppleWebKit/537.36 (KHTML, like Gecko; GeedoProductSearch; +https://geedo.com/product-search.html) Chrome/134.0.0.0 Safari/537.36"
83.99.151.65 - - [19/Jun/2025:08:51:37 -0400] "GET /s/008640.js.gz HTTP/1.1" 200 310399 "-" "Mozilla/5.0 (X11; Linux x86_64) AppleWebKit/537.36 (KHTML, like Gecko; GeedoProductSearch; +https://geedo.com/product-search.html) Chrome/134.0.0.0 Safari/537.36"
83.99.151.67 - - [19/Jun/2025:08:51:47 -0400] "GET /s/015923.js HTTP/1.1" 200 310399 "-" "Mozilla/5.0 (X11; Linux x86_64) AppleWebKit/537.36 (KHTML, like Gecko; GeedoProductSearch; +https://geedo.com/product-search.html) Chrome/134.0.0.0 Safari/537.36"
83.99.151.67 - - [19/Jun/2025:08:51:58 -0400] "GET /s/03a2eb.js.gz HTTP/1.1" 200 310399 "-" "Mozilla/5.0 (X11; Linux x86_64) AppleWebKit/537.36 (KHTML, like Gecko; GeedoProductSearch; +https://geedo.com/product-search.html) Chrome/134.0.0.0 Safari/537.36"
83.99.151.65 - - [19/Jun/2025:08:52:07 -0400] "GET /s/0f0532.js HTTP/1.1" 200 552367 "-" "Mozilla/5.0 (X11; Linux x86_64) AppleWebKit/537.36 (KHTML, like Gecko; GeedoProductSearch; +https://geedo.com/product-search.html) Chrome/134.0.0.0 Safari/537.36"
114.119.131.136 - - [19/Jun/2025:08:52:28 -0400] "GET /wp-content/uploads/2018/01/111-455x300.jpg HTTP/1.1" 200 11609 "-" "Mozilla/5.0 (Linux; Android 7.0;) AppleWebKit/537.36 (KHTML, like Gecko) Mobile Safari/537.36 (compatible; PetalBot;+https://webmaster.petalsearch.com/site/petalbot)"
83.99.151.69 - - [19/Jun/2025:08:52:29 -0400] "GET /s/075fd5.js.gz HTTP/1.1" 200 431709 "-" "Mozilla/5.0 (X11; Linux x86_64) AppleWebKit/537.36 (KHTML, like Gecko; GeedoProductSearch; +https://geedo.com/product-search.html) Chrome/134.0.0.0 Safari/537.36"
83.99.151.69 - - [19/Jun/2025:08:52:39 -0400] "GET /s/0c73db.js HTTP/1.1" 200 2723 "-" "Mozilla/5.0 (X11; Linux x86_64) AppleWebKit/537.36 (KHTML, like Gecko; GeedoProductSearch; +https://geedo.com/product-search.html) Chrome/134.0.0.0 Safari/537.36"
83.99.151.70 - - [19/Jun/2025:08:52:50 -0400] "GET /s/082057.js.gz HTTP/1.1" 200 310398 "-" "Mozilla/5.0 (X11; Linux x86_64) AppleWebKit/537.36 (KHTML, like Gecko; GeedoProductSearch; +https://geedo.com/product-search.html) Chrome/134.0.0.0 Safari/537.36"
83.99.151.69 - - [19/Jun/2025:08:52:59 -0400] "GET /s/0bf85a.js HTTP/1.1" 200 310398 "-" "Mozilla/5.0 (X11; Linux x86_64) AppleWebKit/537.36 (KHTML, like Gecko; GeedoProductSearch; +https://geedo.com/product-search.html) Chrome/134.0.0.0 Safari/537.36"
83.99.151.69 - - [19/Jun/2025:08:53:09 -0400] "GET /s/0ac2f1.js HTTP/1.1" 200 310398 "-" "Mozilla/5.0 (X11; Linux x86_64) AppleWebKit/537.36 (KHTML, like Gecko; GeedoProductSearch; +https://geedo.com/product-search.html) Chrome/134.0.0.0 Safari/537.36"
83.99.151.70 - - [19/Jun/2025:08:53:20 -0400] "GET /s/0e1213.js.gz HTTP/1.1" 200 337994 "-" "Mozilla/5.0 (X11; Linux x86_64) AppleWebKit/537.36 (KHTML, like Gecko; GeedoProductSearch; +https://geedo.com/product-search.html) Chrome/134.0.0.0 Safari/537.36"
83.99.151.69 - - [19/Jun/2025:08:53:43 -0400] "GET /s/02c025.js.gz HTTP/1.1" 200 310399 "-" "Mozilla/5.0 (X11; Linux x86_64) AppleWebKit/537.36 (KHTML, like Gecko; GeedoProductSearch; +https://geedo.com/product-search.html) Chrome/134.0.0.0 Safari/537.36"
83.99.151.69 - - [19/Jun/2025:08:53:53 -0400] "GET /s/01399b.css.gz HTTP/1.1" 200 3410 "-" "Mozilla/5.0 (X11; Linux x86_64) AppleWebKit/537.36 (KHTML, like Gecko; GeedoProductSearch; +https://geedo.com/product-search.html) Chrome/134.0.0.0 Safari/537.36"
83.99.151.69 - - [19/Jun/2025:08:54:04 -0400] "GET /s/085c45.js.gz HTTP/1.1" 200 337847 "-" "Mozilla/5.0 (X11; Linux x86_64) AppleWebKit/537.36 (KHTML, like Gecko; GeedoProductSearch; +https://geedo.com/product-search.html) Chrome/134.0.0.0 Safari/537.36"
83.99.151.71 - - [19/Jun/2025:08:54:13 -0400] "GET /s/00c4a1.js HTTP/1.1" 200 310400 "-" "Mozilla/5.0 (X11; Linux x86_64) AppleWebKit/537.36 (KHTML, like Gecko; GeedoProductSearch; +https://geedo.com/product-search.html) Chrome/134.0.0.0 Safari/537.36"
192.178.4.97 - - [19/Jun/2025:08:54:23 -0400] "GET /s/8c48c3.js HTTP/1.1" 200 312210 "https://pur-tungsten.com/product/ar-15-anodized-light-gold-carbine-buffers/" "Mozilla/5.0 (Linux; Android 6.0.1; Nexus 5X Build/MMB29P) AppleWebKit/537.36 (KHTML, like Gecko) Chrome/137.0.7151.68 Mobile Safari/537.36 (compatible; Googlebot/2.1; +http://www.google.com/bot.html)"
83.99.151.69 - - [19/Jun/2025:08:54:23 -0400] "GET /s/058152.js HTTP/1.1" 200 310400 "-" "Mozilla/5.0 (X11; Linux x86_64) AppleWebKit/537.36 (KHTML, like Gecko; GeedoProductSearch; +https://geedo.com/product-search.html) Chrome/134.0.0.0 Safari/537.36"
83.99.151.69 - - [19/Jun/2025:08:54:34 -0400] "GET /s/0624e3.js HTTP/1.1" 200 310399 "-" "Mozilla/5.0 (X11; Linux x86_64) AppleWebKit/537.36 (KHTML, like Gecko; GeedoProductSearch; +https://geedo.com/product-search.html) Chrome/134.0.0.0 Safari/537.36"
83.99.151.68 - - [19/Jun/2025:08:54:57 -0400] "GET /s/01aa2f.js HTTP/1.1" 200 310399 "-" "Mozilla/5.0 (X11; Linux x86_64) AppleWebKit/537.36 (KHTML, like Gecko; GeedoProductSearch; +https://geedo.com/product-search.html) Chrome/134.0.0.0 Safari/537.36"
83.99.151.68 - - [19/Jun/2025:08:55:06 -0400] "GET /s/0f18de.js HTTP/1.1" 200 312205 "-" "Mozilla/5.0 (X11; Linux x86_64) AppleWebKit/537.36 (KHTML, like Gecko; GeedoProductSearch; +https://geedo.com/product-search.html) Chrome/134.0.0.0 Safari/537.36"
83.99.151.68 - - [19/Jun/2025:08:55:17 -0400] "GET /s/0443dc.js.gz HTTP/1.1" 200 - "-" "Mozilla/5.0 (X11; Linux x86_64) AppleWebKit/537.36 (KHTML, like Gecko; GeedoProductSearch; +https://geedo.com/product-search.html) Chrome/134.0.0.0 Safari/537.36"
83.99.151.68 - - [19/Jun/2025:08:55:26 -0400] "GET /s/089d12.js.gz HTTP/1.1" 200 508126 "-" "Mozilla/5.0 (X11; Linux x86_64) AppleWebKit/537.36 (KHTML, like Gecko; GeedoProductSearch; +https://geedo.com/product-search.html) Chrome/134.0.0.0 Safari/537.36"
83.99.151.68 - - [19/Jun/2025:08:55:36 -0400] "GET /s/0a9d2d.js HTTP/1.1" 200 552873 "-" "Mozilla/5.0 (X11; Linux x86_64) AppleWebKit/537.36 (KHTML, like Gecko; GeedoProductSearch; +https://geedo.com/product-search.html) Chrome/134.0.0.0 Safari/537.36"
83.99.151.68 - - [19/Jun/2025:08:55:47 -0400] "GET /s/000da2.js HTTP/1.1" 200 310399 "-" "Mozilla/5.0 (X11; Linux x86_64) AppleWebKit/537.36 (KHTML, like Gecko; GeedoProductSearch; +https://geedo.com/product-search.html) Chrome/134.0.0.0 Safari/537.36"
83.99.151.66 - - [19/Jun/2025:08:56:11 -0400] "GET /s/04f97a.js HTTP/1.1" 200 310397 "-" "Mozilla/5.0 (X11; Linux x86_64) AppleWebKit/537.36 (KHTML, like Gecko; GeedoProductSearch; +https://geedo.com/product-search.html) Chrome/134.0.0.0 Safari/537.36"
83.99.151.66 - - [19/Jun/2025:08:56:21 -0400] "GET /s/0378dc.js.gz HTTP/1.1" 200 506819 "-" "Mozilla/5.0 (X11; Linux x86_64) AppleWebKit/537.36 (KHTML, like Gecko; GeedoProductSearch; +https://geedo.com/product-search.html) Chrome/134.0.0.0 Safari/537.36"
83.99.151.64 - - [19/Jun/2025:08:56:31 -0400] "GET /s/0f2d62.js.gz HTTP/1.1" 200 310398 "-" "Mozilla/5.0 (X11; Linux x86_64) AppleWebKit/537.36 (KHTML, like Gecko; GeedoProductSearch; +https://geedo.com/product-search.html) Chrome/134.0.0.0 Safari/537.36"
83.99.151.66 - - [19/Jun/2025:08:56:40 -0400] "GET /s/05533a.js HTTP/1.1" 200 310399 "-" "Mozilla/5.0 (X11; Linux x86_64) AppleWebKit/537.36 (KHTML, like Gecko; GeedoProductSearch; +https://geedo.com/product-search.html) Chrome/134.0.0.0 Safari/537.36"
83.99.151.68 - - [19/Jun/2025:08:56:51 -0400] "GET /s/0e2b31.js HTTP/1.1" 200 508665 "-" "Mozilla/5.0 (X11; Linux x86_64) AppleWebKit/537.36 (KHTML, like Gecko; GeedoProductSearch; +https://geedo.com/product-search.html) Chrome/134.0.0.0 Safari/537.36"
83.99.151.66 - - [19/Jun/2025:08:57:00 -0400] "GET /s/0e5df5.js HTTP/1.1" 200 310399 "-" "Mozilla/5.0 (X11; Linux x86_64) AppleWebKit/537.36 (KHTML, like Gecko; GeedoProductSearch; +https://geedo.com/product-search.html) Chrome/134.0.0.0 Safari/537.36"
83.99.151.69 - - [19/Jun/2025:08:57:29 -0400] "GET /s/00cfc6.js HTTP/1.1" 200 552414 "-" "Mozilla/5.0 (X11; Linux x86_64) AppleWebKit/537.36 (KHTML, like Gecko; GeedoProductSearch; +https://geedo.com/product-search.html) Chrome/134.0.0.0 Safari/537.36"
83.99.151.66 - - [19/Jun/2025:08:57:38 -0400] "GET /s/028663.js HTTP/1.1" 200 310399 "-" "Mozilla/5.0 (X11; Linux x86_64) AppleWebKit/537.36 (KHTML, like Gecko; GeedoProductSearch; +https://geedo.com/product-search.html) Chrome/134.0.0.0 Safari/537.36"
83.99.151.69 - - [19/Jun/2025:08:57:48 -0400] "GET /s/0120f1.js.gz HTTP/1.1" 200 310396 "-" "Mozilla/5.0 (X11; Linux x86_64) AppleWebKit/537.36 (KHTML, like Gecko; GeedoProductSearch; +https://geedo.com/product-search.html) Chrome/134.0.0.0 Safari/537.36"
83.99.151.69 - - [19/Jun/2025:08:57:58 -0400] "GET /s/075bc2.js HTTP/1.1" 200 310399 "-" "Mozilla/5.0 (X11; Linux x86_64) AppleWebKit/537.36 (KHTML, like Gecko; GeedoProductSearch; +https://geedo.com/product-search.html) Chrome/134.0.0.0 Safari/537.36"
83.99.151.69 - - [19/Jun/2025:08:58:08 -0400] "GET /s/0f08fd.js HTTP/1.1" 200 310400 "-" "Mozilla/5.0 (X11; Linux x86_64) AppleWebKit/537.36 (KHTML, like Gecko; GeedoProductSearch; +https://geedo.com/product-search.html) Chrome/134.0.0.0 Safari/537.36"
83.99.151.69 - - [19/Jun/2025:08:58:18 -0400] "GET /s/0434e5.js HTTP/1.1" 200 310397 "-" "Mozilla/5.0 (X11; Linux x86_64) AppleWebKit/537.36 (KHTML, like Gecko; GeedoProductSearch; +https://geedo.com/product-search.html) Chrome/134.0.0.0 Safari/537.36"
83.99.151.64 - - [19/Jun/2025:08:58:44 -0400] "GET /s/0eeefd.js.gz HTTP/1.1" 200 310401 "-" "Mozilla/5.0 (X11; Linux x86_64) AppleWebKit/537.36 (KHTML, like Gecko; GeedoProductSearch; +https://geedo.com/product-search.html) Chrome/134.0.0.0 Safari/537.36"
83.99.151.68 - - [19/Jun/2025:08:58:54 -0400] "GET /s/0cbe76.js HTTP/1.1" 200 310401 "-" "Mozilla/5.0 (X11; Linux x86_64) AppleWebKit/537.36 (KHTML, like Gecko; GeedoProductSearch; +https://geedo.com/product-search.html) Chrome/134.0.0.0 Safari/537.36"
83.99.151.68 - - [19/Jun/2025:08:59:03 -0400] "GET /s/056d89.js.gz HTTP/1.1" 200 310399 "-" "Mozilla/5.0 (X11; Linux x86_64) AppleWebKit/537.36 (KHTML, like Gecko; GeedoProductSearch; +https://geedo.com/product-search.html) Chrome/134.0.0.0 Safari/537.36"
83.99.151.71 - - [19/Jun/2025:08:59:15 -0400] "GET /s/005911.js HTTP/1.1" 200 552963 "-" "Mozilla/5.0 (X11; Linux x86_64) AppleWebKit/537.36 (KHTML, like Gecko; GeedoProductSearch; +https://geedo.com/product-search.html) Chrome/134.0.0.0 Safari/537.36"
83.99.151.64 - - [19/Jun/2025:08:59:25 -0400] "GET /s/0e765e.js.gz HTTP/1.1" 200 312200 "-" "Mozilla/5.0 (X11; Linux x86_64) AppleWebKit/537.36 (KHTML, like Gecko; GeedoProductSearch; +https://geedo.com/product-search.html) Chrome/134.0.0.0 Safari/537.36"
83.99.151.70 - - [19/Jun/2025:08:59:35 -0400] "GET /s/0698e7.js HTTP/1.1" 200 310400 "-" "Mozilla/5.0 (X11; Linux x86_64) AppleWebKit/537.36 (KHTML, like Gecko; GeedoProductSearch; +https://geedo.com/product-search.html) Chrome/134.0.0.0 Safari/537.36"
83.99.151.68 - - [19/Jun/2025:08:59:59 -0400] "GET /s/08b2a5.js HTTP/1.1" 200 310399 "-" "Mozilla/5.0 (X11; Linux x86_64) AppleWebKit/537.36 (KHTML, like Gecko; GeedoProductSearch; +https://geedo.com/product-search.html) Chrome/134.0.0.0 Safari/537.36"
83.99.151.68 - - [19/Jun/2025:09:00:10 -0400] "GET /s/09e47a.js.gz HTTP/1.1" 200 552359 "-" "Mozilla/5.0 (X11; Linux x86_64) AppleWebKit/537.36 (KHTML, like Gecko; GeedoProductSearch; +https://geedo.com/product-search.html) Chrome/134.0.0.0 Safari/537.36"
83.99.151.68 - - [19/Jun/2025:09:00:20 -0400] "GET /s/0c1538.js HTTP/1.1" 200 310398 "-" "Mozilla/5.0 (X11; Linux x86_64) AppleWebKit/537.36 (KHTML, like Gecko; GeedoProductSearch; +https://geedo.com/product-search.html) Chrome/134.0.0.0 Safari/537.36"
83.99.151.68 - - [19/Jun/2025:09:00:29 -0400] "GET /s/0343fc.js HTTP/1.1" 200 310400 "-" "Mozilla/5.0 (X11; Linux x86_64) AppleWebKit/537.36 (KHTML, like Gecko; GeedoProductSearch; +https://geedo.com/product-search.html) Chrome/134.0.0.0 Safari/537.36"
83.99.151.71 - - [19/Jun/2025:09:00:39 -0400] "GET /s/00fb35.js.gz HTTP/1.1" 200 310399 "-" "Mozilla/5.0 (X11; Linux x86_64) AppleWebKit/537.36 (KHTML, like Gecko; GeedoProductSearch; +https://geedo.com/product-search.html) Chrome/134.0.0.0 Safari/537.36"
83.99.151.64 - - [19/Jun/2025:09:00:50 -0400] "GET /s/0a7560.js.gz HTTP/1.1" 200 310398 "-" "Mozilla/5.0 (X11; Linux x86_64) AppleWebKit/537.36 (KHTML, like Gecko; GeedoProductSearch; +https://geedo.com/product-search.html) Chrome/134.0.0.0 Safari/537.36"
83.99.151.65 - - [19/Jun/2025:09:01:12 -0400] "GET /s/09cc41.js HTTP/1.1" 200 310400 "-" "Mozilla/5.0 (X11; Linux x86_64) AppleWebKit/537.36 (KHTML, like Gecko; GeedoProductSearch; +https://geedo.com/product-search.html) Chrome/134.0.0.0 Safari/537.36"
83.99.151.65 - - [19/Jun/2025:09:01:23 -0400] "GET /s/0443f2.js HTTP/1.1" 200 310400 "-" "Mozilla/5.0 (X11; Linux x86_64) AppleWebKit/537.36 (KHTML, like Gecko; GeedoProductSearch; +https://geedo.com/product-search.html) Chrome/134.0.0.0 Safari/537.36"
51.68.248.18 - - [19/Jun/2025:09:01:27 -0400] "GET /wp-content/uploads/2018/01/iBLACK_ONYX_ICE_JIGS.jpg HTTP/1.1" 200 113257 "-" "Mozilla/5.0 (X11; Ubuntu; Linux x86_64; rv:72.0) Gecko/20100101 Firefox/72.0"
83.99.151.65 - - [19/Jun/2025:09:01:32 -0400] "GET /s/078fc4.js HTTP/1.1" 200 338059 "-" "Mozilla/5.0 (X11; Linux x86_64) AppleWebKit/537.36 (KHTML, like Gecko; GeedoProductSearch; +https://geedo.com/product-search.html) Chrome/134.0.0.0 Safari/537.36"
83.99.151.65 - - [19/Jun/2025:09:01:42 -0400] "GET /s/0cb4b6.js.gz HTTP/1.1" 200 310399 "-" "Mozilla/5.0 (X11; Linux x86_64) AppleWebKit/537.36 (KHTML, like Gecko; GeedoProductSearch; +https://geedo.com/product-search.html) Chrome/134.0.0.0 Safari/537.36"
83.99.151.65 - - [19/Jun/2025:09:01:53 -0400] "GET /s/0ed2fd.js.gz HTTP/1.1" 200 310401 "-" "Mozilla/5.0 (X11; Linux x86_64) AppleWebKit/537.36 (KHTML, like Gecko; GeedoProductSearch; +https://geedo.com/product-search.html) Chrome/134.0.0.0 Safari/537.36"
83.99.151.71 - - [19/Jun/2025:09:02:02 -0400] "GET /s/09d208.js.gz HTTP/1.1" 200 310399 "-" "Mozilla/5.0 (X11; Linux x86_64) AppleWebKit/537.36 (KHTML, like Gecko; GeedoProductSearch; +https://geedo.com/product-search.html) Chrome/134.0.0.0 Safari/537.36"
83.99.151.68 - - [19/Jun/2025:09:02:23 -0400] "GET /s/0742e7.js.gz HTTP/1.1" 200 310399 "-" "Mozilla/5.0 (X11; Linux x86_64) AppleWebKit/537.36 (KHTML, like Gecko; GeedoProductSearch; +https://geedo.com/product-search.html) Chrome/134.0.0.0 Safari/537.36"
83.99.151.68 - - [19/Jun/2025:09:02:34 -0400] "GET /s/08b399.js.gz HTTP/1.1" 200 628119 "-" "Mozilla/5.0 (X11; Linux x86_64) AppleWebKit/537.36 (KHTML, like Gecko; GeedoProductSearch; +https://geedo.com/product-search.html) Chrome/134.0.0.0 Safari/537.36"
83.99.151.68 - - [19/Jun/2025:09:02:43 -0400] "GET /s/0177c3.js HTTP/1.1" 200 311235 "-" "Mozilla/5.0 (X11; Linux x86_64) AppleWebKit/537.36 (KHTML, like Gecko; GeedoProductSearch; +https://geedo.com/product-search.html) Chrome/134.0.0.0 Safari/537.36"
83.99.151.68 - - [19/Jun/2025:09:02:53 -0400] "GET /s/02c511.js HTTP/1.1" 200 310399 "-" "Mozilla/5.0 (X11; Linux x86_64) AppleWebKit/537.36 (KHTML, like Gecko; GeedoProductSearch; +https://geedo.com/product-search.html) Chrome/134.0.0.0 Safari/537.36"
83.99.151.68 - - [19/Jun/2025:09:03:03 -0400] "GET /s/0cb635.js HTTP/1.1" 200 310423 "-" "Mozilla/5.0 (X11; Linux x86_64) AppleWebKit/537.36 (KHTML, like Gecko; GeedoProductSearch; +https://geedo.com/product-search.html) Chrome/134.0.0.0 Safari/537.36"
83.99.151.68 - - [19/Jun/2025:09:03:13 -0400] "GET /s/0c596b.js HTTP/1.1" 200 508651 "-" "Mozilla/5.0 (X11; Linux x86_64) AppleWebKit/537.36 (KHTML, like Gecko; GeedoProductSearch; +https://geedo.com/product-search.html) Chrome/134.0.0.0 Safari/537.36"
83.99.151.66 - - [19/Jun/2025:09:03:38 -0400] "GET /s/040d42.js.gz HTTP/1.1" 200 310399 "-" "Mozilla/5.0 (X11; Linux x86_64) AppleWebKit/537.36 (KHTML, like Gecko; GeedoProductSearch; +https://geedo.com/product-search.html) Chrome/134.0.0.0 Safari/537.36"
83.99.151.67 - - [19/Jun/2025:09:03:49 -0400] "GET /s/02831b.js HTTP/1.1" 200 310399 "-" "Mozilla/5.0 (X11; Linux x86_64) AppleWebKit/537.36 (KHTML, like Gecko; GeedoProductSearch; +https://geedo.com/product-search.html) Chrome/134.0.0.0 Safari/537.36"
83.99.151.67 - - [19/Jun/2025:09:03:59 -0400] "GET /s/02e0e5.js HTTP/1.1" 200 310399 "-" "Mozilla/5.0 (X11; Linux x86_64) AppleWebKit/537.36 (KHTML, like Gecko; GeedoProductSearch; +https://geedo.com/product-search.html) Chrome/134.0.0.0 Safari/537.36"
83.99.151.66 - - [19/Jun/2025:09:04:09 -0400] "GET /s/0343f3.js HTTP/1.1" 200 310398 "-" "Mozilla/5.0 (X11; Linux x86_64) AppleWebKit/537.36 (KHTML, like Gecko; GeedoProductSearch; +https://geedo.com/product-search.html) Chrome/134.0.0.0 Safari/537.36"
83.99.151.71 - - [19/Jun/2025:09:04:18 -0400] "GET /s/0efc58.js HTTP/1.1" 200 310399 "-" "Mozilla/5.0 (X11; Linux x86_64) AppleWebKit/537.36 (KHTML, like Gecko; GeedoProductSearch; +https://geedo.com/product-search.html) Chrome/134.0.0.0 Safari/537.36"
83.99.151.71 - - [19/Jun/2025:09:04:29 -0400] "GET /s/07a116.js HTTP/1.1" 200 310395 "-" "Mozilla/5.0 (X11; Linux x86_64) AppleWebKit/537.36 (KHTML, like Gecko; GeedoProductSearch; +https://geedo.com/product-search.html) Chrome/134.0.0.0 Safari/537.36"
192.178.4.96 - - [19/Jun/2025:09:04:38 -0400] "GET /product/tungsten-recoil-buffer-weights/ HTTP/1.1" 200 26721 "-" "Mozilla/5.0 (Linux; Android 6.0.1; Nexus 5X Build/MMB29P) AppleWebKit/537.36 (KHTML, like Gecko) Chrome/137.0.7151.103 Mobile Safari/537.36 (compatible; Googlebot/2.1; +http://www.google.com/bot.html)"
83.99.151.66 - - [19/Jun/2025:09:04:53 -0400] "GET /s/0bb8f2.js HTTP/1.1" 200 310398 "-" "Mozilla/5.0 (X11; Linux x86_64) AppleWebKit/537.36 (KHTML, like Gecko; GeedoProductSearch; +https://geedo.com/product-search.html) Chrome/134.0.0.0 Safari/537.36"
83.99.151.66 - - [19/Jun/2025:09:05:02 -0400] "GET /s/08fce5.js HTTP/1.1" 200 310400 "-" "Mozilla/5.0 (X11; Linux x86_64) AppleWebKit/537.36 (KHTML, like Gecko; GeedoProductSearch; +https://geedo.com/product-search.html) Chrome/134.0.0.0 Safari/537.36"
83.99.151.66 - - [19/Jun/2025:09:05:12 -0400] "GET /s/0be11e.js HTTP/1.1" 200 310399 "-" "Mozilla/5.0 (X11; Linux x86_64) AppleWebKit/537.36 (KHTML, like Gecko; GeedoProductSearch; +https://geedo.com/product-search.html) Chrome/134.0.0.0 Safari/537.36"
83.99.151.66 - - [19/Jun/2025:09:05:22 -0400] "GET /s/0dcc76.js.gz HTTP/1.1" 200 310400 "-" "Mozilla/5.0 (X11; Linux x86_64) AppleWebKit/537.36 (KHTML, like Gecko; GeedoProductSearch; +https://geedo.com/product-search.html) Chrome/134.0.0.0 Safari/537.36"
192.99.37.132 - - [19/Jun/2025:09:05:27 -0400] "GET /robots.txt HTTP/1.1" 200 67 "-" "Mozilla/5.0 (compatible; MJ12bot/v1.4.8; http://mj12bot.com/)"
192.99.37.132 - - [19/Jun/2025:09:05:29 -0400] "GET /?add-to-cart=24438 HTTP/1.1" 302 - "-" "Mozilla/5.0 (compatible; MJ12bot/v1.4.8; http://mj12bot.com/)"
83.99.151.66 - - [19/Jun/2025:09:05:32 -0400] "GET /s/03ee4a.js.gz HTTP/1.1" 200 310399 "-" "Mozilla/5.0 (X11; Linux x86_64) AppleWebKit/537.36 (KHTML, like Gecko; GeedoProductSearch; +https://geedo.com/product-search.html) Chrome/134.0.0.0 Safari/537.36"
70.39.147.11 - - [19/Jun/2025:09:05:35 -0400] "POST /wp-cron.php?doing_wp_cron=1750338335.2506489753723144531250 HTTP/1.1" 200 - "-" "WordPress/6.6.2; https://pur-tungsten.com"
192.99.37.132 - - [19/Jun/2025:09:05:33 -0400] "GET /cart/ HTTP/1.1" 200 48536 "-" "Mozilla/5.0 (compatible; MJ12bot/v1.4.8; http://mj12bot.com/)"
192.99.37.132 - - [19/Jun/2025:09:05:39 -0400] "GET /?add-to-cart=285 HTTP/1.1" 302 - "-" "Mozilla/5.0 (compatible; MJ12bot/v1.4.8; http://mj12bot.com/)"
83.99.151.65 - - [19/Jun/2025:09:05:43 -0400] "GET /s/006f54.js.gz HTTP/1.1" 200 310401 "-" "Mozilla/5.0 (X11; Linux x86_64) AppleWebKit/537.36 (KHTML, like Gecko; GeedoProductSearch; +https://geedo.com/product-search.html) Chrome/134.0.0.0 Safari/537.36"
192.99.37.132 - - [19/Jun/2025:09:05:43 -0400] "GET /cart/ HTTP/1.1" 200 48536 "-" "Mozilla/5.0 (compatible; MJ12bot/v1.4.8; http://mj12bot.com/)"
51.222.253.7 - - [19/Jun/2025:09:05:50 -0400] "GET /product/ar-15-anodized-light-gold-carbine-buffers/ HTTP/2.0" 304 - "-" "Mozilla/5.0 (compatible; AhrefsBot/7.0; +http://ahrefs.com/robot/)"
192.99.37.132 - - [19/Jun/2025:09:05:49 -0400] "GET /?add-to-cart=289 HTTP/1.1" 302 - "-" "Mozilla/5.0 (compatible; MJ12bot/v1.4.8; http://mj12bot.com/)"
70.39.147.11 - - [19/Jun/2025:09:05:55 -0400] "POST /wp-cron.php?doing_wp_cron=1750338355.3929181098937988281250 HTTP/1.1" 200 - "-" "WordPress/6.6.2; https://pur-tungsten.com"
192.99.37.132 - - [19/Jun/2025:09:05:53 -0400] "GET /cart/ HTTP/1.1" 200 48535 "-" "Mozilla/5.0 (compatible; MJ12bot/v1.4.8; http://mj12bot.com/)"
192.99.37.132 - - [19/Jun/2025:09:06:00 -0400] "GET /?add-to-cart=309 HTTP/1.1" 302 - "-" "Mozilla/5.0 (compatible; MJ12bot/v1.4.8; http://mj12bot.com/)"
83.99.151.65 - - [19/Jun/2025:09:06:04 -0400] "GET /s/09af53.js HTTP/1.1" 200 310400 "-" "Mozilla/5.0 (X11; Linux x86_64) AppleWebKit/537.36 (KHTML, like Gecko; GeedoProductSearch; +https://geedo.com/product-search.html) Chrome/134.0.0.0 Safari/537.36"
70.39.147.11 - - [19/Jun/2025:09:06:06 -0400] "POST /wp-cron.php?doing_wp_cron=1750338366.5694971084594726562500 HTTP/1.1" 200 - "-" "WordPress/6.6.2; https://pur-tungsten.com"
192.99.37.132 - - [19/Jun/2025:09:06:04 -0400] "GET /cart/ HTTP/1.1" 200 48535 "-" "Mozilla/5.0 (compatible; MJ12bot/v1.4.8; http://mj12bot.com/)"
83.99.151.66 - - [19/Jun/2025:09:06:15 -0400] "GET /s/000473.js HTTP/1.1" 200 310397 "-" "Mozilla/5.0 (X11; Linux x86_64) AppleWebKit/537.36 (KHTML, like Gecko; GeedoProductSearch; +https://geedo.com/product-search.html) Chrome/134.0.0.0 Safari/537.36"
83.99.151.65 - - [19/Jun/2025:09:06:24 -0400] "GET /s/0337e6.js HTTP/1.1" 200 310400 "-" "Mozilla/5.0 (X11; Linux x86_64) AppleWebKit/537.36 (KHTML, like Gecko; GeedoProductSearch; +https://geedo.com/product-search.html) Chrome/134.0.0.0 Safari/537.36"
83.99.151.65 - - [19/Jun/2025:09:06:34 -0400] "GET /s/090b21.js HTTP/1.1" 200 310400 "-" "Mozilla/5.0 (X11; Linux x86_64) AppleWebKit/537.36 (KHTML, like Gecko; GeedoProductSearch; +https://geedo.com/product-search.html) Chrome/134.0.0.0 Safari/537.36"
83.99.151.65 - - [19/Jun/2025:09:06:45 -0400] "GET /s/01b0ea.js HTTP/1.1" 200 310399 "-" "Mozilla/5.0 (X11; Linux x86_64) AppleWebKit/537.36 (KHTML, like Gecko; GeedoProductSearch; +https://geedo.com/product-search.html) Chrome/134.0.0.0 Safari/537.36"
83.99.151.65 - - [19/Jun/2025:09:06:54 -0400] "GET /s/05267a.js.gz HTTP/1.1" 200 310401 "-" "Mozilla/5.0 (X11; Linux x86_64) AppleWebKit/537.36 (KHTML, like Gecko; GeedoProductSearch; +https://geedo.com/product-search.html) Chrome/134.0.0.0 Safari/537.36"
83.99.151.68 - - [19/Jun/2025:09:07:17 -0400] "GET /s/020fff.js.gz HTTP/1.1" 200 337850 "-" "Mozilla/5.0 (X11; Linux x86_64) AppleWebKit/537.36 (KHTML, like Gecko; GeedoProductSearch; +https://geedo.com/product-search.html) Chrome/134.0.0.0 Safari/537.36"
83.99.151.64 - - [19/Jun/2025:09:07:27 -0400] "GET /s/05ff01.js.gz HTTP/1.1" 200 - "-" "Mozilla/5.0 (X11; Linux x86_64) AppleWebKit/537.36 (KHTML, like Gecko; GeedoProductSearch; +https://geedo.com/product-search.html) Chrome/134.0.0.0 Safari/537.36"
83.99.151.64 - - [19/Jun/2025:09:07:37 -0400] "GET /s/02ff22.js.gz HTTP/1.1" 200 310399 "-" "Mozilla/5.0 (X11; Linux x86_64) AppleWebKit/537.36 (KHTML, like Gecko; GeedoProductSearch; +https://geedo.com/product-search.html) Chrome/134.0.0.0 Safari/537.36"
83.99.151.64 - - [19/Jun/2025:09:07:47 -0400] "GET /s/042614.js.gz HTTP/1.1" 200 310399 "-" "Mozilla/5.0 (X11; Linux x86_64) AppleWebKit/537.36 (KHTML, like Gecko; GeedoProductSearch; +https://geedo.com/product-search.html) Chrome/134.0.0.0 Safari/537.36"
83.99.151.68 - - [19/Jun/2025:09:07:57 -0400] "GET /s/0eddc2.js HTTP/1.1" 200 310400 "-" "Mozilla/5.0 (X11; Linux x86_64) AppleWebKit/537.36 (KHTML, like Gecko; GeedoProductSearch; +https://geedo.com/product-search.html) Chrome/134.0.0.0 Safari/537.36"
83.99.151.69 - - [19/Jun/2025:09:08:06 -0400] "GET /s/03a4a9.js HTTP/1.1" 200 310400 "-" "Mozilla/5.0 (X11; Linux x86_64) AppleWebKit/537.36 (KHTML, like Gecko; GeedoProductSearch; +https://geedo.com/product-search.html) Chrome/134.0.0.0 Safari/537.36"
83.99.151.71 - - [19/Jun/2025:09:08:28 -0400] "GET /s/0021a2.js.gz HTTP/1.1" 200 310399 "-" "Mozilla/5.0 (X11; Linux x86_64) AppleWebKit/537.36 (KHTML, like Gecko; GeedoProductSearch; +https://geedo.com/product-search.html) Chrome/134.0.0.0 Safari/537.36"
83.99.151.69 - - [19/Jun/2025:09:08:39 -0400] "GET /s/0686a7.js HTTP/1.1" 200 552376 "-" "Mozilla/5.0 (X11; Linux x86_64) AppleWebKit/537.36 (KHTML, like Gecko; GeedoProductSearch; +https://geedo.com/product-search.html) Chrome/134.0.0.0 Safari/537.36"
83.99.151.71 - - [19/Jun/2025:09:08:48 -0400] "GET /s/0d256b.js HTTP/1.1" 200 310399 "-" "Mozilla/5.0 (X11; Linux x86_64) AppleWebKit/537.36 (KHTML, like Gecko; GeedoProductSearch; +https://geedo.com/product-search.html) Chrome/134.0.0.0 Safari/537.36"
83.99.151.64 - - [19/Jun/2025:09:08:58 -0400] "GET /s/09f03d.js.gz HTTP/1.1" 200 310399 "-" "Mozilla/5.0 (X11; Linux x86_64) AppleWebKit/537.36 (KHTML, like Gecko; GeedoProductSearch; +https://geedo.com/product-search.html) Chrome/134.0.0.0 Safari/537.36"
83.99.151.71 - - [19/Jun/2025:09:09:09 -0400] "GET /s/06d7e1.js.gz HTTP/1.1" 200 310398 "-" "Mozilla/5.0 (X11; Linux x86_64) AppleWebKit/537.36 (KHTML, like Gecko; GeedoProductSearch; +https://geedo.com/product-search.html) Chrome/134.0.0.0 Safari/537.36"
83.99.151.71 - - [19/Jun/2025:09:09:18 -0400] "GET /s/0836b6.js HTTP/1.1" 200 310400 "-" "Mozilla/5.0 (X11; Linux x86_64) AppleWebKit/537.36 (KHTML, like Gecko; GeedoProductSearch; +https://geedo.com/product-search.html) Chrome/134.0.0.0 Safari/537.36"
83.99.151.70 - - [19/Jun/2025:09:09:39 -0400] "GET /s/0b4ea9.js.gz HTTP/1.1" 200 310398 "-" "Mozilla/5.0 (X11; Linux x86_64) AppleWebKit/537.36 (KHTML, like Gecko; GeedoProductSearch; +https://geedo.com/product-search.html) Chrome/134.0.0.0 Safari/537.36"
83.99.151.67 - - [19/Jun/2025:09:09:48 -0400] "GET /s/0ae71e.js HTTP/1.1" 200 310398 "-" "Mozilla/5.0 (X11; Linux x86_64) AppleWebKit/537.36 (KHTML, like Gecko; GeedoProductSearch; +https://geedo.com/product-search.html) Chrome/134.0.0.0 Safari/537.36"
83.99.151.71 - - [19/Jun/2025:09:09:58 -0400] "GET /s/08cb60.js.gz HTTP/1.1" 200 310399 "-" "Mozilla/5.0 (X11; Linux x86_64) AppleWebKit/537.36 (KHTML, like Gecko; GeedoProductSearch; +https://geedo.com/product-search.html) Chrome/134.0.0.0 Safari/537.36"
83.99.151.66 - - [19/Jun/2025:09:10:09 -0400] "GET /s/06b037.js HTTP/1.1" 200 310400 "-" "Mozilla/5.0 (X11; Linux x86_64) AppleWebKit/537.36 (KHTML, like Gecko; GeedoProductSearch; +https://geedo.com/product-search.html) Chrome/134.0.0.0 Safari/537.36"
83.99.151.71 - - [19/Jun/2025:09:10:18 -0400] "GET /s/03e981.js HTTP/1.1" 200 310399 "-" "Mozilla/5.0 (X11; Linux x86_64) AppleWebKit/537.36 (KHTML, like Gecko; GeedoProductSearch; +https://geedo.com/product-search.html) Chrome/134.0.0.0 Safari/537.36"
83.99.151.71 - - [19/Jun/2025:09:10:29 -0400] "GET /s/01a70a.js HTTP/1.1" 200 310399 "-" "Mozilla/5.0 (X11; Linux x86_64) AppleWebKit/537.36 (KHTML, like Gecko; GeedoProductSearch; +https://geedo.com/product-search.html) Chrome/134.0.0.0 Safari/537.36"
83.99.151.66 - - [19/Jun/2025:09:10:50 -0400] "GET /s/034c60.js HTTP/1.1" 200 310399 "-" "Mozilla/5.0 (X11; Linux x86_64) AppleWebKit/537.36 (KHTML, like Gecko; GeedoProductSearch; +https://geedo.com/product-search.html) Chrome/134.0.0.0 Safari/537.36"
83.99.151.71 - - [19/Jun/2025:09:10:59 -0400] "GET /s/0595d3.js HTTP/1.1" 200 310398 "-" "Mozilla/5.0 (X11; Linux x86_64) AppleWebKit/537.36 (KHTML, like Gecko; GeedoProductSearch; +https://geedo.com/product-search.html) Chrome/134.0.0.0 Safari/537.36"
83.99.151.71 - - [19/Jun/2025:09:11:09 -0400] "GET /s/080f83.js.gz HTTP/1.1" 200 310397 "-" "Mozilla/5.0 (X11; Linux x86_64) AppleWebKit/537.36 (KHTML, like Gecko; GeedoProductSearch; +https://geedo.com/product-search.html) Chrome/134.0.0.0 Safari/537.36"
83.99.151.71 - - [19/Jun/2025:09:11:20 -0400] "GET /s/01fe49.js HTTP/1.1" 200 310398 "-" "Mozilla/5.0 (X11; Linux x86_64) AppleWebKit/537.36 (KHTML, like Gecko; GeedoProductSearch; +https://geedo.com/product-search.html) Chrome/134.0.0.0 Safari/537.36"
83.99.151.71 - - [19/Jun/2025:09:11:29 -0400] "GET /s/0898cd.js.gz HTTP/1.1" 200 310399 "-" "Mozilla/5.0 (X11; Linux x86_64) AppleWebKit/537.36 (KHTML, like Gecko; GeedoProductSearch; +https://geedo.com/product-search.html) Chrome/134.0.0.0 Safari/537.36"
83.99.151.71 - - [19/Jun/2025:09:11:39 -0400] "GET /s/02b726.js HTTP/1.1" 200 507080 "-" "Mozilla/5.0 (X11; Linux x86_64) AppleWebKit/537.36 (KHTML, like Gecko; GeedoProductSearch; +https://geedo.com/product-search.html) Chrome/134.0.0.0 Safari/537.36"
83.99.151.66 - - [19/Jun/2025:09:11:59 -0400] "GET /s/000c60.js HTTP/1.1" 200 310399 "-" "Mozilla/5.0 (X11; Linux x86_64) AppleWebKit/537.36 (KHTML, like Gecko; GeedoProductSearch; +https://geedo.com/product-search.html) Chrome/134.0.0.0 Safari/537.36"
