46.242.71.224 - - [19/Jun/2025:11:46:38 -0400] "GET /s/img/wp-content/uploads/2017/12/tig_welding_wp9-u25723-fr.jpg HTTP/2.0" 200 190108 "https://pur-tungsten.com/" "Mozilla/5.0 (X11; Linux x86_64) AppleWebKit/537.36 (KHTML, like Gecko) Chrome/134.0.6998.107 YaBrowser/25.4.2.107.00 SA/3 Safari/537.36"
46.242.71.224 - - [19/Jun/2025:11:46:38 -0400] "GET /s/img/wp-content/uploads/2017/12/derby_car_001.jpg HTTP/2.0" 200 63763 "https://pur-tungsten.com/" "Mozilla/5.0 (X11; Linux x86_64) AppleWebKit/537.36 (KHTML, like Gecko) Chrome/134.0.6998.107 YaBrowser/25.4.2.107.00 SA/3 Safari/537.36"
46.242.71.224 - - [19/Jun/2025:11:46:38 -0400] "GET /s/img/wp-content/uploads/2017/12/tig_welding_cat-300x197.jpg HTTP/2.0" 200 14870 "https://pur-tungsten.com/" "Mozilla/5.0 (X11; Linux x86_64) AppleWebKit/537.36 (KHTML, like Gecko) Chrome/134.0.6998.107 YaBrowser/25.4.2.107.00 SA/3 Safari/537.36"
46.242.71.224 - - [19/Jun/2025:11:46:38 -0400] "GET /s/img/wp-content/uploads/2017/12/crankshaft_cat-300x197.jpg HTTP/2.0" 200 9134 "https://pur-tungsten.com/" "Mozilla/5.0 (X11; Linux x86_64) AppleWebKit/537.36 (KHTML, like Gecko) Chrome/134.0.6998.107 YaBrowser/25.4.2.107.00 SA/3 Safari/537.36"
46.242.71.224 - - [19/Jun/2025:11:46:38 -0400] "GET /s/img/wp-content/uploads/2017/12/desk_001-300x197.jpg HTTP/2.0" 200 14151 "https://pur-tungsten.com/" "Mozilla/5.0 (X11; Linux x86_64) AppleWebKit/537.36 (KHTML, like Gecko) Chrome/134.0.6998.107 YaBrowser/25.4.2.107.00 SA/3 Safari/537.36"
46.242.71.224 - - [19/Jun/2025:11:46:38 -0400] "GET /s/img/wp-content/uploads/2017/12/car_cat-300x197.jpg HTTP/2.0" 200 6228 "https://pur-tungsten.com/" "Mozilla/5.0 (X11; Linux x86_64) AppleWebKit/537.36 (KHTML, like Gecko) Chrome/134.0.6998.107 YaBrowser/25.4.2.107.00 SA/3 Safari/537.36"
46.242.71.224 - - [19/Jun/2025:11:46:38 -0400] "GET /s/img/wp-content/uploads/2017/12/stock_car_cat-300x197.jpg HTTP/2.0" 200 15686 "https://pur-tungsten.com/" "Mozilla/5.0 (X11; Linux x86_64) AppleWebKit/537.36 (KHTML, like Gecko) Chrome/134.0.6998.107 YaBrowser/25.4.2.107.00 SA/3 Safari/537.36"
46.242.71.224 - - [19/Jun/2025:11:46:38 -0400] "GET /s/img/wp-content/uploads/2017/12/fishing_cat-300x197.jpg HTTP/2.0" 200 13849 "https://pur-tungsten.com/" "Mozilla/5.0 (X11; Linux x86_64) AppleWebKit/537.36 (KHTML, like Gecko) Chrome/134.0.6998.107 YaBrowser/25.4.2.107.00 SA/3 Safari/537.36"
46.242.71.224 - - [19/Jun/2025:11:46:38 -0400] "GET /s/img/wp-content/uploads/2017/12/ar15_cat-300x197.jpg HTTP/2.0" 200 13560 "https://pur-tungsten.com/" "Mozilla/5.0 (X11; Linux x86_64) AppleWebKit/537.36 (KHTML, like Gecko) Chrome/134.0.6998.107 YaBrowser/25.4.2.107.00 SA/3 Safari/537.36"
46.242.71.224 - - [19/Jun/2025:11:46:38 -0400] "GET /s/img/wp-content/uploads/2017/12/darts_001_cat-300x197.jpg HTTP/2.0" 200 17851 "https://pur-tungsten.com/" "Mozilla/5.0 (X11; Linux x86_64) AppleWebKit/537.36 (KHTML, like Gecko) Chrome/134.0.6998.107 YaBrowser/25.4.2.107.00 SA/3 Safari/537.36"
46.242.71.224 - - [19/Jun/2025:11:46:38 -0400] "GET /s/e4f995.css HTTP/2.0" 200 2536 "https://pur-tungsten.com/" "Mozilla/5.0 (X11; Linux x86_64) AppleWebKit/537.36 (KHTML, like Gecko) Chrome/134.0.6998.107 YaBrowser/25.4.2.107.00 SA/3 Safari/537.36"
46.242.71.224 - - [19/Jun/2025:11:46:38 -0400] "GET /s/img/wp-content/uploads/2018/08/burrthumb-e1535032193919.jpg HTTP/2.0" 200 7372 "https://pur-tungsten.com/" "Mozilla/5.0 (X11; Linux x86_64) AppleWebKit/537.36 (KHTML, like Gecko) Chrome/134.0.6998.107 YaBrowser/25.4.2.107.00 SA/3 Safari/537.36"
46.242.71.224 - - [19/Jun/2025:11:46:38 -0400] "GET /s/2ed3a1.js HTTP/2.0" 200 431709 "https://pur-tungsten.com/" "Mozilla/5.0 (X11; Linux x86_64) AppleWebKit/537.36 (KHTML, like Gecko) Chrome/134.0.6998.107 YaBrowser/25.4.2.107.00 SA/3 Safari/537.36"
46.242.71.224 - - [19/Jun/2025:11:46:38 -0400] "GET /s/24e5af.js HTTP/2.0" 200 14356 "https://pur-tungsten.com/" "Mozilla/5.0 (X11; Linux x86_64) AppleWebKit/537.36 (KHTML, like Gecko) Chrome/134.0.6998.107 YaBrowser/25.4.2.107.00 SA/3 Safari/537.36"
46.242.71.224 - - [19/Jun/2025:11:46:38 -0400] "GET /s/img/wp-content/uploads/2020/04/itar-208x178.png HTTP/2.0" 200 25912 "https://pur-tungsten.com/" "Mozilla/5.0 (X11; Linux x86_64) AppleWebKit/537.36 (KHTML, like Gecko) Chrome/134.0.6998.107 YaBrowser/25.4.2.107.00 SA/3 Safari/537.36"
83.99.151.65 - - [19/Jun/2025:11:46:44 -0400] "GET /s/0cea0a.js.gz HTTP/1.1" 200 310396 "-" "Mozilla/5.0 (X11; Linux x86_64) AppleWebKit/537.36 (KHTML, like Gecko; GeedoProductSearch; +https://geedo.com/product-search.html) Chrome/134.0.0.0 Safari/537.36"
83.99.151.67 - - [19/Jun/2025:11:46:53 -0400] "GET /s/08c938.js.gz HTTP/1.1" 200 508780 "-" "Mozilla/5.0 (X11; Linux x86_64) AppleWebKit/537.36 (KHTML, like Gecko; GeedoProductSearch; +https://geedo.com/product-search.html) Chrome/134.0.0.0 Safari/537.36"
83.99.151.68 - - [19/Jun/2025:11:47:03 -0400] "GET /s/059489.js HTTP/1.1" 200 310399 "-" "Mozilla/5.0 (X11; Linux x86_64) AppleWebKit/537.36 (KHTML, like Gecko; GeedoProductSearch; +https://geedo.com/product-search.html) Chrome/134.0.0.0 Safari/537.36"
38.60.208.11 - - [19/Jun/2025:11:47:12 -0400] "GET / HTTP/2.0" 200 22619 "-" "Mozilla/5.0 (Windows NT 10.0; Win64; x64) AppleWebKit/537.36 (KHTML, like Gecko) Chrome/134.0.0.0 YaBrowser/25.4.0.0 Safari/537.36"
38.60.208.11 - - [19/Jun/2025:11:47:13 -0400] "GET /s/ed70e8.css HTTP/2.0" 200 14637 "https://pur-tungsten.com/" "Mozilla/5.0 (Windows NT 10.0; Win64; x64) AppleWebKit/537.36 (KHTML, like Gecko) Chrome/134.0.0.0 YaBrowser/25.4.0.0 Safari/537.36"
38.60.208.11 - - [19/Jun/2025:11:47:13 -0400] "GET /s/661c7b.css HTTP/2.0" 200 32263 "https://pur-tungsten.com/" "Mozilla/5.0 (Windows NT 10.0; Win64; x64) AppleWebKit/537.36 (KHTML, like Gecko) Chrome/134.0.0.0 YaBrowser/25.4.0.0 Safari/537.36"
38.60.208.11 - - [19/Jun/2025:11:47:13 -0400] "GET /s/0d9c36.css HTTP/2.0" 200 12650 "https://pur-tungsten.com/" "Mozilla/5.0 (Windows NT 10.0; Win64; x64) AppleWebKit/537.36 (KHTML, like Gecko) Chrome/134.0.0.0 YaBrowser/25.4.0.0 Safari/537.36"
38.60.208.11 - - [19/Jun/2025:11:47:13 -0400] "GET /s/6c1864.css HTTP/2.0" 200 3955 "https://pur-tungsten.com/" "Mozilla/5.0 (Windows NT 10.0; Win64; x64) AppleWebKit/537.36 (KHTML, like Gecko) Chrome/134.0.0.0 YaBrowser/25.4.0.0 Safari/537.36"
38.60.208.11 - - [19/Jun/2025:11:47:13 -0400] "GET /s/img/wp-content/uploads/2021/07/pur_tungsten_header_logo-166x90.png HTTP/2.0" 200 11081 "https://pur-tungsten.com/" "Mozilla/5.0 (Windows NT 10.0; Win64; x64) AppleWebKit/537.36 (KHTML, like Gecko) Chrome/134.0.0.0 YaBrowser/25.4.0.0 Safari/537.36"
38.60.208.11 - - [19/Jun/2025:11:47:13 -0400] "GET /s/2b7810.css HTTP/2.0" 200 7345 "https://pur-tungsten.com/" "Mozilla/5.0 (Windows NT 10.0; Win64; x64) AppleWebKit/537.36 (KHTML, like Gecko) Chrome/134.0.0.0 YaBrowser/25.4.0.0 Safari/537.36"
38.60.208.11 - - [19/Jun/2025:11:47:13 -0400] "GET /s/img/wp-content/uploads/2017/12/lake-u3964-fr2.png HTTP/2.0" 200 378729 "https://pur-tungsten.com/" "Mozilla/5.0 (Windows NT 10.0; Win64; x64) AppleWebKit/537.36 (KHTML, like Gecko) Chrome/134.0.0.0 YaBrowser/25.4.0.0 Safari/537.36"
38.60.208.11 - - [19/Jun/2025:11:47:13 -0400] "GET /s/img/wp-content/uploads/2021/07/Pur_Tunngsten_logo_PNG_NEW.png HTTP/2.0" 200 58916 "https://pur-tungsten.com/" "Mozilla/5.0 (Windows NT 10.0; Win64; x64) AppleWebKit/537.36 (KHTML, like Gecko) Chrome/134.0.0.0 YaBrowser/25.4.0.0 Safari/537.36"
38.60.208.11 - - [19/Jun/2025:11:47:13 -0400] "GET /s/img/wp-content/uploads/2017/12/stock_car.jpg HTTP/2.0" 200 125863 "https://pur-tungsten.com/" "Mozilla/5.0 (Windows NT 10.0; Win64; x64) AppleWebKit/537.36 (KHTML, like Gecko) Chrome/134.0.0.0 YaBrowser/25.4.0.0 Safari/537.36"
38.60.208.11 - - [19/Jun/2025:11:47:13 -0400] "GET /s/img/wp-content/uploads/2017/12/darts_001-u22254-fr.jpg HTTP/2.0" 200 190284 "https://pur-tungsten.com/" "Mozilla/5.0 (Windows NT 10.0; Win64; x64) AppleWebKit/537.36 (KHTML, like Gecko) Chrome/134.0.0.0 YaBrowser/25.4.0.0 Safari/537.36"
38.60.208.11 - - [19/Jun/2025:11:47:13 -0400] "GET /s/img/wp-content/uploads/2017/12/tig_welding_wp9-u25723-fr.jpg HTTP/2.0" 200 190108 "https://pur-tungsten.com/" "Mozilla/5.0 (Windows NT 10.0; Win64; x64) AppleWebKit/537.36 (KHTML, like Gecko) Chrome/134.0.0.0 YaBrowser/25.4.0.0 Safari/537.36"
38.60.208.11 - - [19/Jun/2025:11:47:13 -0400] "GET /s/img/wp-content/uploads/2017/12/derby_car_001.jpg HTTP/2.0" 200 63763 "https://pur-tungsten.com/" "Mozilla/5.0 (Windows NT 10.0; Win64; x64) AppleWebKit/537.36 (KHTML, like Gecko) Chrome/134.0.0.0 YaBrowser/25.4.0.0 Safari/537.36"
38.60.208.11 - - [19/Jun/2025:11:47:13 -0400] "GET /s/img/wp-content/uploads/2017/12/tig_welding_cat-300x197.jpg HTTP/2.0" 200 14870 "https://pur-tungsten.com/" "Mozilla/5.0 (Windows NT 10.0; Win64; x64) AppleWebKit/537.36 (KHTML, like Gecko) Chrome/134.0.0.0 YaBrowser/25.4.0.0 Safari/537.36"
38.60.208.11 - - [19/Jun/2025:11:47:13 -0400] "GET /s/img/wp-content/uploads/2017/12/crankshaft_cat-300x197.jpg HTTP/2.0" 200 9134 "https://pur-tungsten.com/" "Mozilla/5.0 (Windows NT 10.0; Win64; x64) AppleWebKit/537.36 (KHTML, like Gecko) Chrome/134.0.0.0 YaBrowser/25.4.0.0 Safari/537.36"
38.60.208.11 - - [19/Jun/2025:11:47:13 -0400] "GET /s/img/wp-content/uploads/2017/12/desk_001-300x197.jpg HTTP/2.0" 200 14151 "https://pur-tungsten.com/" "Mozilla/5.0 (Windows NT 10.0; Win64; x64) AppleWebKit/537.36 (KHTML, like Gecko) Chrome/134.0.0.0 YaBrowser/25.4.0.0 Safari/537.36"
38.60.208.11 - - [19/Jun/2025:11:47:13 -0400] "GET /s/img/wp-content/uploads/2017/12/car_cat-300x197.jpg HTTP/2.0" 200 6228 "https://pur-tungsten.com/" "Mozilla/5.0 (Windows NT 10.0; Win64; x64) AppleWebKit/537.36 (KHTML, like Gecko) Chrome/134.0.0.0 YaBrowser/25.4.0.0 Safari/537.36"
38.60.208.11 - - [19/Jun/2025:11:47:13 -0400] "GET /s/img/wp-content/uploads/2017/12/fishing_cat-300x197.jpg HTTP/2.0" 200 13849 "https://pur-tungsten.com/" "Mozilla/5.0 (Windows NT 10.0; Win64; x64) AppleWebKit/537.36 (KHTML, like Gecko) Chrome/134.0.0.0 YaBrowser/25.4.0.0 Safari/537.36"
38.60.208.11 - - [19/Jun/2025:11:47:13 -0400] "GET /s/img/wp-content/uploads/2017/12/ar15_cat-300x197.jpg HTTP/2.0" 200 13560 "https://pur-tungsten.com/" "Mozilla/5.0 (Windows NT 10.0; Win64; x64) AppleWebKit/537.36 (KHTML, like Gecko) Chrome/134.0.0.0 YaBrowser/25.4.0.0 Safari/537.36"
38.60.208.11 - - [19/Jun/2025:11:47:13 -0400] "GET /s/img/wp-content/uploads/2017/12/stock_car_cat-300x197.jpg HTTP/2.0" 200 15686 "https://pur-tungsten.com/" "Mozilla/5.0 (Windows NT 10.0; Win64; x64) AppleWebKit/537.36 (KHTML, like Gecko) Chrome/134.0.0.0 YaBrowser/25.4.0.0 Safari/537.36"
38.60.208.11 - - [19/Jun/2025:11:47:13 -0400] "GET /s/img/wp-content/uploads/2017/12/darts_001_cat-300x197.jpg HTTP/2.0" 200 17851 "https://pur-tungsten.com/" "Mozilla/5.0 (Windows NT 10.0; Win64; x64) AppleWebKit/537.36 (KHTML, like Gecko) Chrome/134.0.0.0 YaBrowser/25.4.0.0 Safari/537.36"
38.60.208.11 - - [19/Jun/2025:11:47:13 -0400] "GET /s/img/wp-content/uploads/2018/08/burrthumb-e1535032193919.jpg HTTP/2.0" 200 7372 "https://pur-tungsten.com/" "Mozilla/5.0 (Windows NT 10.0; Win64; x64) AppleWebKit/537.36 (KHTML, like Gecko) Chrome/134.0.0.0 YaBrowser/25.4.0.0 Safari/537.36"
38.60.208.11 - - [19/Jun/2025:11:47:13 -0400] "GET /s/img/wp-content/uploads/2020/04/itar-208x178.png HTTP/2.0" 200 25912 "https://pur-tungsten.com/" "Mozilla/5.0 (Windows NT 10.0; Win64; x64) AppleWebKit/537.36 (KHTML, like Gecko) Chrome/134.0.0.0 YaBrowser/25.4.0.0 Safari/537.36"
38.60.208.11 - - [19/Jun/2025:11:47:13 -0400] "GET /s/e4f995.css HTTP/2.0" 200 2536 "https://pur-tungsten.com/" "Mozilla/5.0 (Windows NT 10.0; Win64; x64) AppleWebKit/537.36 (KHTML, like Gecko) Chrome/134.0.0.0 YaBrowser/25.4.0.0 Safari/537.36"
38.60.208.11 - - [19/Jun/2025:11:47:13 -0400] "GET /s/2ed3a1.js HTTP/2.0" 200 431709 "https://pur-tungsten.com/" "Mozilla/5.0 (Windows NT 10.0; Win64; x64) AppleWebKit/537.36 (KHTML, like Gecko) Chrome/134.0.0.0 YaBrowser/25.4.0.0 Safari/537.36"
38.60.208.11 - - [19/Jun/2025:11:47:13 -0400] "GET /s/24e5af.js HTTP/2.0" 200 14356 "https://pur-tungsten.com/" "Mozilla/5.0 (Windows NT 10.0; Win64; x64) AppleWebKit/537.36 (KHTML, like Gecko) Chrome/134.0.0.0 YaBrowser/25.4.0.0 Safari/537.36"
31.56.240.150 - - [19/Jun/2025:11:47:14 -0400] "GET / HTTP/2.0" 200 22619 "-" "Mozilla/5.0 (Macintosh; Intel Mac OS X 10_15_7) AppleWebKit/537.36 (KHTML, like Gecko) Chrome/136.0.0.0 Safari/537.36"
83.99.151.68 - - [19/Jun/2025:11:47:24 -0400] "GET /s/0c95b3.js.gz HTTP/1.1" 200 506809 "-" "Mozilla/5.0 (X11; Linux x86_64) AppleWebKit/537.36 (KHTML, like Gecko; GeedoProductSearch; +https://geedo.com/product-search.html) Chrome/134.0.0.0 Safari/537.36"
31.56.240.150 - - [19/Jun/2025:11:47:15 -0400] "GET /s/ed70e8.css HTTP/2.0" 200 14637 "https://pur-tungsten.com/" "Mozilla/5.0 (Macintosh; Intel Mac OS X 10_15_7) AppleWebKit/537.36 (KHTML, like Gecko) Chrome/136.0.0.0 Safari/537.36"
31.56.240.150 - - [19/Jun/2025:11:47:15 -0400] "GET /s/661c7b.css HTTP/2.0" 200 32263 "https://pur-tungsten.com/" "Mozilla/5.0 (Macintosh; Intel Mac OS X 10_15_7) AppleWebKit/537.36 (KHTML, like Gecko) Chrome/136.0.0.0 Safari/537.36"
83.99.151.66 - - [19/Jun/2025:11:47:33 -0400] "GET /s/010191.js HTTP/1.1" 200 310398 "-" "Mozilla/5.0 (X11; Linux x86_64) AppleWebKit/537.36 (KHTML, like Gecko; GeedoProductSearch; +https://geedo.com/product-search.html) Chrome/134.0.0.0 Safari/537.36"
31.56.240.150 - - [19/Jun/2025:11:47:43 -0400] "GET /s/img/wp-content/uploads/2021/07/pur_tungsten_header_logo-166x90.png HTTP/2.0" 200 11081 "https://pur-tungsten.com/" "Mozilla/5.0 (Macintosh; Intel Mac OS X 10_15_7) AppleWebKit/537.36 (KHTML, like Gecko) Chrome/136.0.0.0 Safari/537.36"
31.56.240.150 - - [19/Jun/2025:11:47:43 -0400] "GET /s/img/wp-content/uploads/2017/12/crankshaft_cat-300x197.jpg HTTP/2.0" 200 9134 "https://pur-tungsten.com/" "Mozilla/5.0 (Macintosh; Intel Mac OS X 10_15_7) AppleWebKit/537.36 (KHTML, like Gecko) Chrome/136.0.0.0 Safari/537.36"
83.99.151.66 - - [19/Jun/2025:11:47:43 -0400] "GET /s/0c10f5.js.gz HTTP/1.1" 200 310400 "-" "Mozilla/5.0 (X11; Linux x86_64) AppleWebKit/537.36 (KHTML, like Gecko; GeedoProductSearch; +https://geedo.com/product-search.html) Chrome/134.0.0.0 Safari/537.36"
31.56.240.150 - - [19/Jun/2025:11:47:15 -0400] "GET /s/0d9c36.css HTTP/2.0" 200 12650 "https://pur-tungsten.com/" "Mozilla/5.0 (Macintosh; Intel Mac OS X 10_15_7) AppleWebKit/537.36 (KHTML, like Gecko) Chrome/136.0.0.0 Safari/537.36"
31.56.240.150 - - [19/Jun/2025:11:47:15 -0400] "GET /s/6c1864.css HTTP/2.0" 200 3955 "https://pur-tungsten.com/" "Mozilla/5.0 (Macintosh; Intel Mac OS X 10_15_7) AppleWebKit/537.36 (KHTML, like Gecko) Chrome/136.0.0.0 Safari/537.36"
31.56.240.150 - - [19/Jun/2025:11:47:15 -0400] "GET /s/2b7810.css HTTP/2.0" 200 7345 "https://pur-tungsten.com/" "Mozilla/5.0 (Macintosh; Intel Mac OS X 10_15_7) AppleWebKit/537.36 (KHTML, like Gecko) Chrome/136.0.0.0 Safari/537.36"
31.56.240.150 - - [19/Jun/2025:11:47:15 -0400] "GET /s/img/wp-content/uploads/2021/07/pur_tungsten_header_logo-166x90.png HTTP/2.0" 200 11081 "https://pur-tungsten.com/" "Mozilla/5.0 (Macintosh; Intel Mac OS X 10_15_7) AppleWebKit/537.36 (KHTML, like Gecko) Chrome/136.0.0.0 Safari/537.36"
31.56.240.150 - - [19/Jun/2025:11:47:15 -0400] "GET /s/img/wp-content/uploads/2021/07/Pur_Tunngsten_logo_PNG_NEW.png HTTP/2.0" 200 58916 "https://pur-tungsten.com/" "Mozilla/5.0 (Macintosh; Intel Mac OS X 10_15_7) AppleWebKit/537.36 (KHTML, like Gecko) Chrome/136.0.0.0 Safari/537.36"
31.56.240.150 - - [19/Jun/2025:11:47:15 -0400] "GET /s/img/wp-content/uploads/2017/12/crankshaft_cat-300x197.jpg HTTP/2.0" 200 9134 "https://pur-tungsten.com/" "Mozilla/5.0 (Macintosh; Intel Mac OS X 10_15_7) AppleWebKit/537.36 (KHTML, like Gecko) Chrome/136.0.0.0 Safari/537.36"
31.56.240.150 - - [19/Jun/2025:11:47:31 -0400] "GET /s/img/wp-content/uploads/2017/12/ar15_cat-300x197.jpg HTTP/2.0" 200 - "https://pur-tungsten.com/" "Mozilla/5.0 (Macintosh; Intel Mac OS X 10_15_7) AppleWebKit/537.36 (KHTML, like Gecko) Chrome/136.0.0.0 Safari/537.36"
31.56.240.150 - - [19/Jun/2025:11:47:31 -0400] "GET /s/img/wp-content/uploads/2017/12/desk_001-300x197.jpg HTTP/2.0" 200 14151 "https://pur-tungsten.com/" "Mozilla/5.0 (Macintosh; Intel Mac OS X 10_15_7) AppleWebKit/537.36 (KHTML, like Gecko) Chrome/136.0.0.0 Safari/537.36"
31.56.240.150 - - [19/Jun/2025:11:47:15 -0400] "GET /s/img/wp-content/uploads/2017/12/lake-u3964-fr2.png HTTP/2.0" 200 378729 "https://pur-tungsten.com/" "Mozilla/5.0 (Macintosh; Intel Mac OS X 10_15_7) AppleWebKit/537.36 (KHTML, like Gecko) Chrome/136.0.0.0 Safari/537.36"
83.99.151.69 - - [19/Jun/2025:11:47:54 -0400] "GET /s/035e22.js.gz HTTP/1.1" 200 310399 "-" "Mozilla/5.0 (X11; Linux x86_64) AppleWebKit/537.36 (KHTML, like Gecko; GeedoProductSearch; +https://geedo.com/product-search.html) Chrome/134.0.0.0 Safari/537.36"
83.99.151.67 - - [19/Jun/2025:11:48:03 -0400] "GET /s/0ee3a7.js HTTP/1.1" 200 310399 "-" "Mozilla/5.0 (X11; Linux x86_64) AppleWebKit/537.36 (KHTML, like Gecko; GeedoProductSearch; +https://geedo.com/product-search.html) Chrome/134.0.0.0 Safari/537.36"
83.99.151.66 - - [19/Jun/2025:11:48:14 -0400] "GET /s/044e66.js HTTP/1.1" 200 310398 "-" "Mozilla/5.0 (X11; Linux x86_64) AppleWebKit/537.36 (KHTML, like Gecko; GeedoProductSearch; +https://geedo.com/product-search.html) Chrome/134.0.0.0 Safari/537.36"
34.216.10.164 - - [19/Jun/2025:11:48:21 -0400] "GET / HTTP/2.0" 200 22619 "-" "Mozilla/5.0 (Windows NT 10.0; Win64; x64) AppleWebKit/537.36 (KHTML, like Gecko) Chrome/136.0.0.0 YaBrowser/25.6.0.0 Safari/537.36"
34.216.10.164 - - [19/Jun/2025:11:48:22 -0400] "GET /s/ed70e8.css HTTP/2.0" 200 14637 "https://pur-tungsten.com/" "Mozilla/5.0 (Windows NT 10.0; Win64; x64) AppleWebKit/537.36 (KHTML, like Gecko) Chrome/136.0.0.0 YaBrowser/25.6.0.0 Safari/537.36"
34.216.10.164 - - [19/Jun/2025:11:48:22 -0400] "GET /s/661c7b.css HTTP/2.0" 200 32263 "https://pur-tungsten.com/" "Mozilla/5.0 (Windows NT 10.0; Win64; x64) AppleWebKit/537.36 (KHTML, like Gecko) Chrome/136.0.0.0 YaBrowser/25.6.0.0 Safari/537.36"
34.216.10.164 - - [19/Jun/2025:11:48:22 -0400] "GET /s/0d9c36.css HTTP/2.0" 200 12650 "https://pur-tungsten.com/" "Mozilla/5.0 (Windows NT 10.0; Win64; x64) AppleWebKit/537.36 (KHTML, like Gecko) Chrome/136.0.0.0 YaBrowser/25.6.0.0 Safari/537.36"
34.216.10.164 - - [19/Jun/2025:11:48:22 -0400] "GET /s/6c1864.css HTTP/2.0" 200 3955 "https://pur-tungsten.com/" "Mozilla/5.0 (Windows NT 10.0; Win64; x64) AppleWebKit/537.36 (KHTML, like Gecko) Chrome/136.0.0.0 YaBrowser/25.6.0.0 Safari/537.36"
34.216.10.164 - - [19/Jun/2025:11:48:22 -0400] "GET /s/2b7810.css HTTP/2.0" 200 7345 "https://pur-tungsten.com/" "Mozilla/5.0 (Windows NT 10.0; Win64; x64) AppleWebKit/537.36 (KHTML, like Gecko) Chrome/136.0.0.0 YaBrowser/25.6.0.0 Safari/537.36"
83.99.151.65 - - [19/Jun/2025:11:48:37 -0400] "GET /s/0cfa52.js.gz HTTP/1.1" 200 506805 "-" "Mozilla/5.0 (X11; Linux x86_64) AppleWebKit/537.36 (KHTML, like Gecko; GeedoProductSearch; +https://geedo.com/product-search.html) Chrome/134.0.0.0 Safari/537.36"
31.56.240.150 - - [19/Jun/2025:11:47:44 -0400] "GET /s/img/wp-content/uploads/2017/12/ar15_cat-300x197.jpg HTTP/2.0" 200 13560 "https://pur-tungsten.com/" "Mozilla/5.0 (Macintosh; Intel Mac OS X 10_15_7) AppleWebKit/537.36 (KHTML, like Gecko) Chrome/136.0.0.0 Safari/537.36"
83.99.151.65 - - [19/Jun/2025:11:48:48 -0400] "GET /s/0aff1c.js HTTP/1.1" 200 310400 "-" "Mozilla/5.0 (X11; Linux x86_64) AppleWebKit/537.36 (KHTML, like Gecko; GeedoProductSearch; +https://geedo.com/product-search.html) Chrome/134.0.0.0 Safari/537.36"
83.99.151.65 - - [19/Jun/2025:11:48:58 -0400] "GET /s/0ea3ed.js.gz HTTP/1.1" 200 310398 "-" "Mozilla/5.0 (X11; Linux x86_64) AppleWebKit/537.36 (KHTML, like Gecko; GeedoProductSearch; +https://geedo.com/product-search.html) Chrome/134.0.0.0 Safari/537.36"
83.99.151.65 - - [19/Jun/2025:11:49:07 -0400] "GET /s/0212a7.js HTTP/1.1" 200 310400 "-" "Mozilla/5.0 (X11; Linux x86_64) AppleWebKit/537.36 (KHTML, like Gecko; GeedoProductSearch; +https://geedo.com/product-search.html) Chrome/134.0.0.0 Safari/537.36"
83.99.151.67 - - [19/Jun/2025:11:49:17 -0400] "GET /s/01b83d.js.gz HTTP/1.1" 200 310400 "-" "Mozilla/5.0 (X11; Linux x86_64) AppleWebKit/537.36 (KHTML, like Gecko; GeedoProductSearch; +https://geedo.com/product-search.html) Chrome/134.0.0.0 Safari/537.36"
31.56.240.150 - - [19/Jun/2025:11:47:44 -0400] "GET /s/img/wp-content/uploads/2017/12/desk_001-300x197.jpg HTTP/2.0" 200 14151 "https://pur-tungsten.com/" "Mozilla/5.0 (Macintosh; Intel Mac OS X 10_15_7) AppleWebKit/537.36 (KHTML, like Gecko) Chrome/136.0.0.0 Safari/537.36"
31.56.240.150 - - [19/Jun/2025:11:47:44 -0400] "GET /s/img/wp-content/uploads/2017/12/fishing_cat-300x197.jpg HTTP/2.0" 200 13849 "https://pur-tungsten.com/" "Mozilla/5.0 (Macintosh; Intel Mac OS X 10_15_7) AppleWebKit/537.36 (KHTML, like Gecko) Chrome/136.0.0.0 Safari/537.36"
31.56.240.150 - - [19/Jun/2025:11:47:44 -0400] "GET /s/img/wp-content/uploads/2017/12/tig_welding_cat-300x197.jpg HTTP/2.0" 200 14870 "https://pur-tungsten.com/" "Mozilla/5.0 (Macintosh; Intel Mac OS X 10_15_7) AppleWebKit/537.36 (KHTML, like Gecko) Chrome/136.0.0.0 Safari/537.36"
31.56.240.150 - - [19/Jun/2025:11:47:44 -0400] "GET /s/img/wp-content/uploads/2017/12/car_cat-300x197.jpg HTTP/2.0" 200 6228 "https://pur-tungsten.com/" "Mozilla/5.0 (Macintosh; Intel Mac OS X 10_15_7) AppleWebKit/537.36 (KHTML, like Gecko) Chrome/136.0.0.0 Safari/537.36"
31.56.240.150 - - [19/Jun/2025:11:47:44 -0400] "GET /s/img/wp-content/uploads/2021/07/Pur_Tunngsten_logo_PNG_NEW.png HTTP/2.0" 200 58916 "https://pur-tungsten.com/" "Mozilla/5.0 (Macintosh; Intel Mac OS X 10_15_7) AppleWebKit/537.36 (KHTML, like Gecko) Chrome/136.0.0.0 Safari/537.36"
31.56.240.150 - - [19/Jun/2025:11:47:44 -0400] "GET /s/img/wp-content/uploads/2020/04/itar-208x178.png HTTP/2.0" 200 25912 "https://pur-tungsten.com/" "Mozilla/5.0 (Macintosh; Intel Mac OS X 10_15_7) AppleWebKit/537.36 (KHTML, like Gecko) Chrome/136.0.0.0 Safari/537.36"
31.56.240.150 - - [19/Jun/2025:11:47:44 -0400] "GET /s/0d9c36.css HTTP/2.0" 200 12650 "https://pur-tungsten.com/" "Mozilla/5.0 (Macintosh; Intel Mac OS X 10_15_7) AppleWebKit/537.36 (KHTML, like Gecko) Chrome/136.0.0.0 Safari/537.36"
31.56.240.150 - - [19/Jun/2025:11:47:44 -0400] "GET /s/6c1864.css HTTP/2.0" 200 3955 "https://pur-tungsten.com/" "Mozilla/5.0 (Macintosh; Intel Mac OS X 10_15_7) AppleWebKit/537.36 (KHTML, like Gecko) Chrome/136.0.0.0 Safari/537.36"
31.56.240.150 - - [19/Jun/2025:11:47:44 -0400] "GET /s/2b7810.css HTTP/2.0" 200 7345 "https://pur-tungsten.com/" "Mozilla/5.0 (Macintosh; Intel Mac OS X 10_15_7) AppleWebKit/537.36 (KHTML, like Gecko) Chrome/136.0.0.0 Safari/537.36"
31.56.240.150 - - [19/Jun/2025:11:47:44 -0400] "GET /s/e4f995.css HTTP/2.0" 200 2536 "https://pur-tungsten.com/" "Mozilla/5.0 (Macintosh; Intel Mac OS X 10_15_7) AppleWebKit/537.36 (KHTML, like Gecko) Chrome/136.0.0.0 Safari/537.36"
31.56.240.150 - - [19/Jun/2025:11:47:44 -0400] "GET /s/2ed3a1.js HTTP/2.0" 200 431709 "https://pur-tungsten.com/" "Mozilla/5.0 (Macintosh; Intel Mac OS X 10_15_7) AppleWebKit/537.36 (KHTML, like Gecko) Chrome/136.0.0.0 Safari/537.36"
31.56.240.150 - - [19/Jun/2025:11:47:44 -0400] "GET /s/24e5af.js HTTP/2.0" 200 14356 "https://pur-tungsten.com/" "Mozilla/5.0 (Macintosh; Intel Mac OS X 10_15_7) AppleWebKit/537.36 (KHTML, like Gecko) Chrome/136.0.0.0 Safari/537.36"
31.56.240.150 - - [19/Jun/2025:11:47:44 -0400] "GET /s/img/wp-content/uploads/2017/12/lake-u3964-fr2.png HTTP/2.0" 200 378729 "https://pur-tungsten.com/" "Mozilla/5.0 (Macintosh; Intel Mac OS X 10_15_7) AppleWebKit/537.36 (KHTML, like Gecko) Chrome/136.0.0.0 Safari/537.36"
31.56.240.150 - - [19/Jun/2025:11:47:44 -0400] "GET /s/img/wp-content/uploads/2017/12/stock_car.jpg HTTP/2.0" 200 125863 "https://pur-tungsten.com/" "Mozilla/5.0 (Macintosh; Intel Mac OS X 10_15_7) AppleWebKit/537.36 (KHTML, like Gecko) Chrome/136.0.0.0 Safari/537.36"
31.56.240.150 - - [19/Jun/2025:11:47:44 -0400] "GET /s/img/wp-content/uploads/2017/12/darts_001-u22254-fr.jpg HTTP/2.0" 200 190284 "https://pur-tungsten.com/" "Mozilla/5.0 (Macintosh; Intel Mac OS X 10_15_7) AppleWebKit/537.36 (KHTML, like Gecko) Chrome/136.0.0.0 Safari/537.36"
31.56.240.150 - - [19/Jun/2025:11:47:44 -0400] "GET /s/img/wp-content/uploads/2017/12/tig_welding_wp9-u25723-fr.jpg HTTP/2.0" 200 190108 "https://pur-tungsten.com/" "Mozilla/5.0 (Macintosh; Intel Mac OS X 10_15_7) AppleWebKit/537.36 (KHTML, like Gecko) Chrome/136.0.0.0 Safari/537.36"
31.56.240.150 - - [19/Jun/2025:11:47:44 -0400] "GET /s/img/wp-content/uploads/2017/12/derby_car_001.jpg HTTP/2.0" 200 63763 "https://pur-tungsten.com/" "Mozilla/5.0 (Macintosh; Intel Mac OS X 10_15_7) AppleWebKit/537.36 (KHTML, like Gecko) Chrome/136.0.0.0 Safari/537.36"
31.56.240.150 - - [19/Jun/2025:11:47:44 -0400] "GET /s/img/wp-content/uploads/2017/12/stock_car_cat-300x197.jpg HTTP/2.0" 200 15686 "https://pur-tungsten.com/" "Mozilla/5.0 (Macintosh; Intel Mac OS X 10_15_7) AppleWebKit/537.36 (KHTML, like Gecko) Chrome/136.0.0.0 Safari/537.36"
31.56.240.150 - - [19/Jun/2025:11:47:44 -0400] "GET /s/img/wp-content/uploads/2017/12/darts_001_cat-300x197.jpg HTTP/2.0" 200 17851 "https://pur-tungsten.com/" "Mozilla/5.0 (Macintosh; Intel Mac OS X 10_15_7) AppleWebKit/537.36 (KHTML, like Gecko) Chrome/136.0.0.0 Safari/537.36"
31.56.240.150 - - [19/Jun/2025:11:47:44 -0400] "GET /s/img/wp-content/uploads/2018/08/burrthumb-e1535032193919.jpg HTTP/2.0" 200 7372 "https://pur-tungsten.com/" "Mozilla/5.0 (Macintosh; Intel Mac OS X 10_15_7) AppleWebKit/537.36 (KHTML, like Gecko) Chrome/136.0.0.0 Safari/537.36"
83.99.151.68 - - [19/Jun/2025:11:49:28 -0400] "GET /s/0896cf.js HTTP/1.1" 200 310399 "-" "Mozilla/5.0 (X11; Linux x86_64) AppleWebKit/537.36 (KHTML, like Gecko; GeedoProductSearch; +https://geedo.com/product-search.html) Chrome/134.0.0.0 Safari/537.36"
51.222.253.19 - - [19/Jun/2025:11:49:29 -0400] "GET /product/ar-15-rifle-buffer-tubes-anodized-black/ HTTP/2.0" 200 14162 "-" "Mozilla/5.0 (compatible; AhrefsBot/7.0; +http://ahrefs.com/robot/)"
70.39.147.11 - - [19/Jun/2025:11:49:31 -0400] "POST /wp-cron.php?doing_wp_cron=1750348171.2412929534912109375000 HTTP/1.1" 200 - "-" "WordPress/6.6.2; https://pur-tungsten.com"
192.178.4.96 - - [19/Jun/2025:11:49:34 -0400] "GET /s/ad1410.js HTTP/1.1" 200 312202 "https://pur-tungsten.com/product/tig-welding-tungsten-electrodes-ceriated/" "Mozilla/5.0 (Linux; Android 6.0.1; Nexus 5X Build/MMB29P) AppleWebKit/537.36 (KHTML, like Gecko) Chrome/137.0.7151.68 Mobile Safari/537.36 (compatible; Googlebot/2.1; +http://www.google.com/bot.html)"
192.178.4.105 - - [19/Jun/2025:11:49:35 -0400] "GET /s/55fc3f.js HTTP/1.1" 200 25523 "https://pur-tungsten.com/product/tig-welding-tungsten-electrodes-ceriated/" "Mozilla/5.0 (Linux; Android 6.0.1; Nexus 5X Build/MMB29P) AppleWebKit/537.36 (KHTML, like Gecko) Chrome/137.0.7151.68 Mobile Safari/537.36 (compatible; Googlebot/2.1; +http://www.google.com/bot.html)"
52.203.65.83 - - [19/Jun/2025:11:49:42 -0400] "GET /product/tungsten-fishing-worm-weights-bulk-1-lb-bags-green/ HTTP/1.1" 200 15895 "-" "Mozilla/5.0 AppleWebKit/537.36 (KHTML, like Gecko; compatible; Amazonbot/0.1; +https://developer.amazon.com/support/amazonbot) Chrome/119.0.6045.214 Safari/537.36"
34.233.219.155 - - [19/Jun/2025:11:49:47 -0400] "GET /wp-content/uploads/2017/12/GREEN_WORM_WEIGHTS.jpg HTTP/1.1" 200 93814 "-" "Mozilla/5.0 AppleWebKit/537.36 (KHTML, like Gecko; compatible; Amazonbot/0.1; +https://developer.amazon.com/support/amazonbot) Chrome/119.0.6045.214 Safari/537.36"
52.204.81.148 - - [19/Jun/2025:11:49:46 -0400] "GET /product/tungsten-nail-sinker-fishing-weights/ HTTP/1.1" 200 16001 "-" "Mozilla/5.0 AppleWebKit/537.36 (KHTML, like Gecko; compatible; Amazonbot/0.1; +https://developer.amazon.com/support/amazonbot) Chrome/119.0.6045.214 Safari/537.36"
83.99.151.64 - - [19/Jun/2025:11:49:50 -0400] "GET /s/0445e7.js.gz HTTP/1.1" 200 312211 "-" "Mozilla/5.0 (X11; Linux x86_64) AppleWebKit/537.36 (KHTML, like Gecko; GeedoProductSearch; +https://geedo.com/product-search.html) Chrome/134.0.0.0 Safari/537.36"
52.45.77.169 - - [19/Jun/2025:11:49:51 -0400] "GET /s/img/wp-content/uploads/2017/12/GREEN_WORM_WEIGHTS-810x537.jpg HTTP/1.1" 200 26042 "-" "Mozilla/5.0 AppleWebKit/537.36 (KHTML, like Gecko; compatible; Amazonbot/0.1; +https://developer.amazon.com/support/amazonbot) Chrome/119.0.6045.214 Safari/537.36"
83.99.151.64 - - [19/Jun/2025:11:49:59 -0400] "GET /s/08103f.js HTTP/1.1" 200 310399 "-" "Mozilla/5.0 (X11; Linux x86_64) AppleWebKit/537.36 (KHTML, like Gecko; GeedoProductSearch; +https://geedo.com/product-search.html) Chrome/134.0.0.0 Safari/537.36"
83.99.151.64 - - [19/Jun/2025:11:50:10 -0400] "GET /s/082231.js.gz HTTP/1.1" 200 310398 "-" "Mozilla/5.0 (X11; Linux x86_64) AppleWebKit/537.36 (KHTML, like Gecko; GeedoProductSearch; +https://geedo.com/product-search.html) Chrome/134.0.0.0 Safari/537.36"
83.99.151.64 - - [19/Jun/2025:11:50:19 -0400] "GET /s/0725e2.js HTTP/1.1" 200 312428 "-" "Mozilla/5.0 (X11; Linux x86_64) AppleWebKit/537.36 (KHTML, like Gecko; GeedoProductSearch; +https://geedo.com/product-search.html) Chrome/134.0.0.0 Safari/537.36"
34.216.10.164 - - [19/Jun/2025:11:48:22 -0400] "GET /s/img/wp-content/uploads/2021/07/pur_tungsten_header_logo-166x90.png HTTP/2.0" 200 11081 "https://pur-tungsten.com/" "Mozilla/5.0 (Windows NT 10.0; Win64; x64) AppleWebKit/537.36 (KHTML, like Gecko) Chrome/136.0.0.0 YaBrowser/25.6.0.0 Safari/537.36"
34.216.10.164 - - [19/Jun/2025:11:48:22 -0400] "GET /s/img/wp-content/uploads/2017/12/lake-u3964-fr2.png HTTP/2.0" 200 378729 "https://pur-tungsten.com/" "Mozilla/5.0 (Windows NT 10.0; Win64; x64) AppleWebKit/537.36 (KHTML, like Gecko) Chrome/136.0.0.0 YaBrowser/25.6.0.0 Safari/537.36"
34.216.10.164 - - [19/Jun/2025:11:48:22 -0400] "GET /s/img/wp-content/uploads/2021/07/Pur_Tunngsten_logo_PNG_NEW.png HTTP/2.0" 200 58916 "https://pur-tungsten.com/" "Mozilla/5.0 (Windows NT 10.0; Win64; x64) AppleWebKit/537.36 (KHTML, like Gecko) Chrome/136.0.0.0 YaBrowser/25.6.0.0 Safari/537.36"
34.216.10.164 - - [19/Jun/2025:11:48:35 -0400] "GET /s/img/wp-content/uploads/2017/12/tig_welding_cat-300x197.jpg HTTP/2.0" 200 - "https://pur-tungsten.com/" "Mozilla/5.0 (Windows NT 10.0; Win64; x64) AppleWebKit/537.36 (KHTML, like Gecko) Chrome/136.0.0.0 YaBrowser/25.6.0.0 Safari/537.36"
34.216.10.164 - - [19/Jun/2025:11:48:35 -0400] "GET /s/img/wp-content/uploads/2017/12/desk_001-300x197.jpg HTTP/2.0" 200 14151 "https://pur-tungsten.com/" "Mozilla/5.0 (Windows NT 10.0; Win64; x64) AppleWebKit/537.36 (KHTML, like Gecko) Chrome/136.0.0.0 YaBrowser/25.6.0.0 Safari/537.36"
83.99.151.64 - - [19/Jun/2025:11:50:29 -0400] "GET /s/0b6341.js.gz HTTP/1.1" 200 507071 "-" "Mozilla/5.0 (X11; Linux x86_64) AppleWebKit/537.36 (KHTML, like Gecko; GeedoProductSearch; +https://geedo.com/product-search.html) Chrome/134.0.0.0 Safari/537.36"
83.99.151.64 - - [19/Jun/2025:11:50:40 -0400] "GET /s/085601.js.gz HTTP/1.1" 200 310398 "-" "Mozilla/5.0 (X11; Linux x86_64) AppleWebKit/537.36 (KHTML, like Gecko; GeedoProductSearch; +https://geedo.com/product-search.html) Chrome/134.0.0.0 Safari/537.36"
141.8.143.1 - - [19/Jun/2025:11:51:00 -0400] "GET / HTTP/1.1" 200 22619 "-" "Mozilla/5.0 (compatible; YandexBot/3.0; +http://yandex.com/bots)"
83.99.151.66 - - [19/Jun/2025:11:51:01 -0400] "GET /s/0fbd33.js.gz HTTP/1.1" 200 310399 "-" "Mozilla/5.0 (X11; Linux x86_64) AppleWebKit/537.36 (KHTML, like Gecko; GeedoProductSearch; +https://geedo.com/product-search.html) Chrome/134.0.0.0 Safari/537.36"
83.99.151.66 - - [19/Jun/2025:11:51:11 -0400] "GET /s/0006e3.js HTTP/1.1" 200 552949 "-" "Mozilla/5.0 (X11; Linux x86_64) AppleWebKit/537.36 (KHTML, like Gecko; GeedoProductSearch; +https://geedo.com/product-search.html) Chrome/134.0.0.0 Safari/537.36"
83.99.151.68 - - [19/Jun/2025:11:51:53 -0400] "GET /s/0a8562.js HTTP/1.1" 200 337848 "-" "Mozilla/5.0 (X11; Linux x86_64) AppleWebKit/537.36 (KHTML, like Gecko; GeedoProductSearch; +https://geedo.com/product-search.html) Chrome/134.0.0.0 Safari/537.36"
83.99.151.66 - - [19/Jun/2025:11:52:06 -0400] "GET /s/043032.js.gz HTTP/1.1" 200 337847 "-" "Mozilla/5.0 (X11; Linux x86_64) AppleWebKit/537.36 (KHTML, like Gecko; GeedoProductSearch; +https://geedo.com/product-search.html) Chrome/134.0.0.0 Safari/537.36"
83.99.151.65 - - [19/Jun/2025:11:52:12 -0400] "GET /s/0bcd0f.js.gz HTTP/1.1" 200 310397 "-" "Mozilla/5.0 (X11; Linux x86_64) AppleWebKit/537.36 (KHTML, like Gecko; GeedoProductSearch; +https://geedo.com/product-search.html) Chrome/134.0.0.0 Safari/537.36"
192.178.4.105 - - [19/Jun/2025:11:52:21 -0400] "GET /wp-content/uploads/2018/01/CRANKSHAFTS_002-300x300.jpg HTTP/1.1" 200 10042 "-" "Googlebot-Image/1.0"
83.99.151.68 - - [19/Jun/2025:11:52:32 -0400] "GET /s/067cd2.js.gz HTTP/1.1" 200 508669 "-" "Mozilla/5.0 (X11; Linux x86_64) AppleWebKit/537.36 (KHTML, like Gecko; GeedoProductSearch; +https://geedo.com/product-search.html) Chrome/134.0.0.0 Safari/537.36"
83.99.151.71 - - [19/Jun/2025:11:52:43 -0400] "GET /s/0cb913.js.gz HTTP/1.1" 200 310397 "-" "Mozilla/5.0 (X11; Linux x86_64) AppleWebKit/537.36 (KHTML, like Gecko; GeedoProductSearch; +https://geedo.com/product-search.html) Chrome/134.0.0.0 Safari/537.36"
83.99.151.68 - - [19/Jun/2025:11:52:52 -0400] "GET /s/031af3.js HTTP/1.1" 200 310400 "-" "Mozilla/5.0 (X11; Linux x86_64) AppleWebKit/537.36 (KHTML, like Gecko; GeedoProductSearch; +https://geedo.com/product-search.html) Chrome/134.0.0.0 Safari/537.36"
83.99.151.68 - - [19/Jun/2025:11:53:02 -0400] "GET /s/018bc6.js.gz HTTP/1.1" 200 310430 "-" "Mozilla/5.0 (X11; Linux x86_64) AppleWebKit/537.36 (KHTML, like Gecko; GeedoProductSearch; +https://geedo.com/product-search.html) Chrome/134.0.0.0 Safari/537.36"
83.99.151.68 - - [19/Jun/2025:11:53:12 -0400] "GET /s/0f30ad.js HTTP/1.1" 200 310399 "-" "Mozilla/5.0 (X11; Linux x86_64) AppleWebKit/537.36 (KHTML, like Gecko; GeedoProductSearch; +https://geedo.com/product-search.html) Chrome/134.0.0.0 Safari/537.36"
83.99.151.68 - - [19/Jun/2025:11:53:23 -0400] "GET /s/00f7b2.js HTTP/1.1" 200 506839 "-" "Mozilla/5.0 (X11; Linux x86_64) AppleWebKit/537.36 (KHTML, like Gecko; GeedoProductSearch; +https://geedo.com/product-search.html) Chrome/134.0.0.0 Safari/537.36"
192.178.4.105 - - [19/Jun/2025:11:53:41 -0400] "GET /s/8cf0a2.js HTTP/1.1" 200 310422 "https://pur-tungsten.com/contact/" "Mozilla/5.0 (Linux; Android 6.0.1; Nexus 5X Build/MMB29P) AppleWebKit/537.36 (KHTML, like Gecko) Chrome/137.0.7151.68 Mobile Safari/537.36 (compatible; Googlebot/2.1; +http://www.google.com/bot.html)"
52.167.144.137 - - [19/Jun/2025:11:53:39 -0400] "GET /wp-json/wp/v2/pages/114 HTTP/2.0" 200 21870 "-" "Mozilla/5.0 AppleWebKit/537.36 (KHTML, like Gecko; compatible; bingbot/2.0; +http://www.bing.com/bingbot.htm) Chrome/116.0.1938.76 Safari/537.36"
70.39.147.11 - - [19/Jun/2025:11:53:41 -0400] "POST /wp-cron.php?doing_wp_cron=1750348421.2101199626922607421875 HTTP/1.1" 200 - "-" "WordPress/6.6.2; https://pur-tungsten.com"
83.99.151.69 - - [19/Jun/2025:11:53:47 -0400] "GET /s/0a33a0.js.gz HTTP/1.1" 200 507465 "-" "Mozilla/5.0 (X11; Linux x86_64) AppleWebKit/537.36 (KHTML, like Gecko; GeedoProductSearch; +https://geedo.com/product-search.html) Chrome/134.0.0.0 Safari/537.36"
83.99.151.69 - - [19/Jun/2025:11:53:56 -0400] "GET /s/09ed23.js HTTP/1.1" 200 337850 "-" "Mozilla/5.0 (X11; Linux x86_64) AppleWebKit/537.36 (KHTML, like Gecko; GeedoProductSearch; +https://geedo.com/product-search.html) Chrome/134.0.0.0 Safari/537.36"
83.99.151.66 - - [19/Jun/2025:11:54:06 -0400] "GET /s/0d4d54.js.gz HTTP/1.1" 200 553029 "-" "Mozilla/5.0 (X11; Linux x86_64) AppleWebKit/537.36 (KHTML, like Gecko; GeedoProductSearch; +https://geedo.com/product-search.html) Chrome/134.0.0.0 Safari/537.36"
83.99.151.69 - - [19/Jun/2025:11:54:16 -0400] "GET /s/02272f.js.gz HTTP/1.1" 200 310399 "-" "Mozilla/5.0 (X11; Linux x86_64) AppleWebKit/537.36 (KHTML, like Gecko; GeedoProductSearch; +https://geedo.com/product-search.html) Chrome/134.0.0.0 Safari/537.36"
83.99.151.68 - - [19/Jun/2025:11:54:26 -0400] "GET /s/076d31.js.gz HTTP/1.1" 200 310400 "-" "Mozilla/5.0 (X11; Linux x86_64) AppleWebKit/537.36 (KHTML, like Gecko; GeedoProductSearch; +https://geedo.com/product-search.html) Chrome/134.0.0.0 Safari/537.36"
83.99.151.69 - - [19/Jun/2025:11:54:36 -0400] "GET /s/045e8c.js HTTP/1.1" 200 337851 "-" "Mozilla/5.0 (X11; Linux x86_64) AppleWebKit/537.36 (KHTML, like Gecko; GeedoProductSearch; +https://geedo.com/product-search.html) Chrome/134.0.0.0 Safari/537.36"
83.99.151.68 - - [19/Jun/2025:11:54:57 -0400] "GET /s/0e8763.js.gz HTTP/1.1" 200 312199 "-" "Mozilla/5.0 (X11; Linux x86_64) AppleWebKit/537.36 (KHTML, like Gecko; GeedoProductSearch; +https://geedo.com/product-search.html) Chrome/134.0.0.0 Safari/537.36"
83.99.151.68 - - [19/Jun/2025:11:55:08 -0400] "GET /s/0c453f.js.gz HTTP/1.1" 200 310400 "-" "Mozilla/5.0 (X11; Linux x86_64) AppleWebKit/537.36 (KHTML, like Gecko; GeedoProductSearch; +https://geedo.com/product-search.html) Chrome/134.0.0.0 Safari/537.36"
83.99.151.68 - - [19/Jun/2025:11:55:17 -0400] "GET /s/056289.js HTTP/1.1" 200 310399 "-" "Mozilla/5.0 (X11; Linux x86_64) AppleWebKit/537.36 (KHTML, like Gecko; GeedoProductSearch; +https://geedo.com/product-search.html) Chrome/134.0.0.0 Safari/537.36"
83.99.151.68 - - [19/Jun/2025:11:55:27 -0400] "GET /s/0d8680.js.gz HTTP/1.1" 200 310398 "-" "Mozilla/5.0 (X11; Linux x86_64) AppleWebKit/537.36 (KHTML, like Gecko; GeedoProductSearch; +https://geedo.com/product-search.html) Chrome/134.0.0.0 Safari/537.36"
83.99.151.68 - - [19/Jun/2025:11:55:38 -0400] "GET /s/0cf5ed.js.gz HTTP/1.1" 200 310400 "-" "Mozilla/5.0 (X11; Linux x86_64) AppleWebKit/537.36 (KHTML, like Gecko; GeedoProductSearch; +https://geedo.com/product-search.html) Chrome/134.0.0.0 Safari/537.36"
83.99.151.68 - - [19/Jun/2025:11:55:47 -0400] "GET /s/09f720.js HTTP/1.1" 200 310400 "-" "Mozilla/5.0 (X11; Linux x86_64) AppleWebKit/537.36 (KHTML, like Gecko; GeedoProductSearch; +https://geedo.com/product-search.html) Chrome/134.0.0.0 Safari/537.36"
83.99.151.65 - - [19/Jun/2025:11:56:08 -0400] "GET /s/051dc2.js HTTP/1.1" 200 431709 "-" "Mozilla/5.0 (X11; Linux x86_64) AppleWebKit/537.36 (KHTML, like Gecko; GeedoProductSearch; +https://geedo.com/product-search.html) Chrome/134.0.0.0 Safari/537.36"
83.99.151.65 - - [19/Jun/2025:11:56:19 -0400] "GET /s/069e07.js.gz HTTP/1.1" 200 310400 "-" "Mozilla/5.0 (X11; Linux x86_64) AppleWebKit/537.36 (KHTML, like Gecko; GeedoProductSearch; +https://geedo.com/product-search.html) Chrome/134.0.0.0 Safari/537.36"
192.178.4.105 - - [19/Jun/2025:11:56:23 -0400] "GET /s/c0ec2c.js HTTP/1.1" 200 312356 "https://pur-tungsten.com/product/pinewood-derby-incremental-tungsten-plate-weights/" "Mozilla/5.0 (Linux; Android 6.0.1; Nexus 5X Build/MMB29P) AppleWebKit/537.36 (KHTML, like Gecko) Chrome/137.0.7151.68 Mobile Safari/537.36 (compatible; Googlebot/2.1; +http://www.google.com/bot.html)"
83.99.151.65 - - [19/Jun/2025:11:56:28 -0400] "GET /s/0faf5f.js HTTP/1.1" 200 312419 "-" "Mozilla/5.0 (X11; Linux x86_64) AppleWebKit/537.36 (KHTML, like Gecko; GeedoProductSearch; +https://geedo.com/product-search.html) Chrome/134.0.0.0 Safari/537.36"
83.99.151.65 - - [19/Jun/2025:11:56:40 -0400] "GET /s/032013.js HTTP/1.1" 200 310400 "-" "Mozilla/5.0 (X11; Linux x86_64) AppleWebKit/537.36 (KHTML, like Gecko; GeedoProductSearch; +https://geedo.com/product-search.html) Chrome/134.0.0.0 Safari/537.36"
83.99.151.65 - - [19/Jun/2025:11:56:48 -0400] "GET /s/020606.js HTTP/1.1" 200 312212 "-" "Mozilla/5.0 (X11; Linux x86_64) AppleWebKit/537.36 (KHTML, like Gecko; GeedoProductSearch; +https://geedo.com/product-search.html) Chrome/134.0.0.0 Safari/537.36"
83.99.151.65 - - [19/Jun/2025:11:56:59 -0400] "GET /s/03881c.js HTTP/1.1" 200 312199 "-" "Mozilla/5.0 (X11; Linux x86_64) AppleWebKit/537.36 (KHTML, like Gecko; GeedoProductSearch; +https://geedo.com/product-search.html) Chrome/134.0.0.0 Safari/537.36"
83.99.151.71 - - [19/Jun/2025:11:57:21 -0400] "GET /s/05582b.js.gz HTTP/1.1" 200 310399 "-" "Mozilla/5.0 (X11; Linux x86_64) AppleWebKit/537.36 (KHTML, like Gecko; GeedoProductSearch; +https://geedo.com/product-search.html) Chrome/134.0.0.0 Safari/537.36"
83.99.151.71 - - [19/Jun/2025:11:57:32 -0400] "GET /s/0b0f84.js.gz HTTP/1.1" 200 310398 "-" "Mozilla/5.0 (X11; Linux x86_64) AppleWebKit/537.36 (KHTML, like Gecko; GeedoProductSearch; +https://geedo.com/product-search.html) Chrome/134.0.0.0 Safari/537.36"
83.99.151.71 - - [19/Jun/2025:11:57:41 -0400] "GET /s/05ceee.js.gz HTTP/1.1" 200 508681 "-" "Mozilla/5.0 (X11; Linux x86_64) AppleWebKit/537.36 (KHTML, like Gecko; GeedoProductSearch; +https://geedo.com/product-search.html) Chrome/134.0.0.0 Safari/537.36"
83.99.151.71 - - [19/Jun/2025:11:57:51 -0400] "GET /s/0a1efa.js HTTP/1.1" 200 310399 "-" "Mozilla/5.0 (X11; Linux x86_64) AppleWebKit/537.36 (KHTML, like Gecko; GeedoProductSearch; +https://geedo.com/product-search.html) Chrome/134.0.0.0 Safari/537.36"
83.99.151.71 - - [19/Jun/2025:11:58:02 -0400] "GET /s/0fe83e.js HTTP/1.1" 200 310399 "-" "Mozilla/5.0 (X11; Linux x86_64) AppleWebKit/537.36 (KHTML, like Gecko; GeedoProductSearch; +https://geedo.com/product-search.html) Chrome/134.0.0.0 Safari/537.36"
83.99.151.71 - - [19/Jun/2025:11:58:11 -0400] "GET /s/085ee1.js.gz HTTP/1.1" 200 310400 "-" "Mozilla/5.0 (X11; Linux x86_64) AppleWebKit/537.36 (KHTML, like Gecko; GeedoProductSearch; +https://geedo.com/product-search.html) Chrome/134.0.0.0 Safari/537.36"
83.99.151.68 - - [19/Jun/2025:11:58:31 -0400] "GET /s/074dc8.js HTTP/1.1" 200 311233 "-" "Mozilla/5.0 (X11; Linux x86_64) AppleWebKit/537.36 (KHTML, like Gecko; GeedoProductSearch; +https://geedo.com/product-search.html) Chrome/134.0.0.0 Safari/537.36"
83.99.151.68 - - [19/Jun/2025:11:58:40 -0400] "GET /s/01956a.js HTTP/1.1" 200 310399 "-" "Mozilla/5.0 (X11; Linux x86_64) AppleWebKit/537.36 (KHTML, like Gecko; GeedoProductSearch; +https://geedo.com/product-search.html) Chrome/134.0.0.0 Safari/537.36"
114.119.151.131 - - [19/Jun/2025:11:58:46 -0400] "GET /robots.txt HTTP/1.1" 200 67 "-" "Mozilla/5.0 (compatible;PetalBot;+https://webmaster.petalsearch.com/site/petalbot)"
83.99.151.68 - - [19/Jun/2025:11:58:50 -0400] "GET /s/02b0fe.js.gz HTTP/1.1" 200 310399 "-" "Mozilla/5.0 (X11; Linux x86_64) AppleWebKit/537.36 (KHTML, like Gecko; GeedoProductSearch; +https://geedo.com/product-search.html) Chrome/134.0.0.0 Safari/537.36"
83.99.151.68 - - [19/Jun/2025:11:59:01 -0400] "GET /s/09c398.js.gz HTTP/1.1" 200 338023 "-" "Mozilla/5.0 (X11; Linux x86_64) AppleWebKit/537.36 (KHTML, like Gecko; GeedoProductSearch; +https://geedo.com/product-search.html) Chrome/134.0.0.0 Safari/537.36"
83.99.151.68 - - [19/Jun/2025:11:59:10 -0400] "GET /s/06cc88.js.gz HTTP/1.1" 200 310398 "-" "Mozilla/5.0 (X11; Linux x86_64) AppleWebKit/537.36 (KHTML, like Gecko; GeedoProductSearch; +https://geedo.com/product-search.html) Chrome/134.0.0.0 Safari/537.36"
83.99.151.68 - - [19/Jun/2025:11:59:20 -0400] "GET /s/0e2dda.js HTTP/1.1" 200 310401 "-" "Mozilla/5.0 (X11; Linux x86_64) AppleWebKit/537.36 (KHTML, like Gecko; GeedoProductSearch; +https://geedo.com/product-search.html) Chrome/134.0.0.0 Safari/537.36"
34.23.204.210 - - [19/Jun/2025:11:59:32 -0400] "HEAD / HTTP/1.1" 200 - "http://pur-tungsten.com/" "Mozilla/5.0 (Windows NT 10.0; Win64; x64) AppleWebKit/537.36 (KHTML, like Gecko) Chrome/74.0.3729.169 Safari/537.36"
34.23.204.210 - - [19/Jun/2025:11:59:33 -0400] "HEAD / HTTP/1.1" 301 - "http://pur-tungsten.tdmfginc.com/" "Mozilla/5.0 (Windows NT 10.0; Win64; x64) AppleWebKit/537.36 (KHTML, like Gecko) Chrome/74.0.3729.169 Safari/537.36"
34.23.204.210 - - [19/Jun/2025:11:59:35 -0400] "HEAD / HTTP/1.1" 200 - "https://pur-tungsten.tdmfginc.com/" "Mozilla/5.0 (Windows NT 10.0; Win64; x64) AppleWebKit/537.36 (KHTML, like Gecko) Chrome/74.0.3729.169 Safari/537.36"
34.23.204.210 - - [19/Jun/2025:11:59:36 -0400] "HEAD /wp HTTP/1.1" 404 - "http://pur-tungsten.com/wp" "Mozilla/5.0 (Windows NT 10.0; Win64; x64) AppleWebKit/537.36 (KHTML, like Gecko) Chrome/74.0.3729.169 Safari/537.36"
83.99.151.68 - - [19/Jun/2025:11:59:40 -0400] "GET /s/07f547.js.gz HTTP/1.1" 200 310399 "-" "Mozilla/5.0 (X11; Linux x86_64) AppleWebKit/537.36 (KHTML, like Gecko; GeedoProductSearch; +https://geedo.com/product-search.html) Chrome/134.0.0.0 Safari/537.36"
34.23.204.210 - - [19/Jun/2025:11:59:39 -0400] "HEAD /wp HTTP/1.1" 404 - "http://pur-tungsten.tdmfginc.com/wp" "Mozilla/5.0 (Windows NT 10.0; Win64; x64) AppleWebKit/537.36 (KHTML, like Gecko) Chrome/74.0.3729.169 Safari/537.36"
34.23.204.210 - - [19/Jun/2025:11:59:40 -0400] "HEAD /bc HTTP/1.1" 404 - "http://pur-tungsten.com/bc" "Mozilla/5.0 (Windows NT 10.0; Win64; x64) AppleWebKit/537.36 (KHTML, like Gecko) Chrome/74.0.3729.169 Safari/537.36"
34.23.204.210 - - [19/Jun/2025:11:59:43 -0400] "HEAD /bc HTTP/1.1" 404 - "http://pur-tungsten.tdmfginc.com/bc" "Mozilla/5.0 (Windows NT 10.0; Win64; x64) AppleWebKit/537.36 (KHTML, like Gecko) Chrome/74.0.3729.169 Safari/537.36"
34.23.204.210 - - [19/Jun/2025:11:59:44 -0400] "HEAD /bk HTTP/1.1" 404 - "http://pur-tungsten.com/bk" "Mozilla/5.0 (Windows NT 10.0; Win64; x64) AppleWebKit/537.36 (KHTML, like Gecko) Chrome/74.0.3729.169 Safari/537.36"
34.23.204.210 - - [19/Jun/2025:11:59:47 -0400] "HEAD /bk HTTP/1.1" 404 - "http://pur-tungsten.tdmfginc.com/bk" "Mozilla/5.0 (Windows NT 10.0; Win64; x64) AppleWebKit/537.36 (KHTML, like Gecko) Chrome/74.0.3729.169 Safari/537.36"
34.23.204.210 - - [19/Jun/2025:11:59:48 -0400] "HEAD /backup HTTP/1.1" 404 - "http://pur-tungsten.com/backup" "Mozilla/5.0 (Windows NT 10.0; Win64; x64) AppleWebKit/537.36 (KHTML, like Gecko) Chrome/74.0.3729.169 Safari/537.36"
83.99.151.69 - - [19/Jun/2025:11:59:50 -0400] "GET /s/05ff89.js HTTP/1.1" 200 310399 "-" "Mozilla/5.0 (X11; Linux x86_64) AppleWebKit/537.36 (KHTML, like Gecko; GeedoProductSearch; +https://geedo.com/product-search.html) Chrome/134.0.0.0 Safari/537.36"
34.23.204.210 - - [19/Jun/2025:11:59:51 -0400] "HEAD /backup HTTP/1.1" 404 - "http://pur-tungsten.tdmfginc.com/backup" "Mozilla/5.0 (Windows NT 10.0; Win64; x64) AppleWebKit/537.36 (KHTML, like Gecko) Chrome/74.0.3729.169 Safari/537.36"
34.23.204.210 - - [19/Jun/2025:11:59:52 -0400] "HEAD /old HTTP/1.1" 404 - "http://pur-tungsten.com/old" "Mozilla/5.0 (Windows NT 10.0; Win64; x64) AppleWebKit/537.36 (KHTML, like Gecko) Chrome/74.0.3729.169 Safari/537.36"
51.222.253.17 - - [19/Jun/2025:11:59:54 -0400] "GET /s/img/wp-content/uploads/2020/ HTTP/2.0" 200 447 "-" "Mozilla/5.0 (compatible; AhrefsBot/7.0; +http://ahrefs.com/robot/)"
34.23.204.210 - - [19/Jun/2025:11:59:55 -0400] "HEAD /old HTTP/1.1" 404 - "http://pur-tungsten.tdmfginc.com/old" "Mozilla/5.0 (Windows NT 10.0; Win64; x64) AppleWebKit/537.36 (KHTML, like Gecko) Chrome/74.0.3729.169 Safari/537.36"
34.23.204.210 - - [19/Jun/2025:11:59:56 -0400] "HEAD /new HTTP/1.1" 301 - "http://pur-tungsten.com/new" "Mozilla/5.0 (Windows NT 10.0; Win64; x64) AppleWebKit/537.36 (KHTML, like Gecko) Chrome/74.0.3729.169 Safari/537.36"
34.23.204.210 - - [19/Jun/2025:11:59:58 -0400] "HEAD /newsletter/ HTTP/1.1" 200 - "https://pur-tungsten.com/new" "Mozilla/5.0 (Windows NT 10.0; Win64; x64) AppleWebKit/537.36 (KHTML, like Gecko) Chrome/74.0.3729.169 Safari/537.36"
83.99.151.69 - - [19/Jun/2025:12:00:01 -0400] "GET /s/03522c.js.gz HTTP/1.1" 200 310399 "-" "Mozilla/5.0 (X11; Linux x86_64) AppleWebKit/537.36 (KHTML, like Gecko; GeedoProductSearch; +https://geedo.com/product-search.html) Chrome/134.0.0.0 Safari/537.36"
34.23.204.210 - - [19/Jun/2025:11:59:59 -0400] "HEAD /new HTTP/1.1" 404 - "http://pur-tungsten.tdmfginc.com/new" "Mozilla/5.0 (Windows NT 10.0; Win64; x64) AppleWebKit/537.36 (KHTML, like Gecko) Chrome/74.0.3729.169 Safari/537.36"
34.23.204.210 - - [19/Jun/2025:12:00:03 -0400] "HEAD /main HTTP/1.1" 404 - "http://pur-tungsten.com/main" "Mozilla/5.0 (Windows NT 10.0; Win64; x64) AppleWebKit/537.36 (KHTML, like Gecko) Chrome/74.0.3729.169 Safari/537.36"
70.39.147.11 - - [19/Jun/2025:12:00:08 -0400] "POST /wp-cron.php?doing_wp_cron=1750348807.9934790134429931640625 HTTP/1.1" 200 - "-" "WordPress/6.6.2; https://pur-tungsten.com"
83.99.151.69 - - [19/Jun/2025:12:00:10 -0400] "GET /s/00719d.js HTTP/1.1" 200 310399 "-" "Mozilla/5.0 (X11; Linux x86_64) AppleWebKit/537.36 (KHTML, like Gecko; GeedoProductSearch; +https://geedo.com/product-search.html) Chrome/134.0.0.0 Safari/537.36"
34.23.204.210 - - [19/Jun/2025:12:00:06 -0400] "HEAD /main HTTP/1.1" 404 - "http://pur-tungsten.tdmfginc.com/main" "Mozilla/5.0 (Windows NT 10.0; Win64; x64) AppleWebKit/537.36 (KHTML, like Gecko) Chrome/74.0.3729.169 Safari/537.36"
70.39.147.11 - - [19/Jun/2025:12:00:14 -0400] "POST /wp-cron.php?doing_wp_cron=1750348814.7822499275207519531250 HTTP/1.1" 200 - "-" "WordPress/6.6.2; https://pur-tungsten.com"
34.23.204.210 - - [19/Jun/2025:12:00:14 -0400] "HEAD /home HTTP/1.1" 404 - "http://pur-tungsten.com/home" "Mozilla/5.0 (Windows NT 10.0; Win64; x64) AppleWebKit/537.36 (KHTML, like Gecko) Chrome/74.0.3729.169 Safari/537.36"
34.23.204.210 - - [19/Jun/2025:12:00:18 -0400] "HEAD /home HTTP/1.1" 404 - "http://pur-tungsten.tdmfginc.com/home" "Mozilla/5.0 (Windows NT 10.0; Win64; x64) AppleWebKit/537.36 (KHTML, like Gecko) Chrome/74.0.3729.169 Safari/537.36"
83.99.151.69 - - [19/Jun/2025:12:00:20 -0400] "GET /s/05d84c.js.gz HTTP/1.1" 200 337849 "-" "Mozilla/5.0 (X11; Linux x86_64) AppleWebKit/537.36 (KHTML, like Gecko; GeedoProductSearch; +https://geedo.com/product-search.html) Chrome/134.0.0.0 Safari/537.36"
83.99.151.69 - - [19/Jun/2025:12:00:30 -0400] "GET /s/0c6030.js.gz HTTP/1.1" 200 508158 "-" "Mozilla/5.0 (X11; Linux x86_64) AppleWebKit/537.36 (KHTML, like Gecko; GeedoProductSearch; +https://geedo.com/product-search.html) Chrome/134.0.0.0 Safari/537.36"
