83.99.151.66 - - [19/Jun/2025:12:00:52 -0400] "GET /s/0022dc.js HTTP/1.1" 200 310400 "-" "Mozilla/5.0 (X11; Linux x86_64) AppleWebKit/537.36 (KHTML, like Gecko; GeedoProductSearch; +https://geedo.com/product-search.html) Chrome/134.0.0.0 Safari/537.36"
83.99.151.69 - - [19/Jun/2025:12:01:01 -0400] "GET /s/0e33ef.js HTTP/1.1" 200 310398 "-" "Mozilla/5.0 (X11; Linux x86_64) AppleWebKit/537.36 (KHTML, like Gecko; GeedoProductSearch; +https://geedo.com/product-search.html) Chrome/134.0.0.0 Safari/537.36"
83.99.151.69 - - [19/Jun/2025:12:01:11 -0400] "GET /s/0aba46.js HTTP/1.1" 200 310398 "-" "Mozilla/5.0 (X11; Linux x86_64) AppleWebKit/537.36 (KHTML, like Gecko; GeedoProductSearch; +https://geedo.com/product-search.html) Chrome/134.0.0.0 Safari/537.36"
83.99.151.69 - - [19/Jun/2025:12:01:22 -0400] "GET /s/039687.js HTTP/1.1" 200 310400 "-" "Mozilla/5.0 (X11; Linux x86_64) AppleWebKit/537.36 (KHTML, like Gecko; GeedoProductSearch; +https://geedo.com/product-search.html) Chrome/134.0.0.0 Safari/537.36"
83.99.151.69 - - [19/Jun/2025:12:01:31 -0400] "GET /s/07a763.js HTTP/1.1" 200 310398 "-" "Mozilla/5.0 (X11; Linux x86_64) AppleWebKit/537.36 (KHTML, like Gecko; GeedoProductSearch; +https://geedo.com/product-search.html) Chrome/134.0.0.0 Safari/537.36"
83.99.151.69 - - [19/Jun/2025:12:01:41 -0400] "GET /s/041c7e.js HTTP/1.1" 200 310398 "-" "Mozilla/5.0 (X11; Linux x86_64) AppleWebKit/537.36 (KHTML, like Gecko; GeedoProductSearch; +https://geedo.com/product-search.html) Chrome/134.0.0.0 Safari/537.36"
192.178.4.96 - - [19/Jun/2025:12:01:45 -0400] "GET /product/ar-308-stainless-steel-buffer-3-8oz/ HTTP/1.1" 301 - "-" "Mozilla/5.0 (Linux; Android 6.0.1; Nexus 5X Build/MMB29P) AppleWebKit/537.36 (KHTML, like Gecko) Chrome/137.0.7151.103 Mobile Safari/537.36 (compatible; Googlebot/2.1; +http://www.google.com/bot.html)"
192.178.4.105 - - [19/Jun/2025:12:01:48 -0400] "GET /product/tungsten-gen-1-silent-captured-spring-buffer-weights/ HTTP/1.1" 200 13914 "-" "Mozilla/5.0 (Linux; Android 6.0.1; Nexus 5X Build/MMB29P) AppleWebKit/537.36 (KHTML, like Gecko) Chrome/137.0.7151.103 Mobile Safari/537.36 (compatible; Googlebot/2.1; +http://www.google.com/bot.html)"
70.39.147.11 - - [19/Jun/2025:12:01:47 -0400] "POST /wp-cron.php?doing_wp_cron=1750348907.5049180984497070312500 HTTP/1.1" 200 - "-" "WordPress/6.6.2; https://pur-tungsten.com"
192.178.4.105 - - [19/Jun/2025:12:01:50 -0400] "GET /product/ar-308-stainless-steel-body-buffer-3-8oz/ HTTP/1.1" 200 14359 "-" "Mozilla/5.0 (Linux; Android 6.0.1; Nexus 5X Build/MMB29P) AppleWebKit/537.36 (KHTML, like Gecko) Chrome/137.0.7151.103 Mobile Safari/537.36 (compatible; Googlebot/2.1; +http://www.google.com/bot.html)"
83.99.151.69 - - [19/Jun/2025:12:02:02 -0400] "GET /s/07dd59.js.gz HTTP/1.1" 200 310397 "-" "Mozilla/5.0 (X11; Linux x86_64) AppleWebKit/537.36 (KHTML, like Gecko; GeedoProductSearch; +https://geedo.com/product-search.html) Chrome/134.0.0.0 Safari/537.36"
192.178.4.96 - - [19/Jun/2025:12:02:11 -0400] "GET /s/1afd33.js HTTP/1.1" 200 312411 "https://pur-tungsten.com/product/tungsten-gen-1-silent-captured-spring-buffer-weights/" "Mozilla/5.0 (Linux; Android 6.0.1; Nexus 5X Build/MMB29P) AppleWebKit/537.36 (KHTML, like Gecko) Chrome/137.0.7151.68 Mobile Safari/537.36 (compatible; Googlebot/2.1; +http://www.google.com/bot.html)"
83.99.151.69 - - [19/Jun/2025:12:02:12 -0400] "GET /s/06c443.js HTTP/1.1" 200 310400 "-" "Mozilla/5.0 (X11; Linux x86_64) AppleWebKit/537.36 (KHTML, like Gecko; GeedoProductSearch; +https://geedo.com/product-search.html) Chrome/134.0.0.0 Safari/537.36"
83.99.151.69 - - [19/Jun/2025:12:02:22 -0400] "GET /s/04913f.js HTTP/1.1" 200 310399 "-" "Mozilla/5.0 (X11; Linux x86_64) AppleWebKit/537.36 (KHTML, like Gecko; GeedoProductSearch; +https://geedo.com/product-search.html) Chrome/134.0.0.0 Safari/537.36"
83.99.151.69 - - [19/Jun/2025:12:02:32 -0400] "GET /s/08aaf7.js.gz HTTP/1.1" 200 552221 "-" "Mozilla/5.0 (X11; Linux x86_64) AppleWebKit/537.36 (KHTML, like Gecko; GeedoProductSearch; +https://geedo.com/product-search.html) Chrome/134.0.0.0 Safari/537.36"
83.99.151.69 - - [19/Jun/2025:12:02:42 -0400] "GET /s/0d9722.js HTTP/1.1" 200 333580 "-" "Mozilla/5.0 (X11; Linux x86_64) AppleWebKit/537.36 (KHTML, like Gecko; GeedoProductSearch; +https://geedo.com/product-search.html) Chrome/134.0.0.0 Safari/537.36"
83.99.151.69 - - [19/Jun/2025:12:02:52 -0400] "GET /s/0a2c30.js HTTP/1.1" 200 310397 "-" "Mozilla/5.0 (X11; Linux x86_64) AppleWebKit/537.36 (KHTML, like Gecko; GeedoProductSearch; +https://geedo.com/product-search.html) Chrome/134.0.0.0 Safari/537.36"
83.99.151.66 - - [19/Jun/2025:12:03:13 -0400] "GET /s/0c839d.js.gz HTTP/1.1" 200 310399 "-" "Mozilla/5.0 (X11; Linux x86_64) AppleWebKit/537.36 (KHTML, like Gecko; GeedoProductSearch; +https://geedo.com/product-search.html) Chrome/134.0.0.0 Safari/537.36"
83.99.151.66 - - [19/Jun/2025:12:03:24 -0400] "GET /s/027d76.js.gz HTTP/1.1" 200 310400 "-" "Mozilla/5.0 (X11; Linux x86_64) AppleWebKit/537.36 (KHTML, like Gecko; GeedoProductSearch; +https://geedo.com/product-search.html) Chrome/134.0.0.0 Safari/537.36"
83.99.151.66 - - [19/Jun/2025:12:03:34 -0400] "GET /s/00e933.js HTTP/1.1" 200 310398 "-" "Mozilla/5.0 (X11; Linux x86_64) AppleWebKit/537.36 (KHTML, like Gecko; GeedoProductSearch; +https://geedo.com/product-search.html) Chrome/134.0.0.0 Safari/537.36"
83.99.151.70 - - [19/Jun/2025:12:03:44 -0400] "GET /s/019d7a.js.gz HTTP/1.1" 200 337848 "-" "Mozilla/5.0 (X11; Linux x86_64) AppleWebKit/537.36 (KHTML, like Gecko; GeedoProductSearch; +https://geedo.com/product-search.html) Chrome/134.0.0.0 Safari/537.36"
83.99.151.66 - - [19/Jun/2025:12:03:53 -0400] "GET /s/0c73db.js.gz HTTP/1.1" 200 2723 "-" "Mozilla/5.0 (X11; Linux x86_64) AppleWebKit/537.36 (KHTML, like Gecko; GeedoProductSearch; +https://geedo.com/product-search.html) Chrome/134.0.0.0 Safari/537.36"
83.99.151.69 - - [19/Jun/2025:12:04:04 -0400] "GET /s/06c770.js HTTP/1.1" 200 310400 "-" "Mozilla/5.0 (X11; Linux x86_64) AppleWebKit/537.36 (KHTML, like Gecko; GeedoProductSearch; +https://geedo.com/product-search.html) Chrome/134.0.0.0 Safari/537.36"
83.99.151.64 - - [19/Jun/2025:12:04:35 -0400] "GET /s/0eaa7d.js HTTP/1.1" 200 337847 "-" "Mozilla/5.0 (X11; Linux x86_64) AppleWebKit/537.36 (KHTML, like Gecko; GeedoProductSearch; +https://geedo.com/product-search.html) Chrome/134.0.0.0 Safari/537.36"
83.99.151.64 - - [19/Jun/2025:12:04:27 -0400] "GET /s/0b0ac9.js.gz HTTP/1.1" 200 310400 "-" "Mozilla/5.0 (X11; Linux x86_64) AppleWebKit/537.36 (KHTML, like Gecko; GeedoProductSearch; +https://geedo.com/product-search.html) Chrome/134.0.0.0 Safari/537.36"
83.99.151.64 - - [19/Jun/2025:12:04:46 -0400] "GET /s/07171e.js.gz HTTP/1.1" 200 310400 "-" "Mozilla/5.0 (X11; Linux x86_64) AppleWebKit/537.36 (KHTML, like Gecko; GeedoProductSearch; +https://geedo.com/product-search.html) Chrome/134.0.0.0 Safari/537.36"
83.99.151.64 - - [19/Jun/2025:12:04:55 -0400] "GET /s/080a27.js HTTP/1.1" 200 310399 "-" "Mozilla/5.0 (X11; Linux x86_64) AppleWebKit/537.36 (KHTML, like Gecko; GeedoProductSearch; +https://geedo.com/product-search.html) Chrome/134.0.0.0 Safari/537.36"
83.99.151.64 - - [19/Jun/2025:12:05:06 -0400] "GET /s/0dc64c.js HTTP/1.1" 200 310400 "-" "Mozilla/5.0 (X11; Linux x86_64) AppleWebKit/537.36 (KHTML, like Gecko; GeedoProductSearch; +https://geedo.com/product-search.html) Chrome/134.0.0.0 Safari/537.36"
83.99.151.69 - - [19/Jun/2025:12:05:15 -0400] "GET /s/0ec6a0.js HTTP/1.1" 200 310399 "-" "Mozilla/5.0 (X11; Linux x86_64) AppleWebKit/537.36 (KHTML, like Gecko; GeedoProductSearch; +https://geedo.com/product-search.html) Chrome/134.0.0.0 Safari/537.36"
83.99.151.67 - - [19/Jun/2025:12:05:36 -0400] "GET /s/03c925.js.gz HTTP/1.1" 200 310398 "-" "Mozilla/5.0 (X11; Linux x86_64) AppleWebKit/537.36 (KHTML, like Gecko; GeedoProductSearch; +https://geedo.com/product-search.html) Chrome/134.0.0.0 Safari/537.36"
83.99.151.67 - - [19/Jun/2025:12:05:46 -0400] "GET /s/0dcfe4.js HTTP/1.1" 200 431708 "-" "Mozilla/5.0 (X11; Linux x86_64) AppleWebKit/537.36 (KHTML, like Gecko; GeedoProductSearch; +https://geedo.com/product-search.html) Chrome/134.0.0.0 Safari/537.36"
83.99.151.67 - - [19/Jun/2025:12:05:57 -0400] "GET /s/0dc307.js.gz HTTP/1.1" 200 310400 "-" "Mozilla/5.0 (X11; Linux x86_64) AppleWebKit/537.36 (KHTML, like Gecko; GeedoProductSearch; +https://geedo.com/product-search.html) Chrome/134.0.0.0 Safari/537.36"
83.99.151.67 - - [19/Jun/2025:12:06:06 -0400] "GET /s/0df8ae.js.gz HTTP/1.1" 200 310399 "-" "Mozilla/5.0 (X11; Linux x86_64) AppleWebKit/537.36 (KHTML, like Gecko; GeedoProductSearch; +https://geedo.com/product-search.html) Chrome/134.0.0.0 Safari/537.36"
83.99.151.64 - - [19/Jun/2025:12:06:16 -0400] "GET /s/0e89f4.js.gz HTTP/1.1" 200 310400 "-" "Mozilla/5.0 (X11; Linux x86_64) AppleWebKit/537.36 (KHTML, like Gecko; GeedoProductSearch; +https://geedo.com/product-search.html) Chrome/134.0.0.0 Safari/537.36"
83.99.151.67 - - [19/Jun/2025:12:06:27 -0400] "GET /s/000e9e.js.gz HTTP/1.1" 200 310401 "-" "Mozilla/5.0 (X11; Linux x86_64) AppleWebKit/537.36 (KHTML, like Gecko; GeedoProductSearch; +https://geedo.com/product-search.html) Chrome/134.0.0.0 Safari/537.36"
83.99.151.67 - - [19/Jun/2025:12:06:49 -0400] "GET /s/034c25.js HTTP/1.1" 200 310398 "-" "Mozilla/5.0 (X11; Linux x86_64) AppleWebKit/537.36 (KHTML, like Gecko; GeedoProductSearch; +https://geedo.com/product-search.html) Chrome/134.0.0.0 Safari/537.36"
83.99.151.70 - - [19/Jun/2025:12:06:59 -0400] "GET /s/06540e.js.gz HTTP/1.1" 200 310400 "-" "Mozilla/5.0 (X11; Linux x86_64) AppleWebKit/537.36 (KHTML, like Gecko; GeedoProductSearch; +https://geedo.com/product-search.html) Chrome/134.0.0.0 Safari/537.36"
83.99.151.65 - - [19/Jun/2025:12:07:10 -0400] "GET /s/00b806.js HTTP/1.1" 200 310398 "-" "Mozilla/5.0 (X11; Linux x86_64) AppleWebKit/537.36 (KHTML, like Gecko; GeedoProductSearch; +https://geedo.com/product-search.html) Chrome/134.0.0.0 Safari/537.36"
83.99.151.66 - - [19/Jun/2025:12:07:19 -0400] "GET /s/0dccfe.js.gz HTTP/1.1" 200 310400 "-" "Mozilla/5.0 (X11; Linux x86_64) AppleWebKit/537.36 (KHTML, like Gecko; GeedoProductSearch; +https://geedo.com/product-search.html) Chrome/134.0.0.0 Safari/537.36"
83.99.151.70 - - [19/Jun/2025:12:07:29 -0400] "GET /s/00baf2.js.gz HTTP/1.1" 200 310398 "-" "Mozilla/5.0 (X11; Linux x86_64) AppleWebKit/537.36 (KHTML, like Gecko; GeedoProductSearch; +https://geedo.com/product-search.html) Chrome/134.0.0.0 Safari/537.36"
83.99.151.70 - - [19/Jun/2025:12:07:40 -0400] "GET /s/051151.js HTTP/1.1" 200 310398 "-" "Mozilla/5.0 (X11; Linux x86_64) AppleWebKit/537.36 (KHTML, like Gecko; GeedoProductSearch; +https://geedo.com/product-search.html) Chrome/134.0.0.0 Safari/537.36"
83.99.151.71 - - [19/Jun/2025:12:08:01 -0400] "GET /s/043389.js.gz HTTP/1.1" 200 310399 "-" "Mozilla/5.0 (X11; Linux x86_64) AppleWebKit/537.36 (KHTML, like Gecko; GeedoProductSearch; +https://geedo.com/product-search.html) Chrome/134.0.0.0 Safari/537.36"
83.99.151.65 - - [19/Jun/2025:12:08:11 -0400] "GET /s/05a758.js HTTP/1.1" 200 312203 "-" "Mozilla/5.0 (X11; Linux x86_64) AppleWebKit/537.36 (KHTML, like Gecko; GeedoProductSearch; +https://geedo.com/product-search.html) Chrome/134.0.0.0 Safari/537.36"
83.99.151.70 - - [19/Jun/2025:12:08:22 -0400] "GET /s/0912f1.js HTTP/1.1" 200 310397 "-" "Mozilla/5.0 (X11; Linux x86_64) AppleWebKit/537.36 (KHTML, like Gecko; GeedoProductSearch; +https://geedo.com/product-search.html) Chrome/134.0.0.0 Safari/537.36"
83.99.151.69 - - [19/Jun/2025:12:08:31 -0400] "GET /s/02fe95.js HTTP/1.1" 200 310399 "-" "Mozilla/5.0 (X11; Linux x86_64) AppleWebKit/537.36 (KHTML, like Gecko; GeedoProductSearch; +https://geedo.com/product-search.html) Chrome/134.0.0.0 Safari/537.36"
83.99.151.65 - - [19/Jun/2025:12:08:41 -0400] "GET /s/09e766.js.gz HTTP/1.1" 200 310398 "-" "Mozilla/5.0 (X11; Linux x86_64) AppleWebKit/537.36 (KHTML, like Gecko; GeedoProductSearch; +https://geedo.com/product-search.html) Chrome/134.0.0.0 Safari/537.36"
192.178.4.97 - - [19/Jun/2025:12:08:42 -0400] "GET /s/75bf93.js HTTP/1.1" 200 312420 "https://pur-tungsten.com/product/tungsten-recoil-buffer-weights/" "Mozilla/5.0 (Linux; Android 6.0.1; Nexus 5X Build/MMB29P) AppleWebKit/537.36 (KHTML, like Gecko) Chrome/137.0.7151.68 Mobile Safari/537.36 (compatible; Googlebot/2.1; +http://www.google.com/bot.html)"
83.99.151.65 - - [19/Jun/2025:12:08:52 -0400] "GET /s/070def.js.gz HTTP/1.1" 200 310400 "-" "Mozilla/5.0 (X11; Linux x86_64) AppleWebKit/537.36 (KHTML, like Gecko; GeedoProductSearch; +https://geedo.com/product-search.html) Chrome/134.0.0.0 Safari/537.36"
83.99.151.65 - - [19/Jun/2025:12:09:13 -0400] "GET /s/0569b9.js.gz HTTP/1.1" 200 506786 "-" "Mozilla/5.0 (X11; Linux x86_64) AppleWebKit/537.36 (KHTML, like Gecko; GeedoProductSearch; +https://geedo.com/product-search.html) Chrome/134.0.0.0 Safari/537.36"
83.99.151.66 - - [19/Jun/2025:12:09:24 -0400] "GET /s/0c35b7.js.gz HTTP/1.1" 200 506241 "-" "Mozilla/5.0 (X11; Linux x86_64) AppleWebKit/537.36 (KHTML, like Gecko; GeedoProductSearch; +https://geedo.com/product-search.html) Chrome/134.0.0.0 Safari/537.36"
83.99.151.67 - - [19/Jun/2025:12:09:33 -0400] "GET /s/0ed1f1.js HTTP/1.1" 200 310399 "-" "Mozilla/5.0 (X11; Linux x86_64) AppleWebKit/537.36 (KHTML, like Gecko; GeedoProductSearch; +https://geedo.com/product-search.html) Chrome/134.0.0.0 Safari/537.36"
83.99.151.66 - - [19/Jun/2025:12:09:44 -0400] "GET /s/03b35e.js.gz HTTP/1.1" 200 310400 "-" "Mozilla/5.0 (X11; Linux x86_64) AppleWebKit/537.36 (KHTML, like Gecko; GeedoProductSearch; +https://geedo.com/product-search.html) Chrome/134.0.0.0 Safari/537.36"
83.99.151.66 - - [19/Jun/2025:12:09:54 -0400] "GET /s/0c3478.js HTTP/1.1" 200 310400 "-" "Mozilla/5.0 (X11; Linux x86_64) AppleWebKit/537.36 (KHTML, like Gecko; GeedoProductSearch; +https://geedo.com/product-search.html) Chrome/134.0.0.0 Safari/537.36"
83.99.151.66 - - [19/Jun/2025:12:10:03 -0400] "GET /s/09febe.js HTTP/1.1" 200 310399 "-" "Mozilla/5.0 (X11; Linux x86_64) AppleWebKit/537.36 (KHTML, like Gecko; GeedoProductSearch; +https://geedo.com/product-search.html) Chrome/134.0.0.0 Safari/537.36"
83.99.151.65 - - [19/Jun/2025:12:10:23 -0400] "GET /s/021c76.js.gz HTTP/1.1" 200 310399 "-" "Mozilla/5.0 (X11; Linux x86_64) AppleWebKit/537.36 (KHTML, like Gecko; GeedoProductSearch; +https://geedo.com/product-search.html) Chrome/134.0.0.0 Safari/537.36"
83.99.151.65 - - [19/Jun/2025:12:10:33 -0400] "GET /s/039330.js HTTP/1.1" 200 310399 "-" "Mozilla/5.0 (X11; Linux x86_64) AppleWebKit/537.36 (KHTML, like Gecko; GeedoProductSearch; +https://geedo.com/product-search.html) Chrome/134.0.0.0 Safari/537.36"
51.222.253.2 - - [19/Jun/2025:12:10:40 -0400] "GET /robots.txt HTTP/2.0" 200 67 "-" "Mozilla/5.0 (compatible; AhrefsBot/7.0; +http://ahrefs.com/robot/)"
51.222.253.12 - - [19/Jun/2025:12:10:41 -0400] "GET / HTTP/2.0" 200 22619 "-" "Mozilla/5.0 (compatible; AhrefsBot/7.0; +http://ahrefs.com/robot/)"
83.99.151.65 - - [19/Jun/2025:12:10:44 -0400] "GET /s/09fddc.js HTTP/1.1" 200 506803 "-" "Mozilla/5.0 (X11; Linux x86_64) AppleWebKit/537.36 (KHTML, like Gecko; GeedoProductSearch; +https://geedo.com/product-search.html) Chrome/134.0.0.0 Safari/537.36"
83.99.151.65 - - [19/Jun/2025:12:10:53 -0400] "GET /s/09f6e5.js.gz HTTP/1.1" 200 338032 "-" "Mozilla/5.0 (X11; Linux x86_64) AppleWebKit/537.36 (KHTML, like Gecko; GeedoProductSearch; +https://geedo.com/product-search.html) Chrome/134.0.0.0 Safari/537.36"
83.99.151.65 - - [19/Jun/2025:12:11:03 -0400] "GET /s/005e8d.js HTTP/1.1" 200 312199 "-" "Mozilla/5.0 (X11; Linux x86_64) AppleWebKit/537.36 (KHTML, like Gecko; GeedoProductSearch; +https://geedo.com/product-search.html) Chrome/134.0.0.0 Safari/537.36"
83.99.151.65 - - [19/Jun/2025:12:11:14 -0400] "GET /s/054764.js HTTP/1.1" 200 310399 "-" "Mozilla/5.0 (X11; Linux x86_64) AppleWebKit/537.36 (KHTML, like Gecko; GeedoProductSearch; +https://geedo.com/product-search.html) Chrome/134.0.0.0 Safari/537.36"
83.99.151.65 - - [19/Jun/2025:12:11:34 -0400] "GET /s/0fef43.js.gz HTTP/1.1" 200 310399 "-" "Mozilla/5.0 (X11; Linux x86_64) AppleWebKit/537.36 (KHTML, like Gecko; GeedoProductSearch; +https://geedo.com/product-search.html) Chrome/134.0.0.0 Safari/537.36"
83.99.151.65 - - [19/Jun/2025:12:11:45 -0400] "GET /s/0e288a.js.gz HTTP/1.1" 200 310399 "-" "Mozilla/5.0 (X11; Linux x86_64) AppleWebKit/537.36 (KHTML, like Gecko; GeedoProductSearch; +https://geedo.com/product-search.html) Chrome/134.0.0.0 Safari/537.36"
83.99.151.65 - - [19/Jun/2025:12:11:54 -0400] "GET /s/044488.js HTTP/1.1" 200 338030 "-" "Mozilla/5.0 (X11; Linux x86_64) AppleWebKit/537.36 (KHTML, like Gecko; GeedoProductSearch; +https://geedo.com/product-search.html) Chrome/134.0.0.0 Safari/537.36"
83.99.151.65 - - [19/Jun/2025:12:12:04 -0400] "GET /s/0a6a19.js HTTP/1.1" 200 310399 "-" "Mozilla/5.0 (X11; Linux x86_64) AppleWebKit/537.36 (KHTML, like Gecko; GeedoProductSearch; +https://geedo.com/product-search.html) Chrome/134.0.0.0 Safari/537.36"
83.99.151.65 - - [19/Jun/2025:12:12:15 -0400] "GET /s/0f27ee.js HTTP/1.1" 200 521433 "-" "Mozilla/5.0 (X11; Linux x86_64) AppleWebKit/537.36 (KHTML, like Gecko; GeedoProductSearch; +https://geedo.com/product-search.html) Chrome/134.0.0.0 Safari/537.36"
83.99.151.70 - - [19/Jun/2025:12:12:24 -0400] "GET /s/0fab2c.js HTTP/1.1" 200 310398 "-" "Mozilla/5.0 (X11; Linux x86_64) AppleWebKit/537.36 (KHTML, like Gecko; GeedoProductSearch; +https://geedo.com/product-search.html) Chrome/134.0.0.0 Safari/537.36"
83.99.151.64 - - [19/Jun/2025:12:12:45 -0400] "GET /s/0bfa66.js HTTP/1.1" 200 310399 "-" "Mozilla/5.0 (X11; Linux x86_64) AppleWebKit/537.36 (KHTML, like Gecko; GeedoProductSearch; +https://geedo.com/product-search.html) Chrome/134.0.0.0 Safari/537.36"
83.99.151.64 - - [19/Jun/2025:12:12:56 -0400] "GET /s/0481aa.js HTTP/1.1" 200 508329 "-" "Mozilla/5.0 (X11; Linux x86_64) AppleWebKit/537.36 (KHTML, like Gecko; GeedoProductSearch; +https://geedo.com/product-search.html) Chrome/134.0.0.0 Safari/537.36"
83.99.151.64 - - [19/Jun/2025:12:13:05 -0400] "GET /s/02c0ed.js.gz HTTP/1.1" 200 310400 "-" "Mozilla/5.0 (X11; Linux x86_64) AppleWebKit/537.36 (KHTML, like Gecko; GeedoProductSearch; +https://geedo.com/product-search.html) Chrome/134.0.0.0 Safari/537.36"
83.99.151.64 - - [19/Jun/2025:12:13:15 -0400] "GET /s/08685c.js HTTP/1.1" 200 310398 "-" "Mozilla/5.0 (X11; Linux x86_64) AppleWebKit/537.36 (KHTML, like Gecko; GeedoProductSearch; +https://geedo.com/product-search.html) Chrome/134.0.0.0 Safari/537.36"
83.99.151.64 - - [19/Jun/2025:12:13:26 -0400] "GET /s/056e9c.js HTTP/1.1" 200 310401 "-" "Mozilla/5.0 (X11; Linux x86_64) AppleWebKit/537.36 (KHTML, like Gecko; GeedoProductSearch; +https://geedo.com/product-search.html) Chrome/134.0.0.0 Safari/537.36"
83.99.151.64 - - [19/Jun/2025:12:13:35 -0400] "GET /s/0ddee5.js HTTP/1.1" 200 310399 "-" "Mozilla/5.0 (X11; Linux x86_64) AppleWebKit/537.36 (KHTML, like Gecko; GeedoProductSearch; +https://geedo.com/product-search.html) Chrome/134.0.0.0 Safari/537.36"
83.99.151.71 - - [19/Jun/2025:12:13:56 -0400] "GET /s/025c3e.js.gz HTTP/1.1" 200 310396 "-" "Mozilla/5.0 (X11; Linux x86_64) AppleWebKit/537.36 (KHTML, like Gecko; GeedoProductSearch; +https://geedo.com/product-search.html) Chrome/134.0.0.0 Safari/537.36"
83.99.151.65 - - [19/Jun/2025:12:14:05 -0400] "GET /s/01248a.js.gz HTTP/1.1" 200 431708 "-" "Mozilla/5.0 (X11; Linux x86_64) AppleWebKit/537.36 (KHTML, like Gecko; GeedoProductSearch; +https://geedo.com/product-search.html) Chrome/134.0.0.0 Safari/537.36"
83.99.151.65 - - [19/Jun/2025:12:14:16 -0400] "GET /s/0800ac.js.gz HTTP/1.1" 200 310401 "-" "Mozilla/5.0 (X11; Linux x86_64) AppleWebKit/537.36 (KHTML, like Gecko; GeedoProductSearch; +https://geedo.com/product-search.html) Chrome/134.0.0.0 Safari/537.36"
83.99.151.68 - - [19/Jun/2025:12:14:25 -0400] "GET /s/0e1114.js.gz HTTP/1.1" 200 310400 "-" "Mozilla/5.0 (X11; Linux x86_64) AppleWebKit/537.36 (KHTML, like Gecko; GeedoProductSearch; +https://geedo.com/product-search.html) Chrome/134.0.0.0 Safari/537.36"
83.99.151.65 - - [19/Jun/2025:12:14:36 -0400] "GET /s/0f0542.js HTTP/1.1" 200 310397 "-" "Mozilla/5.0 (X11; Linux x86_64) AppleWebKit/537.36 (KHTML, like Gecko; GeedoProductSearch; +https://geedo.com/product-search.html) Chrome/134.0.0.0 Safari/537.36"
83.99.151.65 - - [19/Jun/2025:12:14:45 -0400] "GET /s/072666.js.gz HTTP/1.1" 200 338056 "-" "Mozilla/5.0 (X11; Linux x86_64) AppleWebKit/537.36 (KHTML, like Gecko; GeedoProductSearch; +https://geedo.com/product-search.html) Chrome/134.0.0.0 Safari/537.36"
83.99.151.66 - - [19/Jun/2025:12:15:07 -0400] "GET /s/02028f.js HTTP/1.1" 200 310398 "-" "Mozilla/5.0 (X11; Linux x86_64) AppleWebKit/537.36 (KHTML, like Gecko; GeedoProductSearch; +https://geedo.com/product-search.html) Chrome/134.0.0.0 Safari/537.36"
83.99.151.69 - - [19/Jun/2025:12:15:17 -0400] "GET /s/08cd22.js.gz HTTP/1.1" 200 508236 "-" "Mozilla/5.0 (X11; Linux x86_64) AppleWebKit/537.36 (KHTML, like Gecko; GeedoProductSearch; +https://geedo.com/product-search.html) Chrome/134.0.0.0 Safari/537.36"
83.99.151.66 - - [19/Jun/2025:12:15:26 -0400] "GET /s/076b5c.js.gz HTTP/1.1" 200 310398 "-" "Mozilla/5.0 (X11; Linux x86_64) AppleWebKit/537.36 (KHTML, like Gecko; GeedoProductSearch; +https://geedo.com/product-search.html) Chrome/134.0.0.0 Safari/537.36"
83.99.151.67 - - [19/Jun/2025:12:15:36 -0400] "GET /s/01955f.js.gz HTTP/1.1" 200 508776 "-" "Mozilla/5.0 (X11; Linux x86_64) AppleWebKit/537.36 (KHTML, like Gecko; GeedoProductSearch; +https://geedo.com/product-search.html) Chrome/134.0.0.0 Safari/537.36"
83.99.151.69 - - [19/Jun/2025:12:15:46 -0400] "GET /s/0a574a.js HTTP/1.1" 200 310398 "-" "Mozilla/5.0 (X11; Linux x86_64) AppleWebKit/537.36 (KHTML, like Gecko; GeedoProductSearch; +https://geedo.com/product-search.html) Chrome/134.0.0.0 Safari/537.36"
83.99.151.70 - - [19/Jun/2025:12:15:56 -0400] "GET /s/0dfb27.js.gz HTTP/1.1" 200 310399 "-" "Mozilla/5.0 (X11; Linux x86_64) AppleWebKit/537.36 (KHTML, like Gecko; GeedoProductSearch; +https://geedo.com/product-search.html) Chrome/134.0.0.0 Safari/537.36"
83.99.151.65 - - [19/Jun/2025:12:16:18 -0400] "GET /s/09d694.js.gz HTTP/1.1" 200 508150 "-" "Mozilla/5.0 (X11; Linux x86_64) AppleWebKit/537.36 (KHTML, like Gecko; GeedoProductSearch; +https://geedo.com/product-search.html) Chrome/134.0.0.0 Safari/537.36"
83.99.151.66 - - [19/Jun/2025:12:16:27 -0400] "GET /s/082bfe.js.gz HTTP/1.1" 200 312206 "-" "Mozilla/5.0 (X11; Linux x86_64) AppleWebKit/537.36 (KHTML, like Gecko; GeedoProductSearch; +https://geedo.com/product-search.html) Chrome/134.0.0.0 Safari/537.36"
83.99.151.66 - - [19/Jun/2025:12:16:37 -0400] "GET /s/0d495c.js.gz HTTP/1.1" 200 310399 "-" "Mozilla/5.0 (X11; Linux x86_64) AppleWebKit/537.36 (KHTML, like Gecko; GeedoProductSearch; +https://geedo.com/product-search.html) Chrome/134.0.0.0 Safari/537.36"
51.68.248.18 - - [19/Jun/2025:12:16:39 -0400] "GET /wp-content/uploads/2017/12/darts_001_cat-300x197.jpg HTTP/1.1" 200 17852 "-" "Mozilla/5.0 (X11; Ubuntu; Linux x86_64; rv:72.0) Gecko/20100101 Firefox/72.0"
83.99.151.66 - - [19/Jun/2025:12:16:47 -0400] "GET /s/0ba284.js HTTP/1.1" 200 310400 "-" "Mozilla/5.0 (X11; Linux x86_64) AppleWebKit/537.36 (KHTML, like Gecko; GeedoProductSearch; +https://geedo.com/product-search.html) Chrome/134.0.0.0 Safari/537.36"
83.99.151.66 - - [19/Jun/2025:12:16:57 -0400] "GET /s/01eda9.js.gz HTTP/1.1" 200 431709 "-" "Mozilla/5.0 (X11; Linux x86_64) AppleWebKit/537.36 (KHTML, like Gecko; GeedoProductSearch; +https://geedo.com/product-search.html) Chrome/134.0.0.0 Safari/537.36"
83.99.151.66 - - [19/Jun/2025:12:17:08 -0400] "GET /s/0a88f7.js HTTP/1.1" 200 310401 "-" "Mozilla/5.0 (X11; Linux x86_64) AppleWebKit/537.36 (KHTML, like Gecko; GeedoProductSearch; +https://geedo.com/product-search.html) Chrome/134.0.0.0 Safari/537.36"
83.99.151.66 - - [19/Jun/2025:12:17:29 -0400] "GET /s/038768.js.gz HTTP/1.1" 200 310399 "-" "Mozilla/5.0 (X11; Linux x86_64) AppleWebKit/537.36 (KHTML, like Gecko; GeedoProductSearch; +https://geedo.com/product-search.html) Chrome/134.0.0.0 Safari/537.36"
83.99.151.66 - - [19/Jun/2025:12:17:38 -0400] "GET /s/02e7c7.js.gz HTTP/1.1" 200 310401 "-" "Mozilla/5.0 (X11; Linux x86_64) AppleWebKit/537.36 (KHTML, like Gecko; GeedoProductSearch; +https://geedo.com/product-search.html) Chrome/134.0.0.0 Safari/537.36"
83.99.151.66 - - [19/Jun/2025:12:17:48 -0400] "GET /s/01de33.js HTTP/1.1" 200 310397 "-" "Mozilla/5.0 (X11; Linux x86_64) AppleWebKit/537.36 (KHTML, like Gecko; GeedoProductSearch; +https://geedo.com/product-search.html) Chrome/134.0.0.0 Safari/537.36"
83.99.151.66 - - [19/Jun/2025:12:17:59 -0400] "GET /s/08d0e5.js HTTP/1.1" 200 310398 "-" "Mozilla/5.0 (X11; Linux x86_64) AppleWebKit/537.36 (KHTML, like Gecko; GeedoProductSearch; +https://geedo.com/product-search.html) Chrome/134.0.0.0 Safari/537.36"
83.99.151.66 - - [19/Jun/2025:12:18:08 -0400] "GET /s/02e466.js HTTP/1.1" 200 310399 "-" "Mozilla/5.0 (X11; Linux x86_64) AppleWebKit/537.36 (KHTML, like Gecko; GeedoProductSearch; +https://geedo.com/product-search.html) Chrome/134.0.0.0 Safari/537.36"
83.99.151.66 - - [19/Jun/2025:12:18:18 -0400] "GET /s/084eaf.js.gz HTTP/1.1" 200 310400 "-" "Mozilla/5.0 (X11; Linux x86_64) AppleWebKit/537.36 (KHTML, like Gecko; GeedoProductSearch; +https://geedo.com/product-search.html) Chrome/134.0.0.0 Safari/537.36"
83.99.151.71 - - [19/Jun/2025:12:18:39 -0400] "GET /s/067db3.js.gz HTTP/1.1" 200 310400 "-" "Mozilla/5.0 (X11; Linux x86_64) AppleWebKit/537.36 (KHTML, like Gecko; GeedoProductSearch; +https://geedo.com/product-search.html) Chrome/134.0.0.0 Safari/537.36"
83.99.151.68 - - [19/Jun/2025:12:18:49 -0400] "GET /s/088714.js HTTP/1.1" 200 310399 "-" "Mozilla/5.0 (X11; Linux x86_64) AppleWebKit/537.36 (KHTML, like Gecko; GeedoProductSearch; +https://geedo.com/product-search.html) Chrome/134.0.0.0 Safari/537.36"
83.99.151.69 - - [19/Jun/2025:12:19:00 -0400] "GET /s/0f6936.js.gz HTTP/1.1" 200 310400 "-" "Mozilla/5.0 (X11; Linux x86_64) AppleWebKit/537.36 (KHTML, like Gecko; GeedoProductSearch; +https://geedo.com/product-search.html) Chrome/134.0.0.0 Safari/537.36"
83.99.151.69 - - [19/Jun/2025:12:19:09 -0400] "GET /s/029094.js HTTP/1.1" 200 310399 "-" "Mozilla/5.0 (X11; Linux x86_64) AppleWebKit/537.36 (KHTML, like Gecko; GeedoProductSearch; +https://geedo.com/product-search.html) Chrome/134.0.0.0 Safari/537.36"
83.99.151.69 - - [19/Jun/2025:12:19:19 -0400] "GET /s/0e28fb.js HTTP/1.1" 200 310399 "-" "Mozilla/5.0 (X11; Linux x86_64) AppleWebKit/537.36 (KHTML, like Gecko; GeedoProductSearch; +https://geedo.com/product-search.html) Chrome/134.0.0.0 Safari/537.36"
83.99.151.69 - - [19/Jun/2025:12:19:30 -0400] "GET /s/0ef606.js.gz HTTP/1.1" 200 338023 "-" "Mozilla/5.0 (X11; Linux x86_64) AppleWebKit/537.36 (KHTML, like Gecko; GeedoProductSearch; +https://geedo.com/product-search.html) Chrome/134.0.0.0 Safari/537.36"
83.99.151.69 - - [19/Jun/2025:12:19:51 -0400] "GET /s/07dd99.js HTTP/1.1" 200 508711 "-" "Mozilla/5.0 (X11; Linux x86_64) AppleWebKit/537.36 (KHTML, like Gecko; GeedoProductSearch; +https://geedo.com/product-search.html) Chrome/134.0.0.0 Safari/537.36"
83.99.151.69 - - [19/Jun/2025:12:20:02 -0400] "GET /s/020db1.js.gz HTTP/1.1" 200 338020 "-" "Mozilla/5.0 (X11; Linux x86_64) AppleWebKit/537.36 (KHTML, like Gecko; GeedoProductSearch; +https://geedo.com/product-search.html) Chrome/134.0.0.0 Safari/537.36"
51.222.253.13 - - [19/Jun/2025:12:20:03 -0400] "GET /product/ar-15-anodized-light-gold-carbine-buffers/ HTTP/2.0" 200 17329 "-" "Mozilla/5.0 (compatible; AhrefsBot/7.0; +http://ahrefs.com/robot/)"
83.99.151.69 - - [19/Jun/2025:12:20:12 -0400] "GET /s/0b01b4.js HTTP/1.1" 200 310399 "-" "Mozilla/5.0 (X11; Linux x86_64) AppleWebKit/537.36 (KHTML, like Gecko; GeedoProductSearch; +https://geedo.com/product-search.html) Chrome/134.0.0.0 Safari/537.36"
192.178.4.96 - - [19/Jun/2025:12:20:13 -0400] "GET /product/tungsten-fishing-worm-weights-bulk-1-lb-bags-green/ HTTP/1.1" 200 15698 "-" "Mozilla/5.0 (Linux; Android 6.0.1; Nexus 5X Build/MMB29P) AppleWebKit/537.36 (KHTML, like Gecko) Chrome/137.0.7151.103 Mobile Safari/537.36 (compatible; Googlebot/2.1; +http://www.google.com/bot.html)"
192.178.4.96 - - [19/Jun/2025:12:20:20 -0400] "GET /s/20e34d.js HTTP/1.1" 200 312208 "https://pur-tungsten.com/product/tungsten-fishing-worm-weights-bulk-1-lb-bags-green/" "Mozilla/5.0 (Linux; Android 6.0.1; Nexus 5X Build/MMB29P) AppleWebKit/537.36 (KHTML, like Gecko) Chrome/137.0.7151.68 Mobile Safari/537.36 (compatible; Googlebot/2.1; +http://www.google.com/bot.html)"
83.99.151.68 - - [19/Jun/2025:12:20:21 -0400] "GET /s/084b96.js HTTP/1.1" 200 310400 "-" "Mozilla/5.0 (X11; Linux x86_64) AppleWebKit/537.36 (KHTML, like Gecko; GeedoProductSearch; +https://geedo.com/product-search.html) Chrome/134.0.0.0 Safari/537.36"
83.99.151.69 - - [19/Jun/2025:12:20:32 -0400] "GET /s/00dd97.js HTTP/1.1" 200 310399 "-" "Mozilla/5.0 (X11; Linux x86_64) AppleWebKit/537.36 (KHTML, like Gecko; GeedoProductSearch; +https://geedo.com/product-search.html) Chrome/134.0.0.0 Safari/537.36"
83.99.151.69 - - [19/Jun/2025:12:20:41 -0400] "GET /s/0d2625.js HTTP/1.1" 200 310399 "-" "Mozilla/5.0 (X11; Linux x86_64) AppleWebKit/537.36 (KHTML, like Gecko; GeedoProductSearch; +https://geedo.com/product-search.html) Chrome/134.0.0.0 Safari/537.36"
83.99.151.64 - - [19/Jun/2025:12:21:02 -0400] "GET /s/01aeae.js.gz HTTP/1.1" 200 293877 "-" "Mozilla/5.0 (X11; Linux x86_64) AppleWebKit/537.36 (KHTML, like Gecko; GeedoProductSearch; +https://geedo.com/product-search.html) Chrome/134.0.0.0 Safari/537.36"
83.99.151.65 - - [19/Jun/2025:12:21:12 -0400] "GET /s/0ebaee.js HTTP/1.1" 200 508775 "-" "Mozilla/5.0 (X11; Linux x86_64) AppleWebKit/537.36 (KHTML, like Gecko; GeedoProductSearch; +https://geedo.com/product-search.html) Chrome/134.0.0.0 Safari/537.36"
83.99.151.64 - - [19/Jun/2025:12:21:22 -0400] "GET /s/0d8f08.js.gz HTTP/1.1" 200 310398 "-" "Mozilla/5.0 (X11; Linux x86_64) AppleWebKit/537.36 (KHTML, like Gecko; GeedoProductSearch; +https://geedo.com/product-search.html) Chrome/134.0.0.0 Safari/537.36"
83.99.151.71 - - [19/Jun/2025:12:21:32 -0400] "GET /s/041f92.js.gz HTTP/1.1" 200 310400 "-" "Mozilla/5.0 (X11; Linux x86_64) AppleWebKit/537.36 (KHTML, like Gecko; GeedoProductSearch; +https://geedo.com/product-search.html) Chrome/134.0.0.0 Safari/537.36"
83.99.151.64 - - [19/Jun/2025:12:21:43 -0400] "GET /s/05c6b5.js.gz HTTP/1.1" 200 528977 "-" "Mozilla/5.0 (X11; Linux x86_64) AppleWebKit/537.36 (KHTML, like Gecko; GeedoProductSearch; +https://geedo.com/product-search.html) Chrome/134.0.0.0 Safari/537.36"
83.99.151.64 - - [19/Jun/2025:12:21:52 -0400] "GET /s/0165b6.js.gz HTTP/1.1" 200 310397 "-" "Mozilla/5.0 (X11; Linux x86_64) AppleWebKit/537.36 (KHTML, like Gecko; GeedoProductSearch; +https://geedo.com/product-search.html) Chrome/134.0.0.0 Safari/537.36"
83.99.151.68 - - [19/Jun/2025:12:22:13 -0400] "GET /s/0b8139.js HTTP/1.1" 200 310397 "-" "Mozilla/5.0 (X11; Linux x86_64) AppleWebKit/537.36 (KHTML, like Gecko; GeedoProductSearch; +https://geedo.com/product-search.html) Chrome/134.0.0.0 Safari/537.36"
83.99.151.65 - - [19/Jun/2025:12:22:24 -0400] "GET /s/0695a6.js.gz HTTP/1.1" 200 310400 "-" "Mozilla/5.0 (X11; Linux x86_64) AppleWebKit/537.36 (KHTML, like Gecko; GeedoProductSearch; +https://geedo.com/product-search.html) Chrome/134.0.0.0 Safari/537.36"
83.99.151.65 - - [19/Jun/2025:12:22:34 -0400] "GET /s/0580cf.js.gz HTTP/1.1" 200 310399 "-" "Mozilla/5.0 (X11; Linux x86_64) AppleWebKit/537.36 (KHTML, like Gecko; GeedoProductSearch; +https://geedo.com/product-search.html) Chrome/134.0.0.0 Safari/537.36"
83.99.151.65 - - [19/Jun/2025:12:22:43 -0400] "GET /s/02c530.js.gz HTTP/1.1" 200 310400 "-" "Mozilla/5.0 (X11; Linux x86_64) AppleWebKit/537.36 (KHTML, like Gecko; GeedoProductSearch; +https://geedo.com/product-search.html) Chrome/134.0.0.0 Safari/537.36"
20.191.45.212 - - [19/Jun/2025:12:22:48 -0400] "GET / HTTP/1.1" 200 22619 "https://pur-tungsten.com/" "DuckDuckBot/1.1; (+http://duckduckgo.com/duckduckbot.html)"
20.191.45.212 - - [19/Jun/2025:12:22:49 -0400] "GET /wp-content/uploads/2017/12/pur-tungsten-for-sporting-goods-and-industrial-applications.png HTTP/1.1" 200 1758 "https://pur-tungsten.com/wp-content/uploads/2017/12/pur-tungsten-for-sporting-goods-and-industrial-applications.png" "DuckDuckBot/1.1; (+http://duckduckgo.com/duckduckbot.html)"
83.99.151.70 - - [19/Jun/2025:12:22:53 -0400] "GET /s/06baba.js.gz HTTP/1.1" 200 310400 "-" "Mozilla/5.0 (X11; Linux x86_64) AppleWebKit/537.36 (KHTML, like Gecko; GeedoProductSearch; +https://geedo.com/product-search.html) Chrome/134.0.0.0 Safari/537.36"
83.99.151.65 - - [19/Jun/2025:12:23:04 -0400] "GET /s/02bee0.js.gz HTTP/1.1" 200 310399 "-" "Mozilla/5.0 (X11; Linux x86_64) AppleWebKit/537.36 (KHTML, like Gecko; GeedoProductSearch; +https://geedo.com/product-search.html) Chrome/134.0.0.0 Safari/537.36"
83.99.151.69 - - [19/Jun/2025:12:23:25 -0400] "GET /s/0ccdf6.js.gz HTTP/1.1" 200 310398 "-" "Mozilla/5.0 (X11; Linux x86_64) AppleWebKit/537.36 (KHTML, like Gecko; GeedoProductSearch; +https://geedo.com/product-search.html) Chrome/134.0.0.0 Safari/537.36"
83.99.151.71 - - [19/Jun/2025:12:23:35 -0400] "GET /s/0800a1.js.gz HTTP/1.1" 200 310400 "-" "Mozilla/5.0 (X11; Linux x86_64) AppleWebKit/537.36 (KHTML, like Gecko; GeedoProductSearch; +https://geedo.com/product-search.html) Chrome/134.0.0.0 Safari/537.36"
83.99.151.71 - - [19/Jun/2025:12:23:46 -0400] "GET /s/02a02d.js HTTP/1.1" 200 310399 "-" "Mozilla/5.0 (X11; Linux x86_64) AppleWebKit/537.36 (KHTML, like Gecko; GeedoProductSearch; +https://geedo.com/product-search.html) Chrome/134.0.0.0 Safari/537.36"
83.99.151.71 - - [19/Jun/2025:12:23:55 -0400] "GET /s/05557a.js HTTP/1.1" 200 310399 "-" "Mozilla/5.0 (X11; Linux x86_64) AppleWebKit/537.36 (KHTML, like Gecko; GeedoProductSearch; +https://geedo.com/product-search.html) Chrome/134.0.0.0 Safari/537.36"
83.99.151.71 - - [19/Jun/2025:12:24:05 -0400] "GET /s/0fa8ac.js HTTP/1.1" 200 310399 "-" "Mozilla/5.0 (X11; Linux x86_64) AppleWebKit/537.36 (KHTML, like Gecko; GeedoProductSearch; +https://geedo.com/product-search.html) Chrome/134.0.0.0 Safari/537.36"
83.99.151.71 - - [19/Jun/2025:12:24:16 -0400] "GET /s/05ad7b.js HTTP/1.1" 200 310398 "-" "Mozilla/5.0 (X11; Linux x86_64) AppleWebKit/537.36 (KHTML, like Gecko; GeedoProductSearch; +https://geedo.com/product-search.html) Chrome/134.0.0.0 Safari/537.36"
83.99.151.70 - - [19/Jun/2025:12:24:37 -0400] "GET /s/0037f5.js.gz HTTP/1.1" 200 310400 "-" "Mozilla/5.0 (X11; Linux x86_64) AppleWebKit/537.36 (KHTML, like Gecko; GeedoProductSearch; +https://geedo.com/product-search.html) Chrome/134.0.0.0 Safari/537.36"
83.99.151.70 - - [19/Jun/2025:12:24:48 -0400] "GET /s/044ac6.js HTTP/1.1" 200 310398 "-" "Mozilla/5.0 (X11; Linux x86_64) AppleWebKit/537.36 (KHTML, like Gecko; GeedoProductSearch; +https://geedo.com/product-search.html) Chrome/134.0.0.0 Safari/537.36"
83.99.151.69 - - [19/Jun/2025:12:24:57 -0400] "GET /s/0bb29c.js HTTP/1.1" 200 310399 "-" "Mozilla/5.0 (X11; Linux x86_64) AppleWebKit/537.36 (KHTML, like Gecko; GeedoProductSearch; +https://geedo.com/product-search.html) Chrome/134.0.0.0 Safari/537.36"
83.99.151.69 - - [19/Jun/2025:12:25:07 -0400] "GET /s/05dab7.js HTTP/1.1" 200 338021 "-" "Mozilla/5.0 (X11; Linux x86_64) AppleWebKit/537.36 (KHTML, like Gecko; GeedoProductSearch; +https://geedo.com/product-search.html) Chrome/134.0.0.0 Safari/537.36"
83.99.151.69 - - [19/Jun/2025:12:25:17 -0400] "GET /s/031e32.js HTTP/1.1" 200 310399 "-" "Mozilla/5.0 (X11; Linux x86_64) AppleWebKit/537.36 (KHTML, like Gecko; GeedoProductSearch; +https://geedo.com/product-search.html) Chrome/134.0.0.0 Safari/537.36"
83.99.151.69 - - [19/Jun/2025:12:25:27 -0400] "GET /s/0f95ff.js HTTP/1.1" 200 310399 "-" "Mozilla/5.0 (X11; Linux x86_64) AppleWebKit/537.36 (KHTML, like Gecko; GeedoProductSearch; +https://geedo.com/product-search.html) Chrome/134.0.0.0 Safari/537.36"
83.99.151.69 - - [19/Jun/2025:12:25:50 -0400] "GET /s/0bc6d5.js HTTP/1.1" 200 310400 "-" "Mozilla/5.0 (X11; Linux x86_64) AppleWebKit/537.36 (KHTML, like Gecko; GeedoProductSearch; +https://geedo.com/product-search.html) Chrome/134.0.0.0 Safari/537.36"
83.99.151.69 - - [19/Jun/2025:12:25:59 -0400] "GET /s/00a902.js.gz HTTP/1.1" 200 310401 "-" "Mozilla/5.0 (X11; Linux x86_64) AppleWebKit/537.36 (KHTML, like Gecko; GeedoProductSearch; +https://geedo.com/product-search.html) Chrome/134.0.0.0 Safari/537.36"
83.99.151.64 - - [19/Jun/2025:12:26:09 -0400] "GET /s/05bf87.js HTTP/1.1" 200 310398 "-" "Mozilla/5.0 (X11; Linux x86_64) AppleWebKit/537.36 (KHTML, like Gecko; GeedoProductSearch; +https://geedo.com/product-search.html) Chrome/134.0.0.0 Safari/537.36"
83.99.151.69 - - [19/Jun/2025:12:26:20 -0400] "GET /s/014e01.js.gz HTTP/1.1" 200 310399 "-" "Mozilla/5.0 (X11; Linux x86_64) AppleWebKit/537.36 (KHTML, like Gecko; GeedoProductSearch; +https://geedo.com/product-search.html) Chrome/134.0.0.0 Safari/537.36"
192.178.4.97 - - [19/Jun/2025:12:26:23 -0400] "GET /s/877038.js HTTP/1.1" 200 310423 "https://pur-tungsten.com/products/sporting-goods/ar15-accesories/" "Mozilla/5.0 (Linux; Android 6.0.1; Nexus 5X Build/MMB29P) AppleWebKit/537.36 (KHTML, like Gecko) Chrome/137.0.7151.68 Mobile Safari/537.36 (compatible; Googlebot/2.1; +http://www.google.com/bot.html)"
83.99.151.69 - - [19/Jun/2025:12:26:29 -0400] "GET /s/00ec82.js.gz HTTP/1.1" 200 310400 "-" "Mozilla/5.0 (X11; Linux x86_64) AppleWebKit/537.36 (KHTML, like Gecko; GeedoProductSearch; +https://geedo.com/product-search.html) Chrome/134.0.0.0 Safari/537.36"
83.99.151.69 - - [19/Jun/2025:12:26:39 -0400] "GET /s/0605ab.js HTTP/1.1" 200 310399 "-" "Mozilla/5.0 (X11; Linux x86_64) AppleWebKit/537.36 (KHTML, like Gecko; GeedoProductSearch; +https://geedo.com/product-search.html) Chrome/134.0.0.0 Safari/537.36"
83.99.151.66 - - [19/Jun/2025:12:27:01 -0400] "GET /s/012059.js.gz HTTP/1.1" 200 310398 "-" "Mozilla/5.0 (X11; Linux x86_64) AppleWebKit/537.36 (KHTML, like Gecko; GeedoProductSearch; +https://geedo.com/product-search.html) Chrome/134.0.0.0 Safari/537.36"
83.99.151.71 - - [19/Jun/2025:12:27:10 -0400] "GET /s/0f351a.js.gz HTTP/1.1" 200 310401 "-" "Mozilla/5.0 (X11; Linux x86_64) AppleWebKit/537.36 (KHTML, like Gecko; GeedoProductSearch; +https://geedo.com/product-search.html) Chrome/134.0.0.0 Safari/537.36"
83.99.151.70 - - [19/Jun/2025:12:27:21 -0400] "GET /s/0bfe31.js.gz HTTP/1.1" 200 310399 "-" "Mozilla/5.0 (X11; Linux x86_64) AppleWebKit/537.36 (KHTML, like Gecko; GeedoProductSearch; +https://geedo.com/product-search.html) Chrome/134.0.0.0 Safari/537.36"
83.99.151.66 - - [19/Jun/2025:12:27:30 -0400] "GET /s/023ae3.js.gz HTTP/1.1" 200 310397 "-" "Mozilla/5.0 (X11; Linux x86_64) AppleWebKit/537.36 (KHTML, like Gecko; GeedoProductSearch; +https://geedo.com/product-search.html) Chrome/134.0.0.0 Safari/537.36"
83.99.151.66 - - [19/Jun/2025:12:27:40 -0400] "GET /s/06db57.js.gz HTTP/1.1" 200 310398 "-" "Mozilla/5.0 (X11; Linux x86_64) AppleWebKit/537.36 (KHTML, like Gecko; GeedoProductSearch; +https://geedo.com/product-search.html) Chrome/134.0.0.0 Safari/537.36"
83.99.151.66 - - [19/Jun/2025:12:27:51 -0400] "GET /s/0ddba8.js.gz HTTP/1.1" 200 508121 "-" "Mozilla/5.0 (X11; Linux x86_64) AppleWebKit/537.36 (KHTML, like Gecko; GeedoProductSearch; +https://geedo.com/product-search.html) Chrome/134.0.0.0 Safari/537.36"
83.99.151.68 - - [19/Jun/2025:12:28:13 -0400] "GET /s/032e11.js.gz HTTP/1.1" 200 553080 "-" "Mozilla/5.0 (X11; Linux x86_64) AppleWebKit/537.36 (KHTML, like Gecko; GeedoProductSearch; +https://geedo.com/product-search.html) Chrome/134.0.0.0 Safari/537.36"
138.246.253.24 - - [19/Jun/2025:12:28:16 -0400] "GET /robots.txt HTTP/1.1" 200 26 "-" "Mozilla/5.0 (Windows NT 10.0; Win64; x64) AppleWebKit/537.36 (KHTML, like Gecko) Chrome/103.0.5060.134 Safari/537.36"
83.99.151.66 - - [19/Jun/2025:12:28:22 -0400] "GET /s/0851f8.js.gz HTTP/1.1" 200 310399 "-" "Mozilla/5.0 (X11; Linux x86_64) AppleWebKit/537.36 (KHTML, like Gecko; GeedoProductSearch; +https://geedo.com/product-search.html) Chrome/134.0.0.0 Safari/537.36"
51.222.253.18 - - [19/Jun/2025:12:28:23 -0400] "GET /product/h-h2-h3-anodized-black-buffers/ HTTP/2.0" 200 17550 "-" "Mozilla/5.0 (compatible; AhrefsBot/7.0; +http://ahrefs.com/robot/)"
83.99.151.66 - - [19/Jun/2025:12:28:32 -0400] "GET /s/0c0e7a.js.gz HTTP/1.1" 200 310399 "-" "Mozilla/5.0 (X11; Linux x86_64) AppleWebKit/537.36 (KHTML, like Gecko; GeedoProductSearch; +https://geedo.com/product-search.html) Chrome/134.0.0.0 Safari/537.36"
83.99.151.66 - - [19/Jun/2025:12:28:43 -0400] "GET /s/0107f4.js HTTP/1.1" 200 508792 "-" "Mozilla/5.0 (X11; Linux x86_64) AppleWebKit/537.36 (KHTML, like Gecko; GeedoProductSearch; +https://geedo.com/product-search.html) Chrome/134.0.0.0 Safari/537.36"
83.99.151.65 - - [19/Jun/2025:12:28:52 -0400] "GET /s/0c3faf.js.gz HTTP/1.1" 200 310400 "-" "Mozilla/5.0 (X11; Linux x86_64) AppleWebKit/537.36 (KHTML, like Gecko; GeedoProductSearch; +https://geedo.com/product-search.html) Chrome/134.0.0.0 Safari/537.36"
83.99.151.66 - - [19/Jun/2025:12:29:02 -0400] "GET /s/0f3822.js.gz HTTP/1.1" 200 337849 "-" "Mozilla/5.0 (X11; Linux x86_64) AppleWebKit/537.36 (KHTML, like Gecko; GeedoProductSearch; +https://geedo.com/product-search.html) Chrome/134.0.0.0 Safari/537.36"
83.99.151.66 - - [19/Jun/2025:12:29:24 -0400] "GET /s/09e5b3.js.gz HTTP/1.1" 200 310398 "-" "Mozilla/5.0 (X11; Linux x86_64) AppleWebKit/537.36 (KHTML, like Gecko; GeedoProductSearch; +https://geedo.com/product-search.html) Chrome/134.0.0.0 Safari/537.36"
83.99.151.66 - - [19/Jun/2025:12:29:33 -0400] "GET /s/06a42d.js.gz HTTP/1.1" 200 337849 "-" "Mozilla/5.0 (X11; Linux x86_64) AppleWebKit/537.36 (KHTML, like Gecko; GeedoProductSearch; +https://geedo.com/product-search.html) Chrome/134.0.0.0 Safari/537.36"
83.99.151.66 - - [19/Jun/2025:12:29:43 -0400] "GET /s/006538.js HTTP/1.1" 200 337978 "-" "Mozilla/5.0 (X11; Linux x86_64) AppleWebKit/537.36 (KHTML, like Gecko; GeedoProductSearch; +https://geedo.com/product-search.html) Chrome/134.0.0.0 Safari/537.36"
83.99.151.66 - - [19/Jun/2025:12:29:54 -0400] "GET /s/0beec8.js.gz HTTP/1.1" 200 310398 "-" "Mozilla/5.0 (X11; Linux x86_64) AppleWebKit/537.36 (KHTML, like Gecko; GeedoProductSearch; +https://geedo.com/product-search.html) Chrome/134.0.0.0 Safari/537.36"
83.99.151.71 - - [19/Jun/2025:12:30:03 -0400] "GET /s/00e337.js.gz HTTP/1.1" 200 4097 "-" "Mozilla/5.0 (X11; Linux x86_64) AppleWebKit/537.36 (KHTML, like Gecko; GeedoProductSearch; +https://geedo.com/product-search.html) Chrome/134.0.0.0 Safari/537.36"
83.99.151.66 - - [19/Jun/2025:12:30:13 -0400] "GET /s/091ef1.js HTTP/1.1" 200 310400 "-" "Mozilla/5.0 (X11; Linux x86_64) AppleWebKit/537.36 (KHTML, like Gecko; GeedoProductSearch; +https://geedo.com/product-search.html) Chrome/134.0.0.0 Safari/537.36"
83.99.151.71 - - [19/Jun/2025:12:30:34 -0400] "GET /s/0a3842.js.gz HTTP/1.1" 200 310398 "-" "Mozilla/5.0 (X11; Linux x86_64) AppleWebKit/537.36 (KHTML, like Gecko; GeedoProductSearch; +https://geedo.com/product-search.html) Chrome/134.0.0.0 Safari/537.36"
83.99.151.71 - - [19/Jun/2025:12:30:44 -0400] "GET /s/0f3c38.js.gz HTTP/1.1" 200 508129 "-" "Mozilla/5.0 (X11; Linux x86_64) AppleWebKit/537.36 (KHTML, like Gecko; GeedoProductSearch; +https://geedo.com/product-search.html) Chrome/134.0.0.0 Safari/537.36"
83.99.151.71 - - [19/Jun/2025:12:30:55 -0400] "GET /s/09f5a5.js HTTP/1.1" 200 310399 "-" "Mozilla/5.0 (X11; Linux x86_64) AppleWebKit/537.36 (KHTML, like Gecko; GeedoProductSearch; +https://geedo.com/product-search.html) Chrome/134.0.0.0 Safari/537.36"
83.99.151.71 - - [19/Jun/2025:12:31:04 -0400] "GET /s/074bf1.js.gz HTTP/1.1" 200 310399 "-" "Mozilla/5.0 (X11; Linux x86_64) AppleWebKit/537.36 (KHTML, like Gecko; GeedoProductSearch; +https://geedo.com/product-search.html) Chrome/134.0.0.0 Safari/537.36"
104.37.46.31 - - [19/Jun/2025:12:31:13 -0400] "GET /products/sporting-goods/ar15-accesories/ HTTP/1.1" 200 17679 "-" "Mozilla/5.0 (Windows NT 10.0; Win64; x64) AppleWebKit/537.36 (KHTML, like Gecko) Chrome/130.0.0.0 Safari/537.36 Edg/130.0.0.0"
83.99.151.71 - - [19/Jun/2025:12:31:15 -0400] "GET /s/084d26.js HTTP/1.1" 200 310398 "-" "Mozilla/5.0 (X11; Linux x86_64) AppleWebKit/537.36 (KHTML, like Gecko; GeedoProductSearch; +https://geedo.com/product-search.html) Chrome/134.0.0.0 Safari/537.36"
104.37.46.31 - - [19/Jun/2025:12:31:15 -0400] "GET /robots.txt HTTP/1.1" 200 67 "-" "Mozilla/5.0 (X11; Linux x86_64) AppleWebKit/537.36 (KHTML, like Gecko) Chrome/130.0.0.0 Safari/537.36"
83.99.151.71 - - [19/Jun/2025:12:31:24 -0400] "GET /s/0294f0.js HTTP/1.1" 200 310398 "-" "Mozilla/5.0 (X11; Linux x86_64) AppleWebKit/537.36 (KHTML, like Gecko; GeedoProductSearch; +https://geedo.com/product-search.html) Chrome/134.0.0.0 Safari/537.36"
192.178.4.97 - - [19/Jun/2025:12:31:46 -0400] "GET /product-category/ar15-accessories/ HTTP/1.1" 302 - "-" "Mozilla/5.0 (Linux; Android 6.0.1; Nexus 5X Build/MMB29P) AppleWebKit/537.36 (KHTML, like Gecko) Chrome/137.0.7151.103 Mobile Safari/537.36 (compatible; Googlebot/2.1; +http://www.google.com/bot.html)"
70.39.147.11 - - [19/Jun/2025:12:31:48 -0400] "POST /wp-cron.php?doing_wp_cron=1750350708.7478809356689453125000 HTTP/1.1" 200 - "-" "WordPress/6.6.2; https://pur-tungsten.com"
51.8.155.62 - - [19/Jun/2025:12:32:35 -0400] "GET /product/tungsten-super-shot-tss/ HTTP/2.0" 200 18937 "-" "Mozilla/5.0 AppleWebKit/537.36 (KHTML, like Gecko); compatible; ChatGPT-User/1.0; +https://openai.com/bot"
104.28.50.199 - - [19/Jun/2025:12:36:47 -0400] "GET /product/tungsten-recoil-buffer-weights/ HTTP/2.0" 200 27204 "-" "Mozilla/5.0 (iPhone; CPU iPhone OS 18_5 like Mac OS X) AppleWebKit/605.1.15 (KHTML, like Gecko) Version/18.5 Mobile/15E148 Safari/604.1"
104.28.50.199 - - [19/Jun/2025:12:36:51 -0400] "GET /s/0d9c36.css HTTP/2.0" 200 12650 "https://pur-tungsten.com/product/tungsten-recoil-buffer-weights/" "Mozilla/5.0 (iPhone; CPU iPhone OS 18_5 like Mac OS X) AppleWebKit/605.1.15 (KHTML, like Gecko) Version/18.5 Mobile/15E148 Safari/604.1"
104.28.50.199 - - [19/Jun/2025:12:36:51 -0400] "GET /s/ed70e8.css HTTP/2.0" 200 14637 "https://pur-tungsten.com/product/tungsten-recoil-buffer-weights/" "Mozilla/5.0 (iPhone; CPU iPhone OS 18_5 like Mac OS X) AppleWebKit/605.1.15 (KHTML, like Gecko) Version/18.5 Mobile/15E148 Safari/604.1"
104.28.50.199 - - [19/Jun/2025:12:36:51 -0400] "GET /s/6c1864.css HTTP/2.0" 200 3955 "https://pur-tungsten.com/product/tungsten-recoil-buffer-weights/" "Mozilla/5.0 (iPhone; CPU iPhone OS 18_5 like Mac OS X) AppleWebKit/605.1.15 (KHTML, like Gecko) Version/18.5 Mobile/15E148 Safari/604.1"
104.28.50.199 - - [19/Jun/2025:12:36:51 -0400] "GET /s/82f1d4.css HTTP/2.0" 200 2717 "https://pur-tungsten.com/product/tungsten-recoil-buffer-weights/" "Mozilla/5.0 (iPhone; CPU iPhone OS 18_5 like Mac OS X) AppleWebKit/605.1.15 (KHTML, like Gecko) Version/18.5 Mobile/15E148 Safari/604.1"
104.28.50.199 - - [19/Jun/2025:12:36:51 -0400] "GET /s/661c7b.css HTTP/2.0" 200 32263 "https://pur-tungsten.com/product/tungsten-recoil-buffer-weights/" "Mozilla/5.0 (iPhone; CPU iPhone OS 18_5 like Mac OS X) AppleWebKit/605.1.15 (KHTML, like Gecko) Version/18.5 Mobile/15E148 Safari/604.1"
104.28.50.199 - - [19/Jun/2025:12:36:51 -0400] "GET /s/img/wp-content/uploads/2018/01/BW.jpg HTTP/2.0" 200 326883 "https://pur-tungsten.com/product/tungsten-recoil-buffer-weights/" "Mozilla/5.0 (iPhone; CPU iPhone OS 18_5 like Mac OS X) AppleWebKit/605.1.15 (KHTML, like Gecko) Version/18.5 Mobile/15E148 Safari/604.1"
104.28.50.199 - - [19/Jun/2025:12:36:51 -0400] "GET /s/e4f995.css HTTP/2.0" 200 2536 "https://pur-tungsten.com/product/tungsten-recoil-buffer-weights/" "Mozilla/5.0 (iPhone; CPU iPhone OS 18_5 like Mac OS X) AppleWebKit/605.1.15 (KHTML, like Gecko) Version/18.5 Mobile/15E148 Safari/604.1"
104.28.50.199 - - [19/Jun/2025:12:36:51 -0400] "GET /s/img/wp-content/uploads/2021/07/pur_tungsten_header_logo-166x90.png HTTP/2.0" 200 11081 "https://pur-tungsten.com/product/tungsten-recoil-buffer-weights/" "Mozilla/5.0 (iPhone; CPU iPhone OS 18_5 like Mac OS X) AppleWebKit/605.1.15 (KHTML, like Gecko) Version/18.5 Mobile/15E148 Safari/604.1"
104.28.50.199 - - [19/Jun/2025:12:36:51 -0400] "GET /wp-content/uploads/2018/01/BW.jpg HTTP/2.0" 200 326883 "https://pur-tungsten.com/product/tungsten-recoil-buffer-weights/" "Mozilla/5.0 (iPhone; CPU iPhone OS 18_5 like Mac OS X) AppleWebKit/605.1.15 (KHTML, like Gecko) Version/18.5 Mobile/15E148 Safari/604.1"
104.28.50.199 - - [19/Jun/2025:12:36:51 -0400] "GET /wp-content/plugins/woocommerce/assets/fonts/WooCommerce.woff2 HTTP/2.0" 200 6488 "https://pur-tungsten.com/product/tungsten-recoil-buffer-weights/" "Mozilla/5.0 (iPhone; CPU iPhone OS 18_5 like Mac OS X) AppleWebKit/605.1.15 (KHTML, like Gecko) Version/18.5 Mobile/15E148 Safari/604.1"
104.28.50.199 - - [19/Jun/2025:12:36:51 -0400] "GET /s/img/wp-content/uploads/2018/01/111-300x300.jpg HTTP/2.0" 200 10656 "https://pur-tungsten.com/product/tungsten-recoil-buffer-weights/" "Mozilla/5.0 (iPhone; CPU iPhone OS 18_5 like Mac OS X) AppleWebKit/605.1.15 (KHTML, like Gecko) Version/18.5 Mobile/15E148 Safari/604.1"
104.28.50.199 - - [19/Jun/2025:12:36:51 -0400] "GET /wp-content/plugins/live-composer-page-builder/css/font/fontawesome-webfont.woff HTTP/2.0" 200 97913 "https://pur-tungsten.com/product/tungsten-recoil-buffer-weights/" "Mozilla/5.0 (iPhone; CPU iPhone OS 18_5 like Mac OS X) AppleWebKit/605.1.15 (KHTML, like Gecko) Version/18.5 Mobile/15E148 Safari/604.1"
104.28.50.199 - - [19/Jun/2025:12:36:51 -0400] "GET /s/img/wp-content/uploads/2018/01/BW2-300x300.jpg HTTP/2.0" 200 10872 "https://pur-tungsten.com/product/tungsten-recoil-buffer-weights/" "Mozilla/5.0 (iPhone; CPU iPhone OS 18_5 like Mac OS X) AppleWebKit/605.1.15 (KHTML, like Gecko) Version/18.5 Mobile/15E148 Safari/604.1"
