192.178.4.105 - - [19/Jun/2025:14:59:04 -0400] "GET /s/b7ffa8.js HTTP/1.1" 200 312208 "https://pur-tungsten.com/product/tungsten-fishing-worm-weights-bulk-1lb-bags-black/" "Mozilla/5.0 (Linux; Android 6.0.1; Nexus 5X Build/MMB29P) AppleWebKit/537.36 (KHTML, like Gecko) Chrome/137.0.7151.68 Mobile Safari/537.36 (compatible; Googlebot/2.1; +http://www.google.com/bot.html)"
104.28.79.147 - - [19/Jun/2025:14:59:20 -0400] "GET /wp-content/uploads/2018/01/BW.jpg HTTP/2.0" 200 326883 "https://www.google.com/" "Mozilla/5.0 (iPhone; CPU iPhone OS 18_5 like Mac OS X) AppleWebKit/605.1.15 (KHTML, like Gecko) Version/18.5 Mobile/15E148 Safari/604.1"
104.28.79.147 - - [19/Jun/2025:14:59:21 -0400] "GET /product/tungsten-recoil-buffer-weights/ HTTP/2.0" 200 27198 "https://www.google.com/" "Mozilla/5.0 (iPhone; CPU iPhone OS 18_5 like Mac OS X) AppleWebKit/605.1.15 (KHTML, like Gecko) Version/18.5 Mobile/15E148 Safari/604.1"
104.28.79.147 - - [19/Jun/2025:14:59:25 -0400] "GET /s/0d9c36.css HTTP/2.0" 200 12650 "https://pur-tungsten.com/" "Mozilla/5.0 (iPhone; CPU iPhone OS 18_5 like Mac OS X) AppleWebKit/605.1.15 (KHTML, like Gecko) Version/18.5 Mobile/15E148 Safari/604.1"
104.28.79.147 - - [19/Jun/2025:14:59:25 -0400] "GET /s/ed70e8.css HTTP/2.0" 200 14637 "https://pur-tungsten.com/" "Mozilla/5.0 (iPhone; CPU iPhone OS 18_5 like Mac OS X) AppleWebKit/605.1.15 (KHTML, like Gecko) Version/18.5 Mobile/15E148 Safari/604.1"
104.28.79.147 - - [19/Jun/2025:14:59:25 -0400] "GET /s/6c1864.css HTTP/2.0" 200 3955 "https://pur-tungsten.com/" "Mozilla/5.0 (iPhone; CPU iPhone OS 18_5 like Mac OS X) AppleWebKit/605.1.15 (KHTML, like Gecko) Version/18.5 Mobile/15E148 Safari/604.1"
104.28.79.147 - - [19/Jun/2025:14:59:25 -0400] "GET /s/82f1d4.css HTTP/2.0" 200 2717 "https://pur-tungsten.com/" "Mozilla/5.0 (iPhone; CPU iPhone OS 18_5 like Mac OS X) AppleWebKit/605.1.15 (KHTML, like Gecko) Version/18.5 Mobile/15E148 Safari/604.1"
104.28.79.147 - - [19/Jun/2025:14:59:25 -0400] "GET /s/661c7b.css HTTP/2.0" 200 32263 "https://pur-tungsten.com/" "Mozilla/5.0 (iPhone; CPU iPhone OS 18_5 like Mac OS X) AppleWebKit/605.1.15 (KHTML, like Gecko) Version/18.5 Mobile/15E148 Safari/604.1"
104.28.79.147 - - [19/Jun/2025:14:59:25 -0400] "GET /s/img/wp-content/uploads/2018/01/BW.jpg HTTP/2.0" 200 326883 "https://pur-tungsten.com/" "Mozilla/5.0 (iPhone; CPU iPhone OS 18_5 like Mac OS X) AppleWebKit/605.1.15 (KHTML, like Gecko) Version/18.5 Mobile/15E148 Safari/604.1"
104.28.79.147 - - [19/Jun/2025:14:59:25 -0400] "GET /s/e4f995.css HTTP/2.0" 200 2536 "https://pur-tungsten.com/" "Mozilla/5.0 (iPhone; CPU iPhone OS 18_5 like Mac OS X) AppleWebKit/605.1.15 (KHTML, like Gecko) Version/18.5 Mobile/15E148 Safari/604.1"
104.28.79.147 - - [19/Jun/2025:14:59:25 -0400] "GET /s/img/wp-content/uploads/2018/01/111-300x300.jpg HTTP/2.0" 200 10656 "https://pur-tungsten.com/" "Mozilla/5.0 (iPhone; CPU iPhone OS 18_5 like Mac OS X) AppleWebKit/605.1.15 (KHTML, like Gecko) Version/18.5 Mobile/15E148 Safari/604.1"
104.28.79.147 - - [19/Jun/2025:14:59:25 -0400] "GET /s/img/wp-content/uploads/2021/07/pur_tungsten_header_logo-166x90.png HTTP/2.0" 200 11081 "https://pur-tungsten.com/" "Mozilla/5.0 (iPhone; CPU iPhone OS 18_5 like Mac OS X) AppleWebKit/605.1.15 (KHTML, like Gecko) Version/18.5 Mobile/15E148 Safari/604.1"
104.28.79.147 - - [19/Jun/2025:14:59:25 -0400] "GET /s/img/wp-content/uploads/2018/01/BW2-300x300.jpg HTTP/2.0" 200 10872 "https://pur-tungsten.com/" "Mozilla/5.0 (iPhone; CPU iPhone OS 18_5 like Mac OS X) AppleWebKit/605.1.15 (KHTML, like Gecko) Version/18.5 Mobile/15E148 Safari/604.1"
104.28.79.147 - - [19/Jun/2025:14:59:25 -0400] "GET /wp-content/uploads/2018/01/BW.jpg HTTP/2.0" 200 326883 "https://pur-tungsten.com/" "Mozilla/5.0 (iPhone; CPU iPhone OS 18_5 like Mac OS X) AppleWebKit/605.1.15 (KHTML, like Gecko) Version/18.5 Mobile/15E148 Safari/604.1"
104.28.79.147 - - [19/Jun/2025:14:59:25 -0400] "GET /wp-content/plugins/woocommerce/assets/fonts/WooCommerce.woff2 HTTP/2.0" 200 6488 "https://pur-tungsten.com/" "Mozilla/5.0 (iPhone; CPU iPhone OS 18_5 like Mac OS X) AppleWebKit/605.1.15 (KHTML, like Gecko) Version/18.5 Mobile/15E148 Safari/604.1"
104.28.79.147 - - [19/Jun/2025:14:59:25 -0400] "GET /wp-content/plugins/live-composer-page-builder/css/font/fontawesome-webfont.woff HTTP/2.0" 200 97913 "https://pur-tungsten.com/" "Mozilla/5.0 (iPhone; CPU iPhone OS 18_5 like Mac OS X) AppleWebKit/605.1.15 (KHTML, like Gecko) Version/18.5 Mobile/15E148 Safari/604.1"
104.28.79.147 - - [19/Jun/2025:14:59:25 -0400] "GET /s/img/wp-content/uploads/2018/01/BW3-100x100.jpg HTTP/2.0" 200 2492 "https://pur-tungsten.com/" "Mozilla/5.0 (iPhone; CPU iPhone OS 18_5 like Mac OS X) AppleWebKit/605.1.15 (KHTML, like Gecko) Version/18.5 Mobile/15E148 Safari/604.1"
70.39.147.11 - - [19/Jun/2025:14:59:23 -0400] "POST /wp-cron.php?doing_wp_cron=1750359563.8640699386596679687500 HTTP/1.1" 200 - "-" "WordPress/6.6.2; https://pur-tungsten.com"
104.28.79.147 - - [19/Jun/2025:14:59:26 -0400] "GET /wp-content/uploads/2017/12/pur-tungsten-for-sporting-goods-and-industrial-applications.png HTTP/2.0" 200 1758 "https://pur-tungsten.com/" "Mozilla/5.0 (iPhone; CPU iPhone OS 18_5 like Mac OS X) AppleWebKit/605.1.15 (KHTML, like Gecko) Version/18.5 Mobile/15E148 Safari/604.1"
104.28.79.147 - - [19/Jun/2025:14:59:26 -0400] "GET /s/b46afd.js HTTP/2.0" 200 312421 "https://pur-tungsten.com/" "Mozilla/5.0 (iPhone; CPU iPhone OS 18_5 like Mac OS X) AppleWebKit/605.1.15 (KHTML, like Gecko) Version/18.5 Mobile/15E148 Safari/604.1"
104.28.79.147 - - [19/Jun/2025:14:59:26 -0400] "GET /s/24e5af.js HTTP/2.0" 200 14356 "https://pur-tungsten.com/" "Mozilla/5.0 (iPhone; CPU iPhone OS 18_5 like Mac OS X) AppleWebKit/605.1.15 (KHTML, like Gecko) Version/18.5 Mobile/15E148 Safari/604.1"
47.82.60.203 - - [19/Jun/2025:15:00:01 -0400] "GET / HTTP/1.1" 200 22619 "https://pur-tungsten.com/" "Mozilla/5.0 (Windows NT 10.0; Win64; x64) AppleWebKit/537.36 (KHTML, like Gecko) Chrome/114.0.0.0 Safari/537.36 Edg/114.0.1823.43"
43.157.168.43 - - [19/Jun/2025:15:00:08 -0400] "GET / HTTP/1.1" 200 22637 "-" "Mozilla/5.0 (iPhone; CPU iPhone OS 13_2_3 like Mac OS X) AppleWebKit/605.1.15 (KHTML, like Gecko) Version/13.0.3 Mobile/15E148 Safari/604.1"
104.28.77.162 - - [19/Jun/2025:15:01:58 -0400] "GET /product/tungsten-recoil-buffer-weights/ HTTP/2.0" 200 26710 "https://www.google.com/" "Mozilla/5.0 (iPhone; CPU iPhone OS 18_5 like Mac OS X) AppleWebKit/605.1.15 (KHTML, like Gecko) Version/18.5 Mobile/15E148 Safari/604.1"
138.246.253.24 - - [19/Jun/2025:15:03:30 -0400] "GET /robots.txt HTTP/1.1" 200 67 "-" "Mozilla/5.0 (Windows NT 10.0; Win64; x64) AppleWebKit/537.36 (KHTML, like Gecko) Chrome/103.0.5060.134 Safari/537.36"
51.222.253.12 - - [19/Jun/2025:15:04:45 -0400] "GET /product/tungsten-teardrop-sinker-fishing-weights/ HTTP/2.0" 200 17181 "-" "Mozilla/5.0 (compatible; AhrefsBot/7.0; +http://ahrefs.com/robot/)"
192.178.4.96 - - [19/Jun/2025:15:06:12 -0400] "GET /products/industrial-products/ HTTP/1.1" 200 12370 "-" "Mozilla/5.0 (Linux; Android 6.0.1; Nexus 5X Build/MMB29P) AppleWebKit/537.36 (KHTML, like Gecko) Chrome/137.0.7151.103 Mobile Safari/537.36 (compatible; Googlebot/2.1; +http://www.google.com/bot.html)"
70.39.147.11 - - [19/Jun/2025:15:06:14 -0400] "POST /wp-cron.php?doing_wp_cron=1750359974.0577421188354492187500 HTTP/1.1" 200 - "-" "WordPress/6.6.2; https://pur-tungsten.com"
192.178.4.105 - - [19/Jun/2025:15:06:24 -0400] "GET /product/tungsten-chassis-ballast-weight-36lbs/ HTTP/1.1" 200 18463 "-" "Mozilla/5.0 (Linux; Android 6.0.1; Nexus 5X Build/MMB29P) AppleWebKit/537.36 (KHTML, like Gecko) Chrome/137.0.7151.103 Mobile Safari/537.36 (compatible; Googlebot/2.1; +http://www.google.com/bot.html)"
70.39.147.11 - - [19/Jun/2025:15:06:26 -0400] "POST /wp-cron.php?doing_wp_cron=1750359986.1550519466400146484375 HTTP/1.1" 200 - "-" "WordPress/6.6.2; https://pur-tungsten.com"
192.178.4.96 - - [19/Jun/2025:15:06:27 -0400] "GET /product/derby-car-tungsten-cube-weights-2oz/ HTTP/1.1" 200 14399 "-" "Mozilla/5.0 (Linux; Android 6.0.1; Nexus 5X Build/MMB29P) AppleWebKit/537.36 (KHTML, like Gecko) Chrome/137.0.7151.103 Mobile Safari/537.36 (compatible; Googlebot/2.1; +http://www.google.com/bot.html)"
192.178.4.105 - - [19/Jun/2025:15:06:29 -0400] "GET /product/ar-308-lanodized-light-gold-buffer/ HTTP/1.1" 200 14067 "-" "Mozilla/5.0 (Linux; Android 6.0.1; Nexus 5X Build/MMB29P) AppleWebKit/537.36 (KHTML, like Gecko) Chrome/137.0.7151.103 Mobile Safari/537.36 (compatible; Googlebot/2.1; +http://www.google.com/bot.html)"
192.178.4.105 - - [19/Jun/2025:15:06:31 -0400] "GET /product/tig-welding-tungsten-electrodes-thoriated/ HTTP/1.1" 200 15760 "-" "Mozilla/5.0 (Linux; Android 6.0.1; Nexus 5X Build/MMB29P) AppleWebKit/537.36 (KHTML, like Gecko) Chrome/137.0.7151.103 Mobile Safari/537.36 (compatible; Googlebot/2.1; +http://www.google.com/bot.html)"
192.178.4.105 - - [19/Jun/2025:15:06:34 -0400] "GET /product/tig-welding-tungsten-electrodes-ceriated/ HTTP/1.1" 200 16371 "-" "Mozilla/5.0 (Linux; Android 6.0.1; Nexus 5X Build/MMB29P) AppleWebKit/537.36 (KHTML, like Gecko) Chrome/137.0.7151.103 Mobile Safari/537.36 (compatible; Googlebot/2.1; +http://www.google.com/bot.html)"
192.178.4.96 - - [19/Jun/2025:15:07:07 -0400] "GET /s/0dfeab.js HTTP/1.1" 200 312424 "https://pur-tungsten.com/product/ar-308-lanodized-light-gold-buffer/" "Mozilla/5.0 (Linux; Android 6.0.1; Nexus 5X Build/MMB29P) AppleWebKit/537.36 (KHTML, like Gecko) Chrome/137.0.7151.68 Mobile Safari/537.36 (compatible; Googlebot/2.1; +http://www.google.com/bot.html)"
192.178.4.96 - - [19/Jun/2025:15:07:13 -0400] "GET /s/0ea46b.js HTTP/1.1" 200 312202 "https://pur-tungsten.com/product/tig-welding-tungsten-electrodes-ceriated/" "Mozilla/5.0 (Linux; Android 6.0.1; Nexus 5X Build/MMB29P) AppleWebKit/537.36 (KHTML, like Gecko) Chrome/137.0.7151.68 Mobile Safari/537.36 (compatible; Googlebot/2.1; +http://www.google.com/bot.html)"
192.178.4.105 - - [19/Jun/2025:15:07:39 -0400] "GET /s/0dfeab.js HTTP/1.1" 200 312424 "https://pur-tungsten.com/product/ar-308-lanodized-light-gold-buffer/" "Mozilla/5.0 (Linux; Android 6.0.1; Nexus 5X Build/MMB29P) AppleWebKit/537.36 (KHTML, like Gecko) Chrome/137.0.7151.68 Mobile Safari/537.36 (compatible; Googlebot/2.1; +http://www.google.com/bot.html)"
192.178.4.96 - - [19/Jun/2025:15:08:37 -0400] "GET /s/544680.js HTTP/1.1" 200 312208 "https://pur-tungsten.com/product/tig-welding-tungsten-electrodes-thoriated/" "Mozilla/5.0 (Linux; Android 6.0.1; Nexus 5X Build/MMB29P) AppleWebKit/537.36 (KHTML, like Gecko) Chrome/137.0.7151.68 Mobile Safari/537.36 (compatible; Googlebot/2.1; +http://www.google.com/bot.html)"
192.178.4.97 - - [19/Jun/2025:15:09:01 -0400] "GET /s/c9e46a.js HTTP/1.1" 200 311235 "https://pur-tungsten.com/products/industrial-products/" "Mozilla/5.0 (Linux; Android 6.0.1; Nexus 5X Build/MMB29P) AppleWebKit/537.36 (KHTML, like Gecko) Chrome/137.0.7151.68 Mobile Safari/537.36 (compatible; Googlebot/2.1; +http://www.google.com/bot.html)"
192.178.4.96 - - [19/Jun/2025:15:09:15 -0400] "GET /s/c92ca2.js HTTP/1.1" 200 312364 "https://pur-tungsten.com/product/tungsten-chassis-ballast-weight-36lbs/" "Mozilla/5.0 (Linux; Android 6.0.1; Nexus 5X Build/MMB29P) AppleWebKit/537.36 (KHTML, like Gecko) Chrome/137.0.7151.68 Mobile Safari/537.36 (compatible; Googlebot/2.1; +http://www.google.com/bot.html)"
43.157.188.74 - - [19/Jun/2025:15:09:12 -0400] "GET /careers/ HTTP/1.1" 200 10616 "-" "Mozilla/5.0 (iPhone; CPU iPhone OS 13_2_3 like Mac OS X) AppleWebKit/605.1.15 (KHTML, like Gecko) Version/13.0.3 Mobile/15E148 Safari/604.1"
70.39.147.11 - - [19/Jun/2025:15:09:15 -0400] "POST /wp-cron.php?doing_wp_cron=1750360154.9899950027465820312500 HTTP/1.1" 200 - "-" "WordPress/6.6.2; https://pur-tungsten.com"
17.241.75.61 - - [19/Jun/2025:15:09:18 -0400] "GET /product/tungsten-recoil-buffer-weights/ HTTP/1.1" 200 26728 "-" "Mozilla/5.0 (Macintosh; Intel Mac OS X 10_15_7) AppleWebKit/605.1.15 (KHTML, like Gecko) Version/17.4 Safari/605.1.15 (Applebot/0.1; +http://www.apple.com/go/applebot)"
192.178.4.105 - - [19/Jun/2025:15:09:42 -0400] "GET /s/b54186.js HTTP/1.1" 200 312367 "https://pur-tungsten.com/product/derby-car-tungsten-cube-weights-2oz/" "Mozilla/5.0 (Linux; Android 6.0.1; Nexus 5X Build/MMB29P) AppleWebKit/537.36 (KHTML, like Gecko) Chrome/137.0.7151.68 Mobile Safari/537.36 (compatible; Googlebot/2.1; +http://www.google.com/bot.html)"
4.227.36.102 - - [19/Jun/2025:15:11:02 -0400] "GET /robots.txt HTTP/2.0" 200 67 "-" "Mozilla/5.0 AppleWebKit/537.36 (KHTML, like Gecko; compatible; GPTBot/1.2; +https://openai.com/gptbot)"
135.234.64.40 - - [19/Jun/2025:15:11:02 -0400] "GET /product/tungsten-super-shot-tss/ HTTP/2.0" 200 19244 "-" "Mozilla/5.0 (Macintosh; Intel Mac OS X 10_15_7) AppleWebKit/537.36 (KHTML, like Gecko) Chrome/131.0.0.0 Safari/537.36; compatible; OAI-SearchBot/1.0; +https://openai.com/searchbot"
70.39.147.11 - - [19/Jun/2025:15:11:04 -0400] "POST /wp-cron.php?doing_wp_cron=1750360264.3382918834686279296875 HTTP/1.1" 200 - "-" "WordPress/6.6.2; https://pur-tungsten.com"
51.222.253.6 - - [19/Jun/2025:15:11:17 -0400] "GET /product/tungsten-super-shot-tss/ HTTP/2.0" 200 18883 "-" "Mozilla/5.0 (compatible; AhrefsBot/7.0; +http://ahrefs.com/robot/)"
50.239.87.70 - - [19/Jun/2025:15:11:37 -0400] "GET /wp-content/uploads/2017/12/tig_welding_wp9-u25723-fr.jpg HTTP/2.0" 200 190108 "https://www.bing.com/" "Mozilla/5.0 (Windows NT 10.0; Win64; x64) AppleWebKit/537.36 (KHTML, like Gecko) Chrome/136.0.0.0 Safari/537.36 Edg/136.0.0.0"
34.224.132.215 - - [19/Jun/2025:15:13:18 -0400] "GET /product/tungsten-punch-fishing-weights-with-skirts/ HTTP/1.1" 200 15543 "-" "Mozilla/5.0 AppleWebKit/537.36 (KHTML, like Gecko; compatible; Amazonbot/0.1; +https://developer.amazon.com/support/amazonbot) Chrome/119.0.6045.214 Safari/537.36"
70.39.147.11 - - [19/Jun/2025:15:13:19 -0400] "POST /wp-cron.php?doing_wp_cron=1750360399.9480121135711669921875 HTTP/1.1" 200 - "-" "WordPress/6.6.2; https://pur-tungsten.com"
172.203.190.135 - - [19/Jun/2025:15:14:13 -0400] "GET /robots.txt HTTP/2.0" 200 67 "-" "Mozilla/5.0 (Macintosh; Intel Mac OS X 10_15_7) AppleWebKit/537.36 (KHTML, like Gecko) Chrome/131.0.0.0 Safari/537.36; compatible; OAI-SearchBot/1.0; +https://openai.com/searchbot"
17.241.219.83 - - [19/Jun/2025:15:15:02 -0400] "GET /s/b46afd.js HTTP/1.1" 200 312421 "https://pur-tungsten.com/product/tungsten-recoil-buffer-weights/" "Mozilla/5.0 (Macintosh; Intel Mac OS X 10_15_7) AppleWebKit/605.1.15 (KHTML, like Gecko) Version/17.4 Safari/605.1.15 (Applebot/0.1; +http://www.apple.com/go/applebot)"
43.205.98.236 - - [19/Jun/2025:15:15:23 -0400] "GET / HTTP/1.1" 200 159548 "-" "Mozilla/5.0 (Windows NT 10.0; Win64; x64) AppleWebKit/537.36 (KHTML, like Gecko) Chrome/80.0.3987.149 Safari/537.36"
43.205.98.236 - - [19/Jun/2025:15:15:24 -0400] "GET //wp-includes/wlwmanifest.xml HTTP/1.1" 301 - "-" "Mozilla/5.0 (Windows NT 10.0; Win64; x64) AppleWebKit/537.36 (KHTML, like Gecko) Chrome/80.0.3987.149 Safari/537.36"
43.205.98.236 - - [19/Jun/2025:15:15:27 -0400] "GET //xmlrpc.php?rsd HTTP/1.1" 200 - "-" "Mozilla/5.0 (Windows NT 10.0; Win64; x64) AppleWebKit/537.36 (KHTML, like Gecko) Chrome/80.0.3987.149 Safari/537.36"
43.205.98.236 - - [19/Jun/2025:15:15:28 -0400] "GET / HTTP/1.1" 200 159548 "-" "Mozilla/5.0 (Windows NT 10.0; Win64; x64) AppleWebKit/537.36 (KHTML, like Gecko) Chrome/80.0.3987.149 Safari/537.36"
43.205.98.236 - - [19/Jun/2025:15:15:30 -0400] "GET //?author=1 HTTP/1.1" 500 4930 "-" "Mozilla/5.0 (Windows NT 10.0; Win64; x64) AppleWebKit/537.36 (KHTML, like Gecko) Chrome/80.0.3987.149 Safari/537.36"
43.205.98.236 - - [19/Jun/2025:15:15:33 -0400] "GET //?author=2 HTTP/1.1" 500 4930 "-" "Mozilla/5.0 (Windows NT 10.0; Win64; x64) AppleWebKit/537.36 (KHTML, like Gecko) Chrome/80.0.3987.149 Safari/537.36"
43.205.98.236 - - [19/Jun/2025:15:15:35 -0400] "GET //wp-json/wp/v2/users/ HTTP/1.1" 404 114 "-" "Mozilla/5.0 (Windows NT 10.0; Win64; x64) AppleWebKit/537.36 (KHTML, like Gecko) Chrome/80.0.3987.149 Safari/537.36"
70.39.147.11 - - [19/Jun/2025:15:15:37 -0400] "POST /wp-cron.php?doing_wp_cron=1750360537.7745220661163330078125 HTTP/1.1" 200 - "-" "WordPress/6.6.2; https://pur-tungsten.com"
43.205.98.236 - - [19/Jun/2025:15:15:39 -0400] "GET //wp-json/oembed/1.0/embed?url=https://pur-tungsten.com/ HTTP/1.1" 200 2404 "-" "Mozilla/5.0 (Windows NT 10.0; Win64; x64) AppleWebKit/537.36 (KHTML, like Gecko) Chrome/80.0.3987.149 Safari/537.36"
43.205.98.236 - - [19/Jun/2025:15:15:41 -0400] "POST //xmlrpc.php HTTP/1.1" 200 - "-" "Mozilla/5.0 (Windows NT 10.0; Win64; x64) AppleWebKit/537.36 (KHTML, like Gecko) Chrome/80.0.3987.149 Safari/537.36"
35.227.78.24 - - [19/Jun/2025:15:16:05 -0400] "HEAD / HTTP/1.1" 301 - "http://mail.pur-tungsten.com/" "Mozilla/5.0 (Windows NT 10.0; Win64; x64) AppleWebKit/537.36 (KHTML, like Gecko) Chrome/74.0.3729.169 Safari/537.36"
35.227.78.24 - - [19/Jun/2025:15:16:07 -0400] "HEAD / HTTP/1.1" 200 - "https://mail.pur-tungsten.com/" "Mozilla/5.0 (Windows NT 10.0; Win64; x64) AppleWebKit/537.36 (KHTML, like Gecko) Chrome/74.0.3729.169 Safari/537.36"
35.227.78.24 - - [19/Jun/2025:15:16:11 -0400] "HEAD /wp HTTP/1.1" 404 - "http://mail.pur-tungsten.com/wp" "Mozilla/5.0 (Windows NT 10.0; Win64; x64) AppleWebKit/537.36 (KHTML, like Gecko) Chrome/74.0.3729.169 Safari/537.36"
35.227.78.24 - - [19/Jun/2025:15:16:15 -0400] "HEAD /bc HTTP/1.1" 404 - "http://mail.pur-tungsten.com/bc" "Mozilla/5.0 (Windows NT 10.0; Win64; x64) AppleWebKit/537.36 (KHTML, like Gecko) Chrome/74.0.3729.169 Safari/537.36"
70.39.147.11 - - [19/Jun/2025:15:16:17 -0400] "POST /wp-cron.php?doing_wp_cron=1750360577.6161398887634277343750 HTTP/1.1" 200 - "-" "WordPress/6.6.2; https://pur-tungsten.com"
35.227.78.24 - - [19/Jun/2025:15:16:20 -0400] "HEAD /bk HTTP/1.1" 404 - "http://mail.pur-tungsten.com/bk" "Mozilla/5.0 (Windows NT 10.0; Win64; x64) AppleWebKit/537.36 (KHTML, like Gecko) Chrome/74.0.3729.169 Safari/537.36"
35.227.78.24 - - [19/Jun/2025:15:16:24 -0400] "HEAD /backup HTTP/1.1" 404 - "http://mail.pur-tungsten.com/backup" "Mozilla/5.0 (Windows NT 10.0; Win64; x64) AppleWebKit/537.36 (KHTML, like Gecko) Chrome/74.0.3729.169 Safari/537.36"
35.227.78.24 - - [19/Jun/2025:15:16:28 -0400] "HEAD /old HTTP/1.1" 404 - "http://mail.pur-tungsten.com/old" "Mozilla/5.0 (Windows NT 10.0; Win64; x64) AppleWebKit/537.36 (KHTML, like Gecko) Chrome/74.0.3729.169 Safari/537.36"
35.227.78.24 - - [19/Jun/2025:15:16:32 -0400] "HEAD /new HTTP/1.1" 404 - "http://mail.pur-tungsten.com/new" "Mozilla/5.0 (Windows NT 10.0; Win64; x64) AppleWebKit/537.36 (KHTML, like Gecko) Chrome/74.0.3729.169 Safari/537.36"
35.227.78.24 - - [19/Jun/2025:15:16:36 -0400] "HEAD /main HTTP/1.1" 404 - "http://mail.pur-tungsten.com/main" "Mozilla/5.0 (Windows NT 10.0; Win64; x64) AppleWebKit/537.36 (KHTML, like Gecko) Chrome/74.0.3729.169 Safari/537.36"
35.227.78.24 - - [19/Jun/2025:15:16:40 -0400] "HEAD /home HTTP/1.1" 404 - "http://mail.pur-tungsten.com/home" "Mozilla/5.0 (Windows NT 10.0; Win64; x64) AppleWebKit/537.36 (KHTML, like Gecko) Chrome/74.0.3729.169 Safari/537.36"
70.39.147.11 - - [19/Jun/2025:15:17:19 -0400] "POST /wp-cron.php?doing_wp_cron=1750360639.1116418838500976562500 HTTP/1.1" 200 - "-" "WordPress/6.6.2; https://pur-tungsten.com"
52.167.144.188 - - [19/Jun/2025:15:17:17 -0400] "GET /wp-json/wp/v2/pages/56 HTTP/2.0" 200 5326059 "-" "Mozilla/5.0 AppleWebKit/537.36 (KHTML, like Gecko; compatible; bingbot/2.0; +http://www.bing.com/bingbot.htm) Chrome/116.0.1938.76 Safari/537.36"
51.222.253.15 - - [19/Jun/2025:15:17:38 -0400] "GET /product/tungsten-fishing-putty-1-oz/ HTTP/2.0" 200 14032 "-" "Mozilla/5.0 (compatible; AhrefsBot/7.0; +http://ahrefs.com/robot/)"
49.51.196.42 - - [19/Jun/2025:15:23:55 -0400] "GET /?s= HTTP/1.1" 200 9569 "-" "Mozilla/5.0 (iPhone; CPU iPhone OS 13_2_3 like Mac OS X) AppleWebKit/605.1.15 (KHTML, like Gecko) Version/13.0.3 Mobile/15E148 Safari/604.1"
70.39.147.11 - - [19/Jun/2025:15:23:57 -0400] "POST /wp-cron.php?doing_wp_cron=1750361037.7811930179595947265625 HTTP/1.1" 200 - "-" "WordPress/6.6.2; https://pur-tungsten.com"
51.222.253.16 - - [19/Jun/2025:15:24:27 -0400] "GET /s/img/wp-content/plugins/woocommerce/assets/fonts/?C=N;O=A HTTP/2.0" 200 448 "-" "Mozilla/5.0 (compatible; AhrefsBot/7.0; +http://ahrefs.com/robot/)"
104.28.77.171 - - [19/Jun/2025:15:28:16 -0400] "POST /product/tungsten-recoil-buffer-weights/ HTTP/2.0" 302 - "https://pur-tungsten.com/" "Mozilla/5.0 (iPhone; CPU iPhone OS 18_5 like Mac OS X) AppleWebKit/605.1.15 (KHTML, like Gecko) Version/18.5 Mobile/15E148 Safari/604.1"
70.39.147.11 - - [19/Jun/2025:15:28:21 -0400] "POST /wp-cron.php?doing_wp_cron=1750361301.1676130294799804687500 HTTP/1.1" 200 - "-" "WordPress/6.6.2; https://pur-tungsten.com"
104.28.77.171 - - [19/Jun/2025:15:28:19 -0400] "GET /cart/ HTTP/2.0" 200 48517 "https://pur-tungsten.com/" "Mozilla/5.0 (iPhone; CPU iPhone OS 18_5 like Mac OS X) AppleWebKit/605.1.15 (KHTML, like Gecko) Version/18.5 Mobile/15E148 Safari/604.1"
104.28.77.171 - - [19/Jun/2025:15:28:23 -0400] "GET /s/ee5d36.css HTTP/2.0" 200 14247 "https://pur-tungsten.com/" "Mozilla/5.0 (iPhone; CPU iPhone OS 18_5 like Mac OS X) AppleWebKit/605.1.15 (KHTML, like Gecko) Version/18.5 Mobile/15E148 Safari/604.1"
104.28.77.171 - - [19/Jun/2025:15:28:23 -0400] "GET /s/d852e7.css HTTP/2.0" 200 2725 "https://pur-tungsten.com/" "Mozilla/5.0 (iPhone; CPU iPhone OS 18_5 like Mac OS X) AppleWebKit/605.1.15 (KHTML, like Gecko) Version/18.5 Mobile/15E148 Safari/604.1"
104.28.77.171 - - [19/Jun/2025:15:28:27 -0400] "GET /s/img/wp-content/uploads/2018/01/BW-270x178.jpg HTTP/2.0" 200 9443 "https://pur-tungsten.com/" "Mozilla/5.0 (iPhone; CPU iPhone OS 18_5 like Mac OS X) AppleWebKit/605.1.15 (KHTML, like Gecko) Version/18.5 Mobile/15E148 Safari/604.1"
104.28.77.171 - - [19/Jun/2025:15:28:28 -0400] "GET /s/img/wp-content/uploads/2021/07/Pur_Tunngsten_logo_PNG_NEW.png HTTP/2.0" 200 58916 "https://pur-tungsten.com/" "Mozilla/5.0 (iPhone; CPU iPhone OS 18_5 like Mac OS X) AppleWebKit/605.1.15 (KHTML, like Gecko) Version/18.5 Mobile/15E148 Safari/604.1"
104.28.77.171 - - [19/Jun/2025:15:28:33 -0400] "GET /s/45606b.js HTTP/2.0" 200 338024 "https://pur-tungsten.com/" "Mozilla/5.0 (iPhone; CPU iPhone OS 18_5 like Mac OS X) AppleWebKit/605.1.15 (KHTML, like Gecko) Version/18.5 Mobile/15E148 Safari/604.1"
213.180.203.33 - - [19/Jun/2025:15:28:54 -0400] "GET /robots.txt HTTP/1.1" 200 67 "-" "Mozilla/5.0 (compatible; YandexBot/3.0; +http://yandex.com/bots)"
40.77.167.247 - - [19/Jun/2025:15:30:38 -0400] "GET /product-tag/chassis-tuning/ HTTP/2.0" 200 9245 "-" "Mozilla/5.0 AppleWebKit/537.36 (KHTML, like Gecko; compatible; bingbot/2.0; +http://www.bing.com/bingbot.htm) Chrome/116.0.1938.76 Safari/537.36"
70.39.147.11 - - [19/Jun/2025:15:30:40 -0400] "POST /wp-cron.php?doing_wp_cron=1750361440.5295441150665283203125 HTTP/1.1" 200 - "-" "WordPress/6.6.2; https://pur-tungsten.com"
51.222.253.18 - - [19/Jun/2025:15:30:58 -0400] "GET /product/tungsten-skirt-keeper-punch-fishing-weights/ HTTP/2.0" 200 16990 "-" "Mozilla/5.0 (compatible; AhrefsBot/7.0; +http://ahrefs.com/robot/)"
70.39.147.11 - - [19/Jun/2025:15:31:00 -0400] "POST /wp-cron.php?doing_wp_cron=1750361460.5205221176147460937500 HTTP/1.1" 200 - "-" "WordPress/6.6.2; https://pur-tungsten.com"
54.70.146.3 - - [19/Jun/2025:15:31:25 -0400] "GET /wp-content/uploads/2018/01/BW.jpg HTTP/2.0" 200 326883 "-" "Mozilla/5.0 (Windows NT 10.0; Win64; x64) AppleWebKit/537.36 (KHTML, like Gecko) Chrome/135.0.0.0 Safari/537.36"
43.153.15.51 - - [19/Jun/2025:15:31:38 -0400] "GET /product/pinewood-derby-tungsten-weights-cylinders/ HTTP/1.1" 200 14998 "-" "Mozilla/5.0 (iPhone; CPU iPhone OS 13_2_3 like Mac OS X) AppleWebKit/605.1.15 (KHTML, like Gecko) Version/13.0.3 Mobile/15E148 Safari/604.1"
70.39.147.11 - - [19/Jun/2025:15:31:40 -0400] "POST /wp-cron.php?doing_wp_cron=1750361500.4075710773468017578125 HTTP/1.1" 200 - "-" "WordPress/6.6.2; https://pur-tungsten.com"
34.174.145.230 - - [19/Jun/2025:15:32:49 -0400] "GET /wp-content/uploads/2018/01/skinny-270x178.jpg HTTP/1.1" 200 9458 "-" "Mozilla/5.0 (Windows NT 10.0; Win64; x64) AppleWebKit/537.36 (KHTML, like Gecko) Chrome/123.0.0.0 Safari/537.36 Edg/123.0.0.0"
45.95.214.132 - - [19/Jun/2025:15:34:53 -0400] "GET /proxy.php?link=https%3A%2F%2Fsportsbetiogiris2.com HTTP/1.1" 200 9244 "-" "Mozilla/5.0 (Windows NT 10.0; Win64; x64; rv:81.0) Gecko/20100101 Firefox/81.0"
70.39.147.11 - - [19/Jun/2025:15:34:55 -0400] "POST /wp-cron.php?doing_wp_cron=1750361695.8538639545440673828125 HTTP/1.1" 200 - "-" "WordPress/6.6.2; https://pur-tungsten.com"
192.178.4.96 - - [19/Jun/2025:15:35:00 -0400] "GET /s/img/ HTTP/1.1" 200 400 "-" "Mozilla/5.0 (Linux; Android 6.0.1; Nexus 5X Build/MMB29P) AppleWebKit/537.36 (KHTML, like Gecko) Chrome/137.0.7151.103 Mobile Safari/537.36 (compatible; Googlebot/2.1; +http://www.google.com/bot.html)"
51.68.248.18 - - [19/Jun/2025:15:35:45 -0400] "GET /wp-content/uploads/2020/03/TIGred-270x178.jpg HTTP/1.1" 200 11803 "-" "Mozilla/5.0 (X11; Ubuntu; Linux x86_64; rv:72.0) Gecko/20100101 Firefox/72.0"
34.90.103.210 - - [19/Jun/2025:15:36:32 -0400] "GET / HTTP/1.1" 200 22619 "-" "VIZIO M55Q6-J01 ViziOS/1.6.970.1 WatchFree/25.04.14 FancyPlayer/1.9.22"
34.174.121.246 - - [19/Jun/2025:15:36:53 -0400] "GET /wp-content/uploads/2020/08/bufferWeightsSm1-e1604677249751-270x178.jpg HTTP/1.1" 200 5284 "-" "Mozilla/5.0 (Windows NT 10.0; Win64; x64) AppleWebKit/537.36 (KHTML, like Gecko) Chrome/123.0.0.0 Safari/537.36 Edg/123.0.0.0"
51.222.253.2 - - [19/Jun/2025:15:37:44 -0400] "GET /product/tungsten-fishing-worm-weights-bulk-1-lb-bags-green/ HTTP/2.0" 200 15918 "-" "Mozilla/5.0 (compatible; AhrefsBot/7.0; +http://ahrefs.com/robot/)"
70.39.147.11 - - [19/Jun/2025:15:37:46 -0400] "POST /wp-cron.php?doing_wp_cron=1750361866.8386139869689941406250 HTTP/1.1" 200 - "-" "WordPress/6.6.2; https://pur-tungsten.com"
192.178.4.97 - - [19/Jun/2025:15:42:23 -0400] "GET /s/img/wp-content/uploads/2021/ HTTP/1.1" 200 371 "-" "Mozilla/5.0 (Linux; Android 6.0.1; Nexus 5X Build/MMB29P) AppleWebKit/537.36 (KHTML, like Gecko) Chrome/137.0.7151.103 Mobile Safari/537.36 (compatible; Googlebot/2.1; +http://www.google.com/bot.html)"
43.166.238.12 - - [19/Jun/2025:15:42:23 -0400] "GET /products/consumer-products/derby-car-weights/?add-to-cart=282 HTTP/1.1" 302 - "-" "Mozilla/5.0 (iPhone; CPU iPhone OS 13_2_3 like Mac OS X) AppleWebKit/605.1.15 (KHTML, like Gecko) Version/13.0.3 Mobile/15E148 Safari/604.1"
70.39.147.11 - - [19/Jun/2025:15:42:32 -0400] "POST /wp-cron.php?doing_wp_cron=1750362152.0664169788360595703125 HTTP/1.1" 200 - "-" "WordPress/6.6.2; https://pur-tungsten.com"
43.166.238.12 - - [19/Jun/2025:15:42:30 -0400] "GET /cart/ HTTP/1.1" 200 48535 "https://pur-tungsten.com/products/consumer-products/derby-car-weights/?add-to-cart=282" "Mozilla/5.0 (iPhone; CPU iPhone OS 13_2_3 like Mac OS X) AppleWebKit/605.1.15 (KHTML, like Gecko) Version/13.0.3 Mobile/15E148 Safari/604.1"
140.248.0.1 - - [19/Jun/2025:15:43:51 -0400] "GET /product/tungsten-recoil-buffer-weights/ HTTP/2.0" 200 27327 "https://www.google.com/" "Mozilla/5.0 (iPhone; CPU iPhone OS 18_5 like Mac OS X) AppleWebKit/605.1.15 (KHTML, like Gecko) Version/18.5 Mobile/15E148 Safari/604.1"
140.248.0.1 - - [19/Jun/2025:15:43:54 -0400] "GET /s/6c1864.css HTTP/2.0" 200 3955 "https://pur-tungsten.com/product/tungsten-recoil-buffer-weights/" "Mozilla/5.0 (iPhone; CPU iPhone OS 18_5 like Mac OS X) AppleWebKit/605.1.15 (KHTML, like Gecko) Version/18.5 Mobile/15E148 Safari/604.1"
140.248.0.1 - - [19/Jun/2025:15:43:54 -0400] "GET /s/661c7b.css HTTP/2.0" 200 32263 "https://pur-tungsten.com/product/tungsten-recoil-buffer-weights/" "Mozilla/5.0 (iPhone; CPU iPhone OS 18_5 like Mac OS X) AppleWebKit/605.1.15 (KHTML, like Gecko) Version/18.5 Mobile/15E148 Safari/604.1"
140.248.0.1 - - [19/Jun/2025:15:43:54 -0400] "GET /wp-content/plugins/live-composer-page-builder/css/font/fontawesome-webfont.woff HTTP/2.0" 200 97913 "https://pur-tungsten.com/product/tungsten-recoil-buffer-weights/" "Mozilla/5.0 (iPhone; CPU iPhone OS 18_5 like Mac OS X) AppleWebKit/605.1.15 (KHTML, like Gecko) Version/18.5 Mobile/15E148 Safari/604.1"
70.39.147.11 - - [19/Jun/2025:15:43:52 -0400] "POST /wp-cron.php?doing_wp_cron=1750362232.9786779880523681640625 HTTP/1.1" 200 - "-" "WordPress/6.6.2; https://pur-tungsten.com"
140.248.0.1 - - [19/Jun/2025:15:43:58 -0400] "GET /s/7a51dc.js HTTP/2.0" 200 312421 "https://pur-tungsten.com/product/tungsten-recoil-buffer-weights/" "Mozilla/5.0 (iPhone; CPU iPhone OS 18_5 like Mac OS X) AppleWebKit/605.1.15 (KHTML, like Gecko) Version/18.5 Mobile/15E148 Safari/604.1"
140.248.0.1 - - [19/Jun/2025:15:43:58 -0400] "GET /s/24e5af.js HTTP/2.0" 200 14356 "https://pur-tungsten.com/product/tungsten-recoil-buffer-weights/" "Mozilla/5.0 (iPhone; CPU iPhone OS 18_5 like Mac OS X) AppleWebKit/605.1.15 (KHTML, like Gecko) Version/18.5 Mobile/15E148 Safari/604.1"
51.222.253.3 - - [19/Jun/2025:15:44:16 -0400] "GET /product/tungsten-skinny-fishing-drop-shots/ HTTP/2.0" 200 16576 "-" "Mozilla/5.0 (compatible; AhrefsBot/7.0; +http://ahrefs.com/robot/)"
70.39.147.11 - - [19/Jun/2025:15:44:18 -0400] "POST /wp-cron.php?doing_wp_cron=1750362258.8348059654235839843750 HTTP/1.1" 200 - "-" "WordPress/6.6.2; https://pur-tungsten.com"
140.248.0.1 - - [19/Jun/2025:15:44:23 -0400] "GET / HTTP/2.0" 200 23272 "https://pur-tungsten.com/product/tungsten-recoil-buffer-weights/" "Mozilla/5.0 (iPhone; CPU iPhone OS 18_5 like Mac OS X) AppleWebKit/605.1.15 (KHTML, like Gecko) Version/18.5 Mobile/15E148 Safari/604.1"
140.248.0.1 - - [19/Jun/2025:15:44:26 -0400] "GET /s/2b7810.css HTTP/2.0" 200 7345 "https://pur-tungsten.com/" "Mozilla/5.0 (iPhone; CPU iPhone OS 18_5 like Mac OS X) AppleWebKit/605.1.15 (KHTML, like Gecko) Version/18.5 Mobile/15E148 Safari/604.1"
140.248.0.1 - - [19/Jun/2025:15:44:26 -0400] "GET /s/img/wp-content/uploads/2017/12/lake-u3964-fr2.png HTTP/2.0" 200 378729 "https://pur-tungsten.com/" "Mozilla/5.0 (iPhone; CPU iPhone OS 18_5 like Mac OS X) AppleWebKit/605.1.15 (KHTML, like Gecko) Version/18.5 Mobile/15E148 Safari/604.1"
140.248.0.1 - - [19/Jun/2025:15:44:26 -0400] "GET /s/img/wp-content/uploads/2017/12/stock_car.jpg HTTP/2.0" 200 125863 "https://pur-tungsten.com/" "Mozilla/5.0 (iPhone; CPU iPhone OS 18_5 like Mac OS X) AppleWebKit/605.1.15 (KHTML, like Gecko) Version/18.5 Mobile/15E148 Safari/604.1"
140.248.0.1 - - [19/Jun/2025:15:44:26 -0400] "GET /s/img/wp-content/uploads/2017/12/darts_001-u22254-fr.jpg HTTP/2.0" 200 190284 "https://pur-tungsten.com/" "Mozilla/5.0 (iPhone; CPU iPhone OS 18_5 like Mac OS X) AppleWebKit/605.1.15 (KHTML, like Gecko) Version/18.5 Mobile/15E148 Safari/604.1"
140.248.0.1 - - [19/Jun/2025:15:44:26 -0400] "GET /s/img/wp-content/uploads/2017/12/tig_welding_wp9-u25723-fr.jpg HTTP/2.0" 200 190108 "https://pur-tungsten.com/" "Mozilla/5.0 (iPhone; CPU iPhone OS 18_5 like Mac OS X) AppleWebKit/605.1.15 (KHTML, like Gecko) Version/18.5 Mobile/15E148 Safari/604.1"
140.248.0.1 - - [19/Jun/2025:15:44:26 -0400] "GET /s/img/wp-content/uploads/2017/12/derby_car_001.jpg HTTP/2.0" 200 63763 "https://pur-tungsten.com/" "Mozilla/5.0 (iPhone; CPU iPhone OS 18_5 like Mac OS X) AppleWebKit/605.1.15 (KHTML, like Gecko) Version/18.5 Mobile/15E148 Safari/604.1"
140.248.0.1 - - [19/Jun/2025:15:44:27 -0400] "GET /s/ddbc83.js HTTP/2.0" 200 431706 "https://pur-tungsten.com/" "Mozilla/5.0 (iPhone; CPU iPhone OS 18_5 like Mac OS X) AppleWebKit/605.1.15 (KHTML, like Gecko) Version/18.5 Mobile/15E148 Safari/604.1"
140.248.0.1 - - [19/Jun/2025:15:44:27 -0400] "GET /s/img/wp-content/uploads/2017/12/tig_welding_cat-300x197.jpg HTTP/2.0" 200 14870 "https://pur-tungsten.com/" "Mozilla/5.0 (iPhone; CPU iPhone OS 18_5 like Mac OS X) AppleWebKit/605.1.15 (KHTML, like Gecko) Version/18.5 Mobile/15E148 Safari/604.1"
140.248.0.1 - - [19/Jun/2025:15:44:28 -0400] "GET /s/img/wp-content/uploads/2017/12/crankshaft_cat-300x197.jpg HTTP/2.0" 200 9134 "https://pur-tungsten.com/" "Mozilla/5.0 (iPhone; CPU iPhone OS 18_5 like Mac OS X) AppleWebKit/605.1.15 (KHTML, like Gecko) Version/18.5 Mobile/15E148 Safari/604.1"
140.248.0.1 - - [19/Jun/2025:15:44:28 -0400] "GET /s/img/wp-content/uploads/2017/12/desk_001-300x197.jpg HTTP/2.0" 200 14151 "https://pur-tungsten.com/" "Mozilla/5.0 (iPhone; CPU iPhone OS 18_5 like Mac OS X) AppleWebKit/605.1.15 (KHTML, like Gecko) Version/18.5 Mobile/15E148 Safari/604.1"
140.248.0.1 - - [19/Jun/2025:15:44:29 -0400] "GET /s/img/wp-content/uploads/2017/12/car_cat-300x197.jpg HTTP/2.0" 200 6228 "https://pur-tungsten.com/" "Mozilla/5.0 (iPhone; CPU iPhone OS 18_5 like Mac OS X) AppleWebKit/605.1.15 (KHTML, like Gecko) Version/18.5 Mobile/15E148 Safari/604.1"
140.248.0.1 - - [19/Jun/2025:15:44:29 -0400] "GET /s/img/wp-content/uploads/2017/12/fishing_cat-300x197.jpg HTTP/2.0" 200 13849 "https://pur-tungsten.com/" "Mozilla/5.0 (iPhone; CPU iPhone OS 18_5 like Mac OS X) AppleWebKit/605.1.15 (KHTML, like Gecko) Version/18.5 Mobile/15E148 Safari/604.1"
34.206.212.24 - - [19/Jun/2025:15:44:27 -0400] "GET /products/industrial-products/rotary-burrs/ HTTP/1.1" 200 12137 "-" "Mozilla/5.0 AppleWebKit/537.36 (KHTML, like Gecko; compatible; Amazonbot/0.1; +https://developer.amazon.com/support/amazonbot) Chrome/119.0.6045.214 Safari/537.36"
140.248.0.1 - - [19/Jun/2025:15:44:29 -0400] "GET /s/img/wp-content/uploads/2017/12/ar15_cat-300x197.jpg HTTP/2.0" 200 13560 "https://pur-tungsten.com/" "Mozilla/5.0 (iPhone; CPU iPhone OS 18_5 like Mac OS X) AppleWebKit/605.1.15 (KHTML, like Gecko) Version/18.5 Mobile/15E148 Safari/604.1"
140.248.0.1 - - [19/Jun/2025:15:44:30 -0400] "GET /s/img/wp-content/uploads/2017/12/stock_car_cat-300x197.jpg HTTP/2.0" 200 15686 "https://pur-tungsten.com/" "Mozilla/5.0 (iPhone; CPU iPhone OS 18_5 like Mac OS X) AppleWebKit/605.1.15 (KHTML, like Gecko) Version/18.5 Mobile/15E148 Safari/604.1"
140.248.0.1 - - [19/Jun/2025:15:44:30 -0400] "GET /s/img/wp-content/uploads/2017/12/darts_001_cat-300x197.jpg HTTP/2.0" 200 17851 "https://pur-tungsten.com/" "Mozilla/5.0 (iPhone; CPU iPhone OS 18_5 like Mac OS X) AppleWebKit/605.1.15 (KHTML, like Gecko) Version/18.5 Mobile/15E148 Safari/604.1"
140.248.0.1 - - [19/Jun/2025:15:44:30 -0400] "GET /s/img/wp-content/uploads/2018/08/burrthumb-e1535032193919.jpg HTTP/2.0" 200 7372 "https://pur-tungsten.com/" "Mozilla/5.0 (iPhone; CPU iPhone OS 18_5 like Mac OS X) AppleWebKit/605.1.15 (KHTML, like Gecko) Version/18.5 Mobile/15E148 Safari/604.1"
140.248.0.1 - - [19/Jun/2025:15:44:32 -0400] "GET /products/sporting-goods/ar15-accesories/ HTTP/2.0" 200 18189 "https://pur-tungsten.com/" "Mozilla/5.0 (iPhone; CPU iPhone OS 18_5 like Mac OS X) AppleWebKit/605.1.15 (KHTML, like Gecko) Version/18.5 Mobile/15E148 Safari/604.1"
140.248.0.1 - - [19/Jun/2025:15:44:35 -0400] "GET /s/37edce.css HTTP/2.0" 200 3340 "https://pur-tungsten.com/products/sporting-goods/ar15-accesories/" "Mozilla/5.0 (iPhone; CPU iPhone OS 18_5 like Mac OS X) AppleWebKit/605.1.15 (KHTML, like Gecko) Version/18.5 Mobile/15E148 Safari/604.1"
140.248.0.1 - - [19/Jun/2025:15:44:35 -0400] "GET /s/img/wp-content/uploads/2019/10/Buffer-black-standard-270x178.jpg HTTP/2.0" 200 4012 "https://pur-tungsten.com/" "Mozilla/5.0 (iPhone; CPU iPhone OS 18_5 like Mac OS X) AppleWebKit/605.1.15 (KHTML, like Gecko) Version/18.5 Mobile/15E148 Safari/604.1"
140.248.0.1 - - [19/Jun/2025:15:44:35 -0400] "GET /s/img/wp-content/uploads/2019/10/buffer-gold-standard-1-270x178.jpg HTTP/2.0" 200 6235 "https://pur-tungsten.com/" "Mozilla/5.0 (iPhone; CPU iPhone OS 18_5 like Mac OS X) AppleWebKit/605.1.15 (KHTML, like Gecko) Version/18.5 Mobile/15E148 Safari/604.1"
140.248.0.1 - - [19/Jun/2025:15:44:35 -0400] "GET /wp-content/uploads/2017/12/ar15_001.jpg HTTP/2.0" 200 10954 "https://pur-tungsten.com/products/sporting-goods/ar15-accesories/" "Mozilla/5.0 (iPhone; CPU iPhone OS 18_5 like Mac OS X) AppleWebKit/605.1.15 (KHTML, like Gecko) Version/18.5 Mobile/15E148 Safari/604.1"
140.248.0.1 - - [19/Jun/2025:15:44:35 -0400] "GET /s/img/wp-content/uploads/2019/10/buffer-gold-standard-1-270x178.jpg HTTP/2.0" 200 6235 "https://pur-tungsten.com/products/sporting-goods/ar15-accesories/" "Mozilla/5.0 (iPhone; CPU iPhone OS 18_5 like Mac OS X) AppleWebKit/605.1.15 (KHTML, like Gecko) Version/18.5 Mobile/15E148 Safari/604.1"
140.248.0.1 - - [19/Jun/2025:15:44:35 -0400] "GET /s/img/wp-content/uploads/2020/02/30zBufferGold-scaled-270x178.jpg HTTP/2.0" 200 7420 "https://pur-tungsten.com/products/sporting-goods/ar15-accesories/" "Mozilla/5.0 (iPhone; CPU iPhone OS 18_5 like Mac OS X) AppleWebKit/605.1.15 (KHTML, like Gecko) Version/18.5 Mobile/15E148 Safari/604.1"
140.248.0.1 - - [19/Jun/2025:15:44:35 -0400] "GET /s/img/wp-content/uploads/2020/03/2.5inchBlackBuffer-1-e1585163269203-1-270x178.jpg HTTP/2.0" 200 5993 "https://pur-tungsten.com/products/sporting-goods/ar15-accesories/" "Mozilla/5.0 (iPhone; CPU iPhone OS 18_5 like Mac OS X) AppleWebKit/605.1.15 (KHTML, like Gecko) Version/18.5 Mobile/15E148 Safari/604.1"
140.248.0.1 - - [19/Jun/2025:15:44:36 -0400] "GET /s/5dcf84.js HTTP/2.0" 200 310423 "https://pur-tungsten.com/products/sporting-goods/ar15-accesories/" "Mozilla/5.0 (iPhone; CPU iPhone OS 18_5 like Mac OS X) AppleWebKit/605.1.15 (KHTML, like Gecko) Version/18.5 Mobile/15E148 Safari/604.1"
140.248.0.1 - - [19/Jun/2025:15:44:36 -0400] "GET /s/img/wp-content/uploads/2020/03/ar3082.5gold-270x178.jpg HTTP/2.0" 200 4664 "https://pur-tungsten.com/products/sporting-goods/ar15-accesories/" "Mozilla/5.0 (iPhone; CPU iPhone OS 18_5 like Mac OS X) AppleWebKit/605.1.15 (KHTML, like Gecko) Version/18.5 Mobile/15E148 Safari/604.1"
140.248.0.1 - - [19/Jun/2025:15:44:36 -0400] "GET /s/img/wp-content/uploads/2020/03/AR-308-2.5-Solid-Steel-Buffer-3.8oz-AR308-404-scaled-e1595508327967-270x178.jpg HTTP/2.0" 200 6181 "https://pur-tungsten.com/products/sporting-goods/ar15-accesories/" "Mozilla/5.0 (iPhone; CPU iPhone OS 18_5 like Mac OS X) AppleWebKit/605.1.15 (KHTML, like Gecko) Version/18.5 Mobile/15E148 Safari/604.1"
140.248.0.1 - - [19/Jun/2025:15:44:36 -0400] "GET /s/img/wp-content/uploads/2020/03/2.5anodizedGoldAR308buffer-270x178.jpg HTTP/2.0" 200 6947 "https://pur-tungsten.com/products/sporting-goods/ar15-accesories/" "Mozilla/5.0 (iPhone; CPU iPhone OS 18_5 like Mac OS X) AppleWebKit/605.1.15 (KHTML, like Gecko) Version/18.5 Mobile/15E148 Safari/604.1"
140.248.0.1 - - [19/Jun/2025:15:44:36 -0400] "GET /s/img/wp-content/uploads/2020/03/ar15HbufferBlack3.25in-e1588786310567-270x178.jpg HTTP/2.0" 200 5591 "https://pur-tungsten.com/products/sporting-goods/ar15-accesories/" "Mozilla/5.0 (iPhone; CPU iPhone OS 18_5 like Mac OS X) AppleWebKit/605.1.15 (KHTML, like Gecko) Version/18.5 Mobile/15E148 Safari/604.1"
140.248.0.1 - - [19/Jun/2025:15:44:37 -0400] "GET /s/img/wp-content/uploads/2020/07/AR-308-2.5-Solid-Steel-Buffer-3.8oz-AR308-400-scaled-270x178.jpg HTTP/2.0" 200 6155 "https://pur-tungsten.com/products/sporting-goods/ar15-accesories/" "Mozilla/5.0 (iPhone; CPU iPhone OS 18_5 like Mac OS X) AppleWebKit/605.1.15 (KHTML, like Gecko) Version/18.5 Mobile/15E148 Safari/604.1"
140.248.0.1 - - [19/Jun/2025:15:44:37 -0400] "GET /s/img/wp-content/uploads/2020/03/ar10rifleblack-270x178.jpg HTTP/2.0" 200 5963 "https://pur-tungsten.com/products/sporting-goods/ar15-accesories/" "Mozilla/5.0 (iPhone; CPU iPhone OS 18_5 like Mac OS X) AppleWebKit/605.1.15 (KHTML, like Gecko) Version/18.5 Mobile/15E148 Safari/604.1"
140.248.0.1 - - [19/Jun/2025:15:44:45 -0400] "GET /s/img/wp-content/uploads/2019/10/Buffer-rifle-black-270x178.jpg HTTP/2.0" 200 4595 "https://pur-tungsten.com/products/sporting-goods/ar15-accesories/" "Mozilla/5.0 (iPhone; CPU iPhone OS 18_5 like Mac OS X) AppleWebKit/605.1.15 (KHTML, like Gecko) Version/18.5 Mobile/15E148 Safari/604.1"
140.248.0.1 - - [19/Jun/2025:15:44:45 -0400] "GET /s/img/wp-content/uploads/2020/03/ar10riflegold-270x178.jpg HTTP/2.0" 200 6186 "https://pur-tungsten.com/products/sporting-goods/ar15-accesories/" "Mozilla/5.0 (iPhone; CPU iPhone OS 18_5 like Mac OS X) AppleWebKit/605.1.15 (KHTML, like Gecko) Version/18.5 Mobile/15E148 Safari/604.1"
140.248.0.1 - - [19/Jun/2025:15:44:51 -0400] "GET /s/img/wp-content/uploads/2020/12/buffertube2-270x178.jpg HTTP/2.0" 200 3306 "https://pur-tungsten.com/products/sporting-goods/ar15-accesories/" "Mozilla/5.0 (iPhone; CPU iPhone OS 18_5 like Mac OS X) AppleWebKit/605.1.15 (KHTML, like Gecko) Version/18.5 Mobile/15E148 Safari/604.1"
140.248.0.1 - - [19/Jun/2025:15:44:55 -0400] "GET /s/img/wp-content/uploads/2019/01/Buffer-270x178.jpg HTTP/2.0" 200 6986 "https://pur-tungsten.com/products/sporting-goods/ar15-accesories/" "Mozilla/5.0 (iPhone; CPU iPhone OS 18_5 like Mac OS X) AppleWebKit/605.1.15 (KHTML, like Gecko) Version/18.5 Mobile/15E148 Safari/604.1"
140.248.0.1 - - [19/Jun/2025:15:44:55 -0400] "GET /s/img/wp-content/uploads/2021/10/Gen_1_Silent_Capture_Spring-810x534.jpg HTTP/2.0" 200 30845 "https://pur-tungsten.com/products/sporting-goods/ar15-accesories/" "Mozilla/5.0 (iPhone; CPU iPhone OS 18_5 like Mac OS X) AppleWebKit/605.1.15 (KHTML, like Gecko) Version/18.5 Mobile/15E148 Safari/604.1"
140.248.0.1 - - [19/Jun/2025:15:44:58 -0400] "GET /s/img/wp-content/uploads/2020/11/bufferWeightsSm1-270x178.jpg HTTP/2.0" 200 5299 "https://pur-tungsten.com/products/sporting-goods/ar15-accesories/" "Mozilla/5.0 (iPhone; CPU iPhone OS 18_5 like Mac OS X) AppleWebKit/605.1.15 (KHTML, like Gecko) Version/18.5 Mobile/15E148 Safari/604.1"
140.248.0.1 - - [19/Jun/2025:15:44:58 -0400] "GET /s/img/wp-content/uploads/2019/01/Cyl-DWout-270x178.jpg HTTP/2.0" 200 5265 "https://pur-tungsten.com/products/sporting-goods/ar15-accesories/" "Mozilla/5.0 (iPhone; CPU iPhone OS 18_5 like Mac OS X) AppleWebKit/605.1.15 (KHTML, like Gecko) Version/18.5 Mobile/15E148 Safari/604.1"
140.248.0.1 - - [19/Jun/2025:15:45:19 -0400] "GET /product/ar-10-anodized-black-rifle-buffer/ HTTP/2.0" 200 14158 "https://pur-tungsten.com/products/sporting-goods/ar15-accesories/" "Mozilla/5.0 (iPhone; CPU iPhone OS 18_5 like Mac OS X) AppleWebKit/605.1.15 (KHTML, like Gecko) Version/18.5 Mobile/15E148 Safari/604.1"
140.248.0.1 - - [19/Jun/2025:15:45:22 -0400] "GET /s/img/wp-content/uploads/2020/03/ar10rifleblack.jpg HTTP/2.0" 200 29035 "https://pur-tungsten.com/product/ar-10-anodized-black-rifle-buffer/" "Mozilla/5.0 (iPhone; CPU iPhone OS 18_5 like Mac OS X) AppleWebKit/605.1.15 (KHTML, like Gecko) Version/18.5 Mobile/15E148 Safari/604.1"
140.248.0.1 - - [19/Jun/2025:15:45:22 -0400] "GET /wp-content/uploads/2020/03/ar10rifleblack.jpg HTTP/2.0" 200 29035 "https://pur-tungsten.com/product/ar-10-anodized-black-rifle-buffer/" "Mozilla/5.0 (iPhone; CPU iPhone OS 18_5 like Mac OS X) AppleWebKit/605.1.15 (KHTML, like Gecko) Version/18.5 Mobile/15E148 Safari/604.1"
70.39.147.11 - - [19/Jun/2025:15:45:21 -0400] "POST /wp-cron.php?doing_wp_cron=1750362321.0493109226226806640625 HTTP/1.1" 200 - "-" "WordPress/6.6.2; https://pur-tungsten.com"
140.248.0.1 - - [19/Jun/2025:15:45:26 -0400] "GET /s/fc9141.js HTTP/2.0" 200 312427 "https://pur-tungsten.com/product/ar-10-anodized-black-rifle-buffer/" "Mozilla/5.0 (iPhone; CPU iPhone OS 18_5 like Mac OS X) AppleWebKit/605.1.15 (KHTML, like Gecko) Version/18.5 Mobile/15E148 Safari/604.1"
140.248.0.1 - - [19/Jun/2025:15:45:28 -0400] "GET /s/img/wp-content/uploads/2020/04/pellets-scaled-270x178.jpg HTTP/2.0" 200 9208 "https://pur-tungsten.com/product/ar-10-anodized-black-rifle-buffer/" "Mozilla/5.0 (iPhone; CPU iPhone OS 18_5 like Mac OS X) AppleWebKit/605.1.15 (KHTML, like Gecko) Version/18.5 Mobile/15E148 Safari/604.1"
140.248.0.1 - - [19/Jun/2025:15:46:18 -0400] "GET /product/h-h2-h3-ar-15-carbine-buffers-anodized-gold/ HTTP/2.0" 200 17625 "https://pur-tungsten.com/products/sporting-goods/ar15-accesories/" "Mozilla/5.0 (iPhone; CPU iPhone OS 18_5 like Mac OS X) AppleWebKit/605.1.15 (KHTML, like Gecko) Version/18.5 Mobile/15E148 Safari/604.1"
140.248.0.1 - - [19/Jun/2025:15:46:21 -0400] "GET /s/img/wp-content/uploads/2019/10/buffer-gold-standard-1-1280x1139.jpg HTTP/2.0" 200 120369 "https://pur-tungsten.com/product/h-h2-h3-ar-15-carbine-buffers-anodized-gold/" "Mozilla/5.0 (iPhone; CPU iPhone OS 18_5 like Mac OS X) AppleWebKit/605.1.15 (KHTML, like Gecko) Version/18.5 Mobile/15E148 Safari/604.1"
140.248.0.1 - - [19/Jun/2025:15:46:21 -0400] "GET /wp-content/uploads/2019/10/buffer-gold-standard-1.jpg HTTP/2.0" 200 187902 "https://pur-tungsten.com/product/h-h2-h3-ar-15-carbine-buffers-anodized-gold/" "Mozilla/5.0 (iPhone; CPU iPhone OS 18_5 like Mac OS X) AppleWebKit/605.1.15 (KHTML, like Gecko) Version/18.5 Mobile/15E148 Safari/604.1"
70.39.147.11 - - [19/Jun/2025:15:46:20 -0400] "POST /wp-cron.php?doing_wp_cron=1750362380.5403819084167480468750 HTTP/1.1" 200 - "-" "WordPress/6.6.2; https://pur-tungsten.com"
140.248.0.1 - - [19/Jun/2025:15:46:22 -0400] "GET /s/960af2.js HTTP/2.0" 200 312211 "https://pur-tungsten.com/product/h-h2-h3-ar-15-carbine-buffers-anodized-gold/" "Mozilla/5.0 (iPhone; CPU iPhone OS 18_5 like Mac OS X) AppleWebKit/605.1.15 (KHTML, like Gecko) Version/18.5 Mobile/15E148 Safari/604.1"
140.248.0.1 - - [19/Jun/2025:15:46:22 -0400] "GET /s/55fc3f.js HTTP/2.0" 200 25523 "https://pur-tungsten.com/product/h-h2-h3-ar-15-carbine-buffers-anodized-gold/" "Mozilla/5.0 (iPhone; CPU iPhone OS 18_5 like Mac OS X) AppleWebKit/605.1.15 (KHTML, like Gecko) Version/18.5 Mobile/15E148 Safari/604.1"
140.248.0.1 - - [19/Jun/2025:15:47:27 -0400] "POST /product/h-h2-h3-ar-15-carbine-buffers-anodized-gold/ HTTP/2.0" 200 153324 "https://pur-tungsten.com/product/h-h2-h3-ar-15-carbine-buffers-anodized-gold/" "Mozilla/5.0 (iPhone; CPU iPhone OS 18_5 like Mac OS X) AppleWebKit/605.1.15 (KHTML, like Gecko) Version/18.5 Mobile/15E148 Safari/604.1"
140.248.0.1 - - [19/Jun/2025:15:47:30 -0400] "GET /wp-content/plugins/honeypot/includes/css/wpa.css?ver=2.2.02 HTTP/2.0" 200 337 "https://pur-tungsten.com/product/h-h2-h3-ar-15-carbine-buffers-anodized-gold/" "Mozilla/5.0 (iPhone; CPU iPhone OS 18_5 like Mac OS X) AppleWebKit/605.1.15 (KHTML, like Gecko) Version/18.5 Mobile/15E148 Safari/604.1"
140.248.0.1 - - [19/Jun/2025:15:47:30 -0400] "GET /wp-content/plugins/contact-form-7/includes/css/styles.css?ver=5.9.8 HTTP/2.0" 200 1015 "https://pur-tungsten.com/product/h-h2-h3-ar-15-carbine-buffers-anodized-gold/" "Mozilla/5.0 (iPhone; CPU iPhone OS 18_5 like Mac OS X) AppleWebKit/605.1.15 (KHTML, like Gecko) Version/18.5 Mobile/15E148 Safari/604.1"
140.248.0.1 - - [19/Jun/2025:15:47:30 -0400] "GET /wp-content/plugins/live-composer-page-builder/css/dist/frontend.plugins.min.css?ver=1.5.45 HTTP/2.0" 200 2629 "https://pur-tungsten.com/product/h-h2-h3-ar-15-carbine-buffers-anodized-gold/" "Mozilla/5.0 (iPhone; CPU iPhone OS 18_5 like Mac OS X) AppleWebKit/605.1.15 (KHTML, like Gecko) Version/18.5 Mobile/15E148 Safari/604.1"
140.248.0.1 - - [19/Jun/2025:15:47:30 -0400] "GET /wp-content/plugins/live-composer-page-builder/css/font-awesome.css?ver=1.5.45 HTTP/2.0" 200 8919 "https://pur-tungsten.com/product/h-h2-h3-ar-15-carbine-buffers-anodized-gold/" "Mozilla/5.0 (iPhone; CPU iPhone OS 18_5 like Mac OS X) AppleWebKit/605.1.15 (KHTML, like Gecko) Version/18.5 Mobile/15E148 Safari/604.1"
140.248.0.1 - - [19/Jun/2025:15:47:30 -0400] "GET /wp-content/plugins/live-composer-page-builder/css/dist/frontend.min.css?ver=1.5.45 HTTP/2.0" 200 8479 "https://pur-tungsten.com/product/h-h2-h3-ar-15-carbine-buffers-anodized-gold/" "Mozilla/5.0 (iPhone; CPU iPhone OS 18_5 like Mac OS X) AppleWebKit/605.1.15 (KHTML, like Gecko) Version/18.5 Mobile/15E148 Safari/604.1"
140.248.0.1 - - [19/Jun/2025:15:47:30 -0400] "GET /wp-includes/css/dist/block-library/style.min.css?ver=b40c877adaf33178f81362b457652bd7 HTTP/2.0" 200 14840 "https://pur-tungsten.com/product/h-h2-h3-ar-15-carbine-buffers-anodized-gold/" "Mozilla/5.0 (iPhone; CPU iPhone OS 18_5 like Mac OS X) AppleWebKit/605.1.15 (KHTML, like Gecko) Version/18.5 Mobile/15E148 Safari/604.1"
140.248.0.1 - - [19/Jun/2025:15:47:30 -0400] "GET /wp-content/themes/lc-blank/style.css?ver=1727287791 HTTP/2.0" 200 1424 "https://pur-tungsten.com/product/h-h2-h3-ar-15-carbine-buffers-anodized-gold/" "Mozilla/5.0 (iPhone; CPU iPhone OS 18_5 like Mac OS X) AppleWebKit/605.1.15 (KHTML, like Gecko) Version/18.5 Mobile/15E148 Safari/604.1"
140.248.0.1 - - [19/Jun/2025:15:47:30 -0400] "GET /wp-content/plugins/woocommerce/assets/css/woocommerce-smallscreen.css?ver=9.1.4 HTTP/2.0" 200 1181 "https://pur-tungsten.com/product/h-h2-h3-ar-15-carbine-buffers-anodized-gold/" "Mozilla/5.0 (iPhone; CPU iPhone OS 18_5 like Mac OS X) AppleWebKit/605.1.15 (KHTML, like Gecko) Version/18.5 Mobile/15E148 Safari/604.1"
140.248.0.1 - - [19/Jun/2025:15:47:30 -0400] "GET /wp-content/plugins/newsletter/style.css?ver=8.4.7 HTTP/2.0" 200 1452 "https://pur-tungsten.com/product/h-h2-h3-ar-15-carbine-buffers-anodized-gold/" "Mozilla/5.0 (iPhone; CPU iPhone OS 18_5 like Mac OS X) AppleWebKit/605.1.15 (KHTML, like Gecko) Version/18.5 Mobile/15E148 Safari/604.1"
140.248.0.1 - - [19/Jun/2025:15:47:30 -0400] "GET /wp-content/plugins/woocommerce/assets/css/woocommerce-layout.css?ver=9.1.4 HTTP/2.0" 200 2573 "https://pur-tungsten.com/product/h-h2-h3-ar-15-carbine-buffers-anodized-gold/" "Mozilla/5.0 (iPhone; CPU iPhone OS 18_5 like Mac OS X) AppleWebKit/605.1.15 (KHTML, like Gecko) Version/18.5 Mobile/15E148 Safari/604.1"
140.248.0.1 - - [19/Jun/2025:15:47:30 -0400] "GET /wp-content/plugins/revslider/public/assets/css/rs6.css?ver=6.2.1 HTTP/2.0" 200 12160 "https://pur-tungsten.com/product/h-h2-h3-ar-15-carbine-buffers-anodized-gold/" "Mozilla/5.0 (iPhone; CPU iPhone OS 18_5 like Mac OS X) AppleWebKit/605.1.15 (KHTML, like Gecko) Version/18.5 Mobile/15E148 Safari/604.1"
