83.99.151.67 - - [19/Jun/2025:10:44:11 -0400] "GET /s/0292d5.js.gz HTTP/1.1" 200 310399 "-" "Mozilla/5.0 (X11; Linux x86_64) AppleWebKit/537.36 (KHTML, like Gecko; GeedoProductSearch; +https://geedo.com/product-search.html) Chrome/134.0.0.0 Safari/537.36"
83.99.151.68 - - [19/Jun/2025:10:44:31 -0400] "GET /s/0293c9.js.gz HTTP/1.1" 200 310400 "-" "Mozilla/5.0 (X11; Linux x86_64) AppleWebKit/537.36 (KHTML, like Gecko; GeedoProductSearch; +https://geedo.com/product-search.html) Chrome/134.0.0.0 Safari/537.36"
83.99.151.68 - - [19/Jun/2025:10:44:42 -0400] "GET /s/0463b5.js HTTP/1.1" 200 310400 "-" "Mozilla/5.0 (X11; Linux x86_64) AppleWebKit/537.36 (KHTML, like Gecko; GeedoProductSearch; +https://geedo.com/product-search.html) Chrome/134.0.0.0 Safari/537.36"
83.99.151.68 - - [19/Jun/2025:10:44:51 -0400] "GET /s/06fa19.js HTTP/1.1" 200 508125 "-" "Mozilla/5.0 (X11; Linux x86_64) AppleWebKit/537.36 (KHTML, like Gecko; GeedoProductSearch; +https://geedo.com/product-search.html) Chrome/134.0.0.0 Safari/537.36"
83.99.151.68 - - [19/Jun/2025:10:45:01 -0400] "GET /s/0a9a7d.js.gz HTTP/1.1" 200 310400 "-" "Mozilla/5.0 (X11; Linux x86_64) AppleWebKit/537.36 (KHTML, like Gecko; GeedoProductSearch; +https://geedo.com/product-search.html) Chrome/134.0.0.0 Safari/537.36"
83.99.151.68 - - [19/Jun/2025:10:45:11 -0400] "GET /s/03243a.js HTTP/1.1" 200 310399 "-" "Mozilla/5.0 (X11; Linux x86_64) AppleWebKit/537.36 (KHTML, like Gecko; GeedoProductSearch; +https://geedo.com/product-search.html) Chrome/134.0.0.0 Safari/537.36"
83.99.151.68 - - [19/Jun/2025:10:45:21 -0400] "GET /s/09fea6.js HTTP/1.1" 200 507635 "-" "Mozilla/5.0 (X11; Linux x86_64) AppleWebKit/537.36 (KHTML, like Gecko; GeedoProductSearch; +https://geedo.com/product-search.html) Chrome/134.0.0.0 Safari/537.36"
83.99.151.71 - - [19/Jun/2025:10:45:42 -0400] "GET /s/0dfd4e.js.gz HTTP/1.1" 200 310399 "-" "Mozilla/5.0 (X11; Linux x86_64) AppleWebKit/537.36 (KHTML, like Gecko; GeedoProductSearch; +https://geedo.com/product-search.html) Chrome/134.0.0.0 Safari/537.36"
83.99.151.71 - - [19/Jun/2025:10:45:52 -0400] "GET /s/005b88.js HTTP/1.1" 200 310399 "-" "Mozilla/5.0 (X11; Linux x86_64) AppleWebKit/537.36 (KHTML, like Gecko; GeedoProductSearch; +https://geedo.com/product-search.html) Chrome/134.0.0.0 Safari/537.36"
83.99.151.71 - - [19/Jun/2025:10:46:03 -0400] "GET /s/024065.js.gz HTTP/1.1" 200 310399 "-" "Mozilla/5.0 (X11; Linux x86_64) AppleWebKit/537.36 (KHTML, like Gecko; GeedoProductSearch; +https://geedo.com/product-search.html) Chrome/134.0.0.0 Safari/537.36"
23.108.16.64 - - [19/Jun/2025:10:46:04 -0400] "GET / HTTP/2.0" 200 22619 "-" "Mozilla/5.0 (Macintosh; Intel Mac OS X 10_15_7) AppleWebKit/537.36 (KHTML, like Gecko) Chrome/131.0.0.0 Safari/537.36"
83.99.151.71 - - [19/Jun/2025:10:46:12 -0400] "GET /s/04aa6e.js HTTP/1.1" 200 310400 "-" "Mozilla/5.0 (X11; Linux x86_64) AppleWebKit/537.36 (KHTML, like Gecko; GeedoProductSearch; +https://geedo.com/product-search.html) Chrome/134.0.0.0 Safari/537.36"
83.99.151.71 - - [19/Jun/2025:10:46:22 -0400] "GET /s/08bfbb.js.gz HTTP/1.1" 200 337970 "-" "Mozilla/5.0 (X11; Linux x86_64) AppleWebKit/537.36 (KHTML, like Gecko; GeedoProductSearch; +https://geedo.com/product-search.html) Chrome/134.0.0.0 Safari/537.36"
83.99.151.71 - - [19/Jun/2025:10:46:32 -0400] "GET /s/05d091.js HTTP/1.1" 200 310399 "-" "Mozilla/5.0 (X11; Linux x86_64) AppleWebKit/537.36 (KHTML, like Gecko; GeedoProductSearch; +https://geedo.com/product-search.html) Chrome/134.0.0.0 Safari/537.36"
23.105.144.152 - - [19/Jun/2025:10:46:34 -0400] "GET / HTTP/2.0" 200 22619 "-" "Mozilla/5.0 (Macintosh; Intel Mac OS X 10_15_7) AppleWebKit/537.36 (KHTML, like Gecko) Chrome/131.0.0.0 Safari/537.36"
83.99.151.70 - - [19/Jun/2025:10:46:53 -0400] "GET /s/0f1a67.js HTTP/1.1" 200 310399 "-" "Mozilla/5.0 (X11; Linux x86_64) AppleWebKit/537.36 (KHTML, like Gecko; GeedoProductSearch; +https://geedo.com/product-search.html) Chrome/134.0.0.0 Safari/537.36"
83.99.151.68 - - [19/Jun/2025:10:47:04 -0400] "GET /s/0e4085.js HTTP/1.1" 200 310400 "-" "Mozilla/5.0 (X11; Linux x86_64) AppleWebKit/537.36 (KHTML, like Gecko; GeedoProductSearch; +https://geedo.com/product-search.html) Chrome/134.0.0.0 Safari/537.36"
23.105.142.175 - - [19/Jun/2025:10:47:04 -0400] "GET / HTTP/2.0" 200 22619 "-" "Mozilla/5.0 (Macintosh; Intel Mac OS X 10_15_7) AppleWebKit/537.36 (KHTML, like Gecko) Chrome/131.0.0.0 Safari/537.36"
83.99.151.67 - - [19/Jun/2025:10:47:13 -0400] "GET /s/080b5f.js.gz HTTP/1.1" 200 310399 "-" "Mozilla/5.0 (X11; Linux x86_64) AppleWebKit/537.36 (KHTML, like Gecko; GeedoProductSearch; +https://geedo.com/product-search.html) Chrome/134.0.0.0 Safari/537.36"
83.99.151.68 - - [19/Jun/2025:10:47:23 -0400] "GET /s/0dfdd8.js HTTP/1.1" 200 310399 "-" "Mozilla/5.0 (X11; Linux x86_64) AppleWebKit/537.36 (KHTML, like Gecko; GeedoProductSearch; +https://geedo.com/product-search.html) Chrome/134.0.0.0 Safari/537.36"
83.99.151.68 - - [19/Jun/2025:10:47:34 -0400] "GET /s/047af4.js.gz HTTP/1.1" 200 310400 "-" "Mozilla/5.0 (X11; Linux x86_64) AppleWebKit/537.36 (KHTML, like Gecko; GeedoProductSearch; +https://geedo.com/product-search.html) Chrome/134.0.0.0 Safari/537.36"
23.81.70.58 - - [19/Jun/2025:10:47:34 -0400] "GET / HTTP/2.0" 200 22619 "-" "Mozilla/5.0 (Macintosh; Intel Mac OS X 10_15_7) AppleWebKit/537.36 (KHTML, like Gecko) Chrome/131.0.0.0 Safari/537.36"
83.99.151.68 - - [19/Jun/2025:10:47:43 -0400] "GET /s/0cb4b6.js HTTP/1.1" 200 310399 "-" "Mozilla/5.0 (X11; Linux x86_64) AppleWebKit/537.36 (KHTML, like Gecko; GeedoProductSearch; +https://geedo.com/product-search.html) Chrome/134.0.0.0 Safari/537.36"
83.99.151.69 - - [19/Jun/2025:10:48:04 -0400] "GET /s/0ac957.js HTTP/1.1" 200 338021 "-" "Mozilla/5.0 (X11; Linux x86_64) AppleWebKit/537.36 (KHTML, like Gecko; GeedoProductSearch; +https://geedo.com/product-search.html) Chrome/134.0.0.0 Safari/537.36"
83.99.151.69 - - [19/Jun/2025:10:48:15 -0400] "GET /s/055d30.js HTTP/1.1" 200 310400 "-" "Mozilla/5.0 (X11; Linux x86_64) AppleWebKit/537.36 (KHTML, like Gecko; GeedoProductSearch; +https://geedo.com/product-search.html) Chrome/134.0.0.0 Safari/537.36"
83.99.151.69 - - [19/Jun/2025:10:48:24 -0400] "GET /s/052966.js.gz HTTP/1.1" 200 508112 "-" "Mozilla/5.0 (X11; Linux x86_64) AppleWebKit/537.36 (KHTML, like Gecko; GeedoProductSearch; +https://geedo.com/product-search.html) Chrome/134.0.0.0 Safari/537.36"
83.99.151.69 - - [19/Jun/2025:10:48:34 -0400] "GET /s/0ab985.js HTTP/1.1" 200 310399 "-" "Mozilla/5.0 (X11; Linux x86_64) AppleWebKit/537.36 (KHTML, like Gecko; GeedoProductSearch; +https://geedo.com/product-search.html) Chrome/134.0.0.0 Safari/537.36"
83.99.151.69 - - [19/Jun/2025:10:48:45 -0400] "GET /s/042c37.js.gz HTTP/1.1" 200 310399 "-" "Mozilla/5.0 (X11; Linux x86_64) AppleWebKit/537.36 (KHTML, like Gecko; GeedoProductSearch; +https://geedo.com/product-search.html) Chrome/134.0.0.0 Safari/537.36"
83.99.151.69 - - [19/Jun/2025:10:48:54 -0400] "GET /s/02bc38.js HTTP/1.1" 200 338021 "-" "Mozilla/5.0 (X11; Linux x86_64) AppleWebKit/537.36 (KHTML, like Gecko; GeedoProductSearch; +https://geedo.com/product-search.html) Chrome/134.0.0.0 Safari/537.36"
168.227.181.70 - - [19/Jun/2025:10:49:01 -0400] "GET /product/tungsten-incremental-plate-weights/products/consumer-products/ HTTP/1.1" 200 9244 "-" "Mozilla/5.0 (Windows NT 10.0; Win64; x64) AppleWebKit/537.36 (KHTML, like Gecko) Chrome/121.0.0.0 Safari/537.36 Edg/121.0.0.0"
70.39.147.11 - - [19/Jun/2025:10:49:03 -0400] "POST /wp-cron.php?doing_wp_cron=1750344543.0264739990234375000000 HTTP/1.1" 200 - "-" "WordPress/6.6.2; https://pur-tungsten.com"
51.222.253.19 - - [19/Jun/2025:10:49:02 -0400] "GET /product/h-h2-h3-anodized-black-buffers/ HTTP/2.0" 200 17837 "-" "Mozilla/5.0 (compatible; AhrefsBot/7.0; +http://ahrefs.com/robot/)"
83.99.151.71 - - [19/Jun/2025:10:49:15 -0400] "GET /s/0bec76.js HTTP/1.1" 200 310400 "-" "Mozilla/5.0 (X11; Linux x86_64) AppleWebKit/537.36 (KHTML, like Gecko; GeedoProductSearch; +https://geedo.com/product-search.html) Chrome/134.0.0.0 Safari/537.36"
83.99.151.71 - - [19/Jun/2025:10:49:26 -0400] "GET /s/0f4145.js.gz HTTP/1.1" 200 431707 "-" "Mozilla/5.0 (X11; Linux x86_64) AppleWebKit/537.36 (KHTML, like Gecko; GeedoProductSearch; +https://geedo.com/product-search.html) Chrome/134.0.0.0 Safari/537.36"
83.99.151.65 - - [19/Jun/2025:10:49:35 -0400] "GET /s/0a123e.js.gz HTTP/1.1" 200 310400 "-" "Mozilla/5.0 (X11; Linux x86_64) AppleWebKit/537.36 (KHTML, like Gecko; GeedoProductSearch; +https://geedo.com/product-search.html) Chrome/134.0.0.0 Safari/537.36"
83.99.151.71 - - [19/Jun/2025:10:49:45 -0400] "GET /s/01937c.js HTTP/1.1" 200 310400 "-" "Mozilla/5.0 (X11; Linux x86_64) AppleWebKit/537.36 (KHTML, like Gecko; GeedoProductSearch; +https://geedo.com/product-search.html) Chrome/134.0.0.0 Safari/537.36"
83.99.151.71 - - [19/Jun/2025:10:49:56 -0400] "GET /s/0ff20f.js HTTP/1.1" 200 310398 "-" "Mozilla/5.0 (X11; Linux x86_64) AppleWebKit/537.36 (KHTML, like Gecko; GeedoProductSearch; +https://geedo.com/product-search.html) Chrome/134.0.0.0 Safari/537.36"
83.99.151.71 - - [19/Jun/2025:10:50:05 -0400] "GET /s/089068.js HTTP/1.1" 200 310421 "-" "Mozilla/5.0 (X11; Linux x86_64) AppleWebKit/537.36 (KHTML, like Gecko; GeedoProductSearch; +https://geedo.com/product-search.html) Chrome/134.0.0.0 Safari/537.36"
83.99.151.71 - - [19/Jun/2025:10:50:26 -0400] "GET /s/0b9678.js.gz HTTP/1.1" 200 431710 "-" "Mozilla/5.0 (X11; Linux x86_64) AppleWebKit/537.36 (KHTML, like Gecko; GeedoProductSearch; +https://geedo.com/product-search.html) Chrome/134.0.0.0 Safari/537.36"
83.99.151.69 - - [19/Jun/2025:10:50:37 -0400] "GET /s/007ebf.js HTTP/1.1" 200 312213 "-" "Mozilla/5.0 (X11; Linux x86_64) AppleWebKit/537.36 (KHTML, like Gecko; GeedoProductSearch; +https://geedo.com/product-search.html) Chrome/134.0.0.0 Safari/537.36"
83.99.151.69 - - [19/Jun/2025:10:50:46 -0400] "GET /s/029ff6.js HTTP/1.1" 200 310401 "-" "Mozilla/5.0 (X11; Linux x86_64) AppleWebKit/537.36 (KHTML, like Gecko; GeedoProductSearch; +https://geedo.com/product-search.html) Chrome/134.0.0.0 Safari/537.36"
83.99.151.69 - - [19/Jun/2025:10:50:56 -0400] "GET /s/09c210.js HTTP/1.1" 200 310400 "-" "Mozilla/5.0 (X11; Linux x86_64) AppleWebKit/537.36 (KHTML, like Gecko; GeedoProductSearch; +https://geedo.com/product-search.html) Chrome/134.0.0.0 Safari/537.36"
83.99.151.69 - - [19/Jun/2025:10:51:07 -0400] "GET /s/022db4.js HTTP/1.1" 200 310399 "-" "Mozilla/5.0 (X11; Linux x86_64) AppleWebKit/537.36 (KHTML, like Gecko; GeedoProductSearch; +https://geedo.com/product-search.html) Chrome/134.0.0.0 Safari/537.36"
83.99.151.69 - - [19/Jun/2025:10:51:16 -0400] "GET /s/0d4e33.js HTTP/1.1" 200 310400 "-" "Mozilla/5.0 (X11; Linux x86_64) AppleWebKit/537.36 (KHTML, like Gecko; GeedoProductSearch; +https://geedo.com/product-search.html) Chrome/134.0.0.0 Safari/537.36"
83.99.151.68 - - [19/Jun/2025:10:51:38 -0400] "GET /s/0ee9a9.js HTTP/1.1" 200 310401 "-" "Mozilla/5.0 (X11; Linux x86_64) AppleWebKit/537.36 (KHTML, like Gecko; GeedoProductSearch; +https://geedo.com/product-search.html) Chrome/134.0.0.0 Safari/537.36"
83.99.151.71 - - [19/Jun/2025:10:51:47 -0400] "GET /s/085654.js HTTP/1.1" 200 310398 "-" "Mozilla/5.0 (X11; Linux x86_64) AppleWebKit/537.36 (KHTML, like Gecko; GeedoProductSearch; +https://geedo.com/product-search.html) Chrome/134.0.0.0 Safari/537.36"
83.99.151.67 - - [19/Jun/2025:10:51:57 -0400] "GET /s/0e68f5.js.gz HTTP/1.1" 200 310399 "-" "Mozilla/5.0 (X11; Linux x86_64) AppleWebKit/537.36 (KHTML, like Gecko; GeedoProductSearch; +https://geedo.com/product-search.html) Chrome/134.0.0.0 Safari/537.36"
83.99.151.71 - - [19/Jun/2025:10:52:07 -0400] "GET /s/083144.js HTTP/1.1" 200 506789 "-" "Mozilla/5.0 (X11; Linux x86_64) AppleWebKit/537.36 (KHTML, like Gecko; GeedoProductSearch; +https://geedo.com/product-search.html) Chrome/134.0.0.0 Safari/537.36"
83.99.151.71 - - [19/Jun/2025:10:52:17 -0400] "GET /s/03e0ee.js.gz HTTP/1.1" 200 310424 "-" "Mozilla/5.0 (X11; Linux x86_64) AppleWebKit/537.36 (KHTML, like Gecko; GeedoProductSearch; +https://geedo.com/product-search.html) Chrome/134.0.0.0 Safari/537.36"
83.99.151.67 - - [19/Jun/2025:10:52:28 -0400] "GET /s/0bf42e.js.gz HTTP/1.1" 200 310399 "-" "Mozilla/5.0 (X11; Linux x86_64) AppleWebKit/537.36 (KHTML, like Gecko; GeedoProductSearch; +https://geedo.com/product-search.html) Chrome/134.0.0.0 Safari/537.36"
83.99.151.71 - - [19/Jun/2025:10:52:50 -0400] "GET /s/03bc32.js HTTP/1.1" 200 310398 "-" "Mozilla/5.0 (X11; Linux x86_64) AppleWebKit/537.36 (KHTML, like Gecko; GeedoProductSearch; +https://geedo.com/product-search.html) Chrome/134.0.0.0 Safari/537.36"
83.99.151.71 - - [19/Jun/2025:10:53:01 -0400] "GET /s/0bc278.js HTTP/1.1" 200 310399 "-" "Mozilla/5.0 (X11; Linux x86_64) AppleWebKit/537.36 (KHTML, like Gecko; GeedoProductSearch; +https://geedo.com/product-search.html) Chrome/134.0.0.0 Safari/537.36"
83.99.151.71 - - [19/Jun/2025:10:53:10 -0400] "GET /s/01521e.js.gz HTTP/1.1" 200 312206 "-" "Mozilla/5.0 (X11; Linux x86_64) AppleWebKit/537.36 (KHTML, like Gecko; GeedoProductSearch; +https://geedo.com/product-search.html) Chrome/134.0.0.0 Safari/537.36"
83.99.151.71 - - [19/Jun/2025:10:53:20 -0400] "GET /s/055515.js HTTP/1.1" 200 310399 "-" "Mozilla/5.0 (X11; Linux x86_64) AppleWebKit/537.36 (KHTML, like Gecko; GeedoProductSearch; +https://geedo.com/product-search.html) Chrome/134.0.0.0 Safari/537.36"
83.99.151.71 - - [19/Jun/2025:10:53:30 -0400] "GET /s/05b291.js HTTP/1.1" 200 310399 "-" "Mozilla/5.0 (X11; Linux x86_64) AppleWebKit/537.36 (KHTML, like Gecko; GeedoProductSearch; +https://geedo.com/product-search.html) Chrome/134.0.0.0 Safari/537.36"
83.99.151.71 - - [19/Jun/2025:10:53:40 -0400] "GET /s/09d0b8.js.gz HTTP/1.1" 200 310399 "-" "Mozilla/5.0 (X11; Linux x86_64) AppleWebKit/537.36 (KHTML, like Gecko; GeedoProductSearch; +https://geedo.com/product-search.html) Chrome/134.0.0.0 Safari/537.36"
83.99.151.67 - - [19/Jun/2025:10:54:01 -0400] "GET /s/02a67c.js.gz HTTP/1.1" 200 310400 "-" "Mozilla/5.0 (X11; Linux x86_64) AppleWebKit/537.36 (KHTML, like Gecko; GeedoProductSearch; +https://geedo.com/product-search.html) Chrome/134.0.0.0 Safari/537.36"
83.99.151.69 - - [19/Jun/2025:10:54:11 -0400] "GET /s/064c2d.js.gz HTTP/1.1" 200 310398 "-" "Mozilla/5.0 (X11; Linux x86_64) AppleWebKit/537.36 (KHTML, like Gecko; GeedoProductSearch; +https://geedo.com/product-search.html) Chrome/134.0.0.0 Safari/537.36"
83.99.151.65 - - [19/Jun/2025:10:54:22 -0400] "GET /s/02e3d5.js.gz HTTP/1.1" 200 310400 "-" "Mozilla/5.0 (X11; Linux x86_64) AppleWebKit/537.36 (KHTML, like Gecko; GeedoProductSearch; +https://geedo.com/product-search.html) Chrome/134.0.0.0 Safari/537.36"
83.99.151.66 - - [19/Jun/2025:10:54:31 -0400] "GET /s/04c156.js HTTP/1.1" 200 310400 "-" "Mozilla/5.0 (X11; Linux x86_64) AppleWebKit/537.36 (KHTML, like Gecko; GeedoProductSearch; +https://geedo.com/product-search.html) Chrome/134.0.0.0 Safari/537.36"
83.99.151.69 - - [19/Jun/2025:10:54:42 -0400] "GET /s/0d2471.js HTTP/1.1" 200 310399 "-" "Mozilla/5.0 (X11; Linux x86_64) AppleWebKit/537.36 (KHTML, like Gecko; GeedoProductSearch; +https://geedo.com/product-search.html) Chrome/134.0.0.0 Safari/537.36"
83.99.151.66 - - [19/Jun/2025:10:54:51 -0400] "GET /s/0668bd.js.gz HTTP/1.1" 200 310400 "-" "Mozilla/5.0 (X11; Linux x86_64) AppleWebKit/537.36 (KHTML, like Gecko; GeedoProductSearch; +https://geedo.com/product-search.html) Chrome/134.0.0.0 Safari/537.36"
83.99.151.66 - - [19/Jun/2025:10:55:13 -0400] "GET /s/04c78b.js HTTP/1.1" 200 310399 "-" "Mozilla/5.0 (X11; Linux x86_64) AppleWebKit/537.36 (KHTML, like Gecko; GeedoProductSearch; +https://geedo.com/product-search.html) Chrome/134.0.0.0 Safari/537.36"
83.99.151.65 - - [19/Jun/2025:10:55:22 -0400] "GET /s/063675.js HTTP/1.1" 200 310398 "-" "Mozilla/5.0 (X11; Linux x86_64) AppleWebKit/537.36 (KHTML, like Gecko; GeedoProductSearch; +https://geedo.com/product-search.html) Chrome/134.0.0.0 Safari/537.36"
83.99.151.66 - - [19/Jun/2025:10:55:32 -0400] "GET /s/0f160a.js HTTP/1.1" 200 310400 "-" "Mozilla/5.0 (X11; Linux x86_64) AppleWebKit/537.36 (KHTML, like Gecko; GeedoProductSearch; +https://geedo.com/product-search.html) Chrome/134.0.0.0 Safari/537.36"
83.99.151.66 - - [19/Jun/2025:10:55:42 -0400] "GET /s/0bb95b.js.gz HTTP/1.1" 200 310398 "-" "Mozilla/5.0 (X11; Linux x86_64) AppleWebKit/537.36 (KHTML, like Gecko; GeedoProductSearch; +https://geedo.com/product-search.html) Chrome/134.0.0.0 Safari/537.36"
83.99.151.68 - - [19/Jun/2025:10:55:52 -0400] "GET /s/04a35f.js HTTP/1.1" 200 310400 "-" "Mozilla/5.0 (X11; Linux x86_64) AppleWebKit/537.36 (KHTML, like Gecko; GeedoProductSearch; +https://geedo.com/product-search.html) Chrome/134.0.0.0 Safari/537.36"
83.99.151.66 - - [19/Jun/2025:10:56:02 -0400] "GET /s/06db57.js HTTP/1.1" 200 310398 "-" "Mozilla/5.0 (X11; Linux x86_64) AppleWebKit/537.36 (KHTML, like Gecko; GeedoProductSearch; +https://geedo.com/product-search.html) Chrome/134.0.0.0 Safari/537.36"
83.99.151.66 - - [19/Jun/2025:10:56:23 -0400] "GET /s/0207ba.js.gz HTTP/1.1" 200 310400 "-" "Mozilla/5.0 (X11; Linux x86_64) AppleWebKit/537.36 (KHTML, like Gecko; GeedoProductSearch; +https://geedo.com/product-search.html) Chrome/134.0.0.0 Safari/537.36"
83.99.151.66 - - [19/Jun/2025:10:56:34 -0400] "GET /s/015bf9.js HTTP/1.1" 200 310418 "-" "Mozilla/5.0 (X11; Linux x86_64) AppleWebKit/537.36 (KHTML, like Gecko; GeedoProductSearch; +https://geedo.com/product-search.html) Chrome/134.0.0.0 Safari/537.36"
83.99.151.66 - - [19/Jun/2025:10:56:43 -0400] "GET /s/09db26.js.gz HTTP/1.1" 200 310398 "-" "Mozilla/5.0 (X11; Linux x86_64) AppleWebKit/537.36 (KHTML, like Gecko; GeedoProductSearch; +https://geedo.com/product-search.html) Chrome/134.0.0.0 Safari/537.36"
83.99.151.66 - - [19/Jun/2025:10:56:53 -0400] "GET /s/026a06.js.gz HTTP/1.1" 200 310399 "-" "Mozilla/5.0 (X11; Linux x86_64) AppleWebKit/537.36 (KHTML, like Gecko; GeedoProductSearch; +https://geedo.com/product-search.html) Chrome/134.0.0.0 Safari/537.36"
83.99.151.66 - - [19/Jun/2025:10:57:04 -0400] "GET /s/00178e.js.gz HTTP/1.1" 200 310400 "-" "Mozilla/5.0 (X11; Linux x86_64) AppleWebKit/537.36 (KHTML, like Gecko; GeedoProductSearch; +https://geedo.com/product-search.html) Chrome/134.0.0.0 Safari/537.36"
83.99.151.69 - - [19/Jun/2025:10:57:13 -0400] "GET /s/02083d.js.gz HTTP/1.1" 200 310397 "-" "Mozilla/5.0 (X11; Linux x86_64) AppleWebKit/537.36 (KHTML, like Gecko; GeedoProductSearch; +https://geedo.com/product-search.html) Chrome/134.0.0.0 Safari/537.36"
83.99.151.71 - - [19/Jun/2025:10:57:35 -0400] "GET /s/032df4.js.gz HTTP/1.1" 200 310434 "-" "Mozilla/5.0 (X11; Linux x86_64) AppleWebKit/537.36 (KHTML, like Gecko; GeedoProductSearch; +https://geedo.com/product-search.html) Chrome/134.0.0.0 Safari/537.36"
83.99.151.69 - - [19/Jun/2025:10:57:45 -0400] "GET /s/07c164.js.gz HTTP/1.1" 200 310399 "-" "Mozilla/5.0 (X11; Linux x86_64) AppleWebKit/537.36 (KHTML, like Gecko; GeedoProductSearch; +https://geedo.com/product-search.html) Chrome/134.0.0.0 Safari/537.36"
83.99.151.69 - - [19/Jun/2025:10:57:56 -0400] "GET /s/057136.js HTTP/1.1" 200 310397 "-" "Mozilla/5.0 (X11; Linux x86_64) AppleWebKit/537.36 (KHTML, like Gecko; GeedoProductSearch; +https://geedo.com/product-search.html) Chrome/134.0.0.0 Safari/537.36"
44.211.145.154 - - [19/Jun/2025:10:57:57 -0400] "HEAD /product/tungsten-carbide-circular-saw-blades/ HTTP/1.1" 200 - "-" "Mozilla/5.0 (X11; Linux x86_64) AppleWebKit/537.36 (KHTML, like Gecko) Chrome/124.0.6367.145 Safari/537.36"
70.39.147.11 - - [19/Jun/2025:10:57:59 -0400] "POST /wp-cron.php?doing_wp_cron=1750345079.8686039447784423828125 HTTP/1.1" 200 - "-" "WordPress/6.6.2; https://pur-tungsten.com"
44.211.145.154 - - [19/Jun/2025:10:58:00 -0400] "HEAD /products/industrial-products/ HTTP/1.1" 200 - "-" "Mozilla/5.0 (X11; Linux x86_64) AppleWebKit/537.36 (KHTML, like Gecko) Chrome/124.0.6367.145 Safari/537.36"
83.99.151.69 - - [19/Jun/2025:10:58:05 -0400] "GET /s/0f7b4b.js HTTP/1.1" 200 310399 "-" "Mozilla/5.0 (X11; Linux x86_64) AppleWebKit/537.36 (KHTML, like Gecko; GeedoProductSearch; +https://geedo.com/product-search.html) Chrome/134.0.0.0 Safari/537.36"
83.99.151.69 - - [19/Jun/2025:10:58:15 -0400] "GET /s/0e2ff8.js HTTP/1.1" 200 552221 "-" "Mozilla/5.0 (X11; Linux x86_64) AppleWebKit/537.36 (KHTML, like Gecko; GeedoProductSearch; +https://geedo.com/product-search.html) Chrome/134.0.0.0 Safari/537.36"
83.99.151.67 - - [19/Jun/2025:10:58:26 -0400] "GET /s/0c54cc.js.gz HTTP/1.1" 200 508665 "-" "Mozilla/5.0 (X11; Linux x86_64) AppleWebKit/537.36 (KHTML, like Gecko; GeedoProductSearch; +https://geedo.com/product-search.html) Chrome/134.0.0.0 Safari/537.36"
83.99.151.66 - - [19/Jun/2025:10:58:48 -0400] "GET /s/000b1c.js HTTP/1.1" 200 310399 "-" "Mozilla/5.0 (X11; Linux x86_64) AppleWebKit/537.36 (KHTML, like Gecko; GeedoProductSearch; +https://geedo.com/product-search.html) Chrome/134.0.0.0 Safari/537.36"
83.99.151.66 - - [19/Jun/2025:10:58:58 -0400] "GET /s/06d8f0.js HTTP/1.1" 200 310399 "-" "Mozilla/5.0 (X11; Linux x86_64) AppleWebKit/537.36 (KHTML, like Gecko; GeedoProductSearch; +https://geedo.com/product-search.html) Chrome/134.0.0.0 Safari/537.36"
40.77.167.131 - - [19/Jun/2025:10:59:03 -0400] "GET /product/tungsten-round-ball-drop-shot-fishing-sinkers/feed/ HTTP/2.0" 200 828 "-" "Mozilla/5.0 AppleWebKit/537.36 (KHTML, like Gecko; compatible; bingbot/2.0; +http://www.bing.com/bingbot.htm) Chrome/116.0.1938.76 Safari/537.36"
70.39.147.11 - - [19/Jun/2025:10:59:05 -0400] "POST /wp-cron.php?doing_wp_cron=1750345145.7538640499114990234375 HTTP/1.1" 200 - "-" "WordPress/6.6.2; https://pur-tungsten.com"
83.99.151.71 - - [19/Jun/2025:10:59:09 -0400] "GET /s/08914b.js.gz HTTP/1.1" 200 310400 "-" "Mozilla/5.0 (X11; Linux x86_64) AppleWebKit/537.36 (KHTML, like Gecko; GeedoProductSearch; +https://geedo.com/product-search.html) Chrome/134.0.0.0 Safari/537.36"
83.99.151.66 - - [19/Jun/2025:10:59:18 -0400] "GET /s/0d9003.js HTTP/1.1" 200 310398 "-" "Mozilla/5.0 (X11; Linux x86_64) AppleWebKit/537.36 (KHTML, like Gecko; GeedoProductSearch; +https://geedo.com/product-search.html) Chrome/134.0.0.0 Safari/537.36"
83.99.151.66 - - [19/Jun/2025:10:59:28 -0400] "GET /s/05a136.js HTTP/1.1" 200 310400 "-" "Mozilla/5.0 (X11; Linux x86_64) AppleWebKit/537.36 (KHTML, like Gecko; GeedoProductSearch; +https://geedo.com/product-search.html) Chrome/134.0.0.0 Safari/537.36"
83.99.151.66 - - [19/Jun/2025:10:59:39 -0400] "GET /s/0acf97.js.gz HTTP/1.1" 200 310400 "-" "Mozilla/5.0 (X11; Linux x86_64) AppleWebKit/537.36 (KHTML, like Gecko; GeedoProductSearch; +https://geedo.com/product-search.html) Chrome/134.0.0.0 Safari/537.36"
83.99.151.69 - - [19/Jun/2025:11:00:01 -0400] "GET /s/0feb5c.js.gz HTTP/1.1" 200 310400 "-" "Mozilla/5.0 (X11; Linux x86_64) AppleWebKit/537.36 (KHTML, like Gecko; GeedoProductSearch; +https://geedo.com/product-search.html) Chrome/134.0.0.0 Safari/537.36"
70.39.147.11 - - [19/Jun/2025:11:00:02 -0400] "POST /wp-cron.php?doing_wp_cron=1750345202.1914649009704589843750 HTTP/1.1" 200 - "-" "WordPress/6.6.2; https://pur-tungsten.com"
51.222.253.12 - - [19/Jun/2025:11:00:00 -0400] "GET /product/ar-308-anodized-buffer-2-2oz/ HTTP/2.0" 200 16450 "-" "Mozilla/5.0 (compatible; AhrefsBot/7.0; +http://ahrefs.com/robot/)"
83.99.151.69 - - [19/Jun/2025:11:00:10 -0400] "GET /s/06bac2.js.gz HTTP/1.1" 200 508106 "-" "Mozilla/5.0 (X11; Linux x86_64) AppleWebKit/537.36 (KHTML, like Gecko; GeedoProductSearch; +https://geedo.com/product-search.html) Chrome/134.0.0.0 Safari/537.36"
83.99.151.69 - - [19/Jun/2025:11:00:20 -0400] "GET /s/015b01.js.gz HTTP/1.1" 200 310398 "-" "Mozilla/5.0 (X11; Linux x86_64) AppleWebKit/537.36 (KHTML, like Gecko; GeedoProductSearch; +https://geedo.com/product-search.html) Chrome/134.0.0.0 Safari/537.36"
83.99.151.69 - - [19/Jun/2025:11:00:30 -0400] "GET /s/0907a3.js HTTP/1.1" 200 506237 "-" "Mozilla/5.0 (X11; Linux x86_64) AppleWebKit/537.36 (KHTML, like Gecko; GeedoProductSearch; +https://geedo.com/product-search.html) Chrome/134.0.0.0 Safari/537.36"
83.99.151.69 - - [19/Jun/2025:11:00:41 -0400] "GET /s/0f5b8d.js HTTP/1.1" 200 310400 "-" "Mozilla/5.0 (X11; Linux x86_64) AppleWebKit/537.36 (KHTML, like Gecko; GeedoProductSearch; +https://geedo.com/product-search.html) Chrome/134.0.0.0 Safari/537.36"
83.99.151.69 - - [19/Jun/2025:11:00:50 -0400] "GET /s/08596d.js.gz HTTP/1.1" 200 507618 "-" "Mozilla/5.0 (X11; Linux x86_64) AppleWebKit/537.36 (KHTML, like Gecko; GeedoProductSearch; +https://geedo.com/product-search.html) Chrome/134.0.0.0 Safari/537.36"
83.99.151.71 - - [19/Jun/2025:11:01:12 -0400] "GET /s/0c2056.js HTTP/1.1" 200 310399 "-" "Mozilla/5.0 (X11; Linux x86_64) AppleWebKit/537.36 (KHTML, like Gecko; GeedoProductSearch; +https://geedo.com/product-search.html) Chrome/134.0.0.0 Safari/537.36"
83.99.151.71 - - [19/Jun/2025:11:01:22 -0400] "GET /s/010e38.js.gz HTTP/1.1" 200 310400 "-" "Mozilla/5.0 (X11; Linux x86_64) AppleWebKit/537.36 (KHTML, like Gecko; GeedoProductSearch; +https://geedo.com/product-search.html) Chrome/134.0.0.0 Safari/537.36"
83.99.151.71 - - [19/Jun/2025:11:01:33 -0400] "GET /s/010d52.js.gz HTTP/1.1" 200 310398 "-" "Mozilla/5.0 (X11; Linux x86_64) AppleWebKit/537.36 (KHTML, like Gecko; GeedoProductSearch; +https://geedo.com/product-search.html) Chrome/134.0.0.0 Safari/537.36"
83.99.151.71 - - [19/Jun/2025:11:01:42 -0400] "GET /s/071ceb.js.gz HTTP/1.1" 200 310399 "-" "Mozilla/5.0 (X11; Linux x86_64) AppleWebKit/537.36 (KHTML, like Gecko; GeedoProductSearch; +https://geedo.com/product-search.html) Chrome/134.0.0.0 Safari/537.36"
52.167.144.136 - - [19/Jun/2025:11:01:43 -0400] "GET /s/img/wp-content/uploads/2020/02/30zBufferGold-810x767.jpg HTTP/2.0" 200 55131 "-" "Mozilla/5.0 AppleWebKit/537.36 (KHTML, like Gecko; compatible; bingbot/2.0; +http://www.bing.com/bingbot.htm) Chrome/116.0.1938.76 Safari/537.36"
83.99.151.70 - - [19/Jun/2025:11:01:52 -0400] "GET /s/0a75da.js.gz HTTP/1.1" 200 310399 "-" "Mozilla/5.0 (X11; Linux x86_64) AppleWebKit/537.36 (KHTML, like Gecko; GeedoProductSearch; +https://geedo.com/product-search.html) Chrome/134.0.0.0 Safari/537.36"
83.99.151.71 - - [19/Jun/2025:11:02:02 -0400] "GET /s/0d6160.js.gz HTTP/1.1" 200 310398 "-" "Mozilla/5.0 (X11; Linux x86_64) AppleWebKit/537.36 (KHTML, like Gecko; GeedoProductSearch; +https://geedo.com/product-search.html) Chrome/134.0.0.0 Safari/537.36"
83.99.151.68 - - [19/Jun/2025:11:02:23 -0400] "GET /s/02e4aa.js HTTP/1.1" 200 310400 "-" "Mozilla/5.0 (X11; Linux x86_64) AppleWebKit/537.36 (KHTML, like Gecko; GeedoProductSearch; +https://geedo.com/product-search.html) Chrome/134.0.0.0 Safari/537.36"
83.99.151.68 - - [19/Jun/2025:11:02:32 -0400] "GET /s/0b80d3.js HTTP/1.1" 200 310399 "-" "Mozilla/5.0 (X11; Linux x86_64) AppleWebKit/537.36 (KHTML, like Gecko; GeedoProductSearch; +https://geedo.com/product-search.html) Chrome/134.0.0.0 Safari/537.36"
83.99.151.68 - - [19/Jun/2025:11:02:42 -0400] "GET /s/05ff89.js.gz HTTP/1.1" 200 310399 "-" "Mozilla/5.0 (X11; Linux x86_64) AppleWebKit/537.36 (KHTML, like Gecko; GeedoProductSearch; +https://geedo.com/product-search.html) Chrome/134.0.0.0 Safari/537.36"
83.99.151.68 - - [19/Jun/2025:11:02:53 -0400] "GET /s/02259c.js HTTP/1.1" 200 310398 "-" "Mozilla/5.0 (X11; Linux x86_64) AppleWebKit/537.36 (KHTML, like Gecko; GeedoProductSearch; +https://geedo.com/product-search.html) Chrome/134.0.0.0 Safari/537.36"
192.178.16.96 - - [19/Jun/2025:11:03:25 -0400] "GET /product/tungsten-round-ball-drop-shot-fishing-sinkers/ HTTP/1.1" 200 16106 "-" "Mozilla/5.0 AppleWebKit/537.36 (KHTML, like Gecko) Chrome/137.0.7151.68 Safari/537.36"
192.178.16.105 - - [19/Jun/2025:11:03:29 -0400] "GET /s/661c7b.css HTTP/1.1" 200 32263 "https://pur-tungsten.com/product/tungsten-round-ball-drop-shot-fishing-sinkers/" "Mozilla/5.0 AppleWebKit/537.36 (KHTML, like Gecko) Chrome/137.0.7151.68 Safari/537.36"
70.39.147.11 - - [19/Jun/2025:11:03:27 -0400] "POST /wp-cron.php?doing_wp_cron=1750345407.7009389400482177734375 HTTP/1.1" 200 - "-" "WordPress/6.6.2; https://pur-tungsten.com"
192.178.16.97 - - [19/Jun/2025:11:03:29 -0400] "GET /s/82f1d4.css HTTP/1.1" 200 2717 "https://pur-tungsten.com/product/tungsten-round-ball-drop-shot-fishing-sinkers/" "Mozilla/5.0 AppleWebKit/537.36 (KHTML, like Gecko) Chrome/137.0.7151.68 Safari/537.36"
192.178.16.96 - - [19/Jun/2025:11:03:30 -0400] "GET /s/0d9c36.css HTTP/1.1" 200 12650 "https://pur-tungsten.com/product/tungsten-round-ball-drop-shot-fishing-sinkers/" "Mozilla/5.0 AppleWebKit/537.36 (KHTML, like Gecko) Chrome/137.0.7151.68 Safari/537.36"
192.178.16.105 - - [19/Jun/2025:11:03:30 -0400] "GET /s/ed70e8.css HTTP/1.1" 200 14637 "https://pur-tungsten.com/product/tungsten-round-ball-drop-shot-fishing-sinkers/" "Mozilla/5.0 AppleWebKit/537.36 (KHTML, like Gecko) Chrome/137.0.7151.68 Safari/537.36"
192.178.16.96 - - [19/Jun/2025:11:03:31 -0400] "GET /s/e4f995.css HTTP/1.1" 200 2536 "https://pur-tungsten.com/product/tungsten-round-ball-drop-shot-fishing-sinkers/" "Mozilla/5.0 AppleWebKit/537.36 (KHTML, like Gecko) Chrome/137.0.7151.68 Safari/537.36"
192.178.16.96 - - [19/Jun/2025:11:03:31 -0400] "GET /s/img/wp-content/uploads/2021/07/pur_tungsten_header_logo-166x90.png HTTP/1.1" 200 11081 "https://pur-tungsten.com/product/tungsten-round-ball-drop-shot-fishing-sinkers/" "Mozilla/5.0 AppleWebKit/537.36 (KHTML, like Gecko) Chrome/137.0.7151.68 Safari/537.36"
192.178.16.96 - - [19/Jun/2025:11:03:32 -0400] "GET /s/img/wp-content/uploads/2018/01/RB4pk-810x810.jpg HTTP/1.1" 200 91624 "https://pur-tungsten.com/product/tungsten-round-ball-drop-shot-fishing-sinkers/" "Mozilla/5.0 AppleWebKit/537.36 (KHTML, like Gecko) Chrome/137.0.7151.68 Safari/537.36"
192.178.16.96 - - [19/Jun/2025:11:03:32 -0400] "GET /s/6c1864.css HTTP/1.1" 200 3955 "https://pur-tungsten.com/product/tungsten-round-ball-drop-shot-fishing-sinkers/" "Mozilla/5.0 AppleWebKit/537.36 (KHTML, like Gecko) Chrome/137.0.7151.68 Safari/537.36"
192.178.16.105 - - [19/Jun/2025:11:03:33 -0400] "GET /s/img/wp-content/uploads/2018/01/iNATURAL_ROUND_BALL_DROP_SHOTS-100x100.jpg HTTP/1.1" 200 1754 "https://pur-tungsten.com/product/tungsten-round-ball-drop-shot-fishing-sinkers/" "Mozilla/5.0 AppleWebKit/537.36 (KHTML, like Gecko) Chrome/137.0.7151.68 Safari/537.36"
192.178.16.96 - - [19/Jun/2025:11:03:33 -0400] "GET /wp-content/uploads/2018/01/RB4pk.jpg HTTP/1.1" 200 278651 "https://pur-tungsten.com/product/tungsten-round-ball-drop-shot-fishing-sinkers/" "Mozilla/5.0 AppleWebKit/537.36 (KHTML, like Gecko) Chrome/137.0.7151.68 Safari/537.36"
192.178.16.96 - - [19/Jun/2025:11:03:34 -0400] "GET /wp-content/plugins/live-composer-page-builder/css/font/fontawesome-webfont.woff HTTP/1.1" 200 97913 "https://pur-tungsten.com/s/661c7b.css" "Mozilla/5.0 AppleWebKit/537.36 (KHTML, like Gecko) Chrome/137.0.7151.68 Safari/537.36"
192.178.16.105 - - [19/Jun/2025:11:03:34 -0400] "GET /s/55fc3f.js HTTP/1.1" 200 25523 "https://pur-tungsten.com/product/tungsten-round-ball-drop-shot-fishing-sinkers/" "Mozilla/5.0 AppleWebKit/537.36 (KHTML, like Gecko) Chrome/137.0.7151.68 Safari/537.36"
192.178.16.105 - - [19/Jun/2025:11:03:35 -0400] "GET /s/0a4155.js HTTP/1.1" 200 312198 "https://pur-tungsten.com/product/tungsten-round-ball-drop-shot-fishing-sinkers/" "Mozilla/5.0 AppleWebKit/537.36 (KHTML, like Gecko) Chrome/137.0.7151.68 Safari/537.36"
83.99.151.71 - - [19/Jun/2025:11:03:36 -0400] "GET /s/0f31e7.js.gz HTTP/1.1" 200 310400 "-" "Mozilla/5.0 (X11; Linux x86_64) AppleWebKit/537.36 (KHTML, like Gecko; GeedoProductSearch; +https://geedo.com/product-search.html) Chrome/134.0.0.0 Safari/537.36"
83.99.151.71 - - [19/Jun/2025:11:03:46 -0400] "GET /s/004929.js HTTP/1.1" 200 506825 "-" "Mozilla/5.0 (X11; Linux x86_64) AppleWebKit/537.36 (KHTML, like Gecko; GeedoProductSearch; +https://geedo.com/product-search.html) Chrome/134.0.0.0 Safari/537.36"
83.99.151.71 - - [19/Jun/2025:11:03:54 -0400] "GET /s/004d48.js.gz HTTP/1.1" 200 310400 "-" "Mozilla/5.0 (X11; Linux x86_64) AppleWebKit/537.36 (KHTML, like Gecko; GeedoProductSearch; +https://geedo.com/product-search.html) Chrome/134.0.0.0 Safari/537.36"
192.178.16.105 - - [19/Jun/2025:11:04:04 -0400] "GET /s/img/wp-content/uploads/2017/12/FW1pk-270x178.jpg HTTP/1.1" 200 12052 "https://pur-tungsten.com/product/tungsten-round-ball-drop-shot-fishing-sinkers/" "Mozilla/5.0 AppleWebKit/537.36 (KHTML, like Gecko) Chrome/137.0.7151.68 Safari/537.36"
83.99.151.71 - - [19/Jun/2025:11:04:04 -0400] "GET /s/00b1ce.js.gz HTTP/1.1" 200 337847 "-" "Mozilla/5.0 (X11; Linux x86_64) AppleWebKit/537.36 (KHTML, like Gecko; GeedoProductSearch; +https://geedo.com/product-search.html) Chrome/134.0.0.0 Safari/537.36"
192.178.16.105 - - [19/Jun/2025:11:04:05 -0400] "GET /s/img/wp-content/uploads/2021/07/Pur_Tunngsten_logo_PNG_NEW.png HTTP/1.1" 200 58916 "https://pur-tungsten.com/product/tungsten-round-ball-drop-shot-fishing-sinkers/" "Mozilla/5.0 AppleWebKit/537.36 (KHTML, like Gecko) Chrome/137.0.7151.68 Safari/537.36"
192.178.16.96 - - [19/Jun/2025:11:04:05 -0400] "GET /s/img/wp-content/uploads/2018/01/iBLACK_FLIPPIN_WEIGHTS-270x178.jpg HTTP/1.1" 200 4597 "https://pur-tungsten.com/product/tungsten-round-ball-drop-shot-fishing-sinkers/" "Mozilla/5.0 AppleWebKit/537.36 (KHTML, like Gecko) Chrome/137.0.7151.68 Safari/537.36"
192.178.16.97 - - [19/Jun/2025:11:04:06 -0400] "GET /s/img/wp-content/uploads/2017/12/GREEN_WORM_WEIGHTS-270x178.jpg HTTP/1.1" 200 4543 "https://pur-tungsten.com/product/tungsten-round-ball-drop-shot-fishing-sinkers/" "Mozilla/5.0 AppleWebKit/537.36 (KHTML, like Gecko) Chrome/137.0.7151.68 Safari/537.36"
192.178.16.105 - - [19/Jun/2025:11:04:06 -0400] "GET /s/img/wp-content/uploads/2020/04/itar-208x178.png HTTP/1.1" 200 25912 "https://pur-tungsten.com/product/tungsten-round-ball-drop-shot-fishing-sinkers/" "Mozilla/5.0 AppleWebKit/537.36 (KHTML, like Gecko) Chrome/137.0.7151.68 Safari/537.36"
192.178.16.96 - - [19/Jun/2025:11:04:07 -0400] "GET /s/img/wp-content/uploads/2018/01/skinny-270x178.jpg HTTP/1.1" 200 9458 "https://pur-tungsten.com/product/tungsten-round-ball-drop-shot-fishing-sinkers/" "Mozilla/5.0 AppleWebKit/537.36 (KHTML, like Gecko) Chrome/137.0.7151.68 Safari/537.36"
196.251.73.55 - - [19/Jun/2025:11:04:08 -0400] "GET //wp-content/plugins/fix/up.php HTTP/1.1" 301 - "-" "Mozilla/5.0 (Windows NT 10.0; Win64; x64) AppleWebKit/537.36 (KHTML, like Gecko) Chrome/85.0.4183.102 Safari/537.36"
196.251.73.55 - - [19/Jun/2025:11:04:10 -0400] "GET /wp-content/plugins/fix/up.php HTTP/1.1" 200 9245 "-" "Mozilla/5.0 (Windows NT 10.0; Win64; x64) AppleWebKit/537.36 (KHTML, like Gecko) Chrome/85.0.4183.102 Safari/537.36"
83.99.151.71 - - [19/Jun/2025:11:04:14 -0400] "GET /s/07456e.js.gz HTTP/1.1" 200 310399 "-" "Mozilla/5.0 (X11; Linux x86_64) AppleWebKit/537.36 (KHTML, like Gecko; GeedoProductSearch; +https://geedo.com/product-search.html) Chrome/134.0.0.0 Safari/537.36"
83.99.151.71 - - [19/Jun/2025:11:04:24 -0400] "GET /s/0aa5fc.js.gz HTTP/1.1" 200 310434 "-" "Mozilla/5.0 (X11; Linux x86_64) AppleWebKit/537.36 (KHTML, like Gecko; GeedoProductSearch; +https://geedo.com/product-search.html) Chrome/134.0.0.0 Safari/537.36"
83.99.151.71 - - [19/Jun/2025:11:04:34 -0400] "GET /s/0da9df.js.gz HTTP/1.1" 200 552221 "-" "Mozilla/5.0 (X11; Linux x86_64) AppleWebKit/537.36 (KHTML, like Gecko; GeedoProductSearch; +https://geedo.com/product-search.html) Chrome/134.0.0.0 Safari/537.36"
83.99.151.65 - - [19/Jun/2025:11:04:45 -0400] "GET /s/0843f9.js.gz HTTP/1.1" 200 337848 "-" "Mozilla/5.0 (X11; Linux x86_64) AppleWebKit/537.36 (KHTML, like Gecko; GeedoProductSearch; +https://geedo.com/product-search.html) Chrome/134.0.0.0 Safari/537.36"
83.99.151.71 - - [19/Jun/2025:11:04:54 -0400] "GET /s/0bc6d5.js.gz HTTP/1.1" 200 310400 "-" "Mozilla/5.0 (X11; Linux x86_64) AppleWebKit/537.36 (KHTML, like Gecko; GeedoProductSearch; +https://geedo.com/product-search.html) Chrome/134.0.0.0 Safari/537.36"
83.99.151.71 - - [19/Jun/2025:11:05:04 -0400] "GET /s/0fd134.js HTTP/1.1" 200 310399 "-" "Mozilla/5.0 (X11; Linux x86_64) AppleWebKit/537.36 (KHTML, like Gecko; GeedoProductSearch; +https://geedo.com/product-search.html) Chrome/134.0.0.0 Safari/537.36"
83.99.151.71 - - [19/Jun/2025:11:05:15 -0400] "GET /s/00e05c.js.gz HTTP/1.1" 200 552217 "-" "Mozilla/5.0 (X11; Linux x86_64) AppleWebKit/537.36 (KHTML, like Gecko; GeedoProductSearch; +https://geedo.com/product-search.html) Chrome/134.0.0.0 Safari/537.36"
83.99.151.66 - - [19/Jun/2025:11:05:25 -0400] "GET /s/0a713a.js.gz HTTP/1.1" 200 312421 "-" "Mozilla/5.0 (X11; Linux x86_64) AppleWebKit/537.36 (KHTML, like Gecko; GeedoProductSearch; +https://geedo.com/product-search.html) Chrome/134.0.0.0 Safari/537.36"
83.99.151.66 - - [19/Jun/2025:11:05:55 -0400] "GET /s/0329f8.js HTTP/1.1" 200 310399 "-" "Mozilla/5.0 (X11; Linux x86_64) AppleWebKit/537.36 (KHTML, like Gecko; GeedoProductSearch; +https://geedo.com/product-search.html) Chrome/134.0.0.0 Safari/537.36"
83.99.151.66 - - [19/Jun/2025:11:06:05 -0400] "GET /s/00ae36.js HTTP/1.1" 200 311236 "-" "Mozilla/5.0 (X11; Linux x86_64) AppleWebKit/537.36 (KHTML, like Gecko; GeedoProductSearch; +https://geedo.com/product-search.html) Chrome/134.0.0.0 Safari/537.36"
83.99.151.66 - - [19/Jun/2025:11:06:16 -0400] "GET /s/002ae4.js.gz HTTP/1.1" 200 310397 "-" "Mozilla/5.0 (X11; Linux x86_64) AppleWebKit/537.36 (KHTML, like Gecko; GeedoProductSearch; +https://geedo.com/product-search.html) Chrome/134.0.0.0 Safari/537.36"
83.99.151.66 - - [19/Jun/2025:11:06:25 -0400] "GET /s/0702e1.js HTTP/1.1" 200 310401 "-" "Mozilla/5.0 (X11; Linux x86_64) AppleWebKit/537.36 (KHTML, like Gecko; GeedoProductSearch; +https://geedo.com/product-search.html) Chrome/134.0.0.0 Safari/537.36"
83.99.151.66 - - [19/Jun/2025:11:06:35 -0400] "GET /s/0033ad.js.gz HTTP/1.1" 200 312366 "-" "Mozilla/5.0 (X11; Linux x86_64) AppleWebKit/537.36 (KHTML, like Gecko; GeedoProductSearch; +https://geedo.com/product-search.html) Chrome/134.0.0.0 Safari/537.36"
83.99.151.66 - - [19/Jun/2025:11:06:45 -0400] "GET /s/01d4a8.js.gz HTTP/1.1" 200 337848 "-" "Mozilla/5.0 (X11; Linux x86_64) AppleWebKit/537.36 (KHTML, like Gecko; GeedoProductSearch; +https://geedo.com/product-search.html) Chrome/134.0.0.0 Safari/537.36"
83.99.151.70 - - [19/Jun/2025:11:07:07 -0400] "GET /s/0ed6c2.js HTTP/1.1" 200 310399 "-" "Mozilla/5.0 (X11; Linux x86_64) AppleWebKit/537.36 (KHTML, like Gecko; GeedoProductSearch; +https://geedo.com/product-search.html) Chrome/134.0.0.0 Safari/537.36"
83.99.151.69 - - [19/Jun/2025:11:07:17 -0400] "GET /s/04619b.js HTTP/1.1" 200 51109 "-" "Mozilla/5.0 (X11; Linux x86_64) AppleWebKit/537.36 (KHTML, like Gecko; GeedoProductSearch; +https://geedo.com/product-search.html) Chrome/134.0.0.0 Safari/537.36"
83.99.151.69 - - [19/Jun/2025:11:07:27 -0400] "GET /s/040298.js.gz HTTP/1.1" 200 310398 "-" "Mozilla/5.0 (X11; Linux x86_64) AppleWebKit/537.36 (KHTML, like Gecko; GeedoProductSearch; +https://geedo.com/product-search.html) Chrome/134.0.0.0 Safari/537.36"
192.178.4.105 - - [19/Jun/2025:11:07:25 -0400] "GET /product/tig-welding-tungsten-electrodes-lanthanated/ HTTP/1.1" 200 15529 "-" "Mozilla/5.0 (Linux; Android 6.0.1; Nexus 5X Build/MMB29P) AppleWebKit/537.36 (KHTML, like Gecko) Chrome/137.0.7151.103 Mobile Safari/537.36 (compatible; Googlebot/2.1; +http://www.google.com/bot.html)"
70.39.147.11 - - [19/Jun/2025:11:07:27 -0400] "POST /wp-cron.php?doing_wp_cron=1750345647.6675250530242919921875 HTTP/1.1" 200 - "-" "WordPress/6.6.2; https://pur-tungsten.com"
83.99.151.69 - - [19/Jun/2025:11:07:37 -0400] "GET /s/0269e5.js HTTP/1.1" 200 310400 "-" "Mozilla/5.0 (X11; Linux x86_64) AppleWebKit/537.36 (KHTML, like Gecko; GeedoProductSearch; +https://geedo.com/product-search.html) Chrome/134.0.0.0 Safari/537.36"
83.99.151.69 - - [19/Jun/2025:11:07:47 -0400] "GET /s/0350b7.js.gz HTTP/1.1" 200 310399 "-" "Mozilla/5.0 (X11; Linux x86_64) AppleWebKit/537.36 (KHTML, like Gecko; GeedoProductSearch; +https://geedo.com/product-search.html) Chrome/134.0.0.0 Safari/537.36"
192.178.4.105 - - [19/Jun/2025:11:07:49 -0400] "GET /dealers/ HTTP/1.1" 200 10932 "-" "Mozilla/5.0 (Linux; Android 6.0.1; Nexus 5X Build/MMB29P) AppleWebKit/537.36 (KHTML, like Gecko) Chrome/137.0.7151.103 Mobile Safari/537.36 (compatible; Googlebot/2.1; +http://www.google.com/bot.html)"
83.99.151.69 - - [19/Jun/2025:11:07:57 -0400] "GET /s/0192d4.js.gz HTTP/1.1" 200 337848 "-" "Mozilla/5.0 (X11; Linux x86_64) AppleWebKit/537.36 (KHTML, like Gecko; GeedoProductSearch; +https://geedo.com/product-search.html) Chrome/134.0.0.0 Safari/537.36"
83.99.151.66 - - [19/Jun/2025:11:08:10 -0400] "GET /s/027e21.js HTTP/1.1" 200 310397 "-" "Mozilla/5.0 (X11; Linux x86_64) AppleWebKit/537.36 (KHTML, like Gecko; GeedoProductSearch; +https://geedo.com/product-search.html) Chrome/134.0.0.0 Safari/537.36"
83.99.151.67 - - [19/Jun/2025:11:08:20 -0400] "GET /s/0f442c.js HTTP/1.1" 200 310400 "-" "Mozilla/5.0 (X11; Linux x86_64) AppleWebKit/537.36 (KHTML, like Gecko; GeedoProductSearch; +https://geedo.com/product-search.html) Chrome/134.0.0.0 Safari/537.36"
192.178.4.97 - - [19/Jun/2025:11:08:25 -0400] "GET /s/43cf2a.js HTTP/1.1" 200 312205 "https://pur-tungsten.com/product/tig-welding-tungsten-electrodes-lanthanated/" "Mozilla/5.0 (Linux; Android 6.0.1; Nexus 5X Build/MMB29P) AppleWebKit/537.36 (KHTML, like Gecko) Chrome/137.0.7151.68 Mobile Safari/537.36 (compatible; Googlebot/2.1; +http://www.google.com/bot.html)"
83.99.151.66 - - [19/Jun/2025:11:08:30 -0400] "GET /s/037268.js.gz HTTP/1.1" 200 310400 "-" "Mozilla/5.0 (X11; Linux x86_64) AppleWebKit/537.36 (KHTML, like Gecko; GeedoProductSearch; +https://geedo.com/product-search.html) Chrome/134.0.0.0 Safari/537.36"
83.99.151.66 - - [19/Jun/2025:11:08:40 -0400] "GET /s/05432b.js HTTP/1.1" 200 627562 "-" "Mozilla/5.0 (X11; Linux x86_64) AppleWebKit/537.36 (KHTML, like Gecko; GeedoProductSearch; +https://geedo.com/product-search.html) Chrome/134.0.0.0 Safari/537.36"
51.222.253.16 - - [19/Jun/2025:11:08:46 -0400] "GET /product/ar-308-gold-anodized-buffer-2-4oz/ HTTP/2.0" 200 13993 "-" "Mozilla/5.0 (compatible; AhrefsBot/7.0; +http://ahrefs.com/robot/)"
70.39.147.11 - - [19/Jun/2025:11:08:47 -0400] "POST /wp-cron.php?doing_wp_cron=1750345727.9358849525451660156250 HTTP/1.1" 200 - "-" "WordPress/6.6.2; https://pur-tungsten.com"
83.99.151.65 - - [19/Jun/2025:11:08:50 -0400] "GET /s/04028c.js.gz HTTP/1.1" 200 310398 "-" "Mozilla/5.0 (X11; Linux x86_64) AppleWebKit/537.36 (KHTML, like Gecko; GeedoProductSearch; +https://geedo.com/product-search.html) Chrome/134.0.0.0 Safari/537.36"
83.99.151.66 - - [19/Jun/2025:11:09:00 -0400] "GET /s/06a673.js HTTP/1.1" 200 310400 "-" "Mozilla/5.0 (X11; Linux x86_64) AppleWebKit/537.36 (KHTML, like Gecko; GeedoProductSearch; +https://geedo.com/product-search.html) Chrome/134.0.0.0 Safari/537.36"
83.99.151.67 - - [19/Jun/2025:11:09:28 -0400] "GET /s/00b4bd.js.gz HTTP/1.1" 200 310399 "-" "Mozilla/5.0 (X11; Linux x86_64) AppleWebKit/537.36 (KHTML, like Gecko; GeedoProductSearch; +https://geedo.com/product-search.html) Chrome/134.0.0.0 Safari/537.36"
138.246.253.24 - - [19/Jun/2025:11:09:29 -0400] "GET /robots.txt HTTP/1.1" 401 36 "-" "Mozilla/5.0 (Windows NT 10.0; Win64; x64) AppleWebKit/537.36 (KHTML, like Gecko) Chrome/103.0.5060.134 Safari/537.36"
83.99.151.65 - - [19/Jun/2025:11:09:37 -0400] "GET /s/0e5d21.js.gz HTTP/1.1" 200 310399 "-" "Mozilla/5.0 (X11; Linux x86_64) AppleWebKit/537.36 (KHTML, like Gecko; GeedoProductSearch; +https://geedo.com/product-search.html) Chrome/134.0.0.0 Safari/537.36"
83.99.151.65 - - [19/Jun/2025:11:09:47 -0400] "GET /s/07b851.js HTTP/1.1" 200 310399 "-" "Mozilla/5.0 (X11; Linux x86_64) AppleWebKit/537.36 (KHTML, like Gecko; GeedoProductSearch; +https://geedo.com/product-search.html) Chrome/134.0.0.0 Safari/537.36"
83.99.151.65 - - [19/Jun/2025:11:09:58 -0400] "GET /s/07fee8.js.gz HTTP/1.1" 200 310399 "-" "Mozilla/5.0 (X11; Linux x86_64) AppleWebKit/537.36 (KHTML, like Gecko; GeedoProductSearch; +https://geedo.com/product-search.html) Chrome/134.0.0.0 Safari/537.36"
83.99.151.71 - - [19/Jun/2025:11:10:07 -0400] "GET /s/059ee7.js.gz HTTP/1.1" 200 310399 "-" "Mozilla/5.0 (X11; Linux x86_64) AppleWebKit/537.36 (KHTML, like Gecko; GeedoProductSearch; +https://geedo.com/product-search.html) Chrome/134.0.0.0 Safari/537.36"
83.99.151.65 - - [19/Jun/2025:11:10:17 -0400] "GET /s/0b924b.js HTTP/1.1" 200 627576 "-" "Mozilla/5.0 (X11; Linux x86_64) AppleWebKit/537.36 (KHTML, like Gecko; GeedoProductSearch; +https://geedo.com/product-search.html) Chrome/134.0.0.0 Safari/537.36"
83.99.151.69 - - [19/Jun/2025:11:10:38 -0400] "GET /s/0282ed.js.gz HTTP/1.1" 200 310399 "-" "Mozilla/5.0 (X11; Linux x86_64) AppleWebKit/537.36 (KHTML, like Gecko; GeedoProductSearch; +https://geedo.com/product-search.html) Chrome/134.0.0.0 Safari/537.36"
83.99.151.66 - - [19/Jun/2025:11:10:47 -0400] "GET /s/0f777b.js.gz HTTP/1.1" 200 310399 "-" "Mozilla/5.0 (X11; Linux x86_64) AppleWebKit/537.36 (KHTML, like Gecko; GeedoProductSearch; +https://geedo.com/product-search.html) Chrome/134.0.0.0 Safari/537.36"
83.99.151.66 - - [19/Jun/2025:11:10:57 -0400] "GET /s/0203d7.js HTTP/1.1" 200 310397 "-" "Mozilla/5.0 (X11; Linux x86_64) AppleWebKit/537.36 (KHTML, like Gecko; GeedoProductSearch; +https://geedo.com/product-search.html) Chrome/134.0.0.0 Safari/537.36"
83.99.151.71 - - [19/Jun/2025:11:11:07 -0400] "GET /s/039687.js.gz HTTP/1.1" 200 310400 "-" "Mozilla/5.0 (X11; Linux x86_64) AppleWebKit/537.36 (KHTML, like Gecko; GeedoProductSearch; +https://geedo.com/product-search.html) Chrome/134.0.0.0 Safari/537.36"
83.99.151.66 - - [19/Jun/2025:11:11:17 -0400] "GET /s/00b4bd.js HTTP/1.1" 200 310399 "-" "Mozilla/5.0 (X11; Linux x86_64) AppleWebKit/537.36 (KHTML, like Gecko; GeedoProductSearch; +https://geedo.com/product-search.html) Chrome/134.0.0.0 Safari/537.36"
83.99.151.66 - - [19/Jun/2025:11:11:28 -0400] "GET /s/0bbe1e.js.gz HTTP/1.1" 200 310399 "-" "Mozilla/5.0 (X11; Linux x86_64) AppleWebKit/537.36 (KHTML, like Gecko; GeedoProductSearch; +https://geedo.com/product-search.html) Chrome/134.0.0.0 Safari/537.36"
83.99.151.64 - - [19/Jun/2025:11:11:47 -0400] "GET /s/0c693e.js.gz HTTP/1.1" 200 310400 "-" "Mozilla/5.0 (X11; Linux x86_64) AppleWebKit/537.36 (KHTML, like Gecko; GeedoProductSearch; +https://geedo.com/product-search.html) Chrome/134.0.0.0 Safari/537.36"
83.99.151.64 - - [19/Jun/2025:11:11:57 -0400] "GET /s/0f6021.js HTTP/1.1" 200 310445 "-" "Mozilla/5.0 (X11; Linux x86_64) AppleWebKit/537.36 (KHTML, like Gecko; GeedoProductSearch; +https://geedo.com/product-search.html) Chrome/134.0.0.0 Safari/537.36"
83.99.151.64 - - [19/Jun/2025:11:12:08 -0400] "GET /s/091ef1.js.gz HTTP/1.1" 200 310400 "-" "Mozilla/5.0 (X11; Linux x86_64) AppleWebKit/537.36 (KHTML, like Gecko; GeedoProductSearch; +https://geedo.com/product-search.html) Chrome/134.0.0.0 Safari/537.36"
83.99.151.64 - - [19/Jun/2025:11:12:17 -0400] "GET /s/0b7e37.js.gz HTTP/1.1" 200 312207 "-" "Mozilla/5.0 (X11; Linux x86_64) AppleWebKit/537.36 (KHTML, like Gecko; GeedoProductSearch; +https://geedo.com/product-search.html) Chrome/134.0.0.0 Safari/537.36"
83.99.151.71 - - [19/Jun/2025:11:12:27 -0400] "GET /s/04cc45.js.gz HTTP/1.1" 200 312209 "-" "Mozilla/5.0 (X11; Linux x86_64) AppleWebKit/537.36 (KHTML, like Gecko; GeedoProductSearch; +https://geedo.com/product-search.html) Chrome/134.0.0.0 Safari/537.36"
83.99.151.65 - - [19/Jun/2025:11:12:38 -0400] "GET /s/0a72f5.js.gz HTTP/1.1" 200 507610 "-" "Mozilla/5.0 (X11; Linux x86_64) AppleWebKit/537.36 (KHTML, like Gecko; GeedoProductSearch; +https://geedo.com/product-search.html) Chrome/134.0.0.0 Safari/537.36"
192.178.4.97 - - [19/Jun/2025:11:12:51 -0400] "GET /product/tig-welding-tungsten-electrodes/ HTTP/1.1" 301 - "-" "Mozilla/5.0 (Linux; Android 6.0.1; Nexus 5X Build/MMB29P) AppleWebKit/537.36 (KHTML, like Gecko) Chrome/137.0.7151.103 Mobile Safari/537.36 (compatible; Googlebot/2.1; +http://www.google.com/bot.html)"
70.39.147.11 - - [19/Jun/2025:11:12:53 -0400] "POST /wp-cron.php?doing_wp_cron=1750345973.2956259250640869140625 HTTP/1.1" 200 - "-" "WordPress/6.6.2; https://pur-tungsten.com"
192.178.4.96 - - [19/Jun/2025:11:12:54 -0400] "GET /product/tig-welding-tungsten-electrodes-ceriated/ HTTP/1.1" 200 16371 "-" "Mozilla/5.0 (Linux; Android 6.0.1; Nexus 5X Build/MMB29P) AppleWebKit/537.36 (KHTML, like Gecko) Chrome/137.0.7151.103 Mobile Safari/537.36 (compatible; Googlebot/2.1; +http://www.google.com/bot.html)"
83.99.151.69 - - [19/Jun/2025:11:13:03 -0400] "GET /s/056ce3.js.gz HTTP/1.1" 200 310398 "-" "Mozilla/5.0 (X11; Linux x86_64) AppleWebKit/537.36 (KHTML, like Gecko; GeedoProductSearch; +https://geedo.com/product-search.html) Chrome/134.0.0.0 Safari/537.36"
83.99.151.69 - - [19/Jun/2025:11:13:13 -0400] "GET /s/0453b8.js HTTP/1.1" 200 310397 "-" "Mozilla/5.0 (X11; Linux x86_64) AppleWebKit/537.36 (KHTML, like Gecko; GeedoProductSearch; +https://geedo.com/product-search.html) Chrome/134.0.0.0 Safari/537.36"
192.178.4.105 - - [19/Jun/2025:11:13:21 -0400] "GET /s/8fd459.css HTTP/1.1" 200 2915 "https://pur-tungsten.com/dealers/" "Mozilla/5.0 (Linux; Android 6.0.1; Nexus 5X Build/MMB29P) AppleWebKit/537.36 (KHTML, like Gecko) Chrome/137.0.7151.68 Mobile Safari/537.36 (compatible; Googlebot/2.1; +http://www.google.com/bot.html)"
83.99.151.64 - - [19/Jun/2025:11:13:22 -0400] "GET /s/03977c.js.gz HTTP/1.1" 200 310397 "-" "Mozilla/5.0 (X11; Linux x86_64) AppleWebKit/537.36 (KHTML, like Gecko; GeedoProductSearch; +https://geedo.com/product-search.html) Chrome/134.0.0.0 Safari/537.36"
192.178.4.97 - - [19/Jun/2025:11:13:23 -0400] "GET /s/084780.js HTTP/1.1" 200 311234 "https://pur-tungsten.com/dealers/" "Mozilla/5.0 (Linux; Android 6.0.1; Nexus 5X Build/MMB29P) AppleWebKit/537.36 (KHTML, like Gecko) Chrome/137.0.7151.68 Mobile Safari/537.36 (compatible; Googlebot/2.1; +http://www.google.com/bot.html)"
83.99.151.69 - - [19/Jun/2025:11:13:32 -0400] "GET /s/03bf57.js.gz HTTP/1.1" 200 310400 "-" "Mozilla/5.0 (X11; Linux x86_64) AppleWebKit/537.36 (KHTML, like Gecko; GeedoProductSearch; +https://geedo.com/product-search.html) Chrome/134.0.0.0 Safari/537.36"
