104.28.50.199 - - [19/Jun/2025:12:36:51 -0400] "GET /s/img/wp-content/uploads/2018/01/BW3-100x100.jpg HTTP/2.0" 200 2492 "https://pur-tungsten.com/product/tungsten-recoil-buffer-weights/" "Mozilla/5.0 (iPhone; CPU iPhone OS 18_5 like Mac OS X) AppleWebKit/605.1.15 (KHTML, like Gecko) Version/18.5 Mobile/15E148 Safari/604.1"
70.39.147.11 - - [19/Jun/2025:12:36:49 -0400] "POST /wp-cron.php?doing_wp_cron=1750351009.7032968997955322265625 HTTP/1.1" 200 - "-" "WordPress/6.6.2; https://pur-tungsten.com"
104.28.50.199 - - [19/Jun/2025:12:36:52 -0400] "GET /s/ba7c0e.js HTTP/2.0" 200 312421 "https://pur-tungsten.com/product/tungsten-recoil-buffer-weights/" "Mozilla/5.0 (iPhone; CPU iPhone OS 18_5 like Mac OS X) AppleWebKit/605.1.15 (KHTML, like Gecko) Version/18.5 Mobile/15E148 Safari/604.1"
104.28.50.199 - - [19/Jun/2025:12:36:52 -0400] "GET /s/24e5af.js HTTP/2.0" 200 14356 "https://pur-tungsten.com/product/tungsten-recoil-buffer-weights/" "Mozilla/5.0 (iPhone; CPU iPhone OS 18_5 like Mac OS X) AppleWebKit/605.1.15 (KHTML, like Gecko) Version/18.5 Mobile/15E148 Safari/604.1"
192.178.4.97 - - [19/Jun/2025:12:37:00 -0400] "GET /product/tungsten-fishing-barrel-weights/ HTTP/1.1" 200 16213 "-" "Mozilla/5.0 (Linux; Android 6.0.1; Nexus 5X Build/MMB29P) AppleWebKit/537.36 (KHTML, like Gecko) Chrome/137.0.7151.103 Mobile Safari/537.36 (compatible; Googlebot/2.1; +http://www.google.com/bot.html)"
192.178.4.96 - - [19/Jun/2025:12:37:04 -0400] "GET /s/c183f4.js HTTP/1.1" 200 312206 "https://pur-tungsten.com/product/tungsten-fishing-barrel-weights/" "Mozilla/5.0 (Linux; Android 6.0.1; Nexus 5X Build/MMB29P) AppleWebKit/537.36 (KHTML, like Gecko) Chrome/137.0.7151.68 Mobile Safari/537.36 (compatible; Googlebot/2.1; +http://www.google.com/bot.html)"
51.222.253.4 - - [19/Jun/2025:12:37:09 -0400] "GET /product/ar-308-lanodized-light-gold-buffer/ HTTP/2.0" 200 14287 "-" "Mozilla/5.0 (compatible; AhrefsBot/7.0; +http://ahrefs.com/robot/)"
5.255.231.76 - - [19/Jun/2025:12:39:47 -0400] "GET /robots.txt HTTP/1.1" 200 67 "-" "Mozilla/5.0 (compatible; YandexBot/3.0; +http://yandex.com/bots)"
87.250.224.237 - - [19/Jun/2025:12:39:48 -0400] "GET /product/pinewood-derby-incremental-tungsten-plate-weights/ HTTP/1.1" 200 14746 "-" "Mozilla/5.0 (compatible; YandexBot/3.0; +http://yandex.com/bots)"
70.39.147.11 - - [19/Jun/2025:12:39:50 -0400] "POST /wp-cron.php?doing_wp_cron=1750351190.0268790721893310546875 HTTP/1.1" 200 - "-" "WordPress/6.6.2; https://pur-tungsten.com"
44.218.6.93 - - [19/Jun/2025:12:40:01 -0400] "GET /product/tungsten-super-shot-tss/ HTTP/1.1" 200 18937 "-" "Mozilla/5.0 AppleWebKit/537.36 (KHTML, like Gecko; compatible; Amazonbot/0.1; +https://developer.amazon.com/support/amazonbot) Chrome/119.0.6045.214 Safari/537.36"
66.249.70.142 - - [19/Jun/2025:12:41:28 -0400] "GET /robots.txt HTTP/1.1" 200 67 "-" "Mozilla/5.0 (compatible; Googlebot/2.1; +http://www.google.com/bot.html)"
66.249.70.128 - - [19/Jun/2025:12:41:28 -0400] "GET / HTTP/1.1" 301 - "-" "Mozilla/5.0 (Linux; Android 6.0.1; Nexus 5X Build/MMB29P) AppleWebKit/537.36 (KHTML, like Gecko) Chrome/137.0.7151.103 Mobile Safari/537.36 (compatible; Googlebot/2.1; +http://www.google.com/bot.html)"
70.39.147.11 - - [19/Jun/2025:12:41:30 -0400] "POST /wp-cron.php?doing_wp_cron=1750351290.3250010013580322265625 HTTP/1.1" 200 - "-" "WordPress/6.6.2; https://pur-tungsten.com"
192.178.4.97 - - [19/Jun/2025:12:42:02 -0400] "GET /s/2b7810.css HTTP/1.1" 200 7345 "https://pur-tungsten.com/" "Mozilla/5.0 (Linux; Android 6.0.1; Nexus 5X Build/MMB29P) AppleWebKit/537.36 (KHTML, like Gecko) Chrome/137.0.7151.68 Mobile Safari/537.36 (compatible; Googlebot/2.1; +http://www.google.com/bot.html)"
192.178.4.97 - - [19/Jun/2025:12:42:02 -0400] "GET /s/2ed3a1.js HTTP/1.1" 200 431709 "https://pur-tungsten.com/" "Mozilla/5.0 (Linux; Android 6.0.1; Nexus 5X Build/MMB29P) AppleWebKit/537.36 (KHTML, like Gecko) Chrome/137.0.7151.68 Mobile Safari/537.36 (compatible; Googlebot/2.1; +http://www.google.com/bot.html)"
192.178.4.105 - - [19/Jun/2025:12:42:05 -0400] "GET /product/tungsten-super-shot-tss/ HTTP/1.1" 200 18937 "-" "Mozilla/5.0 (Linux; Android 6.0.1; Nexus 5X Build/MMB29P) AppleWebKit/537.36 (KHTML, like Gecko) Chrome/137.0.7151.103 Mobile Safari/537.36 (compatible; Googlebot/2.1; +http://www.google.com/bot.html)"
192.178.4.105 - - [19/Jun/2025:12:42:07 -0400] "GET /s/013ffb.js HTTP/1.1" 200 312207 "https://pur-tungsten.com/product/tungsten-super-shot-tss/" "Mozilla/5.0 AppleWebKit/537.36 (KHTML, like Gecko; compatible; Googlebot/2.1; +http://www.google.com/bot.html) Chrome/137.0.7151.68 Safari/537.36"
192.178.4.105 - - [19/Jun/2025:12:42:32 -0400] "GET /products/sporting-goods/ar15-accesories//1000 HTTP/1.1" 301 - "-" "Mozilla/5.0 (Linux; Android 6.0.1; Nexus 5X Build/MMB29P) AppleWebKit/537.36 (KHTML, like Gecko) Chrome/137.0.7151.103 Mobile Safari/537.36 (compatible; Googlebot/2.1; +http://www.google.com/bot.html)"
70.39.147.11 - - [19/Jun/2025:12:42:34 -0400] "POST /wp-cron.php?doing_wp_cron=1750351354.5706849098205566406250 HTTP/1.1" 200 - "-" "WordPress/6.6.2; https://pur-tungsten.com"
192.178.4.105 - - [19/Jun/2025:12:42:40 -0400] "GET /s/013ffb.js HTTP/1.1" 200 312207 "https://pur-tungsten.com/product/tungsten-super-shot-tss/" "Mozilla/5.0 (Linux; Android 6.0.1; Nexus 5X Build/MMB29P) AppleWebKit/537.36 (KHTML, like Gecko) Chrome/137.0.7151.68 Mobile Safari/537.36 (compatible; Googlebot/2.1; +http://www.google.com/bot.html)"
192.178.4.105 - - [19/Jun/2025:12:43:26 -0400] "GET /product/tungsten-crankshaft-balancing-weights/ HTTP/1.1" 200 16439 "-" "Mozilla/5.0 (Linux; Android 6.0.1; Nexus 5X Build/MMB29P) AppleWebKit/537.36 (KHTML, like Gecko) Chrome/137.0.7151.103 Mobile Safari/537.36 (compatible; Googlebot/2.1; +http://www.google.com/bot.html)"
192.178.4.105 - - [19/Jun/2025:12:43:50 -0400] "GET /product/tungsten-ice-fishing-jigs/ HTTP/1.1" 200 18757 "-" "Mozilla/5.0 (Linux; Android 6.0.1; Nexus 5X Build/MMB29P) AppleWebKit/537.36 (KHTML, like Gecko) Chrome/137.0.7151.103 Mobile Safari/537.36 (compatible; Googlebot/2.1; +http://www.google.com/bot.html)"
70.39.147.11 - - [19/Jun/2025:12:43:52 -0400] "POST /wp-cron.php?doing_wp_cron=1750351432.2524459362030029296875 HTTP/1.1" 200 - "-" "WordPress/6.6.2; https://pur-tungsten.com"
192.178.4.96 - - [19/Jun/2025:12:44:17 -0400] "GET /product/ar-308-gold-anodized-buffer-2-4oz/ HTTP/1.1" 200 13823 "-" "Mozilla/5.0 (Linux; Android 6.0.1; Nexus 5X Build/MMB29P) AppleWebKit/537.36 (KHTML, like Gecko) Chrome/137.0.7151.103 Mobile Safari/537.36 (compatible; Googlebot/2.1; +http://www.google.com/bot.html)"
192.178.4.105 - - [19/Jun/2025:12:44:25 -0400] "GET /s/24e11b.js HTTP/1.1" 200 312198 "https://pur-tungsten.com/product/tungsten-ice-fishing-jigs/" "Mozilla/5.0 (Linux; Android 6.0.1; Nexus 5X Build/MMB29P) AppleWebKit/537.36 (KHTML, like Gecko) Chrome/137.0.7151.68 Mobile Safari/537.36 (compatible; Googlebot/2.1; +http://www.google.com/bot.html)"
35.93.60.182 - - [19/Jun/2025:12:44:40 -0400] "GET /wp-content/uploads/2020/04/0.11pellets.jpg HTTP/2.0" 200 54287 "-" "Mozilla/5.0 (Windows NT 10.0; Win64; x64) AppleWebKit/537.36 (KHTML, like Gecko) Chrome/135.0.0.0 Safari/537.36"
44.245.179.55 - - [19/Jun/2025:12:44:40 -0400] "GET /wp-content/uploads/2020/04/0.12pellets.jpg HTTP/2.0" 200 52615 "-" "Mozilla/5.0 (Windows NT 10.0; Win64; x64) AppleWebKit/537.36 (KHTML, like Gecko) Chrome/135.0.0.0 Safari/537.36"
192.178.4.96 - - [19/Jun/2025:12:45:06 -0400] "GET /products/sporting-goods/ar15-accesories HTTP/1.1" 301 - "-" "Mozilla/5.0 (Linux; Android 6.0.1; Nexus 5X Build/MMB29P) AppleWebKit/537.36 (KHTML, like Gecko) Chrome/137.0.7151.103 Mobile Safari/537.36 (compatible; Googlebot/2.1; +http://www.google.com/bot.html)"
70.39.147.11 - - [19/Jun/2025:12:45:09 -0400] "POST /wp-cron.php?doing_wp_cron=1750351509.2941620349884033203125 HTTP/1.1" 200 - "-" "WordPress/6.6.2; https://pur-tungsten.com"
192.178.4.96 - - [19/Jun/2025:12:45:29 -0400] "GET /product/brand-new-tungsten-chassis-ballast-weight/ HTTP/1.1" 301 - "-" "Mozilla/5.0 (Linux; Android 6.0.1; Nexus 5X Build/MMB29P) AppleWebKit/537.36 (KHTML, like Gecko) Chrome/137.0.7151.103 Mobile Safari/537.36 (compatible; Googlebot/2.1; +http://www.google.com/bot.html)"
70.39.147.11 - - [19/Jun/2025:12:45:31 -0400] "POST /wp-cron.php?doing_wp_cron=1750351531.6907629966735839843750 HTTP/1.1" 200 - "-" "WordPress/6.6.2; https://pur-tungsten.com"
192.178.4.105 - - [19/Jun/2025:12:45:32 -0400] "GET /product/tungsten-chassis-ballast-weight-36lbs/ HTTP/1.1" 200 18353 "-" "Mozilla/5.0 (Linux; Android 6.0.1; Nexus 5X Build/MMB29P) AppleWebKit/537.36 (KHTML, like Gecko) Chrome/137.0.7151.103 Mobile Safari/537.36 (compatible; Googlebot/2.1; +http://www.google.com/bot.html)"
192.178.4.105 - - [19/Jun/2025:12:45:36 -0400] "GET /s/fbe611.js HTTP/1.1" 200 312203 "https://pur-tungsten.com/product/tungsten-crankshaft-balancing-weights/" "Mozilla/5.0 (Linux; Android 6.0.1; Nexus 5X Build/MMB29P) AppleWebKit/537.36 (KHTML, like Gecko) Chrome/137.0.7151.68 Mobile Safari/537.36 (compatible; Googlebot/2.1; +http://www.google.com/bot.html)"
192.178.4.105 - - [19/Jun/2025:12:45:46 -0400] "GET /product/tungsten-chassis-ballast-weight-36lbs//1000 HTTP/1.1" 301 - "-" "Mozilla/5.0 (Linux; Android 6.0.1; Nexus 5X Build/MMB29P) AppleWebKit/537.36 (KHTML, like Gecko) Chrome/137.0.7151.103 Mobile Safari/537.36 (compatible; Googlebot/2.1; +http://www.google.com/bot.html)"
192.178.4.105 - - [19/Jun/2025:12:45:48 -0400] "GET /product/tungsten-chassis-ballast-weight-36lbs/1000 HTTP/1.1" 301 - "-" "Mozilla/5.0 (Linux; Android 6.0.1; Nexus 5X Build/MMB29P) AppleWebKit/537.36 (KHTML, like Gecko) Chrome/137.0.7151.103 Mobile Safari/537.36 (compatible; Googlebot/2.1; +http://www.google.com/bot.html)"
192.178.4.97 - - [19/Jun/2025:12:46:05 -0400] "GET /product/tungsten-pinewood-derby-weights-cylinders/ HTTP/1.1" 301 - "-" "Mozilla/5.0 (Linux; Android 6.0.1; Nexus 5X Build/MMB29P) AppleWebKit/537.36 (KHTML, like Gecko) Chrome/137.0.7151.103 Mobile Safari/537.36 (compatible; Googlebot/2.1; +http://www.google.com/bot.html)"
70.39.147.11 - - [19/Jun/2025:12:46:07 -0400] "POST /wp-cron.php?doing_wp_cron=1750351567.6313669681549072265625 HTTP/1.1" 200 - "-" "WordPress/6.6.2; https://pur-tungsten.com"
192.178.4.105 - - [19/Jun/2025:12:46:17 -0400] "GET /s/d2ea65.js HTTP/1.1" 200 312427 "https://pur-tungsten.com/product/ar-308-gold-anodized-buffer-2-4oz/" "Mozilla/5.0 (Linux; Android 6.0.1; Nexus 5X Build/MMB29P) AppleWebKit/537.36 (KHTML, like Gecko) Chrome/137.0.7151.68 Mobile Safari/537.36 (compatible; Googlebot/2.1; +http://www.google.com/bot.html)"
51.222.253.12 - - [19/Jun/2025:12:47:07 -0400] "GET /product/ar-308-anodized-buffer-2-2oz/ HTTP/2.0" 200 16217 "-" "Mozilla/5.0 (compatible; AhrefsBot/7.0; +http://ahrefs.com/robot/)"
192.178.4.105 - - [19/Jun/2025:12:48:36 -0400] "GET /s/04b100.js HTTP/1.1" 200 312365 "https://pur-tungsten.com/product/tungsten-chassis-ballast-weight-36lbs/" "Mozilla/5.0 (Linux; Android 6.0.1; Nexus 5X Build/MMB29P) AppleWebKit/537.36 (KHTML, like Gecko) Chrome/137.0.7151.68 Mobile Safari/537.36 (compatible; Googlebot/2.1; +http://www.google.com/bot.html)"
54.225.81.20 - - [19/Jun/2025:12:49:13 -0400] "GET /wp-content/uploads/2017/12/cube-1.jpg HTTP/1.1" 200 270373 "-" "Mozilla/5.0 AppleWebKit/537.36 (KHTML, like Gecko; compatible; Amazonbot/0.1; +https://developer.amazon.com/support/amazonbot) Chrome/119.0.6045.214 Safari/537.36"
51.222.253.6 - - [19/Jun/2025:12:54:33 -0400] "GET /product/ar-308-gold-anodized-buffer-2-4oz/ HTTP/2.0" 200 13823 "-" "Mozilla/5.0 (compatible; AhrefsBot/7.0; +http://ahrefs.com/robot/)"
52.167.144.140 - - [19/Jun/2025:12:54:34 -0400] "GET /?C=S%3BO%3DA&product-page=2 HTTP/2.0" 200 19682 "-" "Mozilla/5.0 AppleWebKit/537.36 (KHTML, like Gecko; compatible; bingbot/2.0; +http://www.bing.com/bingbot.htm) Chrome/116.0.1938.76 Safari/537.36"
70.39.147.11 - - [19/Jun/2025:12:54:36 -0400] "POST /wp-cron.php?doing_wp_cron=1750352076.3165810108184814453125 HTTP/1.1" 200 - "-" "WordPress/6.6.2; https://pur-tungsten.com"
34.74.35.69 - - [19/Jun/2025:12:54:50 -0400] "HEAD / HTTP/1.1" 301 - "http://pur-tungsten.tdmfginc.com/" "Mozilla/5.0 (Windows NT 10.0; Win64; x64) AppleWebKit/537.36 (KHTML, like Gecko) Chrome/74.0.3729.169 Safari/537.36"
34.74.35.69 - - [19/Jun/2025:12:54:50 -0400] "HEAD / HTTP/1.1" 200 - "http://pur-tungsten.com/" "Mozilla/5.0 (Windows NT 10.0; Win64; x64) AppleWebKit/537.36 (KHTML, like Gecko) Chrome/74.0.3729.169 Safari/537.36"
34.74.35.69 - - [19/Jun/2025:12:54:52 -0400] "HEAD / HTTP/1.1" 200 - "https://pur-tungsten.tdmfginc.com/" "Mozilla/5.0 (Windows NT 10.0; Win64; x64) AppleWebKit/537.36 (KHTML, like Gecko) Chrome/74.0.3729.169 Safari/537.36"
34.74.35.69 - - [19/Jun/2025:12:54:54 -0400] "HEAD /wp HTTP/1.1" 404 - "http://pur-tungsten.com/wp" "Mozilla/5.0 (Windows NT 10.0; Win64; x64) AppleWebKit/537.36 (KHTML, like Gecko) Chrome/74.0.3729.169 Safari/537.36"
34.74.35.69 - - [19/Jun/2025:12:54:56 -0400] "HEAD /wp HTTP/1.1" 404 - "http://pur-tungsten.tdmfginc.com/wp" "Mozilla/5.0 (Windows NT 10.0; Win64; x64) AppleWebKit/537.36 (KHTML, like Gecko) Chrome/74.0.3729.169 Safari/537.36"
34.74.35.69 - - [19/Jun/2025:12:54:58 -0400] "HEAD /bc HTTP/1.1" 404 - "http://pur-tungsten.com/bc" "Mozilla/5.0 (Windows NT 10.0; Win64; x64) AppleWebKit/537.36 (KHTML, like Gecko) Chrome/74.0.3729.169 Safari/537.36"
34.74.35.69 - - [19/Jun/2025:12:55:00 -0400] "HEAD /bc HTTP/1.1" 404 - "http://pur-tungsten.tdmfginc.com/bc" "Mozilla/5.0 (Windows NT 10.0; Win64; x64) AppleWebKit/537.36 (KHTML, like Gecko) Chrome/74.0.3729.169 Safari/537.36"
34.74.35.69 - - [19/Jun/2025:12:55:03 -0400] "HEAD /bk HTTP/1.1" 404 - "http://pur-tungsten.com/bk" "Mozilla/5.0 (Windows NT 10.0; Win64; x64) AppleWebKit/537.36 (KHTML, like Gecko) Chrome/74.0.3729.169 Safari/537.36"
34.74.35.69 - - [19/Jun/2025:12:55:07 -0400] "HEAD /bk HTTP/1.1" 404 - "http://pur-tungsten.tdmfginc.com/bk" "Mozilla/5.0 (Windows NT 10.0; Win64; x64) AppleWebKit/537.36 (KHTML, like Gecko) Chrome/74.0.3729.169 Safari/537.36"
34.74.35.69 - - [19/Jun/2025:12:55:08 -0400] "HEAD /backup HTTP/1.1" 404 - "http://pur-tungsten.com/backup" "Mozilla/5.0 (Windows NT 10.0; Win64; x64) AppleWebKit/537.36 (KHTML, like Gecko) Chrome/74.0.3729.169 Safari/537.36"
34.74.35.69 - - [19/Jun/2025:12:55:11 -0400] "HEAD /backup HTTP/1.1" 404 - "http://pur-tungsten.tdmfginc.com/backup" "Mozilla/5.0 (Windows NT 10.0; Win64; x64) AppleWebKit/537.36 (KHTML, like Gecko) Chrome/74.0.3729.169 Safari/537.36"
34.74.35.69 - - [19/Jun/2025:12:55:12 -0400] "HEAD /old HTTP/1.1" 404 - "http://pur-tungsten.com/old" "Mozilla/5.0 (Windows NT 10.0; Win64; x64) AppleWebKit/537.36 (KHTML, like Gecko) Chrome/74.0.3729.169 Safari/537.36"
34.74.35.69 - - [19/Jun/2025:12:55:16 -0400] "HEAD /new HTTP/1.1" 301 - "http://pur-tungsten.com/new" "Mozilla/5.0 (Windows NT 10.0; Win64; x64) AppleWebKit/537.36 (KHTML, like Gecko) Chrome/74.0.3729.169 Safari/537.36"
34.74.35.69 - - [19/Jun/2025:12:55:15 -0400] "HEAD /old HTTP/1.1" 404 - "http://pur-tungsten.tdmfginc.com/old" "Mozilla/5.0 (Windows NT 10.0; Win64; x64) AppleWebKit/537.36 (KHTML, like Gecko) Chrome/74.0.3729.169 Safari/537.36"
70.39.147.11 - - [19/Jun/2025:12:55:17 -0400] "POST /wp-cron.php?doing_wp_cron=1750352117.7810509204864501953125 HTTP/1.1" 200 - "-" "WordPress/6.6.2; https://pur-tungsten.com"
34.74.35.69 - - [19/Jun/2025:12:55:18 -0400] "HEAD /newsletter/ HTTP/1.1" 200 - "https://pur-tungsten.com/new" "Mozilla/5.0 (Windows NT 10.0; Win64; x64) AppleWebKit/537.36 (KHTML, like Gecko) Chrome/74.0.3729.169 Safari/537.36"
34.74.35.69 - - [19/Jun/2025:12:55:20 -0400] "HEAD /new HTTP/1.1" 404 - "http://pur-tungsten.tdmfginc.com/new" "Mozilla/5.0 (Windows NT 10.0; Win64; x64) AppleWebKit/537.36 (KHTML, like Gecko) Chrome/74.0.3729.169 Safari/537.36"
34.74.35.69 - - [19/Jun/2025:12:55:22 -0400] "HEAD /main HTTP/1.1" 404 - "http://pur-tungsten.com/main" "Mozilla/5.0 (Windows NT 10.0; Win64; x64) AppleWebKit/537.36 (KHTML, like Gecko) Chrome/74.0.3729.169 Safari/537.36"
34.74.35.69 - - [19/Jun/2025:12:55:24 -0400] "HEAD /main HTTP/1.1" 404 - "http://pur-tungsten.tdmfginc.com/main" "Mozilla/5.0 (Windows NT 10.0; Win64; x64) AppleWebKit/537.36 (KHTML, like Gecko) Chrome/74.0.3729.169 Safari/537.36"
34.74.35.69 - - [19/Jun/2025:12:55:26 -0400] "HEAD /home HTTP/1.1" 404 - "http://pur-tungsten.com/home" "Mozilla/5.0 (Windows NT 10.0; Win64; x64) AppleWebKit/537.36 (KHTML, like Gecko) Chrome/74.0.3729.169 Safari/537.36"
34.74.35.69 - - [19/Jun/2025:12:55:29 -0400] "HEAD /home HTTP/1.1" 404 - "http://pur-tungsten.tdmfginc.com/home" "Mozilla/5.0 (Windows NT 10.0; Win64; x64) AppleWebKit/537.36 (KHTML, like Gecko) Chrome/74.0.3729.169 Safari/537.36"
192.178.4.105 - - [19/Jun/2025:12:56:39 -0400] "GET /s/6b16f2.js HTTP/1.1" 200 312418 "https://pur-tungsten.com/product/tungsten-recoil-buffer-weights/?redditsucks" "Mozilla/5.0 (Linux; Android 6.0.1; Nexus 5X Build/MMB29P) AppleWebKit/537.36 (KHTML, like Gecko) Chrome/137.0.7151.68 Mobile Safari/537.36 (compatible; Googlebot/2.1; +http://www.google.com/bot.html)"
50.216.111.226 - - [19/Jun/2025:12:57:49 -0400] "GET /product/tungsten-recoil-buffer-weights/ HTTP/2.0" 200 26696 "https://www.reddit.com/" "Mozilla/5.0 (Linux; Android 10; K) AppleWebKit/537.36 (KHTML, like Gecko) Chrome/119.0.0.0 Mobile Safari/537.36"
50.216.111.226 - - [19/Jun/2025:12:57:49 -0400] "GET /s/ed70e8.css HTTP/2.0" 200 14637 "-" "Mozilla/5.0 (Linux; Android 10; K) AppleWebKit/537.36 (KHTML, like Gecko) Chrome/119.0.0.0 Mobile Safari/537.36"
50.216.111.226 - - [19/Jun/2025:12:57:49 -0400] "GET /s/661c7b.css HTTP/2.0" 200 32263 "-" "Mozilla/5.0 (Linux; Android 10; K) AppleWebKit/537.36 (KHTML, like Gecko) Chrome/119.0.0.0 Mobile Safari/537.36"
50.216.111.226 - - [19/Jun/2025:12:57:49 -0400] "GET /s/0d9c36.css HTTP/2.0" 200 12650 "-" "Mozilla/5.0 (Linux; Android 10; K) AppleWebKit/537.36 (KHTML, like Gecko) Chrome/119.0.0.0 Mobile Safari/537.36"
50.216.111.226 - - [19/Jun/2025:12:57:49 -0400] "GET /s/6c1864.css HTTP/2.0" 200 3955 "-" "Mozilla/5.0 (Linux; Android 10; K) AppleWebKit/537.36 (KHTML, like Gecko) Chrome/119.0.0.0 Mobile Safari/537.36"
50.216.111.226 - - [19/Jun/2025:12:57:49 -0400] "GET /s/82f1d4.css HTTP/2.0" 200 2717 "-" "Mozilla/5.0 (Linux; Android 10; K) AppleWebKit/537.36 (KHTML, like Gecko) Chrome/119.0.0.0 Mobile Safari/537.36"
50.216.111.226 - - [19/Jun/2025:12:57:50 -0400] "GET /s/img/wp-content/uploads/2018/01/BW-1024x1024.jpg HTTP/2.0" 200 136558 "https://pur-tungsten.com/product/tungsten-recoil-buffer-weights/" "Mozilla/5.0 (Linux; Android 10; K) AppleWebKit/537.36 (KHTML, like Gecko) Chrome/119.0.0.0 Mobile Safari/537.36"
50.216.111.226 - - [19/Jun/2025:12:57:50 -0400] "GET /s/img/wp-content/uploads/2021/07/pur_tungsten_header_logo-166x90.png HTTP/2.0" 200 11081 "https://pur-tungsten.com/product/tungsten-recoil-buffer-weights/" "Mozilla/5.0 (Linux; Android 10; K) AppleWebKit/537.36 (KHTML, like Gecko) Chrome/119.0.0.0 Mobile Safari/537.36"
50.216.111.226 - - [19/Jun/2025:12:57:50 -0400] "GET /s/img/wp-content/uploads/2018/01/111-300x300.jpg HTTP/2.0" 200 10656 "https://pur-tungsten.com/product/tungsten-recoil-buffer-weights/" "Mozilla/5.0 (Linux; Android 10; K) AppleWebKit/537.36 (KHTML, like Gecko) Chrome/119.0.0.0 Mobile Safari/537.36"
50.216.111.226 - - [19/Jun/2025:12:57:50 -0400] "GET /s/img/wp-content/uploads/2018/01/BW2-300x300.jpg HTTP/2.0" 200 10872 "https://pur-tungsten.com/product/tungsten-recoil-buffer-weights/" "Mozilla/5.0 (Linux; Android 10; K) AppleWebKit/537.36 (KHTML, like Gecko) Chrome/119.0.0.0 Mobile Safari/537.36"
50.216.111.226 - - [19/Jun/2025:12:57:50 -0400] "GET /s/e4f995.css HTTP/2.0" 200 2536 "https://pur-tungsten.com/product/tungsten-recoil-buffer-weights/" "Mozilla/5.0 (Linux; Android 10; K) AppleWebKit/537.36 (KHTML, like Gecko) Chrome/119.0.0.0 Mobile Safari/537.36"
50.216.111.226 - - [19/Jun/2025:12:57:50 -0400] "GET /wp-content/uploads/2018/01/BW.jpg HTTP/2.0" 200 326883 "https://pur-tungsten.com/product/tungsten-recoil-buffer-weights/" "Mozilla/5.0 (Linux; Android 10; K) AppleWebKit/537.36 (KHTML, like Gecko) Chrome/119.0.0.0 Mobile Safari/537.36"
50.216.111.226 - - [19/Jun/2025:12:57:50 -0400] "GET /wp-content/plugins/woocommerce/assets/fonts/WooCommerce.woff2 HTTP/2.0" 200 6488 "https://pur-tungsten.com/s/0d9c36.css" "Mozilla/5.0 (Linux; Android 10; K) AppleWebKit/537.36 (KHTML, like Gecko) Chrome/119.0.0.0 Mobile Safari/537.36"
50.216.111.226 - - [19/Jun/2025:12:57:50 -0400] "GET /s/img/wp-content/uploads/2018/01/BW3-100x100.jpg HTTP/2.0" 200 2492 "https://pur-tungsten.com/product/tungsten-recoil-buffer-weights/" "Mozilla/5.0 (Linux; Android 10; K) AppleWebKit/537.36 (KHTML, like Gecko) Chrome/119.0.0.0 Mobile Safari/537.36"
50.216.111.226 - - [19/Jun/2025:12:57:50 -0400] "GET /s/ba7c0e.js HTTP/2.0" 200 312421 "https://pur-tungsten.com/product/tungsten-recoil-buffer-weights/" "Mozilla/5.0 (Linux; Android 10; K) AppleWebKit/537.36 (KHTML, like Gecko) Chrome/119.0.0.0 Mobile Safari/537.36"
50.216.111.226 - - [19/Jun/2025:12:57:50 -0400] "GET /wp-content/plugins/live-composer-page-builder/css/font/fontawesome-webfont.woff HTTP/2.0" 200 97913 "https://pur-tungsten.com/s/661c7b.css" "Mozilla/5.0 (Linux; Android 10; K) AppleWebKit/537.36 (KHTML, like Gecko) Chrome/119.0.0.0 Mobile Safari/537.36"
50.216.111.226 - - [19/Jun/2025:12:57:50 -0400] "GET /s/24e5af.js HTTP/2.0" 200 14356 "https://pur-tungsten.com/product/tungsten-recoil-buffer-weights/" "Mozilla/5.0 (Linux; Android 10; K) AppleWebKit/537.36 (KHTML, like Gecko) Chrome/119.0.0.0 Mobile Safari/537.36"
50.216.111.226 - - [19/Jun/2025:12:57:51 -0400] "GET /wp-content/uploads/2017/12/pur-tungsten-for-sporting-goods-and-industrial-applications.png HTTP/2.0" 200 1758 "https://pur-tungsten.com/product/tungsten-recoil-buffer-weights/" "Mozilla/5.0 (Linux; Android 10; K) AppleWebKit/537.36 (KHTML, like Gecko) Chrome/119.0.0.0 Mobile Safari/537.36"
192.178.4.97 - - [19/Jun/2025:12:58:01 -0400] "GET /product/tig-welding-tungsten-electrodes-thoriated//1000 HTTP/1.1" 301 - "-" "Mozilla/5.0 (Linux; Android 6.0.1; Nexus 5X Build/MMB29P) AppleWebKit/537.36 (KHTML, like Gecko) Chrome/137.0.7151.103 Mobile Safari/537.36 (compatible; Googlebot/2.1; +http://www.google.com/bot.html)"
70.39.147.11 - - [19/Jun/2025:12:58:03 -0400] "POST /wp-cron.php?doing_wp_cron=1750352283.4845080375671386718750 HTTP/1.1" 200 - "-" "WordPress/6.6.2; https://pur-tungsten.com"
192.178.4.105 - - [19/Jun/2025:12:58:04 -0400] "GET /product/tig-welding-tungsten-electrodes-thoriated/1000 HTTP/1.1" 301 - "-" "Mozilla/5.0 (Linux; Android 6.0.1; Nexus 5X Build/MMB29P) AppleWebKit/537.36 (KHTML, like Gecko) Chrome/137.0.7151.103 Mobile Safari/537.36 (compatible; Googlebot/2.1; +http://www.google.com/bot.html)"
192.178.4.96 - - [19/Jun/2025:12:58:06 -0400] "GET /product/tig-welding-tungsten-electrodes-thoriated/ HTTP/1.1" 200 15570 "-" "Mozilla/5.0 (Linux; Android 6.0.1; Nexus 5X Build/MMB29P) AppleWebKit/537.36 (KHTML, like Gecko) Chrome/137.0.7151.103 Mobile Safari/537.36 (compatible; Googlebot/2.1; +http://www.google.com/bot.html)"
192.178.4.105 - - [19/Jun/2025:12:58:38 -0400] "GET /s/04b100.js HTTP/1.1" 200 312365 "https://pur-tungsten.com/product/tungsten-chassis-ballast-weight-36lbs/" "Mozilla/5.0 (Linux; Android 6.0.1; Nexus 5X Build/MMB29P) AppleWebKit/537.36 (KHTML, like Gecko) Chrome/137.0.7151.68 Mobile Safari/537.36 (compatible; Googlebot/2.1; +http://www.google.com/bot.html)"
192.178.4.97 - - [19/Jun/2025:12:59:26 -0400] "GET /s/f88ffa.js HTTP/1.1" 200 312207 "https://pur-tungsten.com/product/tig-welding-tungsten-electrodes-thoriated/" "Mozilla/5.0 (Linux; Android 6.0.1; Nexus 5X Build/MMB29P) AppleWebKit/537.36 (KHTML, like Gecko) Chrome/137.0.7151.68 Mobile Safari/537.36 (compatible; Googlebot/2.1; +http://www.google.com/bot.html)"
50.216.111.226 - - [19/Jun/2025:12:59:55 -0400] "GET /product/tungsten-recoil-buffer-weights/ HTTP/2.0" 304 - "https://www.reddit.com/" "Mozilla/5.0 (Linux; Android 10; K) AppleWebKit/537.36 (KHTML, like Gecko) Chrome/119.0.0.0 Mobile Safari/537.36"
165.231.24.129 - - [19/Jun/2025:13:00:09 -0400] "GET /2015/11/02/hello-world/ HTTP/1.1" 200 9244 "http://pur-tungsten.com/2015/11/02/hello-world/" "Mozilla/5.0 (X11; Linux i686; rv:114.0) Gecko/20100101 Firefox/114.0"
165.231.24.129 - - [19/Jun/2025:13:00:17 -0400] "GET /wp-login.php?action=register HTTP/1.1" 302 - "https://pur-tungsten.com/2015/11/02/hello-world/" "Mozilla/5.0 (Windows NT 6.3; Win64; x64) AppleWebKit/537.36 (KHTML, like Gecko) Chrome/103.0.0.0 Safari/537.36"
70.39.147.11 - - [19/Jun/2025:13:00:19 -0400] "POST /wp-cron.php?doing_wp_cron=1750352419.7279601097106933593750 HTTP/1.1" 200 - "-" "WordPress/6.6.2; https://pur-tungsten.com"
165.231.24.129 - - [19/Jun/2025:13:00:22 -0400] "GET /wp-login.php?registration=disabled HTTP/1.1" 200 2176 "https://pur-tungsten.com/wp-login.php?action=register" "Mozilla/5.0 (Windows NT 6.3; Win64; x64) AppleWebKit/537.36 (KHTML, like Gecko) Chrome/103.0.0.0 Safari/537.36"
51.222.253.11 - - [19/Jun/2025:13:02:01 -0400] "GET /product/short-tungsten-recoil-buffer-weights-3-pack-1oz-each/ HTTP/2.0" 200 15394 "-" "Mozilla/5.0 (compatible; AhrefsBot/7.0; +http://ahrefs.com/robot/)"
124.220.171.34 - - [19/Jun/2025:13:02:26 -0400] "GET / HTTP/1.1" 200 22637 "http://pur-tungsten.com" "Mozilla/5.0 (Linux; Android 10; LIO-AN00 Build/HUAWEILIO-AN00; wv) MicroMessenger Weixin QQ AppleWebKit/537.36 (KHTML, like Gecko) Version/4.0 Chrome/78.0.3904.62 XWEB/2692 MMWEBSDK/200901 Mobile Safari/537.36"
124.220.171.34 - - [19/Jun/2025:13:02:25 -0400] "GET / HTTP/1.1" 301 - "http://www.pur-tungsten.com" "Mozilla/5.0 (Linux; Android 10; LIO-AN00 Build/HUAWEILIO-AN00; wv) MicroMessenger Weixin QQ AppleWebKit/537.36 (KHTML, like Gecko) Version/4.0 Chrome/78.0.3904.62 XWEB/2692 MMWEBSDK/200901 Mobile Safari/537.36"
124.220.171.34 - - [19/Jun/2025:13:02:28 -0400] "GET / HTTP/1.1" 200 22637 "https://www.pur-tungsten.com/" "Mozilla/5.0 (Linux; Android 10; LIO-AN00 Build/HUAWEILIO-AN00; wv) MicroMessenger Weixin QQ AppleWebKit/537.36 (KHTML, like Gecko) Version/4.0 Chrome/78.0.3904.62 XWEB/2692 MMWEBSDK/200901 Mobile Safari/537.36"
192.178.4.105 - - [19/Jun/2025:13:04:38 -0400] "GET /product/tig-welding-tungsten-electrodes-thoriated-lanthanated-ceriated/ HTTP/1.1" 301 - "-" "Mozilla/5.0 (Linux; Android 6.0.1; Nexus 5X Build/MMB29P) AppleWebKit/537.36 (KHTML, like Gecko) Chrome/137.0.7151.103 Mobile Safari/537.36 (compatible; Googlebot/2.1; +http://www.google.com/bot.html)"
192.178.4.96 - - [19/Jun/2025:13:05:03 -0400] "GET /s/3131dd.js HTTP/1.1" 200 312413 "https://pur-tungsten.com/product/ar-308-stainless-steel-body-buffer-3-8oz/" "Mozilla/5.0 (Linux; Android 6.0.1; Nexus 5X Build/MMB29P) AppleWebKit/537.36 (KHTML, like Gecko) Chrome/137.0.7151.68 Mobile Safari/537.36 (compatible; Googlebot/2.1; +http://www.google.com/bot.html)"
192.178.4.96 - - [19/Jun/2025:13:05:05 -0400] "GET /product/tungsten-cube-block-weights/ HTTP/1.1" 301 - "-" "Mozilla/5.0 (Linux; Android 6.0.1; Nexus 5X Build/MMB29P) AppleWebKit/537.36 (KHTML, like Gecko) Chrome/137.0.7151.103 Mobile Safari/537.36 (compatible; Googlebot/2.1; +http://www.google.com/bot.html)"
70.39.147.11 - - [19/Jun/2025:13:05:07 -0400] "POST /wp-cron.php?doing_wp_cron=1750352707.3658010959625244140625 HTTP/1.1" 200 - "-" "WordPress/6.6.2; https://pur-tungsten.com"
192.178.4.96 - - [19/Jun/2025:13:05:08 -0400] "GET /product-sitemap.xml HTTP/1.1" 200 14419 "-" "Mozilla/5.0 (compatible; Googlebot/2.1; +http://www.google.com/bot.html)"
192.178.4.105 - - [19/Jun/2025:13:05:10 -0400] "GET /product/tungsten-cube-block-display-weights/ HTTP/1.1" 200 17664 "-" "Mozilla/5.0 (Linux; Android 6.0.1; Nexus 5X Build/MMB29P) AppleWebKit/537.36 (KHTML, like Gecko) Chrome/137.0.7151.103 Mobile Safari/537.36 (compatible; Googlebot/2.1; +http://www.google.com/bot.html)"
192.178.4.105 - - [19/Jun/2025:13:05:12 -0400] "GET /products/sporting-goods/racing-products/ HTTP/1.1" 200 12638 "-" "Mozilla/5.0 (Linux; Android 6.0.1; Nexus 5X Build/MMB29P) AppleWebKit/537.36 (KHTML, like Gecko) Chrome/137.0.7151.103 Mobile Safari/537.36 (compatible; Googlebot/2.1; +http://www.google.com/bot.html)"
192.178.4.105 - - [19/Jun/2025:13:05:16 -0400] "GET /s/957bec.css HTTP/1.1" 200 3394 "https://pur-tungsten.com/products/sporting-goods/racing-products/" "Mozilla/5.0 (Linux; Android 6.0.1; Nexus 5X Build/MMB29P) AppleWebKit/537.36 (KHTML, like Gecko) Chrome/137.0.7151.68 Mobile Safari/537.36 (compatible; Googlebot/2.1; +http://www.google.com/bot.html)"
17.241.219.67 - - [19/Jun/2025:13:05:16 -0400] "GET /product/tungsten-fishing-barrel-weights/ HTTP/1.1" 200 16000 "-" "Mozilla/5.0 (Macintosh; Intel Mac OS X 10_15_7) AppleWebKit/605.1.15 (KHTML, like Gecko) Version/17.4 Safari/605.1.15 (Applebot/0.1; +http://www.apple.com/go/applebot)"
192.178.4.105 - - [19/Jun/2025:13:05:17 -0400] "GET /s/aa7923.js HTTP/1.1" 200 310421 "https://pur-tungsten.com/products/sporting-goods/racing-products/" "Mozilla/5.0 (Linux; Android 6.0.1; Nexus 5X Build/MMB29P) AppleWebKit/537.36 (KHTML, like Gecko) Chrome/137.0.7151.68 Mobile Safari/537.36 (compatible; Googlebot/2.1; +http://www.google.com/bot.html)"
192.178.4.97 - - [19/Jun/2025:13:06:57 -0400] "GET /s/a3fd0e.js HTTP/1.1" 200 312200 "https://pur-tungsten.com/product/tungsten-cube-block-display-weights/" "Mozilla/5.0 (Linux; Android 6.0.1; Nexus 5X Build/MMB29P) AppleWebKit/537.36 (KHTML, like Gecko) Chrome/137.0.7151.68 Mobile Safari/537.36 (compatible; Googlebot/2.1; +http://www.google.com/bot.html)"
192.178.4.97 - - [19/Jun/2025:13:07:04 -0400] "GET /product/fishing-flipping-weights-bulk/ HTTP/1.1" 200 16533 "-" "Mozilla/5.0 (Linux; Android 6.0.1; Nexus 5X Build/MMB29P) AppleWebKit/537.36 (KHTML, like Gecko) Chrome/137.0.7151.103 Mobile Safari/537.36 (compatible; Googlebot/2.1; +http://www.google.com/bot.html)"
192.178.4.96 - - [19/Jun/2025:13:07:09 -0400] "GET /s/612b16.js HTTP/1.1" 200 312206 "https://pur-tungsten.com/product/fishing-flipping-weights-bulk/" "Mozilla/5.0 (Linux; Android 6.0.1; Nexus 5X Build/MMB29P) AppleWebKit/537.36 (KHTML, like Gecko) Chrome/137.0.7151.68 Mobile Safari/537.36 (compatible; Googlebot/2.1; +http://www.google.com/bot.html)"
124.220.171.34 - - [19/Jun/2025:13:07:13 -0400] "GET / HTTP/1.1" 200 22637 "http://pur-tungsten.com" "Mozilla/5.0 (Linux; Android 10; LIO-AN00 Build/HUAWEILIO-AN00; wv) MicroMessenger Weixin QQ AppleWebKit/537.36 (KHTML, like Gecko) Version/4.0 Chrome/78.0.3904.62 XWEB/2692 MMWEBSDK/200901 Mobile Safari/537.36"
124.220.171.34 - - [19/Jun/2025:13:07:15 -0400] "GET / HTTP/1.1" 301 - "http://www.pur-tungsten.com" "Mozilla/5.0 (Linux; Android 10; LIO-AN00 Build/HUAWEILIO-AN00; wv) MicroMessenger Weixin QQ AppleWebKit/537.36 (KHTML, like Gecko) Version/4.0 Chrome/78.0.3904.62 XWEB/2692 MMWEBSDK/200901 Mobile Safari/537.36"
124.220.171.34 - - [19/Jun/2025:13:07:20 -0400] "GET / HTTP/1.1" 200 22637 "https://www.pur-tungsten.com/" "Mozilla/5.0 (Linux; Android 10; LIO-AN00 Build/HUAWEILIO-AN00; wv) MicroMessenger Weixin QQ AppleWebKit/537.36 (KHTML, like Gecko) Version/4.0 Chrome/78.0.3904.62 XWEB/2692 MMWEBSDK/200901 Mobile Safari/537.36"
52.146.58.236 - - [19/Jun/2025:13:08:06 -0400] "GET /wp-content/uploads/2019/10/buffer-gold-standard-1-1280x1139.jpg HTTP/1.1" 200 120369 "-" "DuckDuckBot/1.1; (+http://duckduckgo.com/duckduckbot.html)"
51.222.253.14 - - [19/Jun/2025:13:09:26 -0400] "GET /product/tungsten-teardrop-sinker-fishing-weights/ HTTP/2.0" 200 16974 "-" "Mozilla/5.0 (compatible; AhrefsBot/7.0; +http://ahrefs.com/robot/)"
70.39.147.11 - - [19/Jun/2025:13:09:28 -0400] "POST /wp-cron.php?doing_wp_cron=1750352968.8870589733123779296875 HTTP/1.1" 200 - "-" "WordPress/6.6.2; https://pur-tungsten.com"
17.246.15.228 - - [19/Jun/2025:13:10:55 -0400] "GET /s/82f1d4.css HTTP/1.1" 200 2717 "https://pur-tungsten.com/product/tungsten-fishing-barrel-weights/" "Mozilla/5.0 (Macintosh; Intel Mac OS X 10_15_7) AppleWebKit/605.1.15 (KHTML, like Gecko) Version/17.4 Safari/605.1.15 (Applebot/0.1; +http://www.apple.com/go/applebot)"
51.222.253.19 - - [19/Jun/2025:13:16:23 -0400] "GET /product/tungsten-super-shot-tss/ HTTP/2.0" 200 18937 "-" "Mozilla/5.0 (compatible; AhrefsBot/7.0; +http://ahrefs.com/robot/)"
51.222.253.6 - - [19/Jun/2025:13:23:22 -0400] "GET /product/tungsten-bullet-worm-weights/ HTTP/2.0" 200 16866 "-" "Mozilla/5.0 (compatible; AhrefsBot/7.0; +http://ahrefs.com/robot/)"
51.222.253.14 - - [19/Jun/2025:13:29:42 -0400] "GET /product/tungsten-ice-fishing-jigs/ HTTP/2.0" 200 18287 "-" "Mozilla/5.0 (compatible; AhrefsBot/7.0; +http://ahrefs.com/robot/)"
44.223.232.55 - - [19/Jun/2025:13:31:26 -0400] "GET /checkout/ HTTP/1.1" 302 - "-" "Mozilla/5.0 AppleWebKit/537.36 (KHTML, like Gecko; compatible; Amazonbot/0.1; +https://developer.amazon.com/support/amazonbot) Chrome/119.0.6045.214 Safari/537.36"
70.39.147.11 - - [19/Jun/2025:13:31:28 -0400] "POST /wp-cron.php?doing_wp_cron=1750354288.0128870010375976562500 HTTP/1.1" 200 - "-" "WordPress/6.6.2; https://pur-tungsten.com"
52.44.174.136 - - [19/Jun/2025:13:31:31 -0400] "GET /cart/ HTTP/1.1" 200 48517 "-" "Mozilla/5.0 AppleWebKit/537.36 (KHTML, like Gecko; compatible; Amazonbot/0.1; +https://developer.amazon.com/support/amazonbot) Chrome/119.0.6045.214 Safari/537.36"
192.178.4.97 - - [19/Jun/2025:13:34:11 -0400] "GET /ck/a?!&&p=ba14bb06473feec1JmltdHM9MTY4MTQzMDQwMCZpZ3VpZD0zMzExOGVmZC0yMjUxLTZhMmItMWQyZi05YzA5MjNkZDZiZmMmaW5zaWQ9NjI5Nw&ptn=3&hsh=3&fclid=33118efd-2251-6a2b-1d2f-9c0923dd6bfc&psq=why+use+tungsten+fishing+weights&u=a1aHR0cHM6Ly93d3cuZmlzaHRoaXNwYS5jb20vZmlzaC1jaGF0L3Byb3MtYW5kLWNvbnMtb2YtdHVuZ3N0ZW4tdGVybWluYWwtdGFja2xlIzp-OnRleHQ9VHVuZ3N0ZW4lMjBjb3VsZCUyMGJlJTIwdGhlJTIwbWlyYWNsZSUyMG1hdGVyaWFsJTIwZm9yJTIwZmlzaGluZyxzaXplJTIwd2VpZ2h0JTJDJTIwd2hpY2glMjB0cmFuc2xhdGVzJTIwdG8lMjBsZXNzJTIwaGFuZyUyMHVwcy4&ntb=1 HTTP/1.1" 301 - "-" "Mozilla/5.0 (Linux; Android 6.0.1; Nexus 5X Build/MMB29P) AppleWebKit/537.36 (KHTML, like Gecko) Chrome/137.0.7151.103 Mobile Safari/537.36 (compatible; Googlebot/2.1; +http://www.google.com/bot.html)"
70.39.147.11 - - [19/Jun/2025:13:34:13 -0400] "POST /wp-cron.php?doing_wp_cron=1750354453.4198749065399169921875 HTTP/1.1" 200 - "-" "WordPress/6.6.2; https://pur-tungsten.com"
192.178.4.105 - - [19/Jun/2025:13:34:14 -0400] "GET /about/?%21&ptn=3&hsh=3&fclid=33118efd-2251-6a2b-1d2f-9c0923dd6bfc&psq=why%20use%20tungsten%20fishing%20weights&u=a1aHR0cHM6Ly93d3cuZmlzaHRoaXNwYS5jb20vZmlzaC1jaGF0L3Byb3MtYW5kLWNvbnMtb2YtdHVuZ3N0ZW4tdGVybWluYWwtdGFja2xlIzp-OnRleHQ9VHVuZ3N0ZW4lMjBjb3VsZCUyMGJlJTIwdGhlJTIwbWlyYWNsZSUyMG1hdGVyaWFsJTIwZm9yJTIwZmlzaGluZyxzaXplJTIwd2VpZ2h0JTJDJTIwd2hpY2glMjB0cmFuc2xhdGVzJTIwdG8lMjBsZXNzJTIwaGFuZyUyMHVwcy4&ntb=1 HTTP/1.1" 200 13417 "-" "Mozilla/5.0 (Linux; Android 6.0.1; Nexus 5X Build/MMB29P) AppleWebKit/537.36 (KHTML, like Gecko) Chrome/137.0.7151.103 Mobile Safari/537.36 (compatible; Googlebot/2.1; +http://www.google.com/bot.html)"
51.222.253.10 - - [19/Jun/2025:13:35:24 -0400] "GET /product/ar-308-parkerized-steel-buffer-3-8oz/ HTTP/2.0" 200 13872 "-" "Mozilla/5.0 (compatible; AhrefsBot/7.0; +http://ahrefs.com/robot/)"
70.39.147.11 - - [19/Jun/2025:13:35:26 -0400] "POST /wp-cron.php?doing_wp_cron=1750354526.6674449443817138671875 HTTP/1.1" 200 - "-" "WordPress/6.6.2; https://pur-tungsten.com"
40.77.167.13 - - [19/Jun/2025:13:35:46 -0400] "GET /product/tungsten-fishing-worm-weights-bulk-1-lb-bags-green/ HTTP/2.0" 200 15698 "-" "Mozilla/5.0 AppleWebKit/537.36 (KHTML, like Gecko; compatible; bingbot/2.0; +http://www.bing.com/bingbot.htm) Chrome/116.0.1938.76 Safari/537.36"
91.207.24.51 - - [19/Jun/2025:13:40:16 -0400] "GET /wp-content/uploads/2020/04/0.13pellets.jpg HTTP/2.0" 200 48706 "-" "Mozilla/5.0 (Windows NT 10.0; Win64; x64) AppleWebKit/537.36 (KHTML, like Gecko) Chrome/137.0.0.0 Safari/537.36 Edg/137.0.0.0"
192.178.4.96 - - [19/Jun/2025:13:41:25 -0400] "GET /s/ddcf05.css HTTP/1.1" 200 3875 "https://pur-tungsten.com/about/?%21&ptn=3&hsh=3&fclid=33118efd-2251-6a2b-1d2f-9c0923dd6bfc&psq=why%20use%20tungsten%20fishing%20weights&u=a1aHR0cHM6Ly93d3cuZmlzaHRoaXNwYS5jb20vZmlzaC1jaGF0L3Byb3MtYW5kLWNvbnMtb2YtdHVuZ3N0ZW4tdGVybWluYWwtdGFja2xlIzp-OnRleHQ9VHVuZ3N0ZW4lMjBjb3VsZCUyMGJlJTIwdGhlJTIwbWlyYWNsZSUyMG1hdGVyaWFsJTIwZm9yJTIwZmlzaGluZyxzaXplJTIwd2VpZ2h0JTJDJTIwd2hpY2glMjB0cmFuc2xhdGVzJTIwdG8lMjBsZXNzJTIwaGFuZyUyMHVwcy4&ntb=1" "Mozilla/5.0 (Linux; Android 6.0.1; Nexus 5X Build/MMB29P) AppleWebKit/537.36 (KHTML, like Gecko) Chrome/137.0.7151.68 Mobile Safari/537.36 (compatible; Googlebot/2.1; +http://www.google.com/bot.html)"
192.178.4.105 - - [19/Jun/2025:13:41:26 -0400] "GET /s/6d6558.js HTTP/1.1" 200 311233 "https://pur-tungsten.com/about/?%21&ptn=3&hsh=3&fclid=33118efd-2251-6a2b-1d2f-9c0923dd6bfc&psq=why%20use%20tungsten%20fishing%20weights&u=a1aHR0cHM6Ly93d3cuZmlzaHRoaXNwYS5jb20vZmlzaC1jaGF0L3Byb3MtYW5kLWNvbnMtb2YtdHVuZ3N0ZW4tdGVybWluYWwtdGFja2xlIzp-OnRleHQ9VHVuZ3N0ZW4lMjBjb3VsZCUyMGJlJTIwdGhlJTIwbWlyYWNsZSUyMG1hdGVyaWFsJTIwZm9yJTIwZmlzaGluZyxzaXplJTIwd2VpZ2h0JTJDJTIwd2hpY2glMjB0cmFuc2xhdGVzJTIwdG8lMjBsZXNzJTIwaGFuZyUyMHVwcy4&ntb=1" "Mozilla/5.0 (Linux; Android 6.0.1; Nexus 5X Build/MMB29P) AppleWebKit/537.36 (KHTML, like Gecko) Chrome/137.0.7151.68 Mobile Safari/537.36 (compatible; Googlebot/2.1; +http://www.google.com/bot.html)"
51.222.253.1 - - [19/Jun/2025:13:41:37 -0400] "GET /product/fishing-flipping-weights-bulk/ HTTP/2.0" 200 16533 "-" "Mozilla/5.0 (compatible; AhrefsBot/7.0; +http://ahrefs.com/robot/)"
192.178.4.97 - - [19/Jun/2025:13:42:53 -0400] "GET /product/tungsten-ice-fishing-jigs/1000 HTTP/1.1" 301 - "-" "Mozilla/5.0 (Linux; Android 6.0.1; Nexus 5X Build/MMB29P) AppleWebKit/537.36 (KHTML, like Gecko) Chrome/137.0.7151.103 Mobile Safari/537.36 (compatible; Googlebot/2.1; +http://www.google.com/bot.html)"
70.39.147.11 - - [19/Jun/2025:13:42:55 -0400] "POST /wp-cron.php?doing_wp_cron=1750354975.4206540584564208984375 HTTP/1.1" 200 - "-" "WordPress/6.6.2; https://pur-tungsten.com"
51.222.253.16 - - [19/Jun/2025:13:47:17 -0400] "GET /product/tungsten-fishing-barrel-weights/ HTTP/2.0" 200 15982 "-" "Mozilla/5.0 (compatible; AhrefsBot/7.0; +http://ahrefs.com/robot/)"
51.222.253.2 - - [19/Jun/2025:13:55:23 -0400] "GET / HTTP/2.0" 304 - "-" "Mozilla/5.0 (compatible; AhrefsBot/7.0; +http://ahrefs.com/robot/)"
192.178.4.97 - - [19/Jun/2025:13:58:18 -0400] "GET /product/tungsten-chassis-ballast-weight-36lbs/1000 HTTP/1.1" 301 - "-" "Mozilla/5.0 (Linux; Android 6.0.1; Nexus 5X Build/MMB29P) AppleWebKit/537.36 (KHTML, like Gecko) Chrome/137.0.7151.103 Mobile Safari/537.36 (compatible; Googlebot/2.1; +http://www.google.com/bot.html)"
70.39.147.11 - - [19/Jun/2025:13:58:20 -0400] "POST /wp-cron.php?doing_wp_cron=1750355900.2817199230194091796875 HTTP/1.1" 500 2609 "-" "WordPress/6.6.2; https://pur-tungsten.com"
113.183.203.208 - - [19/Jun/2025:13:59:20 -0400] "GET /product-category/ar15-accessories/ HTTP/1.1" 302 - "-" "Mozilla/5.0 (Windows NT 10.0; Win64; x64) AppleWebKit/537.36 (KHTML, like Gecko) Chrome/122.0.0.0 Safari/537.36"
70.39.147.11 - - [19/Jun/2025:13:59:22 -0400] "POST /wp-cron.php?doing_wp_cron=1750355962.7205629348754882812500 HTTP/1.1" 200 - "-" "WordPress/6.6.2; https://pur-tungsten.com"
45.167.57.124 - - [19/Jun/2025:13:59:28 -0400] "GET /products/sporting-goods/ar15-accesories/ HTTP/1.1" 200 17679 "-" "Mozilla/5.0 (Windows NT 10.0; Win64; x64) AppleWebKit/537.36 (KHTML, like Gecko) Chrome/122.0.0.0 Safari/537.36"
45.157.54.25 - - [19/Jun/2025:14:01:19 -0400] "GET /wp-content/plugins/wp-marketing-automations/assets/css/bwfan-public.css HTTP/2.0" 200 42641 "-" "Mozilla/5.0 (Windows NT 10.0; Win64; x64) AppleWebKit/537.36 (KHTML, like Gecko) Chrome/127.0.0.0 Safari/537.36"
70.39.147.11 - - [19/Jun/2025:14:01:21 -0400] "POST /wp-cron.php?doing_wp_cron=1750356081.6232850551605224609375 HTTP/1.1" 200 - "-" "WordPress/6.6.2; https://pur-tungsten.com"
45.157.54.25 - - [19/Jun/2025:14:01:29 -0400] "GET /wp-content/plugins/wp-marketing-automations/assets/css/bwfan-public.css HTTP/2.0" 200 65442 "-" "Mozilla/5.0 (Windows NT 10.0; Win64; x64) AppleWebKit/537.36 (KHTML, like Gecko) Chrome/127.0.0.0 Safari/537.36"
195.2.81.171 - - [19/Jun/2025:14:01:50 -0400] "GET / HTTP/1.1" 301 - "-" "Mozilla/5.0 (Macintosh; Intel Mac OS X 10_15_7) AppleWebKit/537.36 (KHTML, like Gecko) Chrome/133.0.0.0 Safari/537.36"
195.2.81.171 - - [19/Jun/2025:14:01:53 -0400] "GET / HTTP/1.1" 200 22637 "https://PUR-TUNGSTEN.COM" "Mozilla/5.0 (Macintosh; Intel Mac OS X 10_15_7) AppleWebKit/537.36 (KHTML, like Gecko) Chrome/133.0.0.0 Safari/537.36"
177.222.228.172 - - [19/Jun/2025:14:01:54 -0400] "POST /?na=s HTTP/1.1" 200 2194 "-" "Mozilla/5.0 (Macintosh; Intel Mac OS X 10_15_7) AppleWebKit/537.36 (KHTML, like Gecko) Chrome/133.0.0.0 Safari/537.36"
177.222.228.172 - - [19/Jun/2025:14:01:58 -0400] "POST /?na=s HTTP/1.1" 406 18574 "-" "Mozilla/5.0 (Windows NT 10.0; Win64; x64) AppleWebKit/537.36 (KHTML, like Gecko) Chrome/120.0.0.0 Safari/537.36"
195.2.81.171 - - [19/Jun/2025:14:01:59 -0400] "GET /comments/feed/ HTTP/1.1" 200 12885 "-" "Mozilla/5.0 (Macintosh; Intel Mac OS X 10_15_7) AppleWebKit/537.36 (KHTML, like Gecko) Chrome/133.0.0.0 Safari/537.36"
195.2.81.171 - - [19/Jun/2025:14:02:02 -0400] "GET /contact/ HTTP/1.1" 200 10712 "-" "Mozilla/5.0 (Macintosh; Intel Mac OS X 10_15_7) AppleWebKit/537.36 (KHTML, like Gecko) Chrome/133.0.0.0 Safari/537.36"
177.222.228.172 - - [19/Jun/2025:14:02:03 -0400] "POST /contact/ HTTP/1.1" 200 116489 "-" "Mozilla/5.0 (Macintosh; Intel Mac OS X 10_15_7) AppleWebKit/537.36 (KHTML, like Gecko) Chrome/133.0.0.0 Safari/537.36"
177.222.228.172 - - [19/Jun/2025:14:02:07 -0400] "POST /contact/ HTTP/1.1" 406 10694 "-" "Mozilla/5.0 (Windows NT 10.0; Win64; x64) AppleWebKit/537.36 (KHTML, like Gecko) Chrome/120.0.0.0 Safari/537.36"
177.222.228.172 - - [19/Jun/2025:14:02:09 -0400] "POST /?na=s HTTP/1.1" 200 2196 "-" "Mozilla/5.0 (Macintosh; Intel Mac OS X 10_15_7) AppleWebKit/537.36 (KHTML, like Gecko) Chrome/133.0.0.0 Safari/537.36"
177.222.228.172 - - [19/Jun/2025:14:02:13 -0400] "POST /?na=s HTTP/1.1" 406 18574 "-" "Mozilla/5.0 (Windows NT 10.0; Win64; x64) AppleWebKit/537.36 (KHTML, like Gecko) Chrome/120.0.0.0 Safari/537.36"
195.2.81.171 - - [19/Jun/2025:14:02:14 -0400] "GET /products/sporting-goods/ar15-accesories/ HTTP/1.1" 200 17697 "-" "Mozilla/5.0 (Macintosh; Intel Mac OS X 10_15_7) AppleWebKit/537.36 (KHTML, like Gecko) Chrome/133.0.0.0 Safari/537.36"
34.79.36.97 - - [19/Jun/2025:14:03:19 -0400] "GET / HTTP/1.1" 200 159548 "-" "Mozilla/5.0 (Windows NT 10.0; Win64; x64) AppleWebKit/537.36 (KHTML, like Gecko) Chrome/78.0.3904.108 Safari/537.36"
34.79.36.97 - - [19/Jun/2025:14:03:24 -0400] "GET //wp-includes/wlwmanifest.xml HTTP/1.1" 301 - "-" "Mozilla/5.0 (Windows NT 10.0; Win64; x64) AppleWebKit/537.36 (KHTML, like Gecko) Chrome/78.0.3904.108 Safari/537.36"
34.79.36.97 - - [19/Jun/2025:14:03:26 -0400] "GET //xmlrpc.php?rsd HTTP/1.1" 200 - "-" "Mozilla/5.0 (Windows NT 10.0; Win64; x64) AppleWebKit/537.36 (KHTML, like Gecko) Chrome/78.0.3904.108 Safari/537.36"
34.79.36.97 - - [19/Jun/2025:14:03:27 -0400] "GET / HTTP/1.1" 200 159548 "-" "Mozilla/5.0 (Windows NT 10.0; Win64; x64) AppleWebKit/537.36 (KHTML, like Gecko) Chrome/78.0.3904.108 Safari/537.36"
34.79.36.97 - - [19/Jun/2025:14:03:34 -0400] "GET //?author=1 HTTP/1.1" 500 4930 "-" "Mozilla/5.0 (Windows NT 10.0; Win64; x64) AppleWebKit/537.36 (KHTML, like Gecko) Chrome/78.0.3904.108 Safari/537.36"
34.79.36.97 - - [19/Jun/2025:14:03:37 -0400] "GET //?author=2 HTTP/1.1" 500 4930 "-" "Mozilla/5.0 (Windows NT 10.0; Win64; x64) AppleWebKit/537.36 (KHTML, like Gecko) Chrome/78.0.3904.108 Safari/537.36"
34.79.36.97 - - [19/Jun/2025:14:03:39 -0400] "GET //wp-json/wp/v2/users/ HTTP/1.1" 404 114 "-" "Mozilla/5.0 (Windows NT 10.0; Win64; x64) AppleWebKit/537.36 (KHTML, like Gecko) Chrome/78.0.3904.108 Safari/537.36"
34.79.36.97 - - [19/Jun/2025:14:03:42 -0400] "GET //wp-json/oembed/1.0/embed?url=https://pur-tungsten.com/ HTTP/1.1" 200 2404 "-" "Mozilla/5.0 (Windows NT 10.0; Win64; x64) AppleWebKit/537.36 (KHTML, like Gecko) Chrome/78.0.3904.108 Safari/537.36"
34.79.36.97 - - [19/Jun/2025:14:03:44 -0400] "POST //xmlrpc.php HTTP/1.1" 200 - "-" "Mozilla/5.0 (Windows NT 10.0; Win64; x64) AppleWebKit/537.36 (KHTML, like Gecko) Chrome/78.0.3904.108 Safari/537.36"
51.222.253.18 - - [19/Jun/2025:14:04:06 -0400] "GET /product/h-h2-h3-anodized-black-buffers/ HTTP/2.0" 304 - "-" "Mozilla/5.0 (compatible; AhrefsBot/7.0; +http://ahrefs.com/robot/)"
162.241.24.146 - - [19/Jun/2025:14:04:29 -0400] "GET /product/tungsten-recoil-buffer-weights/ HTTP/2.0" 200 167131 "-" "vBulletin via cURL/PHP"
111.88.38.93 - - [19/Jun/2025:14:08:18 -0400] "GET / HTTP/2.0" 200 22619 "-" "Mozilla/5.0 (Windows NT 10.0; Win64; x64) AppleWebKit/537.36 (KHTML, like Gecko) Chrome/137.0.0.0 Safari/537.36"
111.88.38.93 - - [19/Jun/2025:14:08:51 -0400] "GET /s/ed70e8.css HTTP/2.0" 200 14637 "https://pur-tungsten.com/" "Mozilla/5.0 (Windows NT 10.0; Win64; x64) AppleWebKit/537.36 (KHTML, like Gecko) Chrome/137.0.0.0 Safari/537.36"
111.88.38.93 - - [19/Jun/2025:14:08:51 -0400] "GET /s/0d9c36.css HTTP/2.0" 200 12650 "https://pur-tungsten.com/" "Mozilla/5.0 (Windows NT 10.0; Win64; x64) AppleWebKit/537.36 (KHTML, like Gecko) Chrome/137.0.0.0 Safari/537.36"
111.88.38.93 - - [19/Jun/2025:14:08:51 -0400] "GET /s/661c7b.css HTTP/2.0" 200 32263 "https://pur-tungsten.com/" "Mozilla/5.0 (Windows NT 10.0; Win64; x64) AppleWebKit/537.36 (KHTML, like Gecko) Chrome/137.0.0.0 Safari/537.36"
111.88.38.93 - - [19/Jun/2025:14:08:53 -0400] "GET /s/img/wp-content/uploads/2021/07/pur_tungsten_header_logo-166x90.png HTTP/2.0" 200 11081 "https://pur-tungsten.com/" "Mozilla/5.0 (Windows NT 10.0; Win64; x64) AppleWebKit/537.36 (KHTML, like Gecko) Chrome/137.0.0.0 Safari/537.36"
111.88.38.93 - - [19/Jun/2025:14:09:14 -0400] "GET /s/img/wp-content/uploads/2017/12/lake-u3964-fr2.png HTTP/2.0" 200 378729 "https://pur-tungsten.com/" "Mozilla/5.0 (Windows NT 10.0; Win64; x64) AppleWebKit/537.36 (KHTML, like Gecko) Chrome/137.0.0.0 Safari/537.36"
111.88.38.93 - - [19/Jun/2025:14:09:14 -0400] "GET /s/img/wp-content/uploads/2021/07/pur_tungsten_header_logo-166x90.png HTTP/2.0" 200 11081 "https://pur-tungsten.com/" "Mozilla/5.0 (Windows NT 10.0; Win64; x64) AppleWebKit/537.36 (KHTML, like Gecko) Chrome/137.0.0.0 Safari/537.36"
111.88.38.93 - - [19/Jun/2025:14:09:14 -0400] "GET /s/img/wp-content/uploads/2021/07/Pur_Tunngsten_logo_PNG_NEW.png HTTP/2.0" 200 58916 "https://pur-tungsten.com/" "Mozilla/5.0 (Windows NT 10.0; Win64; x64) AppleWebKit/537.36 (KHTML, like Gecko) Chrome/137.0.0.0 Safari/537.36"
111.88.38.93 - - [19/Jun/2025:14:09:17 -0400] "GET /s/img/wp-content/uploads/2017/12/stock_car.jpg HTTP/2.0" 200 125863 "https://pur-tungsten.com/" "Mozilla/5.0 (Windows NT 10.0; Win64; x64) AppleWebKit/537.36 (KHTML, like Gecko) Chrome/137.0.0.0 Safari/537.36"
111.88.38.93 - - [19/Jun/2025:14:09:18 -0400] "GET /s/img/wp-content/uploads/2017/12/darts_001-u22254-fr.jpg HTTP/2.0" 200 190284 "https://pur-tungsten.com/" "Mozilla/5.0 (Windows NT 10.0; Win64; x64) AppleWebKit/537.36 (KHTML, like Gecko) Chrome/137.0.0.0 Safari/537.36"
111.88.38.93 - - [19/Jun/2025:14:09:18 -0400] "GET /s/img/wp-content/uploads/2017/12/tig_welding_wp9-u25723-fr.jpg HTTP/2.0" 200 190108 "https://pur-tungsten.com/" "Mozilla/5.0 (Windows NT 10.0; Win64; x64) AppleWebKit/537.36 (KHTML, like Gecko) Chrome/137.0.0.0 Safari/537.36"
111.88.38.93 - - [19/Jun/2025:14:09:20 -0400] "GET /s/img/wp-content/uploads/2017/12/derby_car_001.jpg HTTP/2.0" 200 63763 "https://pur-tungsten.com/" "Mozilla/5.0 (Windows NT 10.0; Win64; x64) AppleWebKit/537.36 (KHTML, like Gecko) Chrome/137.0.0.0 Safari/537.36"
111.88.38.93 - - [19/Jun/2025:14:09:21 -0400] "GET /s/img/wp-content/uploads/2017/12/tig_welding_cat-300x197.jpg HTTP/2.0" 200 14870 "https://pur-tungsten.com/" "Mozilla/5.0 (Windows NT 10.0; Win64; x64) AppleWebKit/537.36 (KHTML, like Gecko) Chrome/137.0.0.0 Safari/537.36"
111.88.38.93 - - [19/Jun/2025:14:09:21 -0400] "GET /s/img/wp-content/uploads/2017/12/crankshaft_cat-300x197.jpg HTTP/2.0" 200 9134 "https://pur-tungsten.com/" "Mozilla/5.0 (Windows NT 10.0; Win64; x64) AppleWebKit/537.36 (KHTML, like Gecko) Chrome/137.0.0.0 Safari/537.36"
111.88.38.93 - - [19/Jun/2025:14:09:21 -0400] "GET /s/img/wp-content/uploads/2017/12/desk_001-300x197.jpg HTTP/2.0" 200 14151 "https://pur-tungsten.com/" "Mozilla/5.0 (Windows NT 10.0; Win64; x64) AppleWebKit/537.36 (KHTML, like Gecko) Chrome/137.0.0.0 Safari/537.36"
111.88.38.93 - - [19/Jun/2025:14:09:21 -0400] "GET /s/img/wp-content/uploads/2017/12/car_cat-300x197.jpg HTTP/2.0" 200 6228 "https://pur-tungsten.com/" "Mozilla/5.0 (Windows NT 10.0; Win64; x64) AppleWebKit/537.36 (KHTML, like Gecko) Chrome/137.0.0.0 Safari/537.36"
111.88.38.93 - - [19/Jun/2025:14:09:21 -0400] "GET /s/img/wp-content/uploads/2017/12/fishing_cat-300x197.jpg HTTP/2.0" 200 13849 "https://pur-tungsten.com/" "Mozilla/5.0 (Windows NT 10.0; Win64; x64) AppleWebKit/537.36 (KHTML, like Gecko) Chrome/137.0.0.0 Safari/537.36"
111.88.38.93 - - [19/Jun/2025:14:09:21 -0400] "GET /s/img/wp-content/uploads/2017/12/ar15_cat-300x197.jpg HTTP/2.0" 200 13560 "https://pur-tungsten.com/" "Mozilla/5.0 (Windows NT 10.0; Win64; x64) AppleWebKit/537.36 (KHTML, like Gecko) Chrome/137.0.0.0 Safari/537.36"
111.88.38.93 - - [19/Jun/2025:14:09:22 -0400] "GET /s/img/wp-content/uploads/2017/12/darts_001_cat-300x197.jpg HTTP/2.0" 200 17851 "https://pur-tungsten.com/" "Mozilla/5.0 (Windows NT 10.0; Win64; x64) AppleWebKit/537.36 (KHTML, like Gecko) Chrome/137.0.0.0 Safari/537.36"
111.88.38.93 - - [19/Jun/2025:14:09:22 -0400] "GET /s/img/wp-content/uploads/2017/12/stock_car_cat-300x197.jpg HTTP/2.0" 200 15686 "https://pur-tungsten.com/" "Mozilla/5.0 (Windows NT 10.0; Win64; x64) AppleWebKit/537.36 (KHTML, like Gecko) Chrome/137.0.0.0 Safari/537.36"
