111.88.38.93 - - [19/Jun/2025:14:09:22 -0400] "GET /s/img/wp-content/uploads/2018/08/burrthumb-e1535032193919.jpg HTTP/2.0" 200 7372 "https://pur-tungsten.com/" "Mozilla/5.0 (Windows NT 10.0; Win64; x64) AppleWebKit/537.36 (KHTML, like Gecko) Chrome/137.0.0.0 Safari/537.36"
111.88.38.93 - - [19/Jun/2025:14:09:22 -0400] "GET /s/img/wp-content/uploads/2017/12/TIGgray-270x178.jpg HTTP/2.0" 200 8486 "https://pur-tungsten.com/" "Mozilla/5.0 (Windows NT 10.0; Win64; x64) AppleWebKit/537.36 (KHTML, like Gecko) Chrome/137.0.0.0 Safari/537.36"
111.88.38.93 - - [19/Jun/2025:14:09:22 -0400] "GET /s/img/wp-content/uploads/2017/12/TIGblue-2-270x178.jpg HTTP/2.0" 200 10757 "https://pur-tungsten.com/" "Mozilla/5.0 (Windows NT 10.0; Win64; x64) AppleWebKit/537.36 (KHTML, like Gecko) Chrome/137.0.0.0 Safari/537.36"
111.88.38.93 - - [19/Jun/2025:14:09:22 -0400] "GET /s/img/wp-content/uploads/2020/03/TIGred-270x178.jpg HTTP/2.0" 200 11803 "https://pur-tungsten.com/" "Mozilla/5.0 (Windows NT 10.0; Win64; x64) AppleWebKit/537.36 (KHTML, like Gecko) Chrome/137.0.0.0 Safari/537.36"
111.88.38.93 - - [19/Jun/2025:14:09:22 -0400] "GET /s/img/wp-content/uploads/2019/10/Buffer-black-standard-270x178.jpg HTTP/2.0" 200 4012 "https://pur-tungsten.com/" "Mozilla/5.0 (Windows NT 10.0; Win64; x64) AppleWebKit/537.36 (KHTML, like Gecko) Chrome/137.0.0.0 Safari/537.36"
111.88.38.93 - - [19/Jun/2025:14:09:22 -0400] "GET /s/img/wp-content/uploads/2019/10/buffer-gold-standard-1-270x178.jpg HTTP/2.0" 200 6235 "https://pur-tungsten.com/" "Mozilla/5.0 (Windows NT 10.0; Win64; x64) AppleWebKit/537.36 (KHTML, like Gecko) Chrome/137.0.0.0 Safari/537.36"
111.88.38.93 - - [19/Jun/2025:14:09:22 -0400] "GET /s/img/wp-content/uploads/2020/02/30zBufferGold-scaled-270x178.jpg HTTP/2.0" 200 7420 "https://pur-tungsten.com/" "Mozilla/5.0 (Windows NT 10.0; Win64; x64) AppleWebKit/537.36 (KHTML, like Gecko) Chrome/137.0.0.0 Safari/537.36"
111.88.38.93 - - [19/Jun/2025:14:09:22 -0400] "GET /s/img/wp-content/uploads/2020/03/2.5inchBlackBuffer-1-e1585163269203-1-270x178.jpg HTTP/2.0" 200 5993 "https://pur-tungsten.com/" "Mozilla/5.0 (Windows NT 10.0; Win64; x64) AppleWebKit/537.36 (KHTML, like Gecko) Chrome/137.0.0.0 Safari/537.36"
111.88.38.93 - - [19/Jun/2025:14:09:22 -0400] "GET /s/img/wp-content/uploads/2020/03/AR-308-2.5-Solid-Steel-Buffer-3.8oz-AR308-404-scaled-e1595508327967-270x178.jpg HTTP/2.0" 200 6181 "https://pur-tungsten.com/" "Mozilla/5.0 (Windows NT 10.0; Win64; x64) AppleWebKit/537.36 (KHTML, like Gecko) Chrome/137.0.0.0 Safari/537.36"
111.88.38.93 - - [19/Jun/2025:14:09:23 -0400] "GET /s/img/wp-content/uploads/2020/03/ar3082.5gold-270x178.jpg HTTP/2.0" 200 4664 "https://pur-tungsten.com/" "Mozilla/5.0 (Windows NT 10.0; Win64; x64) AppleWebKit/537.36 (KHTML, like Gecko) Chrome/137.0.0.0 Safari/537.36"
111.88.38.93 - - [19/Jun/2025:14:09:23 -0400] "GET /s/img/wp-content/uploads/2020/03/ar15HbufferBlack3.25in-e1588786310567-270x178.jpg HTTP/2.0" 200 5591 "https://pur-tungsten.com/" "Mozilla/5.0 (Windows NT 10.0; Win64; x64) AppleWebKit/537.36 (KHTML, like Gecko) Chrome/137.0.0.0 Safari/537.36"
111.88.38.93 - - [19/Jun/2025:14:09:23 -0400] "GET /s/img/wp-content/uploads/2020/03/2.5anodizedGoldAR308buffer-270x178.jpg HTTP/2.0" 200 6947 "https://pur-tungsten.com/" "Mozilla/5.0 (Windows NT 10.0; Win64; x64) AppleWebKit/537.36 (KHTML, like Gecko) Chrome/137.0.0.0 Safari/537.36"
111.88.38.93 - - [19/Jun/2025:14:09:23 -0400] "GET /s/img/wp-content/uploads/2020/07/AR-308-2.5-Solid-Steel-Buffer-3.8oz-AR308-400-scaled-270x178.jpg HTTP/2.0" 200 6155 "https://pur-tungsten.com/" "Mozilla/5.0 (Windows NT 10.0; Win64; x64) AppleWebKit/537.36 (KHTML, like Gecko) Chrome/137.0.0.0 Safari/537.36"
111.88.38.93 - - [19/Jun/2025:14:09:23 -0400] "GET /s/img/wp-content/uploads/2020/03/ar10rifleblack-270x178.jpg HTTP/2.0" 200 5963 "https://pur-tungsten.com/" "Mozilla/5.0 (Windows NT 10.0; Win64; x64) AppleWebKit/537.36 (KHTML, like Gecko) Chrome/137.0.0.0 Safari/537.36"
111.88.38.93 - - [19/Jun/2025:14:09:23 -0400] "GET /s/img/wp-content/uploads/2020/03/ar10riflegold-270x178.jpg HTTP/2.0" 200 6186 "https://pur-tungsten.com/" "Mozilla/5.0 (Windows NT 10.0; Win64; x64) AppleWebKit/537.36 (KHTML, like Gecko) Chrome/137.0.0.0 Safari/537.36"
111.88.38.93 - - [19/Jun/2025:14:09:23 -0400] "GET /s/img/wp-content/uploads/2019/10/Buffer-rifle-black-270x178.jpg HTTP/2.0" 200 4595 "https://pur-tungsten.com/" "Mozilla/5.0 (Windows NT 10.0; Win64; x64) AppleWebKit/537.36 (KHTML, like Gecko) Chrome/137.0.0.0 Safari/537.36"
111.88.38.93 - - [19/Jun/2025:14:09:23 -0400] "GET /s/img/wp-content/uploads/2020/04/itar-208x178.png HTTP/2.0" 200 25912 "https://pur-tungsten.com/" "Mozilla/5.0 (Windows NT 10.0; Win64; x64) AppleWebKit/537.36 (KHTML, like Gecko) Chrome/137.0.0.0 Safari/537.36"
111.88.38.93 - - [19/Jun/2025:14:09:23 -0400] "GET /s/6c1864.css HTTP/2.0" 200 3955 "https://pur-tungsten.com/" "Mozilla/5.0 (Windows NT 10.0; Win64; x64) AppleWebKit/537.36 (KHTML, like Gecko) Chrome/137.0.0.0 Safari/537.36"
111.88.38.93 - - [19/Jun/2025:14:09:23 -0400] "GET /s/2b7810.css HTTP/2.0" 200 7345 "https://pur-tungsten.com/" "Mozilla/5.0 (Windows NT 10.0; Win64; x64) AppleWebKit/537.36 (KHTML, like Gecko) Chrome/137.0.0.0 Safari/537.36"
111.88.38.93 - - [19/Jun/2025:14:09:23 -0400] "GET /s/e4f995.css HTTP/2.0" 200 2536 "https://pur-tungsten.com/" "Mozilla/5.0 (Windows NT 10.0; Win64; x64) AppleWebKit/537.36 (KHTML, like Gecko) Chrome/137.0.0.0 Safari/537.36"
111.88.38.93 - - [19/Jun/2025:14:09:24 -0400] "GET /wp-content/uploads/2017/12/pur-tungsten-for-sporting-goods-and-industrial-applications.png HTTP/2.0" 200 1758 "https://pur-tungsten.com/" "Mozilla/5.0 (Windows NT 10.0; Win64; x64) AppleWebKit/537.36 (KHTML, like Gecko) Chrome/137.0.0.0 Safari/537.36"
111.88.38.93 - - [19/Jun/2025:14:09:24 -0400] "GET /s/2ed3a1.js HTTP/2.0" 200 431709 "https://pur-tungsten.com/" "Mozilla/5.0 (Windows NT 10.0; Win64; x64) AppleWebKit/537.36 (KHTML, like Gecko) Chrome/137.0.0.0 Safari/537.36"
111.88.38.93 - - [19/Jun/2025:14:09:27 -0400] "GET /s/24e5af.js HTTP/2.0" 200 14356 "https://pur-tungsten.com/" "Mozilla/5.0 (Windows NT 10.0; Win64; x64) AppleWebKit/537.36 (KHTML, like Gecko) Chrome/137.0.0.0 Safari/537.36"
111.88.38.93 - - [19/Jun/2025:14:09:30 -0400] "GET /contact/ HTTP/2.0" 200 10694 "https://pur-tungsten.com/" "Mozilla/5.0 (Windows NT 10.0; Win64; x64) AppleWebKit/537.36 (KHTML, like Gecko) Chrome/137.0.0.0 Safari/537.36"
111.88.38.93 - - [19/Jun/2025:14:09:31 -0400] "GET /s/560a4d.css HTTP/2.0" 200 3138 "https://pur-tungsten.com/contact/" "Mozilla/5.0 (Windows NT 10.0; Win64; x64) AppleWebKit/537.36 (KHTML, like Gecko) Chrome/137.0.0.0 Safari/537.36"
111.88.38.93 - - [19/Jun/2025:14:09:31 -0400] "GET /s/img/wp-content/uploads/2017/12/contact_001.jpg HTTP/2.0" 200 10502 "https://pur-tungsten.com/contact/" "Mozilla/5.0 (Windows NT 10.0; Win64; x64) AppleWebKit/537.36 (KHTML, like Gecko) Chrome/137.0.0.0 Safari/537.36"
111.88.38.93 - - [19/Jun/2025:14:09:31 -0400] "GET /s/8cf0a2.js HTTP/2.0" 200 310422 "https://pur-tungsten.com/contact/" "Mozilla/5.0 (Windows NT 10.0; Win64; x64) AppleWebKit/537.36 (KHTML, like Gecko) Chrome/137.0.0.0 Safari/537.36"
51.222.253.19 - - [19/Jun/2025:14:10:48 -0400] "GET /product/ar-308-lanodized-light-gold-buffer/ HTTP/2.0" 200 14093 "-" "Mozilla/5.0 (compatible; AhrefsBot/7.0; +http://ahrefs.com/robot/)"
111.88.38.93 - - [19/Jun/2025:14:11:58 -0400] "POST /contact/ HTTP/2.0" 200 - "https://pur-tungsten.com/contact/" "Mozilla/5.0 (Windows NT 10.0; Win64; x64) AppleWebKit/537.36 (KHTML, like Gecko) Chrome/137.0.0.0 Safari/537.36"
111.88.38.93 - - [19/Jun/2025:14:11:59 -0400] "POST /contact/ HTTP/2.0" 200 117110 "https://pur-tungsten.com/contact/" "Mozilla/5.0 (Windows NT 10.0; Win64; x64) AppleWebKit/537.36 (KHTML, like Gecko) Chrome/137.0.0.0 Safari/537.36"
111.88.38.93 - - [19/Jun/2025:14:12:02 -0400] "GET /wp-content/plugins/honeypot/includes/css/wpa.css?ver=2.2.02 HTTP/2.0" 200 337 "https://pur-tungsten.com/contact/" "Mozilla/5.0 (Windows NT 10.0; Win64; x64) AppleWebKit/537.36 (KHTML, like Gecko) Chrome/137.0.0.0 Safari/537.36"
111.88.38.93 - - [19/Jun/2025:14:12:02 -0400] "GET /wp-content/plugins/contact-form-7/includes/css/styles.css?ver=5.9.8 HTTP/2.0" 200 1015 "https://pur-tungsten.com/contact/" "Mozilla/5.0 (Windows NT 10.0; Win64; x64) AppleWebKit/537.36 (KHTML, like Gecko) Chrome/137.0.0.0 Safari/537.36"
111.88.38.93 - - [19/Jun/2025:14:12:02 -0400] "GET /wp-includes/css/dist/block-library/style.min.css?ver=b40c877adaf33178f81362b457652bd7 HTTP/2.0" 200 14840 "https://pur-tungsten.com/contact/" "Mozilla/5.0 (Windows NT 10.0; Win64; x64) AppleWebKit/537.36 (KHTML, like Gecko) Chrome/137.0.0.0 Safari/537.36"
70.39.147.11 - - [19/Jun/2025:14:12:00 -0400] "POST /wp-cron.php?doing_wp_cron=1750356720.4519751071929931640625 HTTP/1.1" 200 - "-" "WordPress/6.6.2; https://pur-tungsten.com"
111.88.38.93 - - [19/Jun/2025:14:12:02 -0400] "GET /wp-content/plugins/live-composer-page-builder/css/dist/frontend.plugins.min.css?ver=1.5.45 HTTP/2.0" 200 2629 "https://pur-tungsten.com/contact/" "Mozilla/5.0 (Windows NT 10.0; Win64; x64) AppleWebKit/537.36 (KHTML, like Gecko) Chrome/137.0.0.0 Safari/537.36"
111.88.38.93 - - [19/Jun/2025:14:12:02 -0400] "GET /wp-content/plugins/live-composer-page-builder/css/font-awesome.css?ver=1.5.45 HTTP/2.0" 200 8919 "https://pur-tungsten.com/contact/" "Mozilla/5.0 (Windows NT 10.0; Win64; x64) AppleWebKit/537.36 (KHTML, like Gecko) Chrome/137.0.0.0 Safari/537.36"
111.88.38.93 - - [19/Jun/2025:14:12:02 -0400] "GET /wp-content/plugins/live-composer-page-builder/css/dist/frontend.min.css?ver=1.5.45 HTTP/2.0" 200 8479 "https://pur-tungsten.com/contact/" "Mozilla/5.0 (Windows NT 10.0; Win64; x64) AppleWebKit/537.36 (KHTML, like Gecko) Chrome/137.0.0.0 Safari/537.36"
111.88.38.93 - - [19/Jun/2025:14:12:03 -0400] "GET /wp-content/plugins/revslider/public/assets/css/rs6.css?ver=6.2.1 HTTP/2.0" 200 12160 "https://pur-tungsten.com/contact/" "Mozilla/5.0 (Windows NT 10.0; Win64; x64) AppleWebKit/537.36 (KHTML, like Gecko) Chrome/137.0.0.0 Safari/537.36"
111.88.38.93 - - [19/Jun/2025:14:12:03 -0400] "GET /wp-content/plugins/woocommerce/assets/css/woocommerce-layout.css?ver=9.1.4 HTTP/2.0" 200 2573 "https://pur-tungsten.com/contact/" "Mozilla/5.0 (Windows NT 10.0; Win64; x64) AppleWebKit/537.36 (KHTML, like Gecko) Chrome/137.0.0.0 Safari/537.36"
111.88.38.93 - - [19/Jun/2025:14:12:03 -0400] "GET /wp-content/plugins/woocommerce/assets/css/woocommerce.css?ver=9.1.4 HTTP/2.0" 200 9979 "https://pur-tungsten.com/contact/" "Mozilla/5.0 (Windows NT 10.0; Win64; x64) AppleWebKit/537.36 (KHTML, like Gecko) Chrome/137.0.0.0 Safari/537.36"
111.88.38.93 - - [19/Jun/2025:14:12:03 -0400] "GET /wp-content/themes/lc-blank/style.css?ver=1727287791 HTTP/2.0" 200 1424 "https://pur-tungsten.com/contact/" "Mozilla/5.0 (Windows NT 10.0; Win64; x64) AppleWebKit/537.36 (KHTML, like Gecko) Chrome/137.0.0.0 Safari/537.36"
111.88.38.93 - - [19/Jun/2025:14:12:03 -0400] "GET /wp-content/plugins/searchwp-live-ajax-search/assets/styles/frontend/search-forms.css?ver=1.8.2 HTTP/2.0" 200 742 "https://pur-tungsten.com/contact/" "Mozilla/5.0 (Windows NT 10.0; Win64; x64) AppleWebKit/537.36 (KHTML, like Gecko) Chrome/137.0.0.0 Safari/537.36"
111.88.38.93 - - [19/Jun/2025:14:12:03 -0400] "GET /wp-content/plugins/newsletter/style.css?ver=8.4.7 HTTP/2.0" 200 1452 "https://pur-tungsten.com/contact/" "Mozilla/5.0 (Windows NT 10.0; Win64; x64) AppleWebKit/537.36 (KHTML, like Gecko) Chrome/137.0.0.0 Safari/537.36"
111.88.38.93 - - [19/Jun/2025:14:12:03 -0400] "GET /wp-content/uploads/2021/07/pur_tungsten_header_logo-166x90.png HTTP/2.0" 200 11081 "https://pur-tungsten.com/contact/" "Mozilla/5.0 (Windows NT 10.0; Win64; x64) AppleWebKit/537.36 (KHTML, like Gecko) Chrome/137.0.0.0 Safari/537.36"
111.88.38.93 - - [19/Jun/2025:14:12:03 -0400] "GET /wp-content/plugins/searchwp-live-ajax-search/assets/styles/style.css?ver=1.8.2 HTTP/2.0" 200 787 "https://pur-tungsten.com/contact/" "Mozilla/5.0 (Windows NT 10.0; Win64; x64) AppleWebKit/537.36 (KHTML, like Gecko) Chrome/137.0.0.0 Safari/537.36"
111.88.38.93 - - [19/Jun/2025:14:12:03 -0400] "GET /wp-content/uploads/2017/12/contact_001-360x253.jpg HTTP/2.0" 200 9598 "https://pur-tungsten.com/contact/" "Mozilla/5.0 (Windows NT 10.0; Win64; x64) AppleWebKit/537.36 (KHTML, like Gecko) Chrome/137.0.0.0 Safari/537.36"
111.88.38.93 - - [19/Jun/2025:14:12:03 -0400] "GET /wp-includes/js/jquery/jquery.js?ver=1.12.4 HTTP/2.0" 200 84020 "https://pur-tungsten.com/contact/" "Mozilla/5.0 (Windows NT 10.0; Win64; x64) AppleWebKit/537.36 (KHTML, like Gecko) Chrome/137.0.0.0 Safari/537.36"
111.88.38.93 - - [19/Jun/2025:14:12:03 -0400] "GET /wp-content/uploads/2021/07/Pur_Tunngsten_logo_PNG_NEW.png HTTP/2.0" 200 58916 "https://pur-tungsten.com/contact/" "Mozilla/5.0 (Windows NT 10.0; Win64; x64) AppleWebKit/537.36 (KHTML, like Gecko) Chrome/137.0.0.0 Safari/537.36"
111.88.38.93 - - [19/Jun/2025:14:12:04 -0400] "GET /wp-content/uploads/2020/04/itar-208x178.png HTTP/2.0" 200 25912 "https://pur-tungsten.com/contact/" "Mozilla/5.0 (Windows NT 10.0; Win64; x64) AppleWebKit/537.36 (KHTML, like Gecko) Chrome/137.0.0.0 Safari/537.36"
111.88.38.93 - - [19/Jun/2025:14:12:04 -0400] "GET /wp-content/plugins/live-composer-page-builder/js/dist/client_plugins.min.js?ver=1.5.45 HTTP/2.0" 200 14624 "https://pur-tungsten.com/contact/" "Mozilla/5.0 (Windows NT 10.0; Win64; x64) AppleWebKit/537.36 (KHTML, like Gecko) Chrome/137.0.0.0 Safari/537.36"
111.88.38.93 - - [19/Jun/2025:14:12:04 -0400] "GET /wp-content/plugins/woocommerce/assets/client/blocks/wc-blocks.css?ver=wc-9.1.4 HTTP/2.0" 200 2556 "https://pur-tungsten.com/contact/" "Mozilla/5.0 (Windows NT 10.0; Win64; x64) AppleWebKit/537.36 (KHTML, like Gecko) Chrome/137.0.0.0 Safari/537.36"
111.88.38.93 - - [19/Jun/2025:14:12:04 -0400] "GET /wp-includes/js/dist/hooks.min.js?ver=2810c76e705dd1a53b18 HTTP/2.0" 200 1541 "https://pur-tungsten.com/contact/" "Mozilla/5.0 (Windows NT 10.0; Win64; x64) AppleWebKit/537.36 (KHTML, like Gecko) Chrome/137.0.0.0 Safari/537.36"
111.88.38.93 - - [19/Jun/2025:14:12:04 -0400] "GET /wp-content/plugins/revslider/public/assets/js/rbtools.min.js?ver=6.0 HTTP/2.0" 200 46649 "https://pur-tungsten.com/contact/" "Mozilla/5.0 (Windows NT 10.0; Win64; x64) AppleWebKit/537.36 (KHTML, like Gecko) Chrome/137.0.0.0 Safari/537.36"
111.88.38.93 - - [19/Jun/2025:14:12:04 -0400] "GET /wp-includes/js/dist/i18n.min.js?ver=5e580eb46a90c2b997e6 HTTP/2.0" 200 3667 "https://pur-tungsten.com/contact/" "Mozilla/5.0 (Windows NT 10.0; Win64; x64) AppleWebKit/537.36 (KHTML, like Gecko) Chrome/137.0.0.0 Safari/537.36"
111.88.38.93 - - [19/Jun/2025:14:12:04 -0400] "GET /wp-content/plugins/contact-form-7/includes/swv/js/index.js?ver=5.9.8 HTTP/2.0" 200 3354 "https://pur-tungsten.com/contact/" "Mozilla/5.0 (Windows NT 10.0; Win64; x64) AppleWebKit/537.36 (KHTML, like Gecko) Chrome/137.0.0.0 Safari/537.36"
111.88.38.93 - - [19/Jun/2025:14:12:05 -0400] "GET /wp-content/plugins/honeypot/includes/js/wpa.js?ver=2.2.02 HTTP/2.0" 200 1546 "https://pur-tungsten.com/contact/" "Mozilla/5.0 (Windows NT 10.0; Win64; x64) AppleWebKit/537.36 (KHTML, like Gecko) Chrome/137.0.0.0 Safari/537.36"
111.88.38.93 - - [19/Jun/2025:14:12:05 -0400] "GET /wp-content/plugins/contact-form-7/includes/js/index.js?ver=5.9.8 HTTP/2.0" 200 4257 "https://pur-tungsten.com/contact/" "Mozilla/5.0 (Windows NT 10.0; Win64; x64) AppleWebKit/537.36 (KHTML, like Gecko) Chrome/137.0.0.0 Safari/537.36"
111.88.38.93 - - [19/Jun/2025:14:12:05 -0400] "GET /wp-content/plugins/revslider/public/assets/js/rs6.min.js?ver=6.2.1 HTTP/2.0" 200 74285 "https://pur-tungsten.com/contact/" "Mozilla/5.0 (Windows NT 10.0; Win64; x64) AppleWebKit/537.36 (KHTML, like Gecko) Chrome/137.0.0.0 Safari/537.36"
111.88.38.93 - - [19/Jun/2025:14:12:05 -0400] "GET /wp-includes/js/mediaelement/mediaelement-migrate.min.js?ver=b40c877adaf33178f81362b457652bd7 HTTP/2.0" 200 540 "https://pur-tungsten.com/contact/" "Mozilla/5.0 (Windows NT 10.0; Win64; x64) AppleWebKit/537.36 (KHTML, like Gecko) Chrome/137.0.0.0 Safari/537.36"
111.88.38.93 - - [19/Jun/2025:14:12:05 -0400] "GET /wp-includes/js/mediaelement/mediaelement-and-player.min.js?ver=4.2.17 HTTP/2.0" 200 38789 "https://pur-tungsten.com/contact/" "Mozilla/5.0 (Windows NT 10.0; Win64; x64) AppleWebKit/537.36 (KHTML, like Gecko) Chrome/137.0.0.0 Safari/537.36"
111.88.38.93 - - [19/Jun/2025:14:12:05 -0400] "GET /wp-includes/js/mediaelement/wp-mediaelement.min.js?ver=b40c877adaf33178f81362b457652bd7 HTTP/2.0" 200 538 "https://pur-tungsten.com/contact/" "Mozilla/5.0 (Windows NT 10.0; Win64; x64) AppleWebKit/537.36 (KHTML, like Gecko) Chrome/137.0.0.0 Safari/537.36"
111.88.38.93 - - [19/Jun/2025:14:12:05 -0400] "GET /wp-includes/js/imagesloaded.min.js?ver=5.0.0 HTTP/2.0" 200 1803 "https://pur-tungsten.com/contact/" "Mozilla/5.0 (Windows NT 10.0; Win64; x64) AppleWebKit/537.36 (KHTML, like Gecko) Chrome/137.0.0.0 Safari/537.36"
111.88.38.93 - - [19/Jun/2025:14:12:05 -0400] "GET /wp-includes/js/masonry.min.js?ver=4.2.2 HTTP/2.0" 200 7382 "https://pur-tungsten.com/contact/" "Mozilla/5.0 (Windows NT 10.0; Win64; x64) AppleWebKit/537.36 (KHTML, like Gecko) Chrome/137.0.0.0 Safari/537.36"
111.88.38.93 - - [19/Jun/2025:14:12:05 -0400] "GET /wp-includes/js/jquery/jquery.masonry.min.js?ver=3.1.2b HTTP/2.0" 200 716 "https://pur-tungsten.com/contact/" "Mozilla/5.0 (Windows NT 10.0; Win64; x64) AppleWebKit/537.36 (KHTML, like Gecko) Chrome/137.0.0.0 Safari/537.36"
111.88.38.93 - - [19/Jun/2025:14:12:06 -0400] "GET /wp-content/plugins/live-composer-page-builder/js/dist/client_frontend.min.js?ver=1.5.45 HTTP/2.0" 200 6236 "https://pur-tungsten.com/contact/" "Mozilla/5.0 (Windows NT 10.0; Win64; x64) AppleWebKit/537.36 (KHTML, like Gecko) Chrome/137.0.0.0 Safari/537.36"
111.88.38.93 - - [19/Jun/2025:14:12:06 -0400] "GET /wp-content/plugins/woocommerce/assets/js/sourcebuster/sourcebuster.min.js?ver=9.1.4 HTTP/2.0" 200 4807 "https://pur-tungsten.com/contact/" "Mozilla/5.0 (Windows NT 10.0; Win64; x64) AppleWebKit/537.36 (KHTML, like Gecko) Chrome/137.0.0.0 Safari/537.36"
111.88.38.93 - - [19/Jun/2025:14:12:06 -0400] "GET /wp-content/plugins/woocommerce/assets/js/frontend/order-attribution.min.js?ver=9.1.4 HTTP/2.0" 200 1137 "https://pur-tungsten.com/contact/" "Mozilla/5.0 (Windows NT 10.0; Win64; x64) AppleWebKit/537.36 (KHTML, like Gecko) Chrome/137.0.0.0 Safari/537.36"
111.88.38.93 - - [19/Jun/2025:14:12:06 -0400] "GET /wp-content/plugins/duracelltomi-google-tag-manager/dist/js/gtm4wp-ecommerce-generic.js?ver=1.20.2 HTTP/2.0" 200 567 "https://pur-tungsten.com/contact/" "Mozilla/5.0 (Windows NT 10.0; Win64; x64) AppleWebKit/537.36 (KHTML, like Gecko) Chrome/137.0.0.0 Safari/537.36"
111.88.38.93 - - [19/Jun/2025:14:12:06 -0400] "GET /wp-content/plugins/duracelltomi-google-tag-manager/dist/js/gtm4wp-woocommerce.js?ver=1.20.2 HTTP/2.0" 200 2757 "https://pur-tungsten.com/contact/" "Mozilla/5.0 (Windows NT 10.0; Win64; x64) AppleWebKit/537.36 (KHTML, like Gecko) Chrome/137.0.0.0 Safari/537.36"
111.88.38.93 - - [19/Jun/2025:14:12:06 -0400] "GET /wp-content/plugins/searchwp-live-ajax-search/assets/javascript/dist/script.min.js?ver=1.8.2 HTTP/2.0" 200 3675 "https://pur-tungsten.com/contact/" "Mozilla/5.0 (Windows NT 10.0; Win64; x64) AppleWebKit/537.36 (KHTML, like Gecko) Chrome/137.0.0.0 Safari/537.36"
111.88.38.93 - - [19/Jun/2025:14:12:06 -0400] "GET /wp-includes/js/dist/vendor/wp-polyfill.min.js?ver=3.15.0 HTTP/2.0" 200 13831 "https://pur-tungsten.com/contact/" "Mozilla/5.0 (Windows NT 10.0; Win64; x64) AppleWebKit/537.36 (KHTML, like Gecko) Chrome/137.0.0.0 Safari/537.36"
111.88.38.93 - - [19/Jun/2025:14:12:06 -0400] "GET /wp-content/plugins/contact-form-7/modules/recaptcha/index.js?ver=5.9.8 HTTP/2.0" 200 483 "https://pur-tungsten.com/contact/" "Mozilla/5.0 (Windows NT 10.0; Win64; x64) AppleWebKit/537.36 (KHTML, like Gecko) Chrome/137.0.0.0 Safari/537.36"
111.88.38.93 - - [19/Jun/2025:14:12:06 -0400] "GET /wp-content/plugins/woocommerce/assets/js/jquery-blockui/jquery.blockUI.min.js?ver=2.7.0-wc.9.1.4 HTTP/2.0" 200 3537 "https://pur-tungsten.com/contact/" "Mozilla/5.0 (Windows NT 10.0; Win64; x64) AppleWebKit/537.36 (KHTML, like Gecko) Chrome/137.0.0.0 Safari/537.36"
111.88.38.93 - - [19/Jun/2025:14:12:07 -0400] "GET /wp-content/plugins/woocommerce/assets/js/frontend/add-to-cart.min.js?ver=9.1.4 HTTP/2.0" 200 1107 "https://pur-tungsten.com/contact/" "Mozilla/5.0 (Windows NT 10.0; Win64; x64) AppleWebKit/537.36 (KHTML, like Gecko) Chrome/137.0.0.0 Safari/537.36"
111.88.38.93 - - [19/Jun/2025:14:12:07 -0400] "GET /wp-content/plugins/woocommerce/assets/js/js-cookie/js.cookie.min.js?ver=2.1.4-wc.9.1.4 HTTP/2.0" 200 833 "https://pur-tungsten.com/contact/" "Mozilla/5.0 (Windows NT 10.0; Win64; x64) AppleWebKit/537.36 (KHTML, like Gecko) Chrome/137.0.0.0 Safari/537.36"
111.88.38.93 - - [19/Jun/2025:14:12:07 -0400] "GET /wp-content/plugins/woocommerce/assets/js/frontend/woocommerce.min.js?ver=9.1.4 HTTP/2.0" 200 948 "https://pur-tungsten.com/contact/" "Mozilla/5.0 (Windows NT 10.0; Win64; x64) AppleWebKit/537.36 (KHTML, like Gecko) Chrome/137.0.0.0 Safari/537.36"
111.88.38.93 - - [19/Jun/2025:14:12:08 -0400] "GET /wp-includes/js/wp-emoji-release.min.js?ver=b40c877adaf33178f81362b457652bd7 HTTP/2.0" 200 5062 "https://pur-tungsten.com/contact/" "Mozilla/5.0 (Windows NT 10.0; Win64; x64) AppleWebKit/537.36 (KHTML, like Gecko) Chrome/137.0.0.0 Safari/537.36"
111.88.38.93 - - [19/Jun/2025:14:12:08 -0400] "GET /wp-content/plugins/woocommerce/assets/css/woocommerce-smallscreen.css?ver=9.1.4 HTTP/2.0" 200 1181 "https://pur-tungsten.com/contact/" "Mozilla/5.0 (Windows NT 10.0; Win64; x64) AppleWebKit/537.36 (KHTML, like Gecko) Chrome/137.0.0.0 Safari/537.36"
111.88.38.93 - - [19/Jun/2025:14:12:07 -0400] "GET /wp-json/contact-form-7/v1/contact-forms/4/feedback/schema HTTP/2.0" 200 583 "https://pur-tungsten.com/contact/" "Mozilla/5.0 (Windows NT 10.0; Win64; x64) AppleWebKit/537.36 (KHTML, like Gecko) Chrome/137.0.0.0 Safari/537.36"
111.88.38.93 - - [19/Jun/2025:14:12:08 -0400] "GET /wp-json/contact-form-7/v1/contact-forms/4/refill HTTP/2.0" 200 2 "https://pur-tungsten.com/contact/" "Mozilla/5.0 (Windows NT 10.0; Win64; x64) AppleWebKit/537.36 (KHTML, like Gecko) Chrome/137.0.0.0 Safari/537.36"
192.178.4.105 - - [19/Jun/2025:14:12:35 -0400] "GET /product/tungsten-steel-tip-darts/ HTTP/1.1" 301 - "-" "Mozilla/5.0 (Linux; Android 6.0.1; Nexus 5X Build/MMB29P) AppleWebKit/537.36 (KHTML, like Gecko) Chrome/137.0.7151.103 Mobile Safari/537.36 (compatible; Googlebot/2.1; +http://www.google.com/bot.html)"
192.178.4.105 - - [19/Jun/2025:14:12:37 -0400] "GET /product/tungsten-steel-tip-throwing-darts/ HTTP/1.1" 200 16540 "-" "Mozilla/5.0 (Linux; Android 6.0.1; Nexus 5X Build/MMB29P) AppleWebKit/537.36 (KHTML, like Gecko) Chrome/137.0.7151.103 Mobile Safari/537.36 (compatible; Googlebot/2.1; +http://www.google.com/bot.html)"
192.178.4.105 - - [19/Jun/2025:14:12:42 -0400] "GET /s/a51e73.js HTTP/1.1" 200 312204 "https://pur-tungsten.com/product/tungsten-steel-tip-throwing-darts/" "Mozilla/5.0 (Linux; Android 6.0.1; Nexus 5X Build/MMB29P) AppleWebKit/537.36 (KHTML, like Gecko) Chrome/137.0.7151.68 Mobile Safari/537.36 (compatible; Googlebot/2.1; +http://www.google.com/bot.html)"
51.68.248.18 - - [19/Jun/2025:14:13:19 -0400] "GET /wp-content/uploads/2018/01/RB4pk-270x178.jpg HTTP/1.1" 200 9136 "-" "Mozilla/5.0 (X11; Ubuntu; Linux x86_64; rv:72.0) Gecko/20100101 Firefox/72.0"
13.213.193.94 - - [19/Jun/2025:14:13:24 -0400] "GET /wp-content/uploads/2018/01/PWSW.jpg%22 HTTP/2.0" 301 - "-" "Mozilla/5.0 (compatible; imageSpider; scrapedia-receive@bytedance.com)"
13.213.193.94 - - [19/Jun/2025:14:13:28 -0400] "GET /wp-content/uploads/2018/01/PWSW.jpg HTTP/2.0" 200 203226 "https://pur-tungsten.com/wp-content/uploads/2018/01/PWSW.jpg%22" "Mozilla/5.0 (compatible; imageSpider; scrapedia-receive@bytedance.com)"
70.39.147.11 - - [19/Jun/2025:14:13:26 -0400] "POST /wp-cron.php?doing_wp_cron=1750356806.7964649200439453125000 HTTP/1.1" 200 - "-" "WordPress/6.6.2; https://pur-tungsten.com"
192.178.4.97 - - [19/Jun/2025:14:13:38 -0400] "GET / HTTP/1.1" 200 22619 "-" "Mozilla/5.0 (Linux; Android 6.0.1; Nexus 5X Build/MMB29P) AppleWebKit/537.36 (KHTML, like Gecko) Chrome/137.0.7151.103 Mobile Safari/537.36 (compatible; Googlebot/2.1; +http://www.google.com/bot.html)"
111.88.38.93 - - [19/Jun/2025:14:13:47 -0400] "GET /wp-content/uploads/2017/12/contact_001.jpg HTTP/2.0" 200 10502 "https://pur-tungsten.com/contact/" "Mozilla/5.0 (Windows NT 10.0; Win64; x64) AppleWebKit/537.36 (KHTML, like Gecko) Chrome/137.0.0.0 Safari/537.36"
111.88.38.93 - - [19/Jun/2025:14:13:46 -0400] "POST /wp-json/contact-form-7/v1/contact-forms/4/feedback HTTP/2.0" 200 228 "https://pur-tungsten.com/contact/" "Mozilla/5.0 (Windows NT 10.0; Win64; x64) AppleWebKit/537.36 (KHTML, like Gecko) Chrome/137.0.0.0 Safari/537.36"
114.119.133.126 - - [19/Jun/2025:14:16:00 -0400] "GET /s/63b04f.css HTTP/1.1" 200 4613 "https://pur-tungsten.com/s?C=S%3BO%3DA" "Mozilla/5.0 (Linux; Android 7.0;) AppleWebKit/537.36 (KHTML, like Gecko) Mobile Safari/537.36 (compatible; PetalBot;+https://webmaster.petalsearch.com/site/petalbot)"
51.222.253.1 - - [19/Jun/2025:14:17:36 -0400] "GET /product/ar-308-anodized-buffer-2-2oz/ HTTP/2.0" 200 16586 "-" "Mozilla/5.0 (compatible; AhrefsBot/7.0; +http://ahrefs.com/robot/)"
70.39.147.11 - - [19/Jun/2025:14:17:38 -0400] "POST /wp-cron.php?doing_wp_cron=1750357058.5857241153717041015625 HTTP/1.1" 200 - "-" "WordPress/6.6.2; https://pur-tungsten.com"
114.119.146.142 - - [19/Jun/2025:14:18:48 -0400] "GET /s/0c596b.js HTTP/1.1" 200 508651 "https://pur-tungsten.com/s?C=N%3BO%3DD" "Mozilla/5.0 (Linux; Android 7.0;) AppleWebKit/537.36 (KHTML, like Gecko) Mobile Safari/537.36 (compatible; PetalBot;+https://webmaster.petalsearch.com/site/petalbot)"
114.119.153.131 - - [19/Jun/2025:14:21:31 -0400] "GET /product/tungsten-steel-tip-throwing-darts/ HTTP/1.1" 200 16540 "https://pur-tungsten.com/product/tungsten-steel-tip-darts/" "Mozilla/5.0 (Linux; Android 7.0;) AppleWebKit/537.36 (KHTML, like Gecko) Mobile Safari/537.36 (compatible; PetalBot;+https://webmaster.petalsearch.com/site/petalbot)"
70.39.147.11 - - [19/Jun/2025:14:21:33 -0400] "POST /wp-cron.php?doing_wp_cron=1750357293.5541980266571044921875 HTTP/1.1" 200 - "-" "WordPress/6.6.2; https://pur-tungsten.com"
51.222.253.16 - - [19/Jun/2025:14:25:14 -0400] "GET /product/ar-308-gold-anodized-buffer-2-4oz/ HTTP/2.0" 200 14299 "-" "Mozilla/5.0 (compatible; AhrefsBot/7.0; +http://ahrefs.com/robot/)"
70.39.147.11 - - [19/Jun/2025:14:25:16 -0400] "POST /wp-cron.php?doing_wp_cron=1750357516.1329369544982910156250 HTTP/1.1" 200 - "-" "WordPress/6.6.2; https://pur-tungsten.com"
20.191.45.212 - - [19/Jun/2025:14:26:04 -0400] "GET / HTTP/1.1" 200 23272 "https://pur-tungsten.com/" "DuckDuckBot/1.1; (+http://duckduckgo.com/duckduckbot.html)"
20.191.45.212 - - [19/Jun/2025:14:26:06 -0400] "GET /wp-content/uploads/2017/12/pur-tungsten-for-sporting-goods-and-industrial-applications.png HTTP/1.1" 200 1758 "https://pur-tungsten.com/wp-content/uploads/2017/12/pur-tungsten-for-sporting-goods-and-industrial-applications.png" "DuckDuckBot/1.1; (+http://duckduckgo.com/duckduckbot.html)"
170.106.82.209 - - [19/Jun/2025:14:26:51 -0400] "GET / HTTP/1.1" 200 22637 "http://pur-tungsten.com" "Mozilla/5.0 (iPhone; CPU iPhone OS 13_2_3 like Mac OS X) AppleWebKit/605.1.15 (KHTML, like Gecko) Version/13.0.3 Mobile/15E148 Safari/604.1"
114.119.133.253 - - [19/Jun/2025:14:27:28 -0400] "GET /product/tungsten-steel-tip-darts/ HTTP/1.1" 301 - "-" "Mozilla/5.0 (Linux; Android 7.0;) AppleWebKit/537.36 (KHTML, like Gecko) Mobile Safari/537.36 (compatible; PetalBot;+https://webmaster.petalsearch.com/site/petalbot)"
70.39.147.11 - - [19/Jun/2025:14:27:30 -0400] "POST /wp-cron.php?doing_wp_cron=1750357650.9230010509490966796875 HTTP/1.1" 200 - "-" "WordPress/6.6.2; https://pur-tungsten.com"
114.119.133.253 - - [19/Jun/2025:14:27:42 -0400] "GET /product/tungsten-steel-tip-throwing-darts/ HTTP/1.1" 200 16331 "-" "Mozilla/5.0 (Linux; Android 7.0;) AppleWebKit/537.36 (KHTML, like Gecko) Mobile Safari/537.36 (compatible; PetalBot;+https://webmaster.petalsearch.com/site/petalbot)"
52.167.144.213 - - [19/Jun/2025:14:29:51 -0400] "GET /products/consumer-products/derby-car-weights/ HTTP/2.0" 200 14088 "-" "Mozilla/5.0 AppleWebKit/537.36 (KHTML, like Gecko; compatible; bingbot/2.0; +http://www.bing.com/bingbot.htm) Chrome/116.0.1938.76 Safari/537.36"
70.39.147.11 - - [19/Jun/2025:14:29:53 -0400] "POST /wp-cron.php?doing_wp_cron=1750357793.5044798851013183593750 HTTP/1.1" 200 - "-" "WordPress/6.6.2; https://pur-tungsten.com"
73.50.166.146 - - [19/Jun/2025:14:29:55 -0400] "HEAD /apple-touch-icon.png HTTP/1.1" 404 - "-" "-"
73.50.166.146 - - [19/Jun/2025:14:29:57 -0400] "HEAD /manifest.json HTTP/1.1" 404 - "-" "-"
73.50.166.146 - - [19/Jun/2025:14:30:00 -0400] "GET / HTTP/1.1" 200 159548 "-" "Mozilla/5.0 (Windows; U; Windows NT 5.1; en-US; rv:x.x.x) Gecko/20041107 Firefox/x.x"
73.50.166.146 - - [19/Jun/2025:14:30:00 -0400] "GET / HTTP/1.1" 200 159548 "-" "Mozilla/5.0 (Windows; U; Windows NT 5.1; en-US; rv:x.x.x) Gecko/20041107 Firefox/x.x"
73.50.166.146 - - [19/Jun/2025:14:30:00 -0400] "GET / HTTP/1.1" 200 159548 "-" "Mozilla/5.0 (Windows; U; Windows NT 5.1; en-US; rv:x.x.x) Gecko/20041107 Firefox/x.x"
73.50.166.146 - - [19/Jun/2025:14:30:00 -0400] "HEAD /favicon.ico HTTP/1.1" 200 - "-" "-"
114.119.133.126 - - [19/Jun/2025:14:30:20 -0400] "GET /product/ar-308-parkerized-steel-buffer-2-4oz HTTP/1.1" 301 - "https://pur-tungsten.com/" "Mozilla/5.0 (Linux; Android 7.0;) AppleWebKit/537.36 (KHTML, like Gecko) Mobile Safari/537.36 (compatible; PetalBot;+https://webmaster.petalsearch.com/site/petalbot)"
70.39.147.11 - - [19/Jun/2025:14:30:22 -0400] "POST /wp-cron.php?doing_wp_cron=1750357822.4744939804077148437500 HTTP/1.1" 200 - "-" "WordPress/6.6.2; https://pur-tungsten.com"
114.119.133.126 - - [19/Jun/2025:14:30:36 -0400] "GET /product/ar-308-parkerized-steel-buffer-3-8oz/ HTTP/1.1" 200 14344 "https://pur-tungsten.com/" "Mozilla/5.0 (Linux; Android 7.0;) AppleWebKit/537.36 (KHTML, like Gecko) Mobile Safari/537.36 (compatible; PetalBot;+https://webmaster.petalsearch.com/site/petalbot)"
192.178.4.105 - - [19/Jun/2025:14:30:42 -0400] "GET /s/img/wp-content/uploads/2017/12/crankshaft_cat-300x197.jpg HTTP/1.1" 304 - "-" "Googlebot-Image/1.0"
51.222.253.17 - - [19/Jun/2025:14:31:49 -0400] "GET /product/short-tungsten-recoil-buffer-weights-3-pack-1oz-each/ HTTP/2.0" 200 15495 "-" "Mozilla/5.0 (compatible; AhrefsBot/7.0; +http://ahrefs.com/robot/)"
70.39.147.11 - - [19/Jun/2025:14:31:51 -0400] "POST /wp-cron.php?doing_wp_cron=1750357911.7814819812774658203125 HTTP/1.1" 200 - "-" "WordPress/6.6.2; https://pur-tungsten.com"
192.178.4.105 - - [19/Jun/2025:14:32:34 -0400] "GET /product/tungsten-super-shot-tss/1000 HTTP/1.1" 301 - "-" "Mozilla/5.0 (Linux; Android 6.0.1; Nexus 5X Build/MMB29P) AppleWebKit/537.36 (KHTML, like Gecko) Chrome/137.0.7151.103 Mobile Safari/537.36 (compatible; Googlebot/2.1; +http://www.google.com/bot.html)"
70.39.147.11 - - [19/Jun/2025:14:32:36 -0400] "POST /wp-cron.php?doing_wp_cron=1750357956.3857970237731933593750 HTTP/1.1" 200 - "-" "WordPress/6.6.2; https://pur-tungsten.com"
114.119.141.116 - - [19/Jun/2025:14:33:04 -0400] "GET /product-category/paper-weights/ HTTP/1.1" 302 - "https://pur-tungsten.com/product/tungsten-cube-block-display-weights/" "Mozilla/5.0 (Linux; Android 7.0;) AppleWebKit/537.36 (KHTML, like Gecko) Mobile Safari/537.36 (compatible; PetalBot;+https://webmaster.petalsearch.com/site/petalbot)"
114.119.141.116 - - [19/Jun/2025:14:33:11 -0400] "GET /products/consumer-products/paper-weights/ HTTP/1.1" 200 11914 "https://pur-tungsten.com/product/tungsten-cube-block-display-weights/" "Mozilla/5.0 (Linux; Android 7.0;) AppleWebKit/537.36 (KHTML, like Gecko) Mobile Safari/537.36 (compatible; PetalBot;+https://webmaster.petalsearch.com/site/petalbot)"
192.178.4.96 - - [19/Jun/2025:14:36:29 -0400] "GET /product/tungsten-steel-tip-throwing-darts/ HTTP/1.1" 200 16331 "-" "Mozilla/5.0 (Linux; Android 6.0.1; Nexus 5X Build/MMB29P) AppleWebKit/537.36 (KHTML, like Gecko) Chrome/137.0.7151.103 Mobile Safari/537.36 (compatible; Googlebot/2.1; +http://www.google.com/bot.html)"
192.178.4.97 - - [19/Jun/2025:14:36:33 -0400] "GET /s/5c1eb6.js HTTP/1.1" 200 312204 "https://pur-tungsten.com/product/tungsten-steel-tip-throwing-darts/" "Mozilla/5.0 (Linux; Android 6.0.1; Nexus 5X Build/MMB29P) AppleWebKit/537.36 (KHTML, like Gecko) Chrome/137.0.7151.68 Mobile Safari/537.36 (compatible; Googlebot/2.1; +http://www.google.com/bot.html)"
192.178.4.105 - - [19/Jun/2025:14:36:33 -0400] "GET /product/tungsten-hunting-shot-1-lb-bags/ HTTP/1.1" 301 - "-" "Mozilla/5.0 (Linux; Android 6.0.1; Nexus 5X Build/MMB29P) AppleWebKit/537.36 (KHTML, like Gecko) Chrome/137.0.7151.103 Mobile Safari/537.36 (compatible; Googlebot/2.1; +http://www.google.com/bot.html)"
70.39.147.11 - - [19/Jun/2025:14:36:35 -0400] "POST /wp-cron.php?doing_wp_cron=1750358195.5095589160919189453125 HTTP/1.1" 200 - "-" "WordPress/6.6.2; https://pur-tungsten.com"
51.222.253.1 - - [19/Jun/2025:14:38:24 -0400] "GET /product/tungsten-gen-1-silent-captured-spring-buffer-weights/ HTTP/2.0" 200 14272 "-" "Mozilla/5.0 (compatible; AhrefsBot/7.0; +http://ahrefs.com/robot/)"
70.39.147.11 - - [19/Jun/2025:14:38:26 -0400] "POST /wp-cron.php?doing_wp_cron=1750358306.9197320938110351562500 HTTP/1.1" 200 - "-" "WordPress/6.6.2; https://pur-tungsten.com"
192.178.4.96 - - [19/Jun/2025:14:39:36 -0400] "GET /product/tungsten-super-shot-tss//1000 HTTP/1.1" 301 - "-" "Mozilla/5.0 (Linux; Android 6.0.1; Nexus 5X Build/MMB29P) AppleWebKit/537.36 (KHTML, like Gecko) Chrome/137.0.7151.103 Mobile Safari/537.36 (compatible; Googlebot/2.1; +http://www.google.com/bot.html)"
70.39.147.11 - - [19/Jun/2025:14:39:38 -0400] "POST /wp-cron.php?doing_wp_cron=1750358378.3120789527893066406250 HTTP/1.1" 200 - "-" "WordPress/6.6.2; https://pur-tungsten.com"
192.178.4.97 - - [19/Jun/2025:14:40:15 -0400] "GET /product/tungsten-chassis-ballast-weight-36lbs/1000 HTTP/1.1" 301 - "-" "Mozilla/5.0 (Linux; Android 6.0.1; Nexus 5X Build/MMB29P) AppleWebKit/537.36 (KHTML, like Gecko) Chrome/137.0.7151.103 Mobile Safari/537.36 (compatible; Googlebot/2.1; +http://www.google.com/bot.html)"
192.178.4.96 - - [19/Jun/2025:14:40:21 -0400] "GET /s/04b100.js HTTP/1.1" 200 312365 "https://pur-tungsten.com/product/tungsten-chassis-ballast-weight-36lbs/" "Mozilla/5.0 AppleWebKit/537.36 (KHTML, like Gecko; compatible; Googlebot/2.1; +http://www.google.com/bot.html) Chrome/137.0.7151.68 Safari/537.36"
70.39.147.11 - - [19/Jun/2025:14:40:19 -0400] "POST /wp-cron.php?doing_wp_cron=1750358419.3024768829345703125000 HTTP/1.1" 200 - "-" "WordPress/6.6.2; https://pur-tungsten.com"
40.77.167.47 - - [19/Jun/2025:14:41:02 -0400] "GET /s/4cd4b5.js HTTP/2.0" 200 312211 "-" "Mozilla/5.0 AppleWebKit/537.36 (KHTML, like Gecko; compatible; bingbot/2.0; +http://www.bing.com/bingbot.htm) Chrome/116.0.1938.76 Safari/537.36"
77.75.76.161 - - [19/Jun/2025:14:42:19 -0400] "GET /s/img/wp-content/uploads/2020/02/30zBufferGold-810x767.jpg HTTP/1.1" 304 - "-" "Mozilla/5.0 (compatible; SeznamBot/4.0; +https://o-seznam.cz/napoveda/vyhledavani/en/seznambot-crawler/)"
40.77.167.47 - - [19/Jun/2025:14:42:32 -0400] "GET /product/ HTTP/2.0" 301 - "-" "Mozilla/5.0 AppleWebKit/537.36 (KHTML, like Gecko; compatible; bingbot/2.0; +http://www.bing.com/bingbot.htm) Chrome/116.0.1938.76 Safari/537.36"
43.130.40.120 - - [19/Jun/2025:14:42:35 -0400] "GET / HTTP/1.1" 301 - "http://www.pur-tungsten.com" "Mozilla/5.0 (iPhone; CPU iPhone OS 13_2_3 like Mac OS X) AppleWebKit/605.1.15 (KHTML, like Gecko) Version/13.0.3 Mobile/15E148 Safari/604.1"
40.77.167.47 - - [19/Jun/2025:14:42:35 -0400] "GET /products/ HTTP/2.0" 200 9911 "-" "Mozilla/5.0 AppleWebKit/537.36 (KHTML, like Gecko; compatible; bingbot/2.0; +http://www.bing.com/bingbot.htm) Chrome/116.0.1938.76 Safari/537.36"
43.130.40.120 - - [19/Jun/2025:14:42:37 -0400] "GET / HTTP/1.1" 200 22637 "https://www.pur-tungsten.com/" "Mozilla/5.0 (iPhone; CPU iPhone OS 13_2_3 like Mac OS X) AppleWebKit/605.1.15 (KHTML, like Gecko) Version/13.0.3 Mobile/15E148 Safari/604.1"
43.130.53.252 - - [19/Jun/2025:14:43:01 -0400] "GET /products/consumer-products/derby-car-weights/ HTTP/1.1" 200 13851 "-" "Mozilla/5.0 (iPhone; CPU iPhone OS 13_2_3 like Mac OS X) AppleWebKit/605.1.15 (KHTML, like Gecko) Version/13.0.3 Mobile/15E148 Safari/604.1"
174.211.105.13 - - [19/Jun/2025:14:44:11 -0400] "GET /wp-content/uploads/2018/01/CRANKSHAFTS_003.jpg HTTP/2.0" 200 122447 "https://www.google.com/" "Mozilla/5.0 (Linux; Android 10; K) AppleWebKit/537.36 (KHTML, like Gecko) Chrome/137.0.0.0 Mobile Safari/537.36"
65.56.110.79 - - [19/Jun/2025:14:44:39 -0400] "GET /wp-content/uploads/2019/01/PWskirtOnBlack-270x178.jpg HTTP/1.1" 200 7869 "-" "Mozilla/5.0 (X11; Ubuntu; Linux x86_64; rv:72.0) Gecko/20100101 Firefox/72.0"
51.222.253.7 - - [19/Jun/2025:14:44:56 -0400] "GET /product/steel-h-carbine-buffers/ HTTP/2.0" 200 24870 "-" "Mozilla/5.0 (compatible; AhrefsBot/7.0; +http://ahrefs.com/robot/)"
70.39.147.11 - - [19/Jun/2025:14:44:58 -0400] "POST /wp-cron.php?doing_wp_cron=1750358698.5766599178314208984375 HTTP/1.1" 200 - "-" "WordPress/6.6.2; https://pur-tungsten.com"
174.211.105.13 - - [19/Jun/2025:14:45:49 -0400] "GET /product/tungsten-crankshaft-balancing-weights/ HTTP/2.0" 200 16648 "https://www.google.com/" "Mozilla/5.0 (Linux; Android 10; K) AppleWebKit/537.36 (KHTML, like Gecko) Chrome/137.0.0.0 Mobile Safari/537.36"
174.211.105.13 - - [19/Jun/2025:14:45:53 -0400] "GET /s/ed70e8.css HTTP/2.0" 200 14637 "https://pur-tungsten.com/product/tungsten-crankshaft-balancing-weights/" "Mozilla/5.0 (Linux; Android 10; K) AppleWebKit/537.36 (KHTML, like Gecko) Chrome/137.0.0.0 Mobile Safari/537.36"
174.211.105.13 - - [19/Jun/2025:14:45:53 -0400] "GET /s/6c1864.css HTTP/2.0" 200 3955 "https://pur-tungsten.com/product/tungsten-crankshaft-balancing-weights/" "Mozilla/5.0 (Linux; Android 10; K) AppleWebKit/537.36 (KHTML, like Gecko) Chrome/137.0.0.0 Mobile Safari/537.36"
174.211.105.13 - - [19/Jun/2025:14:45:53 -0400] "GET /s/661c7b.css HTTP/2.0" 200 32263 "https://pur-tungsten.com/product/tungsten-crankshaft-balancing-weights/" "Mozilla/5.0 (Linux; Android 10; K) AppleWebKit/537.36 (KHTML, like Gecko) Chrome/137.0.0.0 Mobile Safari/537.36"
174.211.105.13 - - [19/Jun/2025:14:45:53 -0400] "GET /s/0d9c36.css HTTP/2.0" 200 12650 "https://pur-tungsten.com/product/tungsten-crankshaft-balancing-weights/" "Mozilla/5.0 (Linux; Android 10; K) AppleWebKit/537.36 (KHTML, like Gecko) Chrome/137.0.0.0 Mobile Safari/537.36"
174.211.105.13 - - [19/Jun/2025:14:45:53 -0400] "GET /s/82f1d4.css HTTP/2.0" 200 2717 "https://pur-tungsten.com/product/tungsten-crankshaft-balancing-weights/" "Mozilla/5.0 (Linux; Android 10; K) AppleWebKit/537.36 (KHTML, like Gecko) Chrome/137.0.0.0 Mobile Safari/537.36"
174.211.105.13 - - [19/Jun/2025:14:45:53 -0400] "GET /s/e4f995.css HTTP/2.0" 200 2536 "https://pur-tungsten.com/product/tungsten-crankshaft-balancing-weights/" "Mozilla/5.0 (Linux; Android 10; K) AppleWebKit/537.36 (KHTML, like Gecko) Chrome/137.0.0.0 Mobile Safari/537.36"
174.211.105.13 - - [19/Jun/2025:14:45:53 -0400] "GET /s/img/wp-content/uploads/2018/01/CRANKSHAFTS_003-768x504.jpg HTTP/2.0" 200 30286 "https://pur-tungsten.com/product/tungsten-crankshaft-balancing-weights/" "Mozilla/5.0 (Linux; Android 10; K) AppleWebKit/537.36 (KHTML, like Gecko) Chrome/137.0.0.0 Mobile Safari/537.36"
174.211.105.13 - - [19/Jun/2025:14:45:53 -0400] "GET /s/img/wp-content/uploads/2021/07/pur_tungsten_header_logo-166x90.png HTTP/2.0" 200 11081 "https://pur-tungsten.com/product/tungsten-crankshaft-balancing-weights/" "Mozilla/5.0 (Linux; Android 10; K) AppleWebKit/537.36 (KHTML, like Gecko) Chrome/137.0.0.0 Mobile Safari/537.36"
174.211.105.13 - - [19/Jun/2025:14:45:53 -0400] "GET /s/img/wp-content/uploads/2018/01/CRANKSHAFTS_001-300x300.jpg HTTP/2.0" 200 10970 "https://pur-tungsten.com/product/tungsten-crankshaft-balancing-weights/" "Mozilla/5.0 (Linux; Android 10; K) AppleWebKit/537.36 (KHTML, like Gecko) Chrome/137.0.0.0 Mobile Safari/537.36"
174.211.105.13 - - [19/Jun/2025:14:45:53 -0400] "GET /s/img/wp-content/uploads/2018/01/CRANKSHAFTS_002-300x300.jpg HTTP/2.0" 200 10042 "https://pur-tungsten.com/product/tungsten-crankshaft-balancing-weights/" "Mozilla/5.0 (Linux; Android 10; K) AppleWebKit/537.36 (KHTML, like Gecko) Chrome/137.0.0.0 Mobile Safari/537.36"
70.39.147.11 - - [19/Jun/2025:14:45:51 -0400] "POST /wp-cron.php?doing_wp_cron=1750358751.6274518966674804687500 HTTP/1.1" 200 - "-" "WordPress/6.6.2; https://pur-tungsten.com"
174.211.105.13 - - [19/Jun/2025:14:45:53 -0400] "GET /wp-content/uploads/2018/01/CRANKSHAFTS_003.jpg HTTP/2.0" 200 122447 "https://pur-tungsten.com/product/tungsten-crankshaft-balancing-weights/" "Mozilla/5.0 (Linux; Android 10; K) AppleWebKit/537.36 (KHTML, like Gecko) Chrome/137.0.0.0 Mobile Safari/537.36"
174.211.105.13 - - [19/Jun/2025:14:45:53 -0400] "GET /wp-content/plugins/woocommerce/assets/fonts/WooCommerce.woff2 HTTP/2.0" 200 6488 "https://pur-tungsten.com/s/0d9c36.css" "Mozilla/5.0 (Linux; Android 10; K) AppleWebKit/537.36 (KHTML, like Gecko) Chrome/137.0.0.0 Mobile Safari/537.36"
174.211.105.13 - - [19/Jun/2025:14:45:53 -0400] "GET /wp-content/plugins/live-composer-page-builder/css/font/fontawesome-webfont.woff HTTP/2.0" 200 97913 "https://pur-tungsten.com/s/661c7b.css" "Mozilla/5.0 (Linux; Android 10; K) AppleWebKit/537.36 (KHTML, like Gecko) Chrome/137.0.0.0 Mobile Safari/537.36"
174.211.105.13 - - [19/Jun/2025:14:45:53 -0400] "GET /s/55fc3f.js HTTP/2.0" 200 25523 "https://pur-tungsten.com/product/tungsten-crankshaft-balancing-weights/" "Mozilla/5.0 (Linux; Android 10; K) AppleWebKit/537.36 (KHTML, like Gecko) Chrome/137.0.0.0 Mobile Safari/537.36"
174.211.105.13 - - [19/Jun/2025:14:45:53 -0400] "GET /s/8ccb7c.js HTTP/2.0" 200 312204 "https://pur-tungsten.com/product/tungsten-crankshaft-balancing-weights/" "Mozilla/5.0 (Linux; Android 10; K) AppleWebKit/537.36 (KHTML, like Gecko) Chrome/137.0.0.0 Mobile Safari/537.36"
174.211.105.13 - - [19/Jun/2025:14:45:54 -0400] "GET /wp-content/uploads/2017/12/pur-tungsten-for-sporting-goods-and-industrial-applications.png HTTP/2.0" 200 1758 "https://pur-tungsten.com/product/tungsten-crankshaft-balancing-weights/" "Mozilla/5.0 (Linux; Android 10; K) AppleWebKit/537.36 (KHTML, like Gecko) Chrome/137.0.0.0 Mobile Safari/537.36"
192.178.4.105 - - [19/Jun/2025:14:46:09 -0400] "GET /product/h-h2-h3-anodized-black-buffers/ HTTP/1.1" 200 17852 "-" "Mozilla/5.0 (Linux; Android 6.0.1; Nexus 5X Build/MMB29P) AppleWebKit/537.36 (KHTML, like Gecko) Chrome/137.0.7151.103 Mobile Safari/537.36 (compatible; Googlebot/2.1; +http://www.google.com/bot.html)"
70.39.147.11 - - [19/Jun/2025:14:46:11 -0400] "POST /wp-cron.php?doing_wp_cron=1750358771.1609330177307128906250 HTTP/1.1" 200 - "-" "WordPress/6.6.2; https://pur-tungsten.com"
192.178.4.105 - - [19/Jun/2025:14:46:14 -0400] "GET /s/467260.js HTTP/1.1" 200 312212 "https://pur-tungsten.com/product/h-h2-h3-anodized-black-buffers/" "Mozilla/5.0 (Linux; Android 6.0.1; Nexus 5X Build/MMB29P) AppleWebKit/537.36 (KHTML, like Gecko) Chrome/137.0.7151.68 Mobile Safari/537.36 (compatible; Googlebot/2.1; +http://www.google.com/bot.html)"
174.211.105.13 - - [19/Jun/2025:14:47:26 -0400] "GET /s/img/wp-content/uploads/2018/01/PWSW-270x178.jpg HTTP/2.0" 200 9085 "https://pur-tungsten.com/product/tungsten-crankshaft-balancing-weights/" "Mozilla/5.0 (Linux; Android 10; K) AppleWebKit/537.36 (KHTML, like Gecko) Chrome/137.0.0.0 Mobile Safari/537.36"
174.211.105.13 - - [19/Jun/2025:14:47:26 -0400] "GET /s/img/wp-content/uploads/2018/01/BW-270x178.jpg HTTP/2.0" 200 9443 "https://pur-tungsten.com/product/tungsten-crankshaft-balancing-weights/" "Mozilla/5.0 (Linux; Android 10; K) AppleWebKit/537.36 (KHTML, like Gecko) Chrome/137.0.0.0 Mobile Safari/537.36"
51.222.253.18 - - [19/Jun/2025:14:51:49 -0400] "GET /product/ar-15-rifle-buffer-tubes-anodized-black/ HTTP/2.0" 200 14159 "-" "Mozilla/5.0 (compatible; AhrefsBot/7.0; +http://ahrefs.com/robot/)"
143.244.136.161 - - [19/Jun/2025:14:51:50 -0400] "GET /wp-content/uploads/2025/06/ HTTP/1.1" 403 9245 "binance.com" "Mozilla/5.0 (Windows NT 10.0; Win64; x64) AppleWebKit/537.36 (KHTML, like Gecko) Chrome/90.0.4430.85 Safari/537.36"
143.244.136.161 - - [19/Jun/2025:14:51:56 -0400] "GET /wp-content/uploads/2025/05/ HTTP/1.1" 403 9244 "binance.com" "Mozilla/5.0 (Windows NT 10.0; Win64; x64) AppleWebKit/537.36 (KHTML, like Gecko) Chrome/90.0.4430.85 Safari/537.36"
143.244.136.161 - - [19/Jun/2025:14:52:03 -0400] "GET /wp-content/uploads/ HTTP/1.1" 403 9244 "binance.com" "Mozilla/5.0 (Windows NT 10.0; Win64; x64) AppleWebKit/537.36 (KHTML, like Gecko) Chrome/90.0.4430.85 Safari/537.36"
143.244.136.161 - - [19/Jun/2025:14:52:13 -0400] "GET /wp-content/languages/ HTTP/1.1" 200 9243 "binance.com" "Mozilla/5.0 (Windows NT 10.0; Win64; x64) AppleWebKit/537.36 (KHTML, like Gecko) Chrome/90.0.4430.85 Safari/537.36"
143.244.136.161 - - [19/Jun/2025:14:52:25 -0400] "GET /wp-admin/network/ HTTP/1.1" 302 - "binance.com" "Mozilla/5.0 (Windows NT 10.0; Win64; x64) AppleWebKit/537.36 (KHTML, like Gecko) Chrome/90.0.4430.85 Safari/537.36"
143.244.136.161 - - [19/Jun/2025:14:52:27 -0400] "GET /wp-login.php?redirect_to=https%3A%2F%2Fpur-tungsten.com%2Fwp-admin%2Fnetwork%2F&reauth=1 HTTP/1.1" 200 2138 "binance.com" "Mozilla/5.0 (Windows NT 10.0; Win64; x64) AppleWebKit/537.36 (KHTML, like Gecko) Chrome/90.0.4430.85 Safari/537.36"
143.244.136.161 - - [19/Jun/2025:14:52:34 -0400] "GET /wp-admin/user/ HTTP/1.1" 302 - "binance.com" "Mozilla/5.0 (Windows NT 10.0; Win64; x64) AppleWebKit/537.36 (KHTML, like Gecko) Chrome/90.0.4430.85 Safari/537.36"
143.244.136.161 - - [19/Jun/2025:14:52:37 -0400] "GET /wp-login.php?redirect_to=https%3A%2F%2Fpur-tungsten.com%2Fwp-admin%2Fuser%2F&reauth=1 HTTP/1.1" 200 2137 "binance.com" "Mozilla/5.0 (Windows NT 10.0; Win64; x64) AppleWebKit/537.36 (KHTML, like Gecko) Chrome/90.0.4430.85 Safari/537.36"
143.244.136.161 - - [19/Jun/2025:14:52:49 -0400] "GET /wp-admin/css/colors/sunrise/%20 HTTP/1.1" 301 - "binance.com" "Mozilla/5.0 (Windows NT 10.0; Win64; x64) AppleWebKit/537.36 (KHTML, like Gecko) Chrome/90.0.4430.85 Safari/537.36"
143.244.136.161 - - [19/Jun/2025:14:52:51 -0400] "GET /wp-admin/css/colors/sunrise/ HTTP/1.1" 200 1571 "binance.com" "Mozilla/5.0 (Windows NT 10.0; Win64; x64) AppleWebKit/537.36 (KHTML, like Gecko) Chrome/90.0.4430.85 Safari/537.36"
43.159.152.4 - - [19/Jun/2025:14:53:13 -0400] "GET /wp-json/ HTTP/1.1" 200 495629 "-" "Mozilla/5.0 (iPhone; CPU iPhone OS 13_2_3 like Mac OS X) AppleWebKit/605.1.15 (KHTML, like Gecko) Version/13.0.3 Mobile/15E148 Safari/604.1"
143.244.136.161 - - [19/Jun/2025:14:54:27 -0400] "GET /wp-includes/images/wlw/ HTTP/1.1" 200 9245 "binance.com" "Mozilla/5.0 (Windows NT 10.0; Win64; x64) AppleWebKit/537.36 (KHTML, like Gecko) Chrome/90.0.4430.85 Safari/537.36"
143.244.136.161 - - [19/Jun/2025:14:54:36 -0400] "GET /wp-includes/js/%20 HTTP/1.1" 301 - "binance.com" "Mozilla/5.0 (Windows NT 10.0; Win64; x64) AppleWebKit/537.36 (KHTML, like Gecko) Chrome/90.0.4430.85 Safari/537.36"
143.244.136.161 - - [19/Jun/2025:14:54:38 -0400] "GET /wp-includes/js/ HTTP/1.1" 200 2094 "binance.com" "Mozilla/5.0 (Windows NT 10.0; Win64; x64) AppleWebKit/537.36 (KHTML, like Gecko) Chrome/90.0.4430.85 Safari/537.36"
192.178.4.105 - - [19/Jun/2025:14:57:20 -0400] "GET /product-category/weights/ HTTP/1.1" 200 14197 "-" "Mozilla/5.0 (Linux; Android 6.0.1; Nexus 5X Build/MMB29P) AppleWebKit/537.36 (KHTML, like Gecko) Chrome/137.0.7151.103 Mobile Safari/537.36 (compatible; Googlebot/2.1; +http://www.google.com/bot.html)"
70.39.147.11 - - [19/Jun/2025:14:57:22 -0400] "POST /wp-cron.php?doing_wp_cron=1750359442.8957099914550781250000 HTTP/1.1" 200 - "-" "WordPress/6.6.2; https://pur-tungsten.com"
51.222.253.17 - - [19/Jun/2025:14:58:10 -0400] "GET /s/img/wp-content/uploads/2020/ HTTP/2.0" 200 447 "-" "Mozilla/5.0 (compatible; AhrefsBot/7.0; +http://ahrefs.com/robot/)"
192.178.4.97 - - [19/Jun/2025:14:58:29 -0400] "GET /s/e307c9.js HTTP/1.1" 200 310420 "https://pur-tungsten.com/product-category/weights/" "Mozilla/5.0 (Linux; Android 6.0.1; Nexus 5X Build/MMB29P) AppleWebKit/537.36 (KHTML, like Gecko) Chrome/137.0.7151.68 Mobile Safari/537.36 (compatible; Googlebot/2.1; +http://www.google.com/bot.html)"
95.217.109.26 - - [19/Jun/2025:14:58:45 -0400] "GET /robots.txt HTTP/1.1" 200 67 "-" "Mozilla/5.0 (compatible; MJ12bot/v1.4.8; http://mj12bot.com/)"
95.217.109.26 - - [19/Jun/2025:14:58:47 -0400] "GET /?add-to-cart=282 HTTP/1.1" 302 - "-" "Mozilla/5.0 (compatible; MJ12bot/v1.4.8; http://mj12bot.com/)"
192.178.4.96 - - [19/Jun/2025:14:58:48 -0400] "GET /product/tungsten-fishing-worm-weights-bulk-1lb-bags-black/ HTTP/1.1" 200 16440 "-" "Mozilla/5.0 (Linux; Android 6.0.1; Nexus 5X Build/MMB29P) AppleWebKit/537.36 (KHTML, like Gecko) Chrome/137.0.7151.103 Mobile Safari/537.36 (compatible; Googlebot/2.1; +http://www.google.com/bot.html)"
70.39.147.11 - - [19/Jun/2025:14:58:49 -0400] "POST /wp-cron.php?doing_wp_cron=1750359529.9835789203643798828125 HTTP/1.1" 200 - "-" "WordPress/6.6.2; https://pur-tungsten.com"
95.217.109.26 - - [19/Jun/2025:14:58:51 -0400] "GET /cart/ HTTP/1.1" 200 48535 "-" "Mozilla/5.0 (compatible; MJ12bot/v1.4.8; http://mj12bot.com/)"
95.217.109.26 - - [19/Jun/2025:14:58:56 -0400] "GET /?add-to-cart=315 HTTP/1.1" 302 - "-" "Mozilla/5.0 (compatible; MJ12bot/v1.4.8; http://mj12bot.com/)"
95.217.109.26 - - [19/Jun/2025:14:59:00 -0400] "GET /cart/ HTTP/1.1" 200 48536 "-" "Mozilla/5.0 (compatible; MJ12bot/v1.4.8; http://mj12bot.com/)"
