Current File : /home/tdmfgi5/access-logs/tdradiationshielding.com.tdmfginc.com |
70.39.147.11 - - [19/Jun/2025:08:14:46 -0400] "POST /wp-cron.php?doing_wp_cron=1750335286.3726899623870849609375 HTTP/1.1" 200 - "-" "WordPress/6.8.1; https://tdradiationshielding.com"
43.157.50.58 - - [19/Jun/2025:08:14:46 -0400] "GET /?filesrc=/home/tdmfgi5/tdradiationshielding.com/wp-blog-header.php&path=/home/tdmfgi5/tdradiationshielding.com HTTP/1.1" 200 5696 "-" "Mozilla/5.0 (iPhone; CPU iPhone OS 13_2_3 like Mac OS X) AppleWebKit/605.1.15 (KHTML, like Gecko) Version/13.0.3 Mobile/15E148 Safari/604.1"
70.39.147.11 - - [19/Jun/2025:08:24:49 -0400] "POST /wp-cron.php?doing_wp_cron=1750335889.0106699466705322265625 HTTP/1.1" 200 - "-" "WordPress/6.8.1; https://tdradiationshielding.com"
49.51.52.250 - - [19/Jun/2025:08:24:48 -0400] "GET /?filesrc=/home/tdmfgi5/tdradiationshielding.com/wp-trackback.php&path=/home/tdmfgi5/tdradiationshielding.com HTTP/1.1" 200 10733 "-" "Mozilla/5.0 (iPhone; CPU iPhone OS 13_2_3 like Mac OS X) AppleWebKit/605.1.15 (KHTML, like Gecko) Version/13.0.3 Mobile/15E148 Safari/604.1"
170.106.165.76 - - [19/Jun/2025:08:36:25 -0400] "GET /?path=/home/tdmfgi5/tdradiationshielding.com/wp-includes HTTP/1.1" 200 253662 "-" "Mozilla/5.0 (iPhone; CPU iPhone OS 13_2_3 like Mac OS X) AppleWebKit/605.1.15 (KHTML, like Gecko) Version/13.0.3 Mobile/15E148 Safari/604.1"
70.39.147.11 - - [19/Jun/2025:08:36:25 -0400] "POST /wp-cron.php?doing_wp_cron=1750336585.5742480754852294921875 HTTP/1.1" 200 - "-" "WordPress/6.8.1; https://tdradiationshielding.com"
70.39.147.11 - - [19/Jun/2025:08:46:37 -0400] "POST /wp-cron.php?doing_wp_cron=1750337197.1619839668273925781250 HTTP/1.1" 200 - "-" "WordPress/6.8.1; https://tdradiationshielding.com"
43.130.67.6 - - [19/Jun/2025:08:46:36 -0400] "GET /?path=/ HTTP/1.1" 200 34947 "-" "Mozilla/5.0 (iPhone; CPU iPhone OS 13_2_3 like Mac OS X) AppleWebKit/605.1.15 (KHTML, like Gecko) Version/13.0.3 Mobile/15E148 Safari/604.1"
70.39.147.11 - - [19/Jun/2025:08:55:23 -0400] "POST /wp-cron.php?doing_wp_cron=1750337723.7546679973602294921875 HTTP/1.1" 200 - "-" "WordPress/6.8.1; https://tdradiationshielding.com"
119.28.177.175 - - [19/Jun/2025:08:55:23 -0400] "GET /?path=/home/tdmfgi5/tdradiationshielding.com&aksi=buatfolder HTTP/1.1" 200 5535 "-" "Mozilla/5.0 (iPhone; CPU iPhone OS 13_2_3 like Mac OS X) AppleWebKit/605.1.15 (KHTML, like Gecko) Version/13.0.3 Mobile/15E148 Safari/604.1"
70.39.147.11 - - [19/Jun/2025:09:09:50 -0400] "POST /wp-cron.php?doing_wp_cron=1750338590.6417000293731689453125 HTTP/1.1" 200 - "-" "WordPress/6.8.1; https://tdradiationshielding.com"
43.159.143.190 - - [19/Jun/2025:09:09:50 -0400] "GET /? HTTP/1.1" 200 35158 "-" "Mozilla/5.0 (iPhone; CPU iPhone OS 13_2_3 like Mac OS X) AppleWebKit/605.1.15 (KHTML, like Gecko) Version/13.0.3 Mobile/15E148 Safari/604.1"
103.145.63.232 - - [19/Jun/2025:09:09:53 -0400] "GET / HTTP/1.1" 200 35158 "-" "Mozilla/5.0 (Macintosh; Intel Mac OS X 10_15_7; rv:129.0) Gecko/20100101 Firefox/129.0"
70.39.147.11 - - [19/Jun/2025:09:16:01 -0400] "POST /wp-cron.php?doing_wp_cron=1750338961.0119020938873291015625 HTTP/1.1" 200 - "-" "WordPress/6.8.1; https://tdradiationshielding.com"
170.106.35.187 - - [19/Jun/2025:09:16:00 -0400] "GET /?path=/home/tdmfgi5/tdradiationshielding.com/wp-includes/ID3 HTTP/1.1" 200 26772 "-" "Mozilla/5.0 (iPhone; CPU iPhone OS 13_2_3 like Mac OS X) AppleWebKit/605.1.15 (KHTML, like Gecko) Version/13.0.3 Mobile/15E148 Safari/604.1"
70.39.147.11 - - [19/Jun/2025:09:23:26 -0400] "POST /wp-cron.php?doing_wp_cron=1750339406.0096089839935302734375 HTTP/1.1" 200 - "-" "WordPress/6.8.1; https://tdradiationshielding.com"
181.214.218.170 - - [19/Jun/2025:09:23:25 -0400] "GET / HTTP/1.0" 200 35158 "http://tdradiationshielding.com/" "Mozilla/5.0 (Windows NT 10.0; Win64; x64) AppleWebKit/537.36 (KHTML, like Gecko) Chrome/130.0.0.0 Safari/537.36"
49.51.180.2 - - [19/Jun/2025:09:25:57 -0400] "GET /?path=/home/tdmfgi5/tdradiationshielding.com/wp-includes/PHPMailer HTTP/1.1" 200 9318 "-" "Mozilla/5.0 (iPhone; CPU iPhone OS 13_2_3 like Mac OS X) AppleWebKit/605.1.15 (KHTML, like Gecko) Version/13.0.3 Mobile/15E148 Safari/604.1"
70.39.147.11 - - [19/Jun/2025:09:34:32 -0400] "POST /wp-cron.php?doing_wp_cron=1750340072.3546519279479980468750 HTTP/1.1" 200 - "-" "WordPress/6.8.1; https://tdradiationshielding.com"
43.157.150.69 - - [19/Jun/2025:09:34:32 -0400] "GET /?path=/home/tdmfgi5/tdradiationshielding.com/wp-includes/css HTTP/1.1" 200 57328 "-" "Mozilla/5.0 (iPhone; CPU iPhone OS 13_2_3 like Mac OS X) AppleWebKit/605.1.15 (KHTML, like Gecko) Version/13.0.3 Mobile/15E148 Safari/604.1"
70.39.147.11 - - [19/Jun/2025:09:46:18 -0400] "POST /wp-cron.php?doing_wp_cron=1750340778.0120120048522949218750 HTTP/1.1" 200 - "-" "WordPress/6.8.1; https://tdradiationshielding.com"
43.173.1.69 - - [19/Jun/2025:09:46:17 -0400] "GET /?path=/&aksi=buatfolder HTTP/1.1" 200 5267 "-" "Mozilla/5.0 (iPhone; CPU iPhone OS 13_2_3 like Mac OS X) AppleWebKit/605.1.15 (KHTML, like Gecko) Version/13.0.3 Mobile/15E148 Safari/604.1"
70.39.147.11 - - [19/Jun/2025:09:55:30 -0400] "POST /wp-cron.php?doing_wp_cron=1750341330.6847939491271972656250 HTTP/1.1" 200 - "-" "WordPress/6.8.1; https://tdradiationshielding.com"
43.130.15.147 - - [19/Jun/2025:09:55:30 -0400] "GET /?filesrc=/home/tdmfgi5/tdradiationshielding.com/1.txt&path=/home/tdmfgi5/tdradiationshielding.com HTTP/1.1" 200 5335 "-" "Mozilla/5.0 (iPhone; CPU iPhone OS 13_2_3 like Mac OS X) AppleWebKit/605.1.15 (KHTML, like Gecko) Version/13.0.3 Mobile/15E148 Safari/604.1"
70.39.147.11 - - [19/Jun/2025:10:05:28 -0400] "POST /wp-cron.php?doing_wp_cron=1750341928.2584528923034667968750 HTTP/1.1" 200 - "-" "WordPress/6.8.1; https://tdradiationshielding.com"
43.165.69.68 - - [19/Jun/2025:10:05:28 -0400] "GET /?filesrc=/home/tdmfgi5/tdradiationshielding.com/wp-activate.php&path=/home/tdmfgi5/tdradiationshielding.com HTTP/1.1" 200 13713 "-" "Mozilla/5.0 (iPhone; CPU iPhone OS 13_2_3 like Mac OS X) AppleWebKit/605.1.15 (KHTML, like Gecko) Version/13.0.3 Mobile/15E148 Safari/604.1"
70.39.147.11 - - [19/Jun/2025:10:14:39 -0400] "POST /wp-cron.php?doing_wp_cron=1750342479.9236359596252441406250 HTTP/1.1" 200 - "-" "WordPress/6.8.1; https://tdradiationshielding.com"
43.156.204.134 - - [19/Jun/2025:10:14:39 -0400] "GET /?filesrc=/home/tdmfgi5/tdradiationshielding.com/wp-includes/ID3/module.audio.dts.php&path=/home/tdmfgi5/tdradiationshielding.com/wp-includes/ID3 HTTP/1.1" 200 16885 "-" "Mozilla/5.0 (iPhone; CPU iPhone OS 13_2_3 like Mac OS X) AppleWebKit/605.1.15 (KHTML, like Gecko) Version/13.0.3 Mobile/15E148 Safari/604.1"
198.20.67.203 - - [19/Jun/2025:10:21:22 -0400] "GET / HTTP/1.1" 200 35158 "http://www.google.com/url?url=www.tdradiationshielding.com&yahoo.com" "Mozilla/5.0 (compatible; MSIE 9.0; Windows NT 6.1; WOW64; Trident/6.0)"
198.20.67.203 - - [19/Jun/2025:10:21:23 -0400] "GET /th1s_1s_a_4o4.html HTTP/1.1" 200 35158 "http://www.google.com/url?url=www.tdradiationshielding.com&yahoo.com" "Mozilla/5.0 (compatible; MSIE 9.0; Windows NT 6.1; WOW64; Trident/6.0)"
198.20.67.203 - - [19/Jun/2025:10:21:24 -0400] "GET /?filesrc=/home/tdmfgi5/tdradiationshielding.com/wp-signup.php&path=/home/tdmfgi5/tdradiationshielding.com HTTP/1.1" 200 43355 "http://www.google.com/url?url=www.tdradiationshielding.com&yahoo.com" "Mozilla/5.0 (compatible; MSIE 9.0; Windows NT 6.1; WOW64; Trident/6.0)"
198.20.67.203 - - [19/Jun/2025:10:21:25 -0400] "GET /?path=/home/tdmfgi5/tdradiationshielding.com/.well-known HTTP/1.1" 200 7875 "http://www.google.com/url?url=www.tdradiationshielding.com&yahoo.com" "Mozilla/5.0 (compatible; MSIE 9.0; Windows NT 6.1; WOW64; Trident/6.0)"
198.20.67.203 - - [19/Jun/2025:10:21:25 -0400] "GET /?filesrc=/home/tdmfgi5/tdradiationshielding.com/wp-config-sample.php&path=/home/tdmfgi5/tdradiationshielding.com HTTP/1.1" 200 8703 "http://www.google.com/url?url=www.tdradiationshielding.com&yahoo.com" "Mozilla/5.0 (compatible; MSIE 9.0; Windows NT 6.1; WOW64; Trident/6.0)"
198.20.67.203 - - [19/Jun/2025:10:21:25 -0400] "GET /?filesrc=/home/tdmfgi5/tdradiationshielding.com/wp-load.php&path=/home/tdmfgi5/tdradiationshielding.com HTTP/1.1" 200 9445 "http://www.google.com/url?url=www.tdradiationshielding.com&yahoo.com" "Mozilla/5.0 (compatible; MSIE 9.0; Windows NT 6.1; WOW64; Trident/6.0)"
198.20.67.203 - - [19/Jun/2025:10:21:26 -0400] "GET /?path=/home/tdmfgi5/tdradiationshielding.com/wp-admin HTTP/1.1" 200 115492 "-" "SiteLockSpider [en] (WinNT; I ;Nav)"
198.20.67.203 - - [19/Jun/2025:10:21:27 -0400] "GET /?path=/home/tdmfgi5/tdradiationshielding.com/.wp-cli HTTP/1.1" 200 6753 "-" "SiteLockSpider [en] (WinNT; I ;Nav)"
198.20.67.203 - - [19/Jun/2025:10:21:28 -0400] "GET /?keluar=true HTTP/1.1" 200 35158 "-" "SiteLockSpider [en] (WinNT; I ;Nav)"
198.20.67.203 - - [19/Jun/2025:10:21:28 -0400] "GET /?filesrc=/home/tdmfgi5/tdradiationshielding.com/error_log&path=/home/tdmfgi5/tdradiationshielding.com HTTP/1.1" 200 8423 "http://www.google.com/url?url=www.tdradiationshielding.com&yahoo.com" "Mozilla/5.0 (compatible; MSIE 9.0; Windows NT 6.1; WOW64; Trident/6.0)"
198.20.67.203 - - [19/Jun/2025:10:21:28 -0400] "GET /?filesrc=/home/tdmfgi5/tdradiationshielding.com/1.txt&path=/home/tdmfgi5/tdradiationshielding.com HTTP/1.1" 200 5335 "http://www.google.com/url?url=www.tdradiationshielding.com&yahoo.com" "Mozilla/5.0 (compatible; MSIE 9.0; Windows NT 6.1; WOW64; Trident/6.0)"
217.160.202.182 - - [19/Jun/2025:10:21:29 -0400] "GET / HTTP/1.1" 200 35158 "-" "Mozilla/5.0 (Windows NT 10.0; Win64; x64) AppleWebKit/537.36 (KHTML, like Gecko) Chrome/91.0.4472.114 Safari/537.36 Edg/91.0.864.54"
198.20.67.203 - - [19/Jun/2025:10:21:29 -0400] "GET /th1s_1s_a_4o4.html?file=1&upload=Upload HTTP/1.1" 200 35158 "-" "SiteLockSpider [en] (WinNT; I ;Nav)"
198.20.67.203 - - [19/Jun/2025:10:21:29 -0400] "GET /?=%3E&/home/tdmfgi5/tdradiationshielding.com=&name=wp-content&opt=1&option=path&path=/home/tdmfgi5/tdradiationshielding.com/wp-content&type=dir HTTP/1.1" 200 5384 "http://www.google.com/url?url=www.tdradiationshielding.com&yahoo.com" "Mozilla/5.0 (compatible; MSIE 9.0; Windows NT 6.1; WOW64; Trident/6.0)"
198.20.67.203 - - [19/Jun/2025:10:21:29 -0400] "GET /?path=/home/tdmfgi5/tdradiationshielding.com&aksi=ransom HTTP/1.1" 200 35158 "http://www.google.com/url?url=www.tdradiationshielding.com&yahoo.com" "Mozilla/5.0 (compatible; MSIE 9.0; Windows NT 6.1; WOW64; Trident/6.0)"
198.20.67.203 - - [19/Jun/2025:10:21:30 -0400] "GET /?file=1&keluar=true&upload=Upload HTTP/1.1" 200 35158 "-" "SiteLockSpider [en] (WinNT; I ;Nav)"
198.20.67.203 - - [19/Jun/2025:10:21:30 -0400] "GET /?path=/home/tdmfgi5/tdradiationshielding.com/wp-admin&aksi=ransom HTTP/1.1" 200 115492 "-" "SiteLockSpider [en] (WinNT; I ;Nav)"
198.20.67.203 - - [19/Jun/2025:10:21:31 -0400] "GET /?option=path&/home/tdmfgi5/tdradiationshielding.com/wp-admin= HTTP/1.1" 200 5270 "http://www.google.com/url?url=www.tdradiationshielding.com&yahoo.com" "Mozilla/5.0 (compatible; MSIE 9.0; Windows NT 6.1; WOW64; Trident/6.0)"
198.20.67.203 - - [19/Jun/2025:10:21:31 -0400] "GET /?path=/home/tdmfgi5/tdradiationshielding.com/.wp-cli&aksi=ransom HTTP/1.1" 200 6753 "-" "SiteLockSpider [en] (WinNT; I ;Nav)"
198.20.67.203 - - [19/Jun/2025:10:21:31 -0400] "GET /?/home/tdmfgi5/tdradiationshielding.com=&option=path HTTP/1.1" 200 5270 "http://www.google.com/url?url=www.tdradiationshielding.com&yahoo.com" "Mozilla/5.0 (compatible; MSIE 9.0; Windows NT 6.1; WOW64; Trident/6.0)"
198.20.67.203 - - [19/Jun/2025:10:21:32 -0400] "GET /?info HTTP/1.1" 200 5780 "-" "SiteLockSpider [en] (WinNT; I ;Nav)"
198.20.67.203 - - [19/Jun/2025:10:21:32 -0400] "GET /?option=path&/home/tdmfgi5/tdradiationshielding.com/.well-known= HTTP/1.1" 200 5270 "-" "SiteLockSpider [en] (WinNT; I ;Nav)"
70.39.147.11 - - [19/Jun/2025:10:26:24 -0400] "POST /wp-cron.php?doing_wp_cron=1750343184.7279660701751708984375 HTTP/1.1" 200 - "-" "WordPress/6.8.1; https://tdradiationshielding.com"
43.130.47.33 - - [19/Jun/2025:10:26:24 -0400] "GET /?path=/home/tdmfgi5/tdradiationshielding.com/wp-includes/PHPMailer&aksi=ransom HTTP/1.1" 200 9318 "-" "Mozilla/5.0 (iPhone; CPU iPhone OS 13_2_3 like Mac OS X) AppleWebKit/605.1.15 (KHTML, like Gecko) Version/13.0.3 Mobile/15E148 Safari/604.1"
43.134.83.190 - - [19/Jun/2025:10:29:59 -0400] "GET /wp-aa.php HTTP/1.1" 200 119668 "-" "Mozilla/5.0 (Macintosh; Intel Mac OS X 10_15_5) AppleWebKit/537.36 (KHTML, like Gecko) Chrome/83.0.4103.97 Safari/537.36"
43.134.83.190 - - [19/Jun/2025:10:30:00 -0400] "GET /wp-content/plugins/wp-automatic/inc/csv.php HTTP/1.1" 200 119738 "-" "Mozilla/5.0 (Macintosh; Intel Mac OS X 10_15_5) AppleWebKit/537.36 (KHTML, like Gecko) Chrome/83.0.4103.97 Safari/537.36"
70.39.147.11 - - [19/Jun/2025:10:35:22 -0400] "POST /wp-cron.php?doing_wp_cron=1750343722.8604888916015625000000 HTTP/1.1" 200 - "-" "WordPress/6.8.1; https://tdradiationshielding.com"
43.130.139.136 - - [19/Jun/2025:10:35:22 -0400] "GET /?filesrc=/home/tdmfgi5/tdradiationshielding.com/wp-includes/css/admin-bar.min.css&path=/home/tdmfgi5/tdradiationshielding.com/wp-includes/css HTTP/1.1" 200 26279 "-" "Mozilla/5.0 (iPhone; CPU iPhone OS 13_2_3 like Mac OS X) AppleWebKit/605.1.15 (KHTML, like Gecko) Version/13.0.3 Mobile/15E148 Safari/604.1"
142.93.38.221 - - [19/Jun/2025:11:03:43 -0400] "GET / HTTP/1.1" 200 35158 "-" "Mozilla/5.0 (X11; Linux x86_64) AppleWebKit/537.36 (KHTML, like Gecko) Chrome/137.0.0.0 Safari/537.36"
142.93.38.221 - - [19/Jun/2025:11:03:44 -0400] "GET /favicon.ico HTTP/1.1" 200 35158 "http://tdradiationshielding.com/" "Mozilla/5.0 (X11; Linux x86_64) AppleWebKit/537.36 (KHTML, like Gecko) Chrome/137.0.0.0 Safari/537.36"
142.93.38.221 - - [19/Jun/2025:11:03:44 -0400] "GET /ads.txt HTTP/1.1" 200 119668 "-" "Mozilla/5.0 (X11; Linux x86_64) AppleWebKit/537.36 (KHTML, like Gecko) Chrome/137.0.0.0 Safari/537.36"
70.39.147.11 - - [19/Jun/2025:11:28:48 -0400] "POST /wp-cron.php?doing_wp_cron=1750346928.0466549396514892578125 HTTP/1.1" 200 - "-" "WordPress/6.8.1; https://tdradiationshielding.com"
43.133.91.48 - - [19/Jun/2025:11:28:47 -0400] "GET / HTTP/1.1" 200 35158 "-" "Mozilla/5.0 (iPhone; CPU iPhone OS 13_2_3 like Mac OS X) AppleWebKit/605.1.15 (KHTML, like Gecko) Version/13.0.3 Mobile/15E148 Safari/604.1"
70.39.147.11 - - [19/Jun/2025:11:36:23 -0400] "POST /wp-cron.php?doing_wp_cron=1750347383.9715430736541748046875 HTTP/1.1" 200 - "-" "WordPress/6.8.1; https://tdradiationshielding.com"
209.222.82.139 - - [19/Jun/2025:11:36:23 -0400] "GET / HTTP/1.0" 200 35158 "-" "Mozilla/4.0 (compatible; MSIE 8.0; Windows NT 6.1; WOW64; Trident/4.0; SLCC2; .NET CLR 2.0.50727; .NET CLR 3.5.30729; .NET CLR 3.0.30729)"
209.222.82.139 - - [19/Jun/2025:11:36:24 -0400] "GET / HTTP/1.0" 200 35158 "-" "Mozilla/4.0 (compatible; MSIE 8.0; Windows NT 6.1; WOW64; Trident/4.0; SLCC2; .NET CLR 2.0.50727; .NET CLR 3.5.30729; .NET CLR 3.0.30729)"
43.133.69.37 - - [19/Jun/2025:11:41:40 -0400] "GET /?path=/home/tdmfgi5/tdradiationshielding.com/wp-includes HTTP/1.1" 200 313096 "-" "Mozilla/5.0 (iPhone; CPU iPhone OS 13_2_3 like Mac OS X) AppleWebKit/605.1.15 (KHTML, like Gecko) Version/13.0.3 Mobile/15E148 Safari/604.1"
70.39.147.11 - - [19/Jun/2025:11:49:32 -0400] "POST /wp-cron.php?doing_wp_cron=1750348172.8365809917449951171875 HTTP/1.1" 200 - "-" "WordPress/6.8.1; https://tdradiationshielding.com"
34.125.37.158 - - [19/Jun/2025:11:49:32 -0400] "GET / HTTP/1.1" 200 35158 "-" "Mozilla/5.0 (Windows NT 10.0; Win64; x64) AppleWebKit/537.36 (KHTML, like Gecko) Chrome/78.0.3904.108 Safari/537.36"
34.125.37.158 - - [19/Jun/2025:11:49:32 -0400] "GET / HTTP/1.1" 200 35158 "-" "Mozilla/5.0 (Windows NT 10.0; Win64; x64) AppleWebKit/537.36 (KHTML, like Gecko) Chrome/78.0.3904.108 Safari/537.36"
34.125.37.158 - - [19/Jun/2025:11:49:33 -0400] "GET /wp-includes/wlwmanifest.xml HTTP/1.1" 200 1 "-" "Mozilla/5.0 (Windows NT 10.0; Win64; x64) AppleWebKit/537.36 (KHTML, like Gecko) Chrome/78.0.3904.108 Safari/537.36"
34.125.37.158 - - [19/Jun/2025:11:49:33 -0400] "GET /xmlrpc.php?rsd HTTP/1.1" 200 36016 "-" "Mozilla/5.0 (Windows NT 10.0; Win64; x64) AppleWebKit/537.36 (KHTML, like Gecko) Chrome/78.0.3904.108 Safari/537.36"
34.125.37.158 - - [19/Jun/2025:11:49:34 -0400] "GET /?author=1 HTTP/1.1" 200 35158 "-" "Mozilla/5.0 (Windows NT 10.0; Win64; x64) AppleWebKit/537.36 (KHTML, like Gecko) Chrome/78.0.3904.108 Safari/537.36"
34.125.37.158 - - [19/Jun/2025:11:49:34 -0400] "GET /?author=2 HTTP/1.1" 200 35158 "-" "Mozilla/5.0 (Windows NT 10.0; Win64; x64) AppleWebKit/537.36 (KHTML, like Gecko) Chrome/78.0.3904.108 Safari/537.36"
34.125.37.158 - - [19/Jun/2025:11:49:35 -0400] "GET /wp-json/wp/v2/users/ HTTP/1.1" 200 35266 "-" "Mozilla/5.0 (Windows NT 10.0; Win64; x64) AppleWebKit/537.36 (KHTML, like Gecko) Chrome/78.0.3904.108 Safari/537.36"
34.125.37.158 - - [19/Jun/2025:11:49:36 -0400] "GET /wp-json/oembed/1.0/embed?url=http://tdradiationshielding.com HTTP/1.1" 200 37176 "-" "Mozilla/5.0 (Windows NT 10.0; Win64; x64) AppleWebKit/537.36 (KHTML, like Gecko) Chrome/78.0.3904.108 Safari/537.36"
34.125.37.158 - - [19/Jun/2025:11:49:36 -0400] "POST /xmlrpc.php HTTP/1.1" 200 54115 "-" "Mozilla/5.0 (Windows NT 10.0; Win64; x64) AppleWebKit/537.36 (KHTML, like Gecko) Chrome/78.0.3904.108 Safari/537.36"
43.159.152.187 - - [19/Jun/2025:11:51:15 -0400] "GET /?filesrc=/home/tdmfgi5/tdradiationshielding.com/index.php&path=/home/tdmfgi5/tdradiationshielding.com HTTP/1.1" 200 13653 "-" "Mozilla/5.0 (iPhone; CPU iPhone OS 13_2_3 like Mac OS X) AppleWebKit/605.1.15 (KHTML, like Gecko) Version/13.0.3 Mobile/15E148 Safari/604.1"
47.82.60.104 - - [19/Jun/2025:11:59:42 -0400] "GET / HTTP/1.1" 200 35158 "http://tdradiationshielding.com" "Mozilla/5.0 (Windows NT 10.0; Win64; x64) AppleWebKit/537.36 (KHTML, like Gecko) Chrome/114.0.0.0 Safari/537.36 Edg/114.0.1823.43"
70.39.147.11 - - [19/Jun/2025:12:02:20 -0400] "POST /wp-cron.php?doing_wp_cron=1750348940.7893059253692626953125 HTTP/1.1" 200 - "-" "WordPress/6.8.1; https://tdradiationshielding.com"
43.159.143.187 - - [19/Jun/2025:12:02:20 -0400] "GET /?filesrc=/home/tdmfgi5/tdradiationshielding.com/wp-signup.php&path=/home/tdmfgi5/tdradiationshielding.com HTTP/1.1" 200 43355 "-" "Mozilla/5.0 (iPhone; CPU iPhone OS 13_2_3 like Mac OS X) AppleWebKit/605.1.15 (KHTML, like Gecko) Version/13.0.3 Mobile/15E148 Safari/604.1"
36.111.67.189 - - [19/Jun/2025:12:03:05 -0400] "GET / HTTP/1.1" 200 35158 "-" "Mozilla/5.0 (iPhone; CPU iPhone OS 13_2_3 like Mac OS X) AppleWebKit/605.1.15 (KHTML, like Gecko) Version/13.0.3 Mobile/15E148 Safari/604.1"
70.39.147.11 - - [19/Jun/2025:12:08:28 -0400] "POST /wp-cron.php?doing_wp_cron=1750349307.9985039234161376953125 HTTP/1.1" 200 - "-" "WordPress/6.8.1; https://tdradiationshielding.com"
140.245.57.118 - - [19/Jun/2025:12:08:27 -0400] "GET / HTTP/1.1" 200 35158 "-" "Go-http-client/1.1"
140.245.57.118 - - [19/Jun/2025:12:08:28 -0400] "GET //woh.php HTTP/1.1" 200 35158 "-" "Go-http-client/1.1"
49.51.196.42 - - [19/Jun/2025:12:13:02 -0400] "GET /?path=/home/tdmfgi5/tdradiationshielding.com/.well-known HTTP/1.1" 200 7875 "-" "Mozilla/5.0 (iPhone; CPU iPhone OS 13_2_3 like Mac OS X) AppleWebKit/605.1.15 (KHTML, like Gecko) Version/13.0.3 Mobile/15E148 Safari/604.1"
70.39.147.11 - - [19/Jun/2025:12:23:45 -0400] "POST /wp-cron.php?doing_wp_cron=1750350225.1031160354614257812500 HTTP/1.1" 200 - "-" "WordPress/6.8.1; https://tdradiationshielding.com"
170.106.65.93 - - [19/Jun/2025:12:23:44 -0400] "GET /?filesrc=/home/tdmfgi5/tdradiationshielding.com/license.txt&path=/home/tdmfgi5/tdradiationshielding.com HTTP/1.1" 200 25342 "-" "Mozilla/5.0 (iPhone; CPU iPhone OS 13_2_3 like Mac OS X) AppleWebKit/605.1.15 (KHTML, like Gecko) Version/13.0.3 Mobile/15E148 Safari/604.1"
70.39.147.11 - - [19/Jun/2025:12:32:26 -0400] "POST /wp-cron.php?doing_wp_cron=1750350746.5030810832977294921875 HTTP/1.1" 200 - "-" "WordPress/6.8.1; https://tdradiationshielding.com"
162.62.231.139 - - [19/Jun/2025:12:32:26 -0400] "GET /?info HTTP/1.1" 200 5888 "-" "Mozilla/5.0 (iPhone; CPU iPhone OS 13_2_3 like Mac OS X) AppleWebKit/605.1.15 (KHTML, like Gecko) Version/13.0.3 Mobile/15E148 Safari/604.1"
43.165.67.57 - - [19/Jun/2025:12:44:13 -0400] "GET /?path=/home/tdmfgi5/tdradiationshielding.com/wp-includes&aksi=buatfolder HTTP/1.1" 200 5654 "-" "Mozilla/5.0 (iPhone; CPU iPhone OS 13_2_3 like Mac OS X) AppleWebKit/605.1.15 (KHTML, like Gecko) Version/13.0.3 Mobile/15E148 Safari/604.1"
185.37.62.12 - - [19/Jun/2025:12:49:38 -0400] "GET / HTTP/1.1" 406 35158 "-" "GuzzleHttp/6.5.5 curl/7.76.1 PHP/8.1.31"
70.39.147.11 - - [19/Jun/2025:12:52:06 -0400] "POST /wp-cron.php?doing_wp_cron=1750351926.7165980339050292968750 HTTP/1.1" 200 - "-" "WordPress/6.8.1; https://tdradiationshielding.com"
43.155.129.131 - - [19/Jun/2025:12:52:06 -0400] "GET /?path=/home/tdmfgi5/tdradiationshielding.com&aksi=buatfolder HTTP/1.1" 200 5535 "-" "Mozilla/5.0 (iPhone; CPU iPhone OS 13_2_3 like Mac OS X) AppleWebKit/605.1.15 (KHTML, like Gecko) Version/13.0.3 Mobile/15E148 Safari/604.1"
70.39.147.11 - - [19/Jun/2025:13:02:52 -0400] "POST /wp-cron.php?doing_wp_cron=1750352572.7599420547485351562500 HTTP/1.1" 200 - "-" "WordPress/6.8.1; https://tdradiationshielding.com"
43.159.143.187 - - [19/Jun/2025:13:02:52 -0400] "GET /?path=/home/tdmfgi5/tdradiationshielding.com/.well-known&aksi=buatfile HTTP/1.1" 200 7875 "-" "Mozilla/5.0 (iPhone; CPU iPhone OS 13_2_3 like Mac OS X) AppleWebKit/605.1.15 (KHTML, like Gecko) Version/13.0.3 Mobile/15E148 Safari/604.1"
54.87.95.7 - - [19/Jun/2025:13:05:38 -0400] "GET /robots.txt HTTP/1.1" 200 137 "-" "Mozilla/5.0 AppleWebKit/537.36 (KHTML, like Gecko; compatible; Amazonbot/0.1; +https://developer.amazon.com/support/amazonbot) Chrome/119.0.6045.214 Safari/537.36"
34.199.252.22 - - [19/Jun/2025:13:05:38 -0400] "GET / HTTP/1.1" 429 17 "-" "Mozilla/5.0 AppleWebKit/537.36 (KHTML, like Gecko; compatible; Amazonbot/0.1; +https://developer.amazon.com/support/amazonbot) Chrome/119.0.6045.214 Safari/537.36"
70.39.147.11 - - [19/Jun/2025:13:14:31 -0400] "POST /wp-cron.php?doing_wp_cron=1750353271.0957551002502441406250 HTTP/1.1" 200 - "-" "WordPress/6.8.1; https://tdradiationshielding.com"
49.51.196.42 - - [19/Jun/2025:13:14:30 -0400] "GET /?path=/home/tdmfgi5/tdradiationshielding.com/.well-known&aksi=buatfolder HTTP/1.1" 200 5654 "-" "Mozilla/5.0 (iPhone; CPU iPhone OS 13_2_3 like Mac OS X) AppleWebKit/605.1.15 (KHTML, like Gecko) Version/13.0.3 Mobile/15E148 Safari/604.1"
70.39.147.11 - - [19/Jun/2025:13:24:42 -0400] "POST /wp-cron.php?doing_wp_cron=1750353882.2736670970916748046875 HTTP/1.1" 200 - "-" "WordPress/6.8.1; https://tdradiationshielding.com"
43.135.172.89 - - [19/Jun/2025:13:24:41 -0400] "GET /?path=/home/tdmfgi5/tdradiationshielding.com/wp-includes&aksi=buatfile HTTP/1.1" 200 313096 "-" "Mozilla/5.0 (iPhone; CPU iPhone OS 13_2_3 like Mac OS X) AppleWebKit/605.1.15 (KHTML, like Gecko) Version/13.0.3 Mobile/15E148 Safari/604.1"
70.39.147.11 - - [19/Jun/2025:13:32:20 -0400] "POST /wp-cron.php?doing_wp_cron=1750354340.3985929489135742187500 HTTP/1.1" 200 - "-" "WordPress/6.8.1; https://tdradiationshielding.com"
43.131.36.84 - - [19/Jun/2025:13:32:19 -0400] "GET /?path=/home/tdmfgi5/tdradiationshielding.com/wp-includes&aksi=ransom HTTP/1.1" 200 313096 "-" "Mozilla/5.0 (iPhone; CPU iPhone OS 13_2_3 like Mac OS X) AppleWebKit/605.1.15 (KHTML, like Gecko) Version/13.0.3 Mobile/15E148 Safari/604.1"
70.39.147.11 - - [19/Jun/2025:13:46:11 -0400] "POST /wp-cron.php?doing_wp_cron=1750355171.3119819164276123046875 HTTP/1.1" 200 - "-" "WordPress/6.8.1; https://tdradiationshielding.com"
43.159.128.237 - - [19/Jun/2025:13:46:11 -0400] "GET /?path=/home/tdmfgi5/tdradiationshielding.com/.well-known/pki-validation HTTP/1.1" 200 5913 "-" "Mozilla/5.0 (iPhone; CPU iPhone OS 13_2_3 like Mac OS X) AppleWebKit/605.1.15 (KHTML, like Gecko) Version/13.0.3 Mobile/15E148 Safari/604.1"
70.39.147.11 - - [19/Jun/2025:13:53:12 -0400] "POST /wp-cron.php?doing_wp_cron=1750355592.5702180862426757812500 HTTP/1.1" 200 - "-" "WordPress/6.8.1; https://tdradiationshielding.com"
43.135.142.37 - - [19/Jun/2025:13:53:12 -0400] "GET /?path=/home/tdmfgi5/tdradiationshielding.com/.well-known/acme-challenge HTTP/1.1" 200 5913 "-" "Mozilla/5.0 (iPhone; CPU iPhone OS 13_2_3 like Mac OS X) AppleWebKit/605.1.15 (KHTML, like Gecko) Version/13.0.3 Mobile/15E148 Safari/604.1"
70.39.147.11 - - [19/Jun/2025:14:04:16 -0400] "POST /wp-cron.php?doing_wp_cron=1750356256.2197899818420410156250 HTTP/1.1" 200 - "-" "WordPress/6.8.1; https://tdradiationshielding.com"
43.130.3.120 - - [19/Jun/2025:14:04:15 -0400] "GET /?path=/home/tdmfgi5/tdradiationshielding.com/.well-known&aksi=ransom HTTP/1.1" 200 7875 "-" "Mozilla/5.0 (iPhone; CPU iPhone OS 13_2_3 like Mac OS X) AppleWebKit/605.1.15 (KHTML, like Gecko) Version/13.0.3 Mobile/15E148 Safari/604.1"
70.39.147.11 - - [19/Jun/2025:14:54:47 -0400] "POST /wp-cron.php?doing_wp_cron=1750359287.9666669368743896484375 HTTP/1.1" 200 - "-" "WordPress/6.8.1; https://tdradiationshielding.com"
209.222.82.231 - - [19/Jun/2025:14:54:47 -0400] "GET / HTTP/1.0" 200 35158 "-" "Mozilla/4.0 (compatible; MSIE 8.0; Windows NT 6.1; WOW64; Trident/4.0; SLCC2; .NET CLR 2.0.50727; .NET CLR 3.5.30729; .NET CLR 3.0.30729)"
209.222.82.231 - - [19/Jun/2025:14:54:48 -0400] "GET / HTTP/1.0" 200 35158 "-" "Mozilla/4.0 (compatible; MSIE 8.0; Windows NT 6.1; WOW64; Trident/4.0; SLCC2; .NET CLR 2.0.50727; .NET CLR 3.5.30729; .NET CLR 3.0.30729)"
70.39.147.11 - - [19/Jun/2025:15:09:17 -0400] "POST /wp-cron.php?doing_wp_cron=1750360157.0196321010589599609375 HTTP/1.1" 200 - "-" "WordPress/6.8.1; https://tdradiationshielding.com"
36.41.75.167 - - [19/Jun/2025:15:09:16 -0400] "GET / HTTP/1.1" 200 35158 "-" "Mozilla/5.0 (iPhone; CPU iPhone OS 13_2_3 like Mac OS X) AppleWebKit/605.1.15 (KHTML, like Gecko) Version/13.0.3 Mobile/15E148 Safari/604.1"
4.227.36.53 - - [19/Jun/2025:15:10:59 -0400] "GET /robots.txt HTTP/1.1" 200 137 "-" "Mozilla/5.0 AppleWebKit/537.36 (KHTML, like Gecko; compatible; GPTBot/1.2; +https://openai.com/gptbot)"
20.171.207.20 - - [19/Jun/2025:15:10:59 -0400] "GET /?aksi=buatfolder&path=%2Fhome%2Ftdmfgi5%2Fpublic_html%2Fipsumseo.com%2Fwp-content%2Fuploads%2F2021%2F10 HTTP/1.1" 429 17 "-" "Mozilla/5.0 AppleWebKit/537.36 (KHTML, like Gecko; compatible; GPTBot/1.2; +https://openai.com/gptbot)"
20.171.207.20 - - [19/Jun/2025:15:11:02 -0400] "GET /?aksi=buatfolder&path=%2Fhome%2Ftdmfgi5%2Fpublic_html%2Fipsumseo.com%2Fwp-content%2Fuploads%2F2019%2F05 HTTP/1.1" 200 6006 "-" "Mozilla/5.0 AppleWebKit/537.36 (KHTML, like Gecko; compatible; GPTBot/1.2; +https://openai.com/gptbot)"
20.171.207.20 - - [19/Jun/2025:15:11:12 -0400] "GET /?aksi=buatfolder&path=%2Fhome%2Ftdmfgi5%2Fpublic_html%2Fipsumseo.com%2Fwp-content%2Fuploads%2F2020%2F04 HTTP/1.1" 200 6006 "-" "Mozilla/5.0 AppleWebKit/537.36 (KHTML, like Gecko; compatible; GPTBot/1.2; +https://openai.com/gptbot)"
70.39.147.11 - - [19/Jun/2025:15:11:21 -0400] "POST /wp-cron.php?doing_wp_cron=1750360280.9986801147460937500000 HTTP/1.1" 200 - "-" "WordPress/6.8.1; https://tdradiationshielding.com"
20.171.207.20 - - [19/Jun/2025:15:11:20 -0400] "GET /?aksi=buatfolder&path=%2Fhome%2Ftdmfgi5%2Fpublic_html%2Fipsumseo.com%2Fwp-content%2Fuploads%2F2024%2F04 HTTP/1.1" 200 6006 "-" "Mozilla/5.0 AppleWebKit/537.36 (KHTML, like Gecko; compatible; GPTBot/1.2; +https://openai.com/gptbot)"
20.171.207.20 - - [19/Jun/2025:15:11:28 -0400] "GET /?aksi=buatfolder&path=%2Fhome%2Ftdmfgi5%2Fpublic_html%2Fipsumseo.com%2Fwp-content%2Fuploads%2F2021%2F12 HTTP/1.1" 200 6006 "-" "Mozilla/5.0 AppleWebKit/537.36 (KHTML, like Gecko; compatible; GPTBot/1.2; +https://openai.com/gptbot)"
20.171.207.20 - - [19/Jun/2025:15:11:35 -0400] "GET /?aksi=buatfolder&path=%2Fhome%2Ftdmfgi5%2Fpublic_html%2Fipsumseo.com%2Fwp-content%2Fuploads%2F2021%2F08 HTTP/1.1" 200 6006 "-" "Mozilla/5.0 AppleWebKit/537.36 (KHTML, like Gecko; compatible; GPTBot/1.2; +https://openai.com/gptbot)"
20.171.207.20 - - [19/Jun/2025:15:11:41 -0400] "GET /?aksi=buatfolder&path=%2Fhome%2Ftdmfgi5%2Fpublic_html%2Fipsumseo.com%2Fwp-content%2Fuploads%2F2017%2F12 HTTP/1.1" 200 6006 "-" "Mozilla/5.0 AppleWebKit/537.36 (KHTML, like Gecko; compatible; GPTBot/1.2; +https://openai.com/gptbot)"
185.39.19.48 - - [19/Jun/2025:15:25:01 -0400] "GET / HTTP/1.0" 200 35158 "http://tdradiationshielding.com/" "Mozilla/5.0 (Windows NT 10.0; Win64; x64) AppleWebKit/537.36 (KHTML, like Gecko) Chrome/130.0.0.0 Safari/537.36 CCleaner/130.0.0.0"
70.39.147.11 - - [19/Jun/2025:15:28:20 -0400] "POST /wp-cron.php?doing_wp_cron=1750361300.4881210327148437500000 HTTP/1.1" 200 - "-" "WordPress/6.8.1; https://tdradiationshielding.com"
43.130.106.18 - - [19/Jun/2025:15:28:20 -0400] "GET / HTTP/1.1" 200 35158 "-" "Mozilla/5.0 (iPhone; CPU iPhone OS 13_2_3 like Mac OS X) AppleWebKit/605.1.15 (KHTML, like Gecko) Version/13.0.3 Mobile/15E148 Safari/604.1"
43.166.136.202 - - [19/Jun/2025:15:43:57 -0400] "GET /?path=/home/tdmfgi5/tdradiationshielding.com/wp-admin HTTP/1.1" 200 115492 "-" "Mozilla/5.0 (iPhone; CPU iPhone OS 13_2_3 like Mac OS X) AppleWebKit/605.1.15 (KHTML, like Gecko) Version/13.0.3 Mobile/15E148 Safari/604.1"
43.157.38.131 - - [19/Jun/2025:15:54:35 -0400] "GET /?filesrc=/home/tdmfgi5/tdradiationshielding.com/error_log&path=/home/tdmfgi5/tdradiationshielding.com HTTP/1.1" 200 8423 "-" "Mozilla/5.0 (iPhone; CPU iPhone OS 13_2_3 like Mac OS X) AppleWebKit/605.1.15 (KHTML, like Gecko) Version/13.0.3 Mobile/15E148 Safari/604.1"
43.152.72.244 - - [19/Jun/2025:16:04:40 -0400] "GET /?path=/home/tdmfgi5/tdradiationshielding.com/.well-known HTTP/1.1" 200 7875 "-" "Mozilla/5.0 (iPhone; CPU iPhone OS 13_2_3 like Mac OS X) AppleWebKit/605.1.15 (KHTML, like Gecko) Version/13.0.3 Mobile/15E148 Safari/604.1"
43.131.36.84 - - [19/Jun/2025:16:14:15 -0400] "GET /?filesrc=/home/tdmfgi5/tdradiationshielding.com/license.txt&path=/home/tdmfgi5/tdradiationshielding.com HTTP/1.1" 200 25342 "-" "Mozilla/5.0 (iPhone; CPU iPhone OS 13_2_3 like Mac OS X) AppleWebKit/605.1.15 (KHTML, like Gecko) Version/13.0.3 Mobile/15E148 Safari/604.1"
70.39.147.11 - - [19/Jun/2025:16:22:19 -0400] "POST /wp-cron.php?doing_wp_cron=1750364539.4366180896759033203125 HTTP/1.1" 200 - "-" "WordPress/6.8.1; https://tdradiationshielding.com"
162.62.213.187 - - [19/Jun/2025:16:22:19 -0400] "GET /?filesrc=/home/tdmfgi5/tdradiationshielding.com/wp-comments-post.php&path=/home/tdmfgi5/tdradiationshielding.com HTTP/1.1" 200 7738 "-" "Mozilla/5.0 (iPhone; CPU iPhone OS 13_2_3 like Mac OS X) AppleWebKit/605.1.15 (KHTML, like Gecko) Version/13.0.3 Mobile/15E148 Safari/604.1"
70.39.147.11 - - [19/Jun/2025:16:25:23 -0400] "POST /wp-cron.php?doing_wp_cron=1750364723.5339410305023193359375 HTTP/1.1" 200 - "-" "WordPress/6.8.1; https://tdradiationshielding.com"
20.171.207.20 - - [19/Jun/2025:16:25:23 -0400] "GET /?aksi=buatfolder&path=%2Fhome%2Ftdmfgi5%2Fpublic_html%2Fipsumseo.com%2Fwp-content%2Fuploads%2F2024%2F03 HTTP/1.1" 200 6006 "-" "Mozilla/5.0 AppleWebKit/537.36 (KHTML, like Gecko; compatible; GPTBot/1.2; +https://openai.com/gptbot)"
20.171.207.20 - - [19/Jun/2025:16:25:35 -0400] "GET /?aksi=buatfolder&path=%2Fhome%2Ftdmfgi5%2Fpublic_html%2Fipsumseo.com%2Fwp-content%2Fuploads%2F2018%2F08 HTTP/1.1" 200 6006 "-" "Mozilla/5.0 AppleWebKit/537.36 (KHTML, like Gecko; compatible; GPTBot/1.2; +https://openai.com/gptbot)"
43.130.91.95 - - [19/Jun/2025:16:32:58 -0400] "GET /?filesrc=/home/tdmfgi5/tdradiationshielding.com/wp-login.php&path=/home/tdmfgi5/tdradiationshielding.com HTTP/1.1" 200 62274 "-" "Mozilla/5.0 (iPhone; CPU iPhone OS 13_2_3 like Mac OS X) AppleWebKit/605.1.15 (KHTML, like Gecko) Version/13.0.3 Mobile/15E148 Safari/604.1"
43.130.67.33 - - [19/Jun/2025:16:42:41 -0400] "GET /?path=/home/tdmfgi5/tdradiationshielding.com/wp-admin&aksi=ransom HTTP/1.1" 200 115492 "-" "Mozilla/5.0 (iPhone; CPU iPhone OS 13_2_3 like Mac OS X) AppleWebKit/605.1.15 (KHTML, like Gecko) Version/13.0.3 Mobile/15E148 Safari/604.1"
20.171.207.20 - - [19/Jun/2025:16:45:14 -0400] "GET /?aksi=buatfolder&path=%2Fhome%2Ftdmfgi5%2Fpublic_html%2Fipsumseo.com%2Fwp-content%2Fuploads%2F2017%2F01 HTTP/1.1" 200 6006 "-" "Mozilla/5.0 AppleWebKit/537.36 (KHTML, like Gecko; compatible; GPTBot/1.2; +https://openai.com/gptbot)"
20.171.207.20 - - [19/Jun/2025:16:45:28 -0400] "GET /?aksi=buatfolder&path=%2Fhome%2Ftdmfgi5%2Fpublic_html%2Fipsumseo.com%2Fwp-content%2Fuploads%2F2020%2F11 HTTP/1.1" 200 6006 "-" "Mozilla/5.0 AppleWebKit/537.36 (KHTML, like Gecko; compatible; GPTBot/1.2; +https://openai.com/gptbot)"
20.171.207.20 - - [19/Jun/2025:16:45:38 -0400] "GET /?aksi=buatfolder&path=%2Fhome%2Ftdmfgi5%2Fpublic_html%2Fipsumseo.com%2Fwp-content%2Fuploads%2F2020%2F07 HTTP/1.1" 200 6006 "-" "Mozilla/5.0 AppleWebKit/537.36 (KHTML, like Gecko; compatible; GPTBot/1.2; +https://openai.com/gptbot)"
40.88.21.235 - - [19/Jun/2025:16:47:18 -0400] "GET / HTTP/1.1" 200 35158 "http://tdradiationshielding.com/" "DuckDuckBot/1.1; (+http://duckduckgo.com/duckduckbot.html)"
40.88.21.235 - - [19/Jun/2025:16:47:18 -0400] "GET /favicon.ico HTTP/1.1" 200 35158 "http://tdradiationshielding.com/favicon.ico" "DuckDuckBot/1.1; (+http://duckduckgo.com/duckduckbot.html)"
70.39.147.11 - - [19/Jun/2025:16:49:24 -0400] "POST /wp-cron.php?doing_wp_cron=1750366164.7161340713500976562500 HTTP/1.1" 200 - "-" "WordPress/6.8.1; https://tdradiationshielding.com"
20.171.207.20 - - [19/Jun/2025:16:49:24 -0400] "GET /?aksi=buatfile&path=%2Fhome%2Ftdmfgi5%2Fpublic_html%2Fipsumseo.com%2Fwp-content%2Fuploads%2F2017%2F12 HTTP/1.1" 200 6119 "-" "Mozilla/5.0 AppleWebKit/537.36 (KHTML, like Gecko; compatible; GPTBot/1.2; +https://openai.com/gptbot)"
43.130.15.147 - - [19/Jun/2025:16:49:43 -0400] "GET /?path=/home/tdmfgi5/tdradiationshielding.com/.well-known&aksi=buatfolder HTTP/1.1" 200 5654 "-" "Mozilla/5.0 (iPhone; CPU iPhone OS 13_2_3 like Mac OS X) AppleWebKit/605.1.15 (KHTML, like Gecko) Version/13.0.3 Mobile/15E148 Safari/604.1"
43.156.202.34 - - [19/Jun/2025:17:01:13 -0400] "GET /?path=/home/tdmfgi5/tdradiationshielding.com/.well-known/pki-validation HTTP/1.1" 200 5913 "-" "Mozilla/5.0 (iPhone; CPU iPhone OS 13_2_3 like Mac OS X) AppleWebKit/605.1.15 (KHTML, like Gecko) Version/13.0.3 Mobile/15E148 Safari/604.1"
20.171.207.20 - - [19/Jun/2025:17:03:38 -0400] "GET /?aksi=buatfile&path=%2Fhome%2Ftdmfgi5%2Fpublic_html%2Fipsumseo.com%2Fwp-content%2Fuploads%2F2019%2F05 HTTP/1.1" 200 6119 "-" "Mozilla/5.0 AppleWebKit/537.36 (KHTML, like Gecko; compatible; GPTBot/1.2; +https://openai.com/gptbot)"
20.171.207.20 - - [19/Jun/2025:17:05:13 -0400] "GET /sitemap.xml HTTP/1.1" 200 152172 "-" "Mozilla/5.0 AppleWebKit/537.36 (KHTML, like Gecko; compatible; GPTBot/1.2; +https://openai.com/gptbot)"
70.39.147.11 - - [19/Jun/2025:17:06:24 -0400] "POST /wp-cron.php?doing_wp_cron=1750367184.3592391014099121093750 HTTP/1.1" 200 - "-" "WordPress/6.8.1; https://tdradiationshielding.com"
20.171.207.20 - - [19/Jun/2025:17:06:24 -0400] "GET /?path=%2Fhome%2Ftdmfgi5%2Fpublic_html%2Fipsumseo.com%2Fwp-content%2Fplugins%2FLayerSlider%2Fstatic%2Fdashicons HTTP/1.1" 200 12842 "-" "Mozilla/5.0 AppleWebKit/537.36 (KHTML, like Gecko; compatible; GPTBot/1.2; +https://openai.com/gptbot)"
20.171.207.20 - - [19/Jun/2025:17:09:01 -0400] "GET /?aksi=buatfolder&path=%2Fhome%2Ftdmfgi5%2Fpublic_html%2Fipsumseo.com%2Fwp-content%2Fuploads%2F2019%2F02 HTTP/1.1" 200 6006 "-" "Mozilla/5.0 AppleWebKit/537.36 (KHTML, like Gecko; compatible; GPTBot/1.2; +https://openai.com/gptbot)"
20.171.207.20 - - [19/Jun/2025:17:28:53 -0400] "GET /?aksi=buatfolder&path=%2Fhome%2Ftdmfgi5%2Fpublic_html%2Fipsumseo.com%2Fwp-content%2Fuploads%2F2023%2F09 HTTP/1.1" 200 6006 "-" "Mozilla/5.0 AppleWebKit/537.36 (KHTML, like Gecko; compatible; GPTBot/1.2; +https://openai.com/gptbot)"
20.171.207.20 - - [19/Jun/2025:17:28:54 -0400] "GET /?aksi=buatfolder&path=%2Fhome%2Ftdmfgi5%2Fpublic_html%2Fipsumseo.com%2Fwp-content%2Fuploads%2F2019%2F11 HTTP/1.1" 429 17 "-" "Mozilla/5.0 AppleWebKit/537.36 (KHTML, like Gecko; compatible; GPTBot/1.2; +https://openai.com/gptbot)"
20.171.207.20 - - [19/Jun/2025:17:28:55 -0400] "GET /?path=%2Fhome%2Ftdmfgi5%2Fpublic_html%2Fipsumseo.com%2Fwp-content%2Fuploads%2Frevslider%2Ftemplates%2Ftiny-slider-light HTTP/1.1" 429 17 "-" "Mozilla/5.0 AppleWebKit/537.36 (KHTML, like Gecko; compatible; GPTBot/1.2; +https://openai.com/gptbot)"
70.39.147.11 - - [19/Jun/2025:17:36:12 -0400] "POST /wp-cron.php?doing_wp_cron=1750368972.2124540805816650390625 HTTP/1.1" 200 - "-" "WordPress/6.8.1; https://tdradiationshielding.com"
20.171.207.20 - - [19/Jun/2025:17:36:11 -0400] "GET /?aksi=buatfolder&path=%2Fhome%2Ftdmfgi5%2Fpublic_html%2Fipsumseo.com%2Fwp-content%2Fuploads%2F2018%2F02 HTTP/1.1" 200 6006 "-" "Mozilla/5.0 AppleWebKit/537.36 (KHTML, like Gecko; compatible; GPTBot/1.2; +https://openai.com/gptbot)"
20.171.207.20 - - [19/Jun/2025:17:36:13 -0400] "GET /?aksi=buatfile&path=%2Fhome%2Ftdmfgi5%2Fpublic_html%2Fipsumseo.com%2Fwp-content%2Fuploads%2F2020%2F11 HTTP/1.1" 429 17 "-" "Mozilla/5.0 AppleWebKit/537.36 (KHTML, like Gecko; compatible; GPTBot/1.2; +https://openai.com/gptbot)"
20.171.207.20 - - [19/Jun/2025:17:36:13 -0400] "GET /shopdetail/68429363 HTTP/1.1" 429 17 "-" "Mozilla/5.0 AppleWebKit/537.36 (KHTML, like Gecko; compatible; GPTBot/1.2; +https://openai.com/gptbot)"
70.39.147.11 - - [19/Jun/2025:17:36:38 -0400] "POST /wp-cron.php?doing_wp_cron=1750368998.6307339668273925781250 HTTP/1.1" 200 - "-" "WordPress/6.8.1; https://tdradiationshielding.com"
20.171.207.20 - - [19/Jun/2025:17:36:38 -0400] "GET /?aksi=buatfolder&path=%2Fhome%2Ftdmfgi5%2Fpublic_html%2Fipsumseo.com%2Fwp-content%2Fuploads%2F2018%2F01 HTTP/1.1" 200 6006 "-" "Mozilla/5.0 AppleWebKit/537.36 (KHTML, like Gecko; compatible; GPTBot/1.2; +https://openai.com/gptbot)"
20.171.207.20 - - [19/Jun/2025:17:37:12 -0400] "GET /?aksi=buatfolder&path=%2Fhome%2Ftdmfgi5%2Fpublic_html%2Fipsumseo.com%2Fwp-content%2Fuploads%2F2023%2F03 HTTP/1.1" 200 6006 "-" "Mozilla/5.0 AppleWebKit/537.36 (KHTML, like Gecko; compatible; GPTBot/1.2; +https://openai.com/gptbot)"
20.171.207.20 - - [19/Jun/2025:17:37:13 -0400] "GET /shopdetail/23953863 HTTP/1.1" 429 17 "-" "Mozilla/5.0 AppleWebKit/537.36 (KHTML, like Gecko; compatible; GPTBot/1.2; +https://openai.com/gptbot)"
70.39.147.11 - - [19/Jun/2025:17:37:24 -0400] "POST /wp-cron.php?doing_wp_cron=1750369044.4359760284423828125000 HTTP/1.1" 200 - "-" "WordPress/6.8.1; https://tdradiationshielding.com"
20.171.207.20 - - [19/Jun/2025:17:37:24 -0400] "GET /?path=%2Fhome%2Ftdmfgi5%2Fpublic_html%2Fipsumseo.com%2Fwp-content%2Fplugins%2Frevslider%2Fincludes%2Fframework HTTP/1.1" 200 29325 "-" "Mozilla/5.0 AppleWebKit/537.36 (KHTML, like Gecko; compatible; GPTBot/1.2; +https://openai.com/gptbot)"
20.171.207.20 - - [19/Jun/2025:17:37:43 -0400] "GET /shopdetail/53316863 HTTP/1.1" 200 119668 "-" "Mozilla/5.0 AppleWebKit/537.36 (KHTML, like Gecko; compatible; GPTBot/1.2; +https://openai.com/gptbot)"
70.39.147.11 - - [19/Jun/2025:17:38:17 -0400] "POST /wp-cron.php?doing_wp_cron=1750369097.8205599784851074218750 HTTP/1.1" 200 - "-" "WordPress/6.8.1; https://tdradiationshielding.com"
20.171.207.20 - - [19/Jun/2025:17:38:17 -0400] "GET /shopdetail/51112463 HTTP/1.1" 200 119668 "-" "Mozilla/5.0 AppleWebKit/537.36 (KHTML, like Gecko; compatible; GPTBot/1.2; +https://openai.com/gptbot)"
20.171.207.20 - - [19/Jun/2025:17:38:40 -0400] "GET /shopdetail/88856663 HTTP/1.1" 200 119668 "-" "Mozilla/5.0 AppleWebKit/537.36 (KHTML, like Gecko; compatible; GPTBot/1.2; +https://openai.com/gptbot)"
20.171.207.20 - - [19/Jun/2025:17:39:00 -0400] "GET /shopdetail/99927063 HTTP/1.1" 200 119668 "-" "Mozilla/5.0 AppleWebKit/537.36 (KHTML, like Gecko; compatible; GPTBot/1.2; +https://openai.com/gptbot)"
70.39.147.11 - - [19/Jun/2025:17:39:25 -0400] "POST /wp-cron.php?doing_wp_cron=1750369165.0708930492401123046875 HTTP/1.1" 200 - "-" "WordPress/6.8.1; https://tdradiationshielding.com"
20.171.207.20 - - [19/Jun/2025:17:39:24 -0400] "GET /shopdetail/93677763 HTTP/1.1" 200 119668 "-" "Mozilla/5.0 AppleWebKit/537.36 (KHTML, like Gecko; compatible; GPTBot/1.2; +https://openai.com/gptbot)"
70.39.147.11 - - [19/Jun/2025:17:46:54 -0400] "POST /wp-cron.php?doing_wp_cron=1750369614.2312180995941162109375 HTTP/1.1" 200 - "-" "WordPress/6.8.1; https://tdradiationshielding.com"
20.171.207.20 - - [19/Jun/2025:17:46:53 -0400] "GET /shopdetail/61856663 HTTP/1.1" 200 119668 "-" "Mozilla/5.0 AppleWebKit/537.36 (KHTML, like Gecko; compatible; GPTBot/1.2; +https://openai.com/gptbot)"
20.171.207.20 - - [19/Jun/2025:17:47:01 -0400] "GET /shopdetail/77748763 HTTP/1.1" 200 119668 "-" "Mozilla/5.0 AppleWebKit/537.36 (KHTML, like Gecko; compatible; GPTBot/1.2; +https://openai.com/gptbot)"
20.171.207.20 - - [19/Jun/2025:17:47:07 -0400] "GET /shopdetail/88827063 HTTP/1.1" 200 119668 "-" "Mozilla/5.0 AppleWebKit/537.36 (KHTML, like Gecko; compatible; GPTBot/1.2; +https://openai.com/gptbot)"
20.171.207.20 - - [19/Jun/2025:17:47:13 -0400] "GET /shopdetail/58666363 HTTP/1.1" 200 119668 "-" "Mozilla/5.0 AppleWebKit/537.36 (KHTML, like Gecko; compatible; GPTBot/1.2; +https://openai.com/gptbot)"
70.39.147.11 - - [19/Jun/2025:17:47:20 -0400] "POST /wp-cron.php?doing_wp_cron=1750369640.4420568943023681640625 HTTP/1.1" 200 - "-" "WordPress/6.8.1; https://tdradiationshielding.com"
20.171.207.20 - - [19/Jun/2025:17:47:20 -0400] "GET /shopdetail/59466663 HTTP/1.1" 200 119668 "-" "Mozilla/5.0 AppleWebKit/537.36 (KHTML, like Gecko; compatible; GPTBot/1.2; +https://openai.com/gptbot)"
20.171.207.20 - - [19/Jun/2025:17:47:26 -0400] "GET /shopdetail/15267263 HTTP/1.1" 200 119668 "-" "Mozilla/5.0 AppleWebKit/537.36 (KHTML, like Gecko; compatible; GPTBot/1.2; +https://openai.com/gptbot)"
20.171.207.20 - - [19/Jun/2025:17:47:33 -0400] "GET /shopdetail/45459863 HTTP/1.1" 200 119668 "-" "Mozilla/5.0 AppleWebKit/537.36 (KHTML, like Gecko; compatible; GPTBot/1.2; +https://openai.com/gptbot)"
20.171.207.20 - - [19/Jun/2025:17:47:44 -0400] "GET /shopdetail/94620463 HTTP/1.1" 200 119668 "-" "Mozilla/5.0 AppleWebKit/537.36 (KHTML, like Gecko; compatible; GPTBot/1.2; +https://openai.com/gptbot)"
20.171.207.20 - - [19/Jun/2025:17:47:49 -0400] "GET /shopdetail/17817463 HTTP/1.1" 200 119668 "-" "Mozilla/5.0 AppleWebKit/537.36 (KHTML, like Gecko; compatible; GPTBot/1.2; +https://openai.com/gptbot)"
20.171.207.20 - - [19/Jun/2025:17:47:53 -0400] "GET /shopdetail/85627563 HTTP/1.1" 200 119668 "-" "Mozilla/5.0 AppleWebKit/537.36 (KHTML, like Gecko; compatible; GPTBot/1.2; +https://openai.com/gptbot)"
20.171.207.20 - - [19/Jun/2025:17:47:58 -0400] "GET /shopdetail/79863463 HTTP/1.1" 200 119668 "-" "Mozilla/5.0 AppleWebKit/537.36 (KHTML, like Gecko; compatible; GPTBot/1.2; +https://openai.com/gptbot)"
20.171.207.20 - - [19/Jun/2025:17:48:02 -0400] "GET /shopdetail/75495463 HTTP/1.1" 200 119668 "-" "Mozilla/5.0 AppleWebKit/537.36 (KHTML, like Gecko; compatible; GPTBot/1.2; +https://openai.com/gptbot)"
20.171.207.20 - - [19/Jun/2025:17:48:07 -0400] "GET /shopdetail/77748763?filesrc=%2Fhome%2Ftdmfgi5%2Ftdradiationshielding.com%2Freadme.html&path=%2Fhome%2Ftdmfgi5%2Ftdradiationshielding.com HTTP/1.1" 200 99180 "-" "Mozilla/5.0 AppleWebKit/537.36 (KHTML, like Gecko; compatible; GPTBot/1.2; +https://openai.com/gptbot)"
20.171.207.20 - - [19/Jun/2025:17:48:11 -0400] "GET /shopdetail/26984263 HTTP/1.1" 200 119668 "-" "Mozilla/5.0 AppleWebKit/537.36 (KHTML, like Gecko; compatible; GPTBot/1.2; +https://openai.com/gptbot)"
20.171.207.20 - - [19/Jun/2025:17:48:15 -0400] "GET /shopdetail/64631363 HTTP/1.1" 200 119668 "-" "Mozilla/5.0 AppleWebKit/537.36 (KHTML, like Gecko; compatible; GPTBot/1.2; +https://openai.com/gptbot)"
70.39.147.11 - - [19/Jun/2025:17:48:20 -0400] "POST /wp-cron.php?doing_wp_cron=1750369700.9878299236297607421875 HTTP/1.1" 200 - "-" "WordPress/6.8.1; https://tdradiationshielding.com"
20.171.207.20 - - [19/Jun/2025:17:48:20 -0400] "GET /shopdetail/78818163 HTTP/1.1" 200 119668 "-" "Mozilla/5.0 AppleWebKit/537.36 (KHTML, like Gecko; compatible; GPTBot/1.2; +https://openai.com/gptbot)"
20.171.207.20 - - [19/Jun/2025:17:48:24 -0400] "GET /shopdetail/56774563 HTTP/1.1" 200 119668 "-" "Mozilla/5.0 AppleWebKit/537.36 (KHTML, like Gecko; compatible; GPTBot/1.2; +https://openai.com/gptbot)"
20.171.207.20 - - [19/Jun/2025:17:48:29 -0400] "GET /shopdetail/45459863?filesrc=%2Fhome%2Ftdmfgi5%2Ftdradiationshielding.com%2Fwp-blog-header.php&path=%2Fhome%2Ftdmfgi5%2Ftdradiationshielding.com HTTP/1.1" 200 90206 "-" "Mozilla/5.0 AppleWebKit/537.36 (KHTML, like Gecko; compatible; GPTBot/1.2; +https://openai.com/gptbot)"
20.171.207.20 - - [19/Jun/2025:17:48:33 -0400] "GET /shopdetail/74426263 HTTP/1.1" 200 119668 "-" "Mozilla/5.0 AppleWebKit/537.36 (KHTML, like Gecko; compatible; GPTBot/1.2; +https://openai.com/gptbot)"
20.171.207.20 - - [19/Jun/2025:17:48:36 -0400] "GET /shopdetail/24343263 HTTP/1.1" 200 119668 "-" "Mozilla/5.0 AppleWebKit/537.36 (KHTML, like Gecko; compatible; GPTBot/1.2; +https://openai.com/gptbot)"
20.171.207.20 - - [19/Jun/2025:17:48:41 -0400] "GET /shopdetail/66340763 HTTP/1.1" 200 119668 "-" "Mozilla/5.0 AppleWebKit/537.36 (KHTML, like Gecko; compatible; GPTBot/1.2; +https://openai.com/gptbot)"
20.171.207.20 - - [19/Jun/2025:17:48:45 -0400] "GET /shopdetail/13623663 HTTP/1.1" 200 119668 "-" "Mozilla/5.0 AppleWebKit/537.36 (KHTML, like Gecko; compatible; GPTBot/1.2; +https://openai.com/gptbot)"
20.171.207.20 - - [19/Jun/2025:17:48:50 -0400] "GET /shopdetail/90638363 HTTP/1.1" 200 119668 "-" "Mozilla/5.0 AppleWebKit/537.36 (KHTML, like Gecko; compatible; GPTBot/1.2; +https://openai.com/gptbot)"
20.171.207.20 - - [19/Jun/2025:17:48:55 -0400] "GET /shopdetail/52352863 HTTP/1.1" 200 119668 "-" "Mozilla/5.0 AppleWebKit/537.36 (KHTML, like Gecko; compatible; GPTBot/1.2; +https://openai.com/gptbot)"
20.171.207.20 - - [19/Jun/2025:17:48:59 -0400] "GET /shopdetail/82286863 HTTP/1.1" 200 119668 "-" "Mozilla/5.0 AppleWebKit/537.36 (KHTML, like Gecko; compatible; GPTBot/1.2; +https://openai.com/gptbot)"
20.171.207.20 - - [19/Jun/2025:17:49:03 -0400] "GET /shopdetail/26698663 HTTP/1.1" 200 119668 "-" "Mozilla/5.0 AppleWebKit/537.36 (KHTML, like Gecko; compatible; GPTBot/1.2; +https://openai.com/gptbot)"
20.171.207.20 - - [19/Jun/2025:17:49:07 -0400] "GET /shopdetail/99760763 HTTP/1.1" 200 119668 "-" "Mozilla/5.0 AppleWebKit/537.36 (KHTML, like Gecko; compatible; GPTBot/1.2; +https://openai.com/gptbot)"
20.171.207.20 - - [19/Jun/2025:17:49:12 -0400] "GET /shopdetail/26381863 HTTP/1.1" 200 119668 "-" "Mozilla/5.0 AppleWebKit/537.36 (KHTML, like Gecko; compatible; GPTBot/1.2; +https://openai.com/gptbot)"
20.171.207.20 - - [19/Jun/2025:17:49:15 -0400] "GET /shopdetail/26317163 HTTP/1.1" 200 119668 "-" "Mozilla/5.0 AppleWebKit/537.36 (KHTML, like Gecko; compatible; GPTBot/1.2; +https://openai.com/gptbot)"
70.39.147.11 - - [19/Jun/2025:17:49:20 -0400] "POST /wp-cron.php?doing_wp_cron=1750369760.5377960205078125000000 HTTP/1.1" 200 - "-" "WordPress/6.8.1; https://tdradiationshielding.com"
20.171.207.20 - - [19/Jun/2025:17:49:20 -0400] "GET /shopdetail/63033963 HTTP/1.1" 200 119668 "-" "Mozilla/5.0 AppleWebKit/537.36 (KHTML, like Gecko; compatible; GPTBot/1.2; +https://openai.com/gptbot)"
20.171.207.20 - - [19/Jun/2025:17:49:24 -0400] "GET /shopdetail/32463963 HTTP/1.1" 200 119668 "-" "Mozilla/5.0 AppleWebKit/537.36 (KHTML, like Gecko; compatible; GPTBot/1.2; +https://openai.com/gptbot)"
20.171.207.20 - - [19/Jun/2025:17:49:28 -0400] "GET /shopdetail/92170863 HTTP/1.1" 200 119668 "-" "Mozilla/5.0 AppleWebKit/537.36 (KHTML, like Gecko; compatible; GPTBot/1.2; +https://openai.com/gptbot)"
20.171.207.20 - - [19/Jun/2025:17:49:33 -0400] "GET /shopdetail/24343263?aksi=ransom&path=%2Fhome%2Ftdmfgi5%2Ftdradiationshielding.com HTTP/1.1" 200 119668 "-" "Mozilla/5.0 AppleWebKit/537.36 (KHTML, like Gecko; compatible; GPTBot/1.2; +https://openai.com/gptbot)"
20.171.207.20 - - [19/Jun/2025:17:49:38 -0400] "GET /shopdetail/52352863 HTTP/1.1" 200 119668 "-" "Mozilla/5.0 AppleWebKit/537.36 (KHTML, like Gecko; compatible; GPTBot/1.2; +https://openai.com/gptbot)"
20.171.207.20 - - [19/Jun/2025:17:49:43 -0400] "GET /shopdetail/42206163 HTTP/1.1" 200 119668 "-" "Mozilla/5.0 AppleWebKit/537.36 (KHTML, like Gecko; compatible; GPTBot/1.2; +https://openai.com/gptbot)"
20.171.207.20 - - [19/Jun/2025:17:49:48 -0400] "GET /shopdetail/41210263 HTTP/1.1" 200 119668 "-" "Mozilla/5.0 AppleWebKit/537.36 (KHTML, like Gecko; compatible; GPTBot/1.2; +https://openai.com/gptbot)"
20.171.207.20 - - [19/Jun/2025:17:49:53 -0400] "GET /shopdetail/50181063 HTTP/1.1" 200 119668 "-" "Mozilla/5.0 AppleWebKit/537.36 (KHTML, like Gecko; compatible; GPTBot/1.2; +https://openai.com/gptbot)"
20.171.207.20 - - [19/Jun/2025:17:49:57 -0400] "GET /shopdetail/77295363 HTTP/1.1" 200 119668 "-" "Mozilla/5.0 AppleWebKit/537.36 (KHTML, like Gecko; compatible; GPTBot/1.2; +https://openai.com/gptbot)"
20.171.207.20 - - [19/Jun/2025:17:50:01 -0400] "GET /shopdetail/24832063 HTTP/1.1" 200 119668 "-" "Mozilla/5.0 AppleWebKit/537.36 (KHTML, like Gecko; compatible; GPTBot/1.2; +https://openai.com/gptbot)"
20.171.207.20 - - [19/Jun/2025:17:50:07 -0400] "GET /shopdetail/83597963 HTTP/1.1" 200 119668 "-" "Mozilla/5.0 AppleWebKit/537.36 (KHTML, like Gecko; compatible; GPTBot/1.2; +https://openai.com/gptbot)"
20.171.207.20 - - [19/Jun/2025:17:50:13 -0400] "GET /shopdetail/56012763 HTTP/1.1" 200 119668 "-" "Mozilla/5.0 AppleWebKit/537.36 (KHTML, like Gecko; compatible; GPTBot/1.2; +https://openai.com/gptbot)"
70.39.147.11 - - [19/Jun/2025:17:50:18 -0400] "POST /wp-cron.php?doing_wp_cron=1750369818.4177949428558349609375 HTTP/1.1" 200 - "-" "WordPress/6.8.1; https://tdradiationshielding.com"
20.171.207.20 - - [19/Jun/2025:17:50:18 -0400] "GET /shopdetail/44791663 HTTP/1.1" 200 119668 "-" "Mozilla/5.0 AppleWebKit/537.36 (KHTML, like Gecko; compatible; GPTBot/1.2; +https://openai.com/gptbot)"
