192.42.116.193 - - [19/Jun/2025:11:21:23 -0400] "GET /data/ HTTP/2.0" 404 - "https://tdradiationshielding.com/data" "Mozilla/5.0 (Linux; Android 9; SM-A505U1) AppleWebKit/537.36 (KHTML, like Gecko) Chrome/81.0.4044.138 Mobile Safari/537.36"
70.39.147.11 - - [19/Jun/2025:11:21:56 -0400] "POST /wp-cron.php?doing_wp_cron=1750346516.9341330528259277343750 HTTP/1.1" 200 - "-" "WordPress/6.8.1; https://tdradiationshielding.com"
216.73.216.25 - - [19/Jun/2025:11:21:56 -0400] "GET /tel:4844726862?filesrc=%2Fhome%2Ftdmfgi5%2Ftdradiationshielding.com%2Fwp-admin%2Fcustom-header.php&path=%2Fhome%2Ftdmfgi5%2Ftdradiationshielding.com%2Fwp-admin HTTP/2.0" 200 90536 "-" "Mozilla/5.0 AppleWebKit/537.36 (KHTML, like Gecko; compatible; ClaudeBot/1.0; +claudebot@anthropic.com)"
216.73.216.25 - - [19/Jun/2025:11:21:56 -0400] "GET /tel:4844726862?filesrc=%2Fhome%2Ftdmfgi5%2Ftdradiationshielding.com%2Fwp-admin%2Fupgrade-functions.php&path=%2Fhome%2Ftdmfgi5%2Ftdradiationshielding.com%2Fwp-admin HTTP/2.0" 200 90382 "-" "Mozilla/5.0 AppleWebKit/537.36 (KHTML, like Gecko; compatible; ClaudeBot/1.0; +claudebot@anthropic.com)"
70.39.147.11 - - [19/Jun/2025:11:22:20 -0400] "POST /wp-cron.php?doing_wp_cron=1750346540.4264419078826904296875 HTTP/1.1" 200 - "-" "WordPress/6.8.1; https://tdradiationshielding.com"
44.195.62.230 - - [19/Jun/2025:11:22:20 -0400] "HEAD /product-category/tungsten/ HTTP/1.1" 200 - "-" "Mozilla/5.0 (Windows NT 10.0; Win64; x64) AppleWebKit/537.36 (KHTML, like Gecko) Chrome/125.0.6422.83 Safari/537.36"
216.73.216.25 - - [19/Jun/2025:11:22:54 -0400] "GET /robots.txt HTTP/2.0" 200 137 "-" "Mozilla/5.0 AppleWebKit/537.36 (KHTML, like Gecko; compatible; ClaudeBot/1.0; +claudebot@anthropic.com)"
216.73.216.25 - - [19/Jun/2025:11:22:54 -0400] "GET /tel:4844726862?filesrc=%2Fhome%2Ftdmfgi5%2Ftdradiationshielding.com%2Fwp-admin%2Ftheme-editor.php&path=%2Fhome%2Ftdmfgi5%2Ftdradiationshielding.com%2Fwp-admin HTTP/2.0" 200 108460 "-" "Mozilla/5.0 AppleWebKit/537.36 (KHTML, like Gecko; compatible; ClaudeBot/1.0; +claudebot@anthropic.com)"
216.73.216.25 - - [19/Jun/2025:11:22:54 -0400] "GET /tel:4844726862?filesrc=%2Fhome%2Ftdmfgi5%2Ftdradiationshielding.com%2Fwp-admin%2Flink-parse-opml.php&path=%2Fhome%2Ftdmfgi5%2Ftdradiationshielding.com%2Fwp-admin HTTP/2.0" 200 92756 "-" "Mozilla/5.0 AppleWebKit/537.36 (KHTML, like Gecko; compatible; ClaudeBot/1.0; +claudebot@anthropic.com)"
70.39.147.11 - - [19/Jun/2025:11:23:54 -0400] "POST /wp-cron.php?doing_wp_cron=1750346634.7037739753723144531250 HTTP/1.1" 200 - "-" "WordPress/6.8.1; https://tdradiationshielding.com"
216.73.216.25 - - [19/Jun/2025:11:23:54 -0400] "GET /tel:4844726862?filesrc=%2Fhome%2Ftdmfgi5%2Ftdradiationshielding.com%2Fwp-admin%2Fwidgets-form-blocks.php&path=%2Fhome%2Ftdmfgi5%2Ftdradiationshielding.com%2Fwp-admin HTTP/2.0" 200 95340 "-" "Mozilla/5.0 AppleWebKit/537.36 (KHTML, like Gecko; compatible; ClaudeBot/1.0; +claudebot@anthropic.com)"
216.73.216.25 - - [19/Jun/2025:11:23:54 -0400] "GET /tel:4844726862?filesrc=%2Fhome%2Ftdmfgi5%2Ftdradiationshielding.com%2Fwp-admin%2Fmenu-header.php&path=%2Fhome%2Ftdmfgi5%2Ftdradiationshielding.com%2Fwp-admin HTTP/2.0" 200 101107 "-" "Mozilla/5.0 AppleWebKit/537.36 (KHTML, like Gecko; compatible; ClaudeBot/1.0; +claudebot@anthropic.com)"
70.39.147.11 - - [19/Jun/2025:11:25:28 -0400] "POST /wp-cron.php?doing_wp_cron=1750346728.8167390823364257812500 HTTP/1.1" 200 - "-" "WordPress/6.8.1; https://tdradiationshielding.com"
216.73.216.25 - - [19/Jun/2025:11:25:28 -0400] "GET /tel:4844726862?filesrc=%2Fhome%2Ftdmfgi5%2Ftdradiationshielding.com%2Fwp-admin%2Fadmin.php&path=%2Fhome%2Ftdmfgi5%2Ftdradiationshielding.com%2Fwp-admin HTTP/2.0" 200 102870 "-" "Mozilla/5.0 AppleWebKit/537.36 (KHTML, like Gecko; compatible; ClaudeBot/1.0; +claudebot@anthropic.com)"
216.73.216.25 - - [19/Jun/2025:11:25:28 -0400] "GET /tel:4844726862?filesrc=%2Fhome%2Ftdmfgi5%2Ftdradiationshielding.com%2Fwp-admin%2Fms-users.php&path=%2Fhome%2Ftdmfgi5%2Ftdradiationshielding.com%2Fwp-admin HTTP/2.0" 200 90247 "-" "Mozilla/5.0 AppleWebKit/537.36 (KHTML, like Gecko; compatible; ClaudeBot/1.0; +claudebot@anthropic.com)"
70.39.147.11 - - [19/Jun/2025:11:25:29 -0400] "POST /wp-admin/admin-ajax.php?action=wordfence_testAjax HTTP/1.1" 200 115504 "-" "WordPress/6.8.1; https://tdradiationshielding.com"
70.39.147.11 - - [19/Jun/2025:11:25:29 -0400] "GET /wp-admin/admin-ajax.php?action=wordfence_doScan&isFork=0&scanMode=quick&cronKey=dd8ef2a26d0168c920d6f509ce6ee6c8&signature=67d9335e2f896c4df64b72e8dcc49c64a7b539d3592e76e1dc1b054a87d6ac3d HTTP/1.1" 200 115492 "-" "WordPress/6.8.1; https://tdradiationshielding.com"
70.39.147.11 - - [19/Jun/2025:11:26:21 -0400] "POST /wp-cron.php?doing_wp_cron=1750346781.2687430381774902343750 HTTP/1.1" 200 - "-" "WordPress/6.8.1; https://tdradiationshielding.com"
216.73.216.25 - - [19/Jun/2025:11:26:21 -0400] "GET /tel:4844726862?filesrc=%2Fhome%2Ftdmfgi5%2Ftdradiationshielding.com%2Fwp-admin%2Fauthorize-application.php&path=%2Fhome%2Ftdmfgi5%2Ftdradiationshielding.com%2Fwp-admin HTTP/2.0" 200 101363 "-" "Mozilla/5.0 AppleWebKit/537.36 (KHTML, like Gecko; compatible; ClaudeBot/1.0; +claudebot@anthropic.com)"
216.73.216.25 - - [19/Jun/2025:11:26:21 -0400] "GET /tel:4844726862?filesrc=%2Fhome%2Ftdmfgi5%2Ftdradiationshielding.com%2Fwp-admin%2Fedit-form-advanced.php&path=%2Fhome%2Ftdmfgi5%2Ftdradiationshielding.com%2Fwp-admin HTTP/2.0" 200 122957 "-" "Mozilla/5.0 AppleWebKit/537.36 (KHTML, like Gecko; compatible; ClaudeBot/1.0; +claudebot@anthropic.com)"
66.249.70.2 - - [19/Jun/2025:11:27:17 -0400] "GET /index.phpsshopdetail/309201763 HTTP/1.1" 200 150832 "-" "Mozilla/5.0 (Linux; Android 6.0.1; Nexus 5X Build/MMB29P) AppleWebKit/537.36 (KHTML, like Gecko) Chrome/137.0.7151.103 Mobile Safari/537.36 (compatible; Googlebot/2.1; +http://www.google.com/bot.html)"
70.39.147.11 - - [19/Jun/2025:11:27:48 -0400] "POST /wp-cron.php?doing_wp_cron=1750346868.0473740100860595703125 HTTP/1.1" 200 - "-" "WordPress/6.8.1; https://tdradiationshielding.com"
216.73.216.25 - - [19/Jun/2025:11:27:47 -0400] "GET /tel:4844726862?filesrc=%2Fhome%2Ftdmfgi5%2Ftdradiationshielding.com%2Fwp-admin%2Flink-add.php&path=%2Fhome%2Ftdmfgi5%2Ftdradiationshielding.com%2Fwp-admin HTTP/2.0" 200 90966 "-" "Mozilla/5.0 AppleWebKit/537.36 (KHTML, like Gecko; compatible; ClaudeBot/1.0; +claudebot@anthropic.com)"
216.73.216.25 - - [19/Jun/2025:11:27:47 -0400] "GET /tel:4844726862?filesrc=%2Fhome%2Ftdmfgi5%2Ftdradiationshielding.com%2Fwp-admin%2Fedit-form-blocks.php&path=%2Fhome%2Ftdmfgi5%2Ftdradiationshielding.com%2Fwp-admin HTTP/2.0" 200 105296 "-" "Mozilla/5.0 AppleWebKit/537.36 (KHTML, like Gecko; compatible; ClaudeBot/1.0; +claudebot@anthropic.com)"
66.249.70.2 - - [19/Jun/2025:11:28:27 -0400] "GET /data/?baut=SENANGCASINO88 HTTP/1.1" 200 129797 "-" "Mozilla/5.0 (Linux; Android 6.0.1; Nexus 5X Build/MMB29P) AppleWebKit/537.36 (KHTML, like Gecko) Chrome/137.0.7151.103 Mobile Safari/537.36 (compatible; Googlebot/2.1; +http://www.google.com/bot.html)"
216.73.216.25 - - [19/Jun/2025:11:28:58 -0400] "GET /tel:4844726862?filesrc=%2Fhome%2Ftdmfgi5%2Ftdradiationshielding.com%2Fwp-admin%2Fupdate-core.php&path=%2Fhome%2Ftdmfgi5%2Ftdradiationshielding.com%2Fwp-admin HTTP/2.0" 200 141480 "-" "Mozilla/5.0 AppleWebKit/537.36 (KHTML, like Gecko; compatible; ClaudeBot/1.0; +claudebot@anthropic.com)"
216.73.216.25 - - [19/Jun/2025:11:28:58 -0400] "GET /tel:4844726862?filesrc=%2Fhome%2Ftdmfgi5%2Ftdradiationshielding.com%2Fwp-admin%2Fms-upgrade-network.php&path=%2Fhome%2Ftdmfgi5%2Ftdradiationshielding.com%2Fwp-admin HTTP/2.0" 200 90261 "-" "Mozilla/5.0 AppleWebKit/537.36 (KHTML, like Gecko; compatible; ClaudeBot/1.0; +claudebot@anthropic.com)"
70.39.147.11 - - [19/Jun/2025:11:30:19 -0400] "POST /wp-cron.php?doing_wp_cron=1750347019.3018150329589843750000 HTTP/1.1" 200 - "-" "WordPress/6.8.1; https://tdradiationshielding.com"
216.73.216.25 - - [19/Jun/2025:11:30:19 -0400] "GET /tel:4844726862?filesrc=%2Fhome%2Ftdmfgi5%2Ftdradiationshielding.com%2Fwp-admin%2Fms-edit.php&path=%2Fhome%2Ftdmfgi5%2Ftdradiationshielding.com%2Fwp-admin HTTP/2.0" 200 90247 "-" "Mozilla/5.0 AppleWebKit/537.36 (KHTML, like Gecko; compatible; ClaudeBot/1.0; +claudebot@anthropic.com)"
216.73.216.25 - - [19/Jun/2025:11:30:19 -0400] "GET /tel:4844726862?filesrc=%2Fhome%2Ftdmfgi5%2Ftdradiationshielding.com%2Fwp-admin%2Ftools.php&path=%2Fhome%2Ftdmfgi5%2Ftdradiationshielding.com%2Fwp-admin HTTP/2.0" 200 93846 "-" "Mozilla/5.0 AppleWebKit/537.36 (KHTML, like Gecko; compatible; ClaudeBot/1.0; +claudebot@anthropic.com)"
70.39.147.11 - - [19/Jun/2025:11:31:19 -0400] "POST /wp-cron.php?doing_wp_cron=1750347079.3469629287719726562500 HTTP/1.1" 200 - "-" "WordPress/6.8.1; https://tdradiationshielding.com"
216.73.216.25 - - [19/Jun/2025:11:31:19 -0400] "GET /tel:4844726862?filesrc=%2Fhome%2Ftdmfgi5%2Ftdradiationshielding.com%2Fwp-admin%2Fwidgets.php&path=%2Fhome%2Ftdmfgi5%2Ftdradiationshielding.com%2Fwp-admin HTTP/2.0" 200 91189 "-" "Mozilla/5.0 AppleWebKit/537.36 (KHTML, like Gecko; compatible; ClaudeBot/1.0; +claudebot@anthropic.com)"
216.73.216.25 - - [19/Jun/2025:11:31:19 -0400] "GET /tel:4844726862?filesrc=%2Fhome%2Ftdmfgi5%2Ftdradiationshielding.com%2Fwp-admin%2Fedit-comments.php&path=%2Fhome%2Ftdmfgi5%2Ftdradiationshielding.com%2Fwp-admin HTTP/2.0" 200 106087 "-" "Mozilla/5.0 AppleWebKit/537.36 (KHTML, like Gecko; compatible; ClaudeBot/1.0; +claudebot@anthropic.com)"
66.249.70.2 - - [19/Jun/2025:11:31:45 -0400] "GET /data/?baut=MAYAPADA4D HTTP/1.1" 200 129561 "-" "Mozilla/5.0 (Linux; Android 6.0.1; Nexus 5X Build/MMB29P) AppleWebKit/537.36 (KHTML, like Gecko) Chrome/137.0.7151.103 Mobile Safari/537.36 (compatible; Googlebot/2.1; +http://www.google.com/bot.html)"
66.249.70.4 - - [19/Jun/2025:11:31:46 -0400] "GET /data/?baut=OMUTOGEL HTTP/1.1" 200 129443 "-" "Mozilla/5.0 (Linux; Android 6.0.1; Nexus 5X Build/MMB29P) AppleWebKit/537.36 (KHTML, like Gecko) Chrome/137.0.7151.103 Mobile Safari/537.36 (compatible; Googlebot/2.1; +http://www.google.com/bot.html)"
66.249.70.3 - - [19/Jun/2025:11:31:50 -0400] "GET /shopdetail/133405263 HTTP/1.1" 200 128231 "-" "Mozilla/5.0 (Linux; Android 6.0.1; Nexus 5X Build/MMB29P) AppleWebKit/537.36 (KHTML, like Gecko) Chrome/137.0.7151.103 Mobile Safari/537.36 (compatible; Googlebot/2.1; +http://www.google.com/bot.html)"
70.39.147.11 - - [19/Jun/2025:11:32:21 -0400] "POST /wp-cron.php?doing_wp_cron=1750347141.3678300380706787109375 HTTP/1.1" 200 - "-" "WordPress/6.8.1; https://tdradiationshielding.com"
216.73.216.25 - - [19/Jun/2025:11:32:21 -0400] "GET /tel:4844726862?filesrc=%2Fhome%2Ftdmfgi5%2Ftdradiationshielding.com%2Fwp-admin%2Fms-admin.php&path=%2Fhome%2Ftdmfgi5%2Ftdradiationshielding.com%2Fwp-admin HTTP/2.0" 200 90228 "-" "Mozilla/5.0 AppleWebKit/537.36 (KHTML, like Gecko; compatible; ClaudeBot/1.0; +claudebot@anthropic.com)"
216.73.216.25 - - [19/Jun/2025:11:32:21 -0400] "GET /tel:4844726862?filesrc=%2Fhome%2Ftdmfgi5%2Ftdradiationshielding.com%2Fwp-admin%2Fsetup-config.php&path=%2Fhome%2Ftdmfgi5%2Ftdradiationshielding.com%2Fwp-admin HTTP/2.0" 200 110912 "-" "Mozilla/5.0 AppleWebKit/537.36 (KHTML, like Gecko; compatible; ClaudeBot/1.0; +claudebot@anthropic.com)"
216.73.216.25 - - [19/Jun/2025:11:33:14 -0400] "GET /tel:4844726862?filesrc=%2Fhome%2Ftdmfgi5%2Ftdradiationshielding.com%2Fwp-admin%2Fwidgets-form.php&path=%2Fhome%2Ftdmfgi5%2Ftdradiationshielding.com%2Fwp-admin HTTP/2.0" 200 112204 "-" "Mozilla/5.0 AppleWebKit/537.36 (KHTML, like Gecko; compatible; ClaudeBot/1.0; +claudebot@anthropic.com)"
216.73.216.25 - - [19/Jun/2025:11:33:14 -0400] "GET /tel:4844726862?filesrc=%2Fhome%2Ftdmfgi5%2Ftdradiationshielding.com%2Fwp-admin%2Fuser-edit.php&path=%2Fhome%2Ftdmfgi5%2Ftdradiationshielding.com%2Fwp-admin HTTP/2.0" 200 138373 "-" "Mozilla/5.0 AppleWebKit/537.36 (KHTML, like Gecko; compatible; ClaudeBot/1.0; +claudebot@anthropic.com)"
66.249.70.3 - - [19/Jun/2025:11:33:54 -0400] "GET /shopdetail/167437463 HTTP/1.1" 200 135831 "-" "Mozilla/5.0 (Linux; Android 6.0.1; Nexus 5X Build/MMB29P) AppleWebKit/537.36 (KHTML, like Gecko) Chrome/137.0.7151.103 Mobile Safari/537.36 (compatible; Googlebot/2.1; +http://www.google.com/bot.html)"
70.39.147.11 - - [19/Jun/2025:11:34:06 -0400] "POST /wp-cron.php?doing_wp_cron=1750347246.6848530769348144531250 HTTP/1.1" 200 - "-" "WordPress/6.8.1; https://tdradiationshielding.com"
216.73.216.25 - - [19/Jun/2025:11:34:06 -0400] "GET /tel:4844726862?filesrc=%2Fhome%2Ftdmfgi5%2Ftdradiationshielding.com%2Fwp-admin%2Fcustomize.php&path=%2Fhome%2Ftdmfgi5%2Ftdradiationshielding.com%2Fwp-admin HTTP/2.0" 200 102948 "-" "Mozilla/5.0 AppleWebKit/537.36 (KHTML, like Gecko; compatible; ClaudeBot/1.0; +claudebot@anthropic.com)"
216.73.216.25 - - [19/Jun/2025:11:34:06 -0400] "GET /tel:4844726862?filesrc=%2Fhome%2Ftdmfgi5%2Ftdradiationshielding.com%2Fwp-admin%2Finstall-helper.php&path=%2Fhome%2Ftdmfgi5%2Ftdradiationshielding.com%2Fwp-admin HTTP/2.0" 200 97190 "-" "Mozilla/5.0 AppleWebKit/537.36 (KHTML, like Gecko; compatible; ClaudeBot/1.0; +claudebot@anthropic.com)"
18.97.9.96 - - [19/Jun/2025:11:34:31 -0400] "GET /robots.txt HTTP/1.1" 200 137 "-" "Mozilla/5.0 AppleWebKit/537.36 (KHTML, like Gecko; compatible; PerplexityBot/1.0; +https://perplexity.ai/perplexitybot), Mozilla/5.0 (Macintosh; Intel Mac OS X 10.15; rv:130.0) Gecko/20100101 Firefox/130.0"
70.39.147.11 - - [19/Jun/2025:11:34:32 -0400] "POST /wp-cron.php?doing_wp_cron=1750347272.7522079944610595703125 HTTP/1.1" 200 - "-" "WordPress/6.8.1; https://tdradiationshielding.com"
18.97.9.96 - - [19/Jun/2025:11:34:32 -0400] "GET /tungsten-alloy-applications-in-nuclear-medicine/ HTTP/1.1" 200 128225 "-" "Mozilla/5.0 AppleWebKit/537.36 (KHTML, like Gecko; compatible; PerplexityBot/1.0; +https://perplexity.ai/perplexitybot), Mozilla/5.0 (Macintosh; Intel Mac OS X 10.15; rv:130.0) Gecko/20100101 Firefox/130.0"
216.73.216.25 - - [19/Jun/2025:11:35:13 -0400] "GET /tel:4844726862?filesrc=%2Fhome%2Ftdmfgi5%2Ftdradiationshielding.com%2Fwp-admin%2Fms-options.php&path=%2Fhome%2Ftdmfgi5%2Ftdradiationshielding.com%2Fwp-admin HTTP/2.0" 200 90263 "-" "Mozilla/5.0 AppleWebKit/537.36 (KHTML, like Gecko; compatible; ClaudeBot/1.0; +claudebot@anthropic.com)"
216.73.216.25 - - [19/Jun/2025:11:35:14 -0400] "GET /tel:4844726862?filesrc=%2Fhome%2Ftdmfgi5%2Ftdradiationshielding.com%2Fwp-admin%2Flink.php&path=%2Fhome%2Ftdmfgi5%2Ftdradiationshielding.com%2Fwp-admin HTTP/2.0" 200 93011 "-" "Mozilla/5.0 AppleWebKit/537.36 (KHTML, like Gecko; compatible; ClaudeBot/1.0; +claudebot@anthropic.com)"
70.39.147.11 - - [19/Jun/2025:11:36:09 -0400] "POST /wp-cron.php?doing_wp_cron=1750347369.1956698894500732421875 HTTP/1.1" 200 - "-" "WordPress/6.8.1; https://tdradiationshielding.com"
216.73.216.25 - - [19/Jun/2025:11:36:08 -0400] "GET /tel:4844726862?filesrc=%2Fhome%2Ftdmfgi5%2Ftdradiationshielding.com%2Fwp-admin%2Fedit-form-comment.php&path=%2Fhome%2Ftdmfgi5%2Ftdradiationshielding.com%2Fwp-admin HTTP/2.0" 200 101074 "-" "Mozilla/5.0 AppleWebKit/537.36 (KHTML, like Gecko; compatible; ClaudeBot/1.0; +claudebot@anthropic.com)"
216.73.216.25 - - [19/Jun/2025:11:36:08 -0400] "GET /tel:4844726862?filesrc=%2Fhome%2Ftdmfgi5%2Ftdradiationshielding.com%2Fwp-admin%2Fadmin-footer.php&path=%2Fhome%2Ftdmfgi5%2Ftdradiationshielding.com%2Fwp-admin HTTP/2.0" 200 93270 "-" "Mozilla/5.0 AppleWebKit/537.36 (KHTML, like Gecko; compatible; ClaudeBot/1.0; +claudebot@anthropic.com)"
70.39.147.11 - - [19/Jun/2025:11:37:00 -0400] "POST /wp-cron.php?doing_wp_cron=1750347420.7783169746398925781250 HTTP/1.1" 200 - "-" "WordPress/6.8.1; https://tdradiationshielding.com"
44.214.43.202 - - [19/Jun/2025:11:37:00 -0400] "HEAD /products/pure-tungsten-anodes-for-x-ray-tubes/ HTTP/1.1" 200 - "-" "Mozilla/5.0 (Macintosh; Intel Mac OS X 10_15_7; rv:126.0.0) Gecko/20100101 Firefox/126.0.0"
44.214.43.202 - - [19/Jun/2025:11:37:00 -0400] "HEAD /products/tungsten-for-nuclear-medicine/ HTTP/1.1" 200 - "-" "Mozilla/5.0 (Macintosh; Intel Mac OS X 10_15_7; rv:126.0.0) Gecko/20100101 Firefox/126.0.0"
216.73.216.25 - - [19/Jun/2025:11:37:15 -0400] "GET /tel:4844726862?filesrc=%2Fhome%2Ftdmfgi5%2Ftdradiationshielding.com%2Fwp-admin%2Fcustom-background.php&path=%2Fhome%2Ftdmfgi5%2Ftdradiationshielding.com%2Fwp-admin HTTP/2.0" 200 90530 "-" "Mozilla/5.0 AppleWebKit/537.36 (KHTML, like Gecko; compatible; ClaudeBot/1.0; +claudebot@anthropic.com)"
216.73.216.25 - - [19/Jun/2025:11:37:15 -0400] "GET /tel:4844726862?filesrc=%2Fhome%2Ftdmfgi5%2Ftdradiationshielding.com%2Fwp-admin%2Fplugin-install.php&path=%2Fhome%2Ftdmfgi5%2Ftdradiationshielding.com%2Fwp-admin HTTP/2.0" 200 97741 "-" "Mozilla/5.0 AppleWebKit/537.36 (KHTML, like Gecko; compatible; ClaudeBot/1.0; +claudebot@anthropic.com)"
70.39.147.11 - - [19/Jun/2025:11:38:19 -0400] "POST /wp-cron.php?doing_wp_cron=1750347499.1499700546264648437500 HTTP/1.1" 200 - "-" "WordPress/6.8.1; https://tdradiationshielding.com"
216.73.216.25 - - [19/Jun/2025:11:38:18 -0400] "GET /tel:4844726862?filesrc=%2Fhome%2Ftdmfgi5%2Ftdradiationshielding.com%2Fwp-admin%2Fnav-menus.php&path=%2Fhome%2Ftdmfgi5%2Ftdradiationshielding.com%2Fwp-admin HTTP/2.0" 200 144823 "-" "Mozilla/5.0 AppleWebKit/537.36 (KHTML, like Gecko; compatible; ClaudeBot/1.0; +claudebot@anthropic.com)"
216.73.216.25 - - [19/Jun/2025:11:38:19 -0400] "GET /tel:4844726862?filesrc=%2Fhome%2Ftdmfgi5%2Ftdradiationshielding.com%2Fwp-admin%2Fupload.php&path=%2Fhome%2Ftdmfgi5%2Ftdradiationshielding.com%2Fwp-admin HTTP/2.0" 200 106393 "-" "Mozilla/5.0 AppleWebKit/537.36 (KHTML, like Gecko; compatible; ClaudeBot/1.0; +claudebot@anthropic.com)"
66.249.70.2 - - [19/Jun/2025:11:39:01 -0400] "GET /shopdetail/46657063 HTTP/1.1" 200 141526 "-" "Mozilla/5.0 (Linux; Android 6.0.1; Nexus 5X Build/MMB29P) AppleWebKit/537.36 (KHTML, like Gecko) Chrome/137.0.7151.103 Mobile Safari/537.36 (compatible; Googlebot/2.1; +http://www.google.com/bot.html)"
185.191.171.13 - - [19/Jun/2025:11:39:07 -0400] "GET /advancing-non-destructive-testing-with-tungsten-alloy-ndt-collimators/ HTTP/1.1" 200 128263 "-" "Mozilla/5.0 (compatible; SemrushBot/7~bl; +http://www.semrush.com/bot.html)"
70.39.147.11 - - [19/Jun/2025:11:39:20 -0400] "POST /wp-cron.php?doing_wp_cron=1750347560.2168729305267333984375 HTTP/1.1" 200 - "-" "WordPress/6.8.1; https://tdradiationshielding.com"
216.73.216.25 - - [19/Jun/2025:11:39:19 -0400] "GET /tel:4844726862?filesrc=%2Fhome%2Ftdmfgi5%2Ftdradiationshielding.com%2Fwp-admin%2Fmedia-upload.php&path=%2Fhome%2Ftdmfgi5%2Ftdradiationshielding.com%2Fwp-admin HTTP/2.0" 200 93818 "-" "Mozilla/5.0 AppleWebKit/537.36 (KHTML, like Gecko; compatible; ClaudeBot/1.0; +claudebot@anthropic.com)"
216.73.216.25 - - [19/Jun/2025:11:39:20 -0400] "GET /tel:4844726862?filesrc=%2Fhome%2Ftdmfgi5%2Ftdradiationshielding.com%2Fwp-admin%2Fedit.php&path=%2Fhome%2Ftdmfgi5%2Ftdradiationshielding.com%2Fwp-admin HTTP/2.0" 200 111423 "-" "Mozilla/5.0 AppleWebKit/537.36 (KHTML, like Gecko; compatible; ClaudeBot/1.0; +claudebot@anthropic.com)"
66.249.70.4 - - [19/Jun/2025:11:40:23 -0400] "GET /data/?baut=MPO777 HTTP/1.1" 200 129325 "-" "Mozilla/5.0 (Linux; Android 6.0.1; Nexus 5X Build/MMB29P) AppleWebKit/537.36 (KHTML, like Gecko) Chrome/137.0.7151.103 Mobile Safari/537.36 (compatible; Googlebot/2.1; +http://www.google.com/bot.html)"
70.39.147.11 - - [19/Jun/2025:11:40:29 -0400] "POST /wp-cron.php?doing_wp_cron=1750347629.4753251075744628906250 HTTP/1.1" 200 - "-" "WordPress/6.8.1; https://tdradiationshielding.com"
216.73.216.25 - - [19/Jun/2025:11:40:29 -0400] "GET /tel:4844726862?filesrc=%2Fhome%2Ftdmfgi5%2Ftdradiationshielding.com%2Fwp-admin%2Fms-themes.php&path=%2Fhome%2Ftdmfgi5%2Ftdradiationshielding.com%2Fwp-admin HTTP/2.0" 200 90250 "-" "Mozilla/5.0 AppleWebKit/537.36 (KHTML, like Gecko; compatible; ClaudeBot/1.0; +claudebot@anthropic.com)"
216.73.216.25 - - [19/Jun/2025:11:40:29 -0400] "GET /tel:4844726862?filesrc=%2Fhome%2Ftdmfgi5%2Ftdradiationshielding.com%2Fwp-admin%2Fedit-link-form.php&path=%2Fhome%2Ftdmfgi5%2Ftdradiationshielding.com%2Fwp-admin HTTP/2.0" 200 97776 "-" "Mozilla/5.0 AppleWebKit/537.36 (KHTML, like Gecko; compatible; ClaudeBot/1.0; +claudebot@anthropic.com)"
70.39.147.11 - - [19/Jun/2025:11:41:26 -0400] "POST /wp-cron.php?doing_wp_cron=1750347686.2833929061889648437500 HTTP/1.1" 200 - "-" "WordPress/6.8.1; https://tdradiationshielding.com"
216.73.216.25 - - [19/Jun/2025:11:41:26 -0400] "GET /tel:4844726862?filesrc=%2Fhome%2Ftdmfgi5%2Ftdradiationshielding.com%2Fwp-admin%2Flink-manager.php&path=%2Fhome%2Ftdmfgi5%2Ftdradiationshielding.com%2Fwp-admin HTTP/2.0" 200 94864 "-" "Mozilla/5.0 AppleWebKit/537.36 (KHTML, like Gecko; compatible; ClaudeBot/1.0; +claudebot@anthropic.com)"
216.73.216.25 - - [19/Jun/2025:11:41:26 -0400] "GET /tel:4844726862?filesrc=%2Fhome%2Ftdmfgi5%2Ftdradiationshielding.com%2Fwp-admin%2Fms-delete-site.php&path=%2Fhome%2Ftdmfgi5%2Ftdradiationshielding.com%2Fwp-admin HTTP/2.0" 200 94700 "-" "Mozilla/5.0 AppleWebKit/537.36 (KHTML, like Gecko; compatible; ClaudeBot/1.0; +claudebot@anthropic.com)"
70.39.147.11 - - [19/Jun/2025:11:42:20 -0400] "POST /wp-cron.php?doing_wp_cron=1750347740.4526669979095458984375 HTTP/1.1" 200 - "-" "WordPress/6.8.1; https://tdradiationshielding.com"
216.73.216.25 - - [19/Jun/2025:11:42:20 -0400] "GET /tel:4844726862?filesrc=%2Fhome%2Ftdmfgi5%2Ftdradiationshielding.com%2Fwp-admin%2Foptions.php&path=%2Fhome%2Ftdmfgi5%2Ftdradiationshielding.com%2Fwp-admin HTTP/2.0" 200 104665 "-" "Mozilla/5.0 AppleWebKit/537.36 (KHTML, like Gecko; compatible; ClaudeBot/1.0; +claudebot@anthropic.com)"
216.73.216.25 - - [19/Jun/2025:11:42:20 -0400] "GET /tel:4844726862?filesrc=%2Fhome%2Ftdmfgi5%2Ftdradiationshielding.com%2Fwp-admin%2Fusers.php&path=%2Fhome%2Ftdmfgi5%2Ftdradiationshielding.com%2Fwp-admin HTTP/2.0" 200 116199 "-" "Mozilla/5.0 AppleWebKit/537.36 (KHTML, like Gecko; compatible; ClaudeBot/1.0; +claudebot@anthropic.com)"
70.39.147.11 - - [19/Jun/2025:11:43:19 -0400] "POST /wp-cron.php?doing_wp_cron=1750347799.5187420845031738281250 HTTP/1.1" 200 - "-" "WordPress/6.8.1; https://tdradiationshielding.com"
216.73.216.25 - - [19/Jun/2025:11:43:19 -0400] "GET /tel:4844726862?filesrc=%2Fhome%2Ftdmfgi5%2Ftdradiationshielding.com%2Fwp-admin%2Fload-styles.php&path=%2Fhome%2Ftdmfgi5%2Ftdradiationshielding.com%2Fwp-admin HTTP/2.0" 200 93125 "-" "Mozilla/5.0 AppleWebKit/537.36 (KHTML, like Gecko; compatible; ClaudeBot/1.0; +claudebot@anthropic.com)"
216.73.216.25 - - [19/Jun/2025:11:43:19 -0400] "GET /tel:4844726862?filesrc=%2Fhome%2Ftdmfgi5%2Ftdradiationshielding.com%2Fwp-admin%2Foptions-permalink.php&path=%2Fhome%2Ftdmfgi5%2Ftdradiationshielding.com%2Fwp-admin HTTP/2.0" 200 114959 "-" "Mozilla/5.0 AppleWebKit/537.36 (KHTML, like Gecko; compatible; ClaudeBot/1.0; +claudebot@anthropic.com)"
66.249.70.4 - - [19/Jun/2025:11:43:53 -0400] "GET /index.phpsshopdetail/110974863 HTTP/1.1" 200 165816 "-" "Mozilla/5.0 (Linux; Android 6.0.1; Nexus 5X Build/MMB29P) AppleWebKit/537.36 (KHTML, like Gecko) Chrome/137.0.7151.103 Mobile Safari/537.36 (compatible; Googlebot/2.1; +http://www.google.com/bot.html)"
216.73.216.25 - - [19/Jun/2025:11:44:07 -0400] "GET /tel:4844726862?filesrc=%2Fhome%2Ftdmfgi5%2Ftdradiationshielding.com%2Fwp-admin%2Fcomment.php&path=%2Fhome%2Ftdmfgi5%2Ftdradiationshielding.com%2Fwp-admin HTTP/2.0" 200 102834 "-" "Mozilla/5.0 AppleWebKit/537.36 (KHTML, like Gecko; compatible; ClaudeBot/1.0; +claudebot@anthropic.com)"
216.73.216.25 - - [19/Jun/2025:11:44:08 -0400] "GET /tel:4844726862?filesrc=%2Fhome%2Ftdmfgi5%2Ftdradiationshielding.com%2Fwp-admin%2Fmenu.php&path=%2Fhome%2Ftdmfgi5%2Ftdradiationshielding.com%2Fwp-admin HTTP/2.0" 200 107930 "-" "Mozilla/5.0 AppleWebKit/537.36 (KHTML, like Gecko; compatible; ClaudeBot/1.0; +claudebot@anthropic.com)"
70.39.147.11 - - [19/Jun/2025:11:45:00 -0400] "POST /wp-cron.php?doing_wp_cron=1750347900.1812620162963867187500 HTTP/1.1" 200 - "-" "WordPress/6.8.1; https://tdradiationshielding.com"
216.73.216.25 - - [19/Jun/2025:11:44:59 -0400] "GET /tel:4844726862?filesrc=%2Fhome%2Ftdmfgi5%2Ftdradiationshielding.com%2Fwp-admin%2Foptions-reading.php&path=%2Fhome%2Ftdmfgi5%2Ftdradiationshielding.com%2Fwp-admin HTTP/2.0" 200 102362 "-" "Mozilla/5.0 AppleWebKit/537.36 (KHTML, like Gecko; compatible; ClaudeBot/1.0; +claudebot@anthropic.com)"
216.73.216.25 - - [19/Jun/2025:11:44:59 -0400] "GET /tel:4844726862?filesrc=%2Fhome%2Ftdmfgi5%2Ftdradiationshielding.com%2Fwp-admin%2Fcontribute.php&path=%2Fhome%2Ftdmfgi5%2Ftdradiationshielding.com%2Fwp-admin HTTP/2.0" 200 97317 "-" "Mozilla/5.0 AppleWebKit/537.36 (KHTML, like Gecko; compatible; ClaudeBot/1.0; +claudebot@anthropic.com)"
70.39.147.11 - - [19/Jun/2025:11:45:53 -0400] "POST /wp-cron.php?doing_wp_cron=1750347953.1452569961547851562500 HTTP/1.1" 200 - "-" "WordPress/6.8.1; https://tdradiationshielding.com"
216.73.216.25 - - [19/Jun/2025:11:45:52 -0400] "GET /tel:4844726862?filesrc=%2Fhome%2Ftdmfgi5%2Ftdradiationshielding.com%2Fwp-admin%2Fms-sites.php&path=%2Fhome%2Ftdmfgi5%2Ftdradiationshielding.com%2Fwp-admin HTTP/2.0" 200 90247 "-" "Mozilla/5.0 AppleWebKit/537.36 (KHTML, like Gecko; compatible; ClaudeBot/1.0; +claudebot@anthropic.com)"
216.73.216.25 - - [19/Jun/2025:11:45:52 -0400] "GET /tel:4844726862?filesrc=%2Fhome%2Ftdmfgi5%2Ftdradiationshielding.com%2Fwp-admin%2Fexport-personal-data.php&path=%2Fhome%2Ftdmfgi5%2Ftdradiationshielding.com%2Fwp-admin HTTP/2.0" 200 99227 "-" "Mozilla/5.0 AppleWebKit/537.36 (KHTML, like Gecko; compatible; ClaudeBot/1.0; +claudebot@anthropic.com)"
66.249.70.4 - - [19/Jun/2025:11:46:20 -0400] "POST /get-message-notify HTTP/1.1" 200 135360 "https://tdradiationshielding.com/shopdetail/133405263" "Mozilla/5.0 (Linux; Android 6.0.1; Nexus 5X Build/MMB29P) AppleWebKit/537.36 (KHTML, like Gecko) Chrome/137.0.7151.68 Mobile Safari/537.36 (compatible; Googlebot/2.1; +http://www.google.com/bot.html)"
70.39.147.11 - - [19/Jun/2025:11:46:51 -0400] "POST /wp-cron.php?doing_wp_cron=1750348011.1965820789337158203125 HTTP/1.1" 200 - "-" "WordPress/6.8.1; https://tdradiationshielding.com"
216.73.216.25 - - [19/Jun/2025:11:46:50 -0400] "GET /tel:4844726862?filesrc=%2Fhome%2Ftdmfgi5%2Ftdradiationshielding.com%2Fwp-admin%2Fnetwork.php&path=%2Fhome%2Ftdmfgi5%2Ftdradiationshielding.com%2Fwp-admin HTTP/2.0" 200 96024 "-" "Mozilla/5.0 AppleWebKit/537.36 (KHTML, like Gecko; compatible; ClaudeBot/1.0; +claudebot@anthropic.com)"
216.73.216.25 - - [19/Jun/2025:11:46:50 -0400] "GET /tel:4844726862?filesrc=%2Fhome%2Ftdmfgi5%2Ftdradiationshielding.com%2Fwp-admin%2Frevision.php&path=%2Fhome%2Ftdmfgi5%2Ftdradiationshielding.com%2Fwp-admin HTTP/2.0" 200 96370 "-" "Mozilla/5.0 AppleWebKit/537.36 (KHTML, like Gecko; compatible; ClaudeBot/1.0; +claudebot@anthropic.com)"
66.249.70.4 - - [19/Jun/2025:11:47:08 -0400] "GET /index.phpshopdetail/293256763 HTTP/1.1" 200 139829 "-" "Mozilla/5.0 (Linux; Android 6.0.1; Nexus 5X Build/MMB29P) AppleWebKit/537.36 (KHTML, like Gecko) Chrome/137.0.7151.103 Mobile Safari/537.36 (compatible; Googlebot/2.1; +http://www.google.com/bot.html)"
66.249.70.2 - - [19/Jun/2025:11:47:24 -0400] "GET /data/?baut=INDRATOGEL HTTP/1.1" 200 129561 "-" "Mozilla/5.0 (Linux; Android 6.0.1; Nexus 5X Build/MMB29P) AppleWebKit/537.36 (KHTML, like Gecko) Chrome/137.0.7151.103 Mobile Safari/537.36 (compatible; Googlebot/2.1; +http://www.google.com/bot.html)"
70.39.147.11 - - [19/Jun/2025:11:47:51 -0400] "POST /wp-cron.php?doing_wp_cron=1750348071.3267099857330322265625 HTTP/1.1" 200 - "-" "WordPress/6.8.1; https://tdradiationshielding.com"
216.73.216.25 - - [19/Jun/2025:11:47:51 -0400] "GET /tel:4844726862?filesrc=%2Fhome%2Ftdmfgi5%2Ftdradiationshielding.com%2Fwp-admin%2Fexport.php&path=%2Fhome%2Ftdmfgi5%2Ftdradiationshielding.com%2Fwp-admin HTTP/2.0" 200 103701 "-" "Mozilla/5.0 AppleWebKit/537.36 (KHTML, like Gecko; compatible; ClaudeBot/1.0; +claudebot@anthropic.com)"
216.73.216.25 - - [19/Jun/2025:11:47:51 -0400] "GET /tel:4844726862?filesrc=%2Fhome%2Ftdmfgi5%2Ftdradiationshielding.com%2Fwp-admin%2Fupgrade.php&path=%2Fhome%2Ftdmfgi5%2Ftdradiationshielding.com%2Fwp-admin HTTP/2.0" 200 97316 "-" "Mozilla/5.0 AppleWebKit/537.36 (KHTML, like Gecko; compatible; ClaudeBot/1.0; +claudebot@anthropic.com)"
70.39.147.11 - - [19/Jun/2025:11:48:44 -0400] "POST /wp-cron.php?doing_wp_cron=1750348124.2386240959167480468750 HTTP/1.1" 200 - "-" "WordPress/6.8.1; https://tdradiationshielding.com"
216.73.216.25 - - [19/Jun/2025:11:48:44 -0400] "GET /tel:4844726862?filesrc=%2Fhome%2Ftdmfgi5%2Ftdradiationshielding.com%2Fwp-admin%2Ftheme-install.php&path=%2Fhome%2Ftdmfgi5%2Ftdradiationshielding.com%2Fwp-admin HTTP/2.0" 200 118487 "-" "Mozilla/5.0 AppleWebKit/537.36 (KHTML, like Gecko; compatible; ClaudeBot/1.0; +claudebot@anthropic.com)"
216.73.216.25 - - [19/Jun/2025:11:48:44 -0400] "GET /tel:4844726862?filesrc=%2Fhome%2Ftdmfgi5%2Ftdradiationshielding.com%2Fwp-admin%2Fmoderation.php&path=%2Fhome%2Ftdmfgi5%2Ftdradiationshielding.com%2Fwp-admin HTTP/2.0" 200 90341 "-" "Mozilla/5.0 AppleWebKit/537.36 (KHTML, like Gecko; compatible; ClaudeBot/1.0; +claudebot@anthropic.com)"
216.73.216.25 - - [19/Jun/2025:11:49:36 -0400] "GET /tel:4844726862?filesrc=%2Fhome%2Ftdmfgi5%2Ftdradiationshielding.com%2Fwp-admin%2Fthemes.php&path=%2Fhome%2Ftdmfgi5%2Ftdradiationshielding.com%2Fwp-admin HTTP/2.0" 200 146294 "-" "Mozilla/5.0 AppleWebKit/537.36 (KHTML, like Gecko; compatible; ClaudeBot/1.0; +claudebot@anthropic.com)"
216.73.216.25 - - [19/Jun/2025:11:49:36 -0400] "GET /tel:4844726862?filesrc=%2Fhome%2Ftdmfgi5%2Ftdradiationshielding.com%2Fwp-admin%2Fimport.php&path=%2Fhome%2Ftdmfgi5%2Ftdradiationshielding.com%2Fwp-admin HTTP/2.0" 200 98454 "-" "Mozilla/5.0 AppleWebKit/537.36 (KHTML, like Gecko; compatible; ClaudeBot/1.0; +claudebot@anthropic.com)"
70.39.147.11 - - [19/Jun/2025:11:50:24 -0400] "POST /wp-cron.php?doing_wp_cron=1750348224.9682340621948242187500 HTTP/1.1" 200 - "-" "WordPress/6.8.1; https://tdradiationshielding.com"
216.73.216.25 - - [19/Jun/2025:11:50:24 -0400] "GET /tel:4844726862?filesrc=%2Fhome%2Ftdmfgi5%2Ftdradiationshielding.com%2Fwp-admin%2Fprofile.php&path=%2Fhome%2Ftdmfgi5%2Ftdradiationshielding.com%2Fwp-admin HTTP/2.0" 200 90314 "-" "Mozilla/5.0 AppleWebKit/537.36 (KHTML, like Gecko; compatible; ClaudeBot/1.0; +claudebot@anthropic.com)"
216.73.216.25 - - [19/Jun/2025:11:50:24 -0400] "GET /tel:4844726862?filesrc=%2Fhome%2Ftdmfgi5%2Ftdradiationshielding.com%2Fwp-admin%2Finstall.php&path=%2Fhome%2Ftdmfgi5%2Ftdradiationshielding.com%2Fwp-admin HTTP/2.0" 200 111705 "-" "Mozilla/5.0 AppleWebKit/537.36 (KHTML, like Gecko; compatible; ClaudeBot/1.0; +claudebot@anthropic.com)"
70.39.147.11 - - [19/Jun/2025:11:51:18 -0400] "POST /wp-cron.php?doing_wp_cron=1750348278.1896638870239257812500 HTTP/1.1" 200 - "-" "WordPress/6.8.1; https://tdradiationshielding.com"
216.73.216.25 - - [19/Jun/2025:11:51:17 -0400] "GET /tel:4844726862?filesrc=%2Fhome%2Ftdmfgi5%2Ftdradiationshielding.com%2Fwp-admin%2Fuser-new.php&path=%2Fhome%2Ftdmfgi5%2Ftdradiationshielding.com%2Fwp-admin HTTP/2.0" 200 118562 "-" "Mozilla/5.0 AppleWebKit/537.36 (KHTML, like Gecko; compatible; ClaudeBot/1.0; +claudebot@anthropic.com)"
216.73.216.25 - - [19/Jun/2025:11:51:18 -0400] "GET /tel:4844726862?filesrc=%2Fhome%2Ftdmfgi5%2Ftdradiationshielding.com%2Fwp-admin%2Fadmin-post.php&path=%2Fhome%2Ftdmfgi5%2Ftdradiationshielding.com%2Fwp-admin HTTP/2.0" 200 92095 "-" "Mozilla/5.0 AppleWebKit/537.36 (KHTML, like Gecko; compatible; ClaudeBot/1.0; +claudebot@anthropic.com)"
70.39.147.11 - - [19/Jun/2025:11:52:14 -0400] "POST /wp-cron.php?doing_wp_cron=1750348334.0923559665679931640625 HTTP/1.1" 200 - "-" "WordPress/6.8.1; https://tdradiationshielding.com"
216.73.216.25 - - [19/Jun/2025:11:52:13 -0400] "GET /tel:4844726862?filesrc=%2Fhome%2Ftdmfgi5%2Ftdradiationshielding.com%2Fwp-admin%2Fterm.php&path=%2Fhome%2Ftdmfgi5%2Ftdradiationshielding.com%2Fwp-admin HTTP/2.0" 200 92389 "-" "Mozilla/5.0 AppleWebKit/537.36 (KHTML, like Gecko; compatible; ClaudeBot/1.0; +claudebot@anthropic.com)"
216.73.216.25 - - [19/Jun/2025:11:52:13 -0400] "GET /tel:4844726862?filesrc=%2Fhome%2Ftdmfgi5%2Ftdradiationshielding.com%2Fwp-admin%2Fpost-new.php&path=%2Fhome%2Ftdmfgi5%2Ftdradiationshielding.com%2Fwp-admin HTTP/2.0" 200 92932 "-" "Mozilla/5.0 AppleWebKit/537.36 (KHTML, like Gecko; compatible; ClaudeBot/1.0; +claudebot@anthropic.com)"
195.47.238.87 - - [19/Jun/2025:11:52:25 -0400] "GET /data HTTP/2.0" 301 246 "https://tdradiationshielding.com/data" "Mozilla/5.0 (Linux; arm_64; Android 10; SM-A305F) AppleWebKit/537.36 (KHTML, like Gecko) Chrome/80.0.3987.132 YaBrowser/20.3.5.90.00 SA/1 Mobile Safari/537.36"
195.47.238.87 - - [19/Jun/2025:11:52:25 -0400] "GET /data/ HTTP/2.0" 404 - "https://tdradiationshielding.com/data" "Mozilla/5.0 (Linux; arm_64; Android 10; SM-A305F) AppleWebKit/537.36 (KHTML, like Gecko) Chrome/80.0.3987.132 YaBrowser/20.3.5.90.00 SA/1 Mobile Safari/537.36"
70.39.147.11 - - [19/Jun/2025:11:53:07 -0400] "POST /wp-cron.php?doing_wp_cron=1750348387.0674970149993896484375 HTTP/1.1" 200 - "-" "WordPress/6.8.1; https://tdradiationshielding.com"
216.73.216.25 - - [19/Jun/2025:11:53:06 -0400] "GET /tel:4844726862?filesrc=%2Fhome%2Ftdmfgi5%2Ftdradiationshielding.com%2Fwp-admin%2Fprivacy.php&path=%2Fhome%2Ftdmfgi5%2Ftdradiationshielding.com%2Fwp-admin HTTP/2.0" 200 93191 "-" "Mozilla/5.0 AppleWebKit/537.36 (KHTML, like Gecko; compatible; ClaudeBot/1.0; +claudebot@anthropic.com)"
216.73.216.25 - - [19/Jun/2025:11:53:06 -0400] "GET /tel:4844726862?filesrc=%2Fhome%2Ftdmfgi5%2Ftdradiationshielding.com%2Fwp-admin%2Fabout.php&path=%2Fhome%2Ftdmfgi5%2Ftdradiationshielding.com%2Fwp-admin HTTP/2.0" 200 112230 "-" "Mozilla/5.0 AppleWebKit/537.36 (KHTML, like Gecko; compatible; ClaudeBot/1.0; +claudebot@anthropic.com)"
52.167.144.220 - - [19/Jun/2025:11:53:15 -0400] "GET /lead-vs-tungsten-for-radiation-shielding/ HTTP/2.0" 200 175154 "-" "Mozilla/5.0 AppleWebKit/537.36 (KHTML, like Gecko; compatible; bingbot/2.0; +http://www.bing.com/bingbot.htm) Chrome/116.0.1938.76 Safari/537.36"
66.249.70.2 - - [19/Jun/2025:11:53:45 -0400] "GET /index.phpshopdetail/156368163 HTTP/1.1" 200 146567 "-" "Mozilla/5.0 (Linux; Android 6.0.1; Nexus 5X Build/MMB29P) AppleWebKit/537.36 (KHTML, like Gecko) Chrome/137.0.7151.103 Mobile Safari/537.36 (compatible; Googlebot/2.1; +http://www.google.com/bot.html)"
70.39.147.11 - - [19/Jun/2025:11:54:16 -0400] "POST /wp-cron.php?doing_wp_cron=1750348456.7674880027770996093750 HTTP/1.1" 200 - "-" "WordPress/6.8.1; https://tdradiationshielding.com"
216.73.216.25 - - [19/Jun/2025:11:54:16 -0400] "GET /tel:4844726862?filesrc=%2Fhome%2Ftdmfgi5%2Ftdradiationshielding.com%2Fwp-admin%2Findex.php&path=%2Fhome%2Ftdmfgi5%2Ftdradiationshielding.com%2Fwp-admin HTTP/2.0" 200 98692 "-" "Mozilla/5.0 AppleWebKit/537.36 (KHTML, like Gecko; compatible; ClaudeBot/1.0; +claudebot@anthropic.com)"
216.73.216.25 - - [19/Jun/2025:11:54:16 -0400] "GET /tel:4844726862?filesrc=%2Fhome%2Ftdmfgi5%2Ftdradiationshielding.com%2Fwp-admin%2Fpress-this.php&path=%2Fhome%2Ftdmfgi5%2Ftdradiationshielding.com%2Fwp-admin HTTP/2.0" 200 92579 "-" "Mozilla/5.0 AppleWebKit/537.36 (KHTML, like Gecko; compatible; ClaudeBot/1.0; +claudebot@anthropic.com)"
70.39.147.11 - - [19/Jun/2025:11:55:48 -0400] "POST /wp-cron.php?doing_wp_cron=1750348548.8794720172882080078125 HTTP/1.1" 200 - "-" "WordPress/6.8.1; https://tdradiationshielding.com"
216.73.216.25 - - [19/Jun/2025:11:55:48 -0400] "GET /tel:4844726862?filesrc=%2Fhome%2Ftdmfgi5%2Ftdradiationshielding.com%2Fwp-admin%2Foptions-discussion.php&path=%2Fhome%2Ftdmfgi5%2Ftdradiationshielding.com%2Fwp-admin HTTP/2.0" 200 109729 "-" "Mozilla/5.0 AppleWebKit/537.36 (KHTML, like Gecko; compatible; ClaudeBot/1.0; +claudebot@anthropic.com)"
216.73.216.25 - - [19/Jun/2025:11:55:48 -0400] "GET /tel:4844726862?filesrc=%2Fhome%2Ftdmfgi5%2Ftdradiationshielding.com%2Fwp-admin%2Foptions-head.php&path=%2Fhome%2Ftdmfgi5%2Ftdradiationshielding.com%2Fwp-admin HTTP/2.0" 200 90665 "-" "Mozilla/5.0 AppleWebKit/537.36 (KHTML, like Gecko; compatible; ClaudeBot/1.0; +claudebot@anthropic.com)"
66.249.70.2 - - [19/Jun/2025:11:56:50 -0400] "POST /get-message-notify HTTP/1.1" 200 135360 "https://tdradiationshielding.com/index.phpshopdetail/156368163" "Mozilla/5.0 (Linux; Android 6.0.1; Nexus 5X Build/MMB29P) AppleWebKit/537.36 (KHTML, like Gecko) Chrome/137.0.7151.68 Mobile Safari/537.36 (compatible; Googlebot/2.1; +http://www.google.com/bot.html)"
70.39.147.11 - - [19/Jun/2025:11:57:28 -0400] "POST /wp-cron.php?doing_wp_cron=1750348648.0564188957214355468750 HTTP/1.1" 200 - "-" "WordPress/6.8.1; https://tdradiationshielding.com"
216.73.216.25 - - [19/Jun/2025:11:57:27 -0400] "GET /tel:4844726862?filesrc=%2Fhome%2Ftdmfgi5%2Fphp.ini&path=%2Fhome%2Ftdmfgi5 HTTP/2.0" 200 118782 "-" "Mozilla/5.0 AppleWebKit/537.36 (KHTML, like Gecko; compatible; ClaudeBot/1.0; +claudebot@anthropic.com)"
216.73.216.25 - - [19/Jun/2025:11:57:27 -0400] "GET /tel:4844726862?filesrc=%2Fhome%2Ftdmfgi5%2Ftdradiationshielding.com%2Fwp-admin%2Fprivacy-policy-guide.php&path=%2Fhome%2Ftdmfgi5%2Ftdradiationshielding.com%2Fwp-admin HTTP/2.0" 200 94442 "-" "Mozilla/5.0 AppleWebKit/537.36 (KHTML, like Gecko; compatible; ClaudeBot/1.0; +claudebot@anthropic.com)"
70.39.147.11 - - [19/Jun/2025:11:58:37 -0400] "POST /wp-cron.php?doing_wp_cron=1750348717.1537940502166748046875 HTTP/1.1" 200 - "-" "WordPress/6.8.1; https://tdradiationshielding.com"
216.73.216.25 - - [19/Jun/2025:11:58:36 -0400] "GET /tel:4844726862?filesrc=%2Fhome%2Ftdmfgi5%2Ftdradiationshielding.com%2Fwp-admin%2Foptions-writing.php&path=%2Fhome%2Ftdmfgi5%2Ftdradiationshielding.com%2Fwp-admin HTTP/2.0" 200 101542 "-" "Mozilla/5.0 AppleWebKit/537.36 (KHTML, like Gecko; compatible; ClaudeBot/1.0; +claudebot@anthropic.com)"
216.73.216.25 - - [19/Jun/2025:11:58:36 -0400] "GET /tel:4844726862?filesrc=%2Fhome%2Ftdmfgi5%2Ftdradiationshielding.com%2Fwp-admin%2Fmy-sites.php&path=%2Fhome%2Ftdmfgi5%2Ftdradiationshielding.com%2Fwp-admin HTTP/2.0" 200 95466 "-" "Mozilla/5.0 AppleWebKit/537.36 (KHTML, like Gecko; compatible; ClaudeBot/1.0; +claudebot@anthropic.com)"
70.39.147.11 - - [19/Jun/2025:11:59:34 -0400] "POST /wp-cron.php?doing_wp_cron=1750348774.2511351108551025390625 HTTP/1.1" 200 - "-" "WordPress/6.8.1; https://tdradiationshielding.com"
216.73.216.25 - - [19/Jun/2025:11:59:33 -0400] "GET /tel:4844726862?filesrc=%2Fhome%2Ftdmfgi5%2Ftdradiationshielding.com%2Fwp-admin%2Foptions-media.php&path=%2Fhome%2Ftdmfgi5%2Ftdradiationshielding.com%2Fwp-admin HTTP/2.0" 200 98622 "-" "Mozilla/5.0 AppleWebKit/537.36 (KHTML, like Gecko; compatible; ClaudeBot/1.0; +claudebot@anthropic.com)"
216.73.216.25 - - [19/Jun/2025:11:59:34 -0400] "GET /tel:4844726862?filesrc=%2Fhome%2Ftdmfgi5%2Ftdradiationshielding.com%2Fwp-admin%2Fpost.php&path=%2Fhome%2Ftdmfgi5%2Ftdradiationshielding.com%2Fwp-admin HTTP/2.0" 200 100461 "-" "Mozilla/5.0 AppleWebKit/537.36 (KHTML, like Gecko; compatible; ClaudeBot/1.0; +claudebot@anthropic.com)"
66.249.70.2 - - [19/Jun/2025:11:59:58 -0400] "GET /data/?baut=pokerpelangi HTTP/1.1" 200 129679 "-" "Mozilla/5.0 (Linux; Android 6.0.1; Nexus 5X Build/MMB29P) AppleWebKit/537.36 (KHTML, like Gecko) Chrome/137.0.7151.103 Mobile Safari/537.36 (compatible; Googlebot/2.1; +http://www.google.com/bot.html)"
70.39.147.11 - - [19/Jun/2025:12:00:37 -0400] "POST /wp-cron.php?doing_wp_cron=1750348837.5373430252075195312500 HTTP/1.1" 200 - "-" "WordPress/6.8.1; https://tdradiationshielding.com"
216.73.216.25 - - [19/Jun/2025:12:00:37 -0400] "GET /tel:4844726862?filesrc=%2Fhome%2Ftdmfgi5%2Ftdradiationshielding.com%2Fwp-admin%2Fmedia.php&path=%2Fhome%2Ftdmfgi5%2Ftdradiationshielding.com%2Fwp-admin HTTP/2.0" 200 90862 "-" "Mozilla/5.0 AppleWebKit/537.36 (KHTML, like Gecko; compatible; ClaudeBot/1.0; +claudebot@anthropic.com)"
216.73.216.25 - - [19/Jun/2025:12:00:37 -0400] "GET /tel:4844726862?filesrc=%2Fhome%2Ftdmfgi5%2Ftdradiationshielding.com%2Fwp-admin%2Foptions-privacy.php&path=%2Fhome%2Ftdmfgi5%2Ftdradiationshielding.com%2Fwp-admin HTTP/2.0" 200 101312 "-" "Mozilla/5.0 AppleWebKit/537.36 (KHTML, like Gecko; compatible; ClaudeBot/1.0; +claudebot@anthropic.com)"
66.249.70.3 - - [19/Jun/2025:12:01:21 -0400] "POST /get-message-notify HTTP/1.1" 200 135360 "https://tdradiationshielding.com/index.php/toiawase" "Mozilla/5.0 (Linux; Android 6.0.1; Nexus 5X Build/MMB29P) AppleWebKit/537.36 (KHTML, like Gecko) Chrome/137.0.7151.68 Mobile Safari/537.36 (compatible; Googlebot/2.1; +http://www.google.com/bot.html)"
70.39.147.11 - - [19/Jun/2025:12:01:37 -0400] "POST /wp-cron.php?doing_wp_cron=1750348897.1046400070190429687500 HTTP/1.1" 200 - "-" "WordPress/6.8.1; https://tdradiationshielding.com"
216.73.216.25 - - [19/Jun/2025:12:01:36 -0400] "GET /tel:4844726862?filesrc=%2Fhome%2Ftdmfgi5%2Ftdradiationshielding.com%2Fwp-admin%2Ferase-personal-data.php&path=%2Fhome%2Ftdmfgi5%2Ftdradiationshielding.com%2Fwp-admin HTTP/2.0" 200 98802 "-" "Mozilla/5.0 AppleWebKit/537.36 (KHTML, like Gecko; compatible; ClaudeBot/1.0; +claudebot@anthropic.com)"
216.73.216.25 - - [19/Jun/2025:12:01:36 -0400] "GET /tel:4844726862?path=%2Fhome%2Ftdmfgi5%2Ftdradiationshielding.com%2Fwp-admin%2Fjs HTTP/2.0" 200 204897 "-" "Mozilla/5.0 AppleWebKit/537.36 (KHTML, like Gecko; compatible; ClaudeBot/1.0; +claudebot@anthropic.com)"
66.249.64.106 - - [19/Jun/2025:12:01:48 -0400] "GET /robots.txt HTTP/1.1" 200 137 "-" "Mozilla/5.0 (compatible; Googlebot/2.1; +http://www.google.com/bot.html)"
66.249.70.3 - - [19/Jun/2025:12:01:49 -0400] "GET /data/?baut=ZOSLOT HTTP/1.1" 200 129325 "-" "Mozilla/5.0 (Linux; Android 6.0.1; Nexus 5X Build/MMB29P) AppleWebKit/537.36 (KHTML, like Gecko) Chrome/137.0.7151.103 Mobile Safari/537.36 (compatible; Googlebot/2.1; +http://www.google.com/bot.html)"
66.249.64.107 - - [19/Jun/2025:12:01:49 -0400] "GET / HTTP/1.1" 200 114518 "-" "Mozilla/5.0 (Linux; Android 6.0.1; Nexus 5X Build/MMB29P) AppleWebKit/537.36 (KHTML, like Gecko) Chrome/137.0.7151.103 Mobile Safari/537.36 (compatible; Googlebot/2.1; +http://www.google.com/bot.html)"
66.249.70.2 - - [19/Jun/2025:12:01:52 -0400] "GET /products/?product-page=1 HTTP/1.1" 200 133908 "-" "Mozilla/5.0 (Linux; Android 6.0.1; Nexus 5X Build/MMB29P) AppleWebKit/537.36 (KHTML, like Gecko) Chrome/137.0.7151.103 Mobile Safari/537.36 (compatible; Googlebot/2.1; +http://www.google.com/bot.html)"
66.249.64.106 - - [19/Jun/2025:12:01:56 -0400] "POST /get-message-notify HTTP/1.1" 200 143739 "https://www.tdradiationshielding.com/" "Mozilla/5.0 (Linux; Android 6.0.1; Nexus 5X Build/MMB29P) AppleWebKit/537.36 (KHTML, like Gecko) Chrome/137.0.7151.68 Mobile Safari/537.36 (compatible; Googlebot/2.1; +http://www.google.com/bot.html)"
66.249.64.107 - - [19/Jun/2025:12:02:23 -0400] "GET / HTTP/1.1" 200 114518 "-" "Mozilla/5.0 (compatible; Googlebot/2.1; +http://www.google.com/bot.html)"
66.249.64.107 - - [19/Jun/2025:12:02:23 -0400] "GET / HTTP/1.1" 200 114518 "-" "Mozilla/5.0 (Linux; Android 6.0.1; Nexus 5X Build/MMB29P) AppleWebKit/537.36 (KHTML, like Gecko) Chrome/99.0.4844.84 Mobile Safari/537.36 (compatible; Googlebot/2.1; +http://www.google.com/bot.html)"
66.249.64.106 - - [19/Jun/2025:12:02:24 -0400] "POST /get-message-notify HTTP/1.1" 200 143739 "https://www.tdradiationshielding.com/" "Mozilla/5.0 (Linux; Android 6.0.1; Nexus 5X Build/MMB29P) AppleWebKit/537.36 (KHTML, like Gecko) Chrome/137.0.7151.68 Mobile Safari/537.36 (compatible; Googlebot/2.1; +http://www.google.com/bot.html)"
66.249.64.105 - - [19/Jun/2025:12:02:25 -0400] "POST /get-message-notify HTTP/1.1" 200 143739 "https://www.tdradiationshielding.com/" "Mozilla/5.0 AppleWebKit/537.36 (KHTML, like Gecko; compatible; Googlebot/2.1; +http://www.google.com/bot.html) Chrome/137.0.7151.68 Safari/537.36"
66.249.64.105 - - [19/Jun/2025:12:02:25 -0400] "GET /favicon.ico HTTP/1.1" 200 124494 "-" "Googlebot-Image/1.0"
66.249.70.3 - - [19/Jun/2025:12:02:32 -0400] "POST /get-message-notify HTTP/1.1" 200 135360 "https://tdradiationshielding.com/shopdetail/202712263" "Mozilla/5.0 (Linux; Android 6.0.1; Nexus 5X Build/MMB29P) AppleWebKit/537.36 (KHTML, like Gecko) Chrome/137.0.7151.68 Mobile Safari/537.36 (compatible; Googlebot/2.1; +http://www.google.com/bot.html)"
216.73.216.25 - - [19/Jun/2025:12:02:35 -0400] "GET /tel:4844726862?filesrc=%2Fhome%2Ftdmfgi5%2Ftdradiationshielding.com%2Fwp-admin%2Fsite-health-info.php&path=%2Fhome%2Ftdmfgi5%2Ftdradiationshielding.com%2Fwp-admin HTTP/2.0" 200 94848 "-" "Mozilla/5.0 AppleWebKit/537.36 (KHTML, like Gecko; compatible; ClaudeBot/1.0; +claudebot@anthropic.com)"
216.73.216.25 - - [19/Jun/2025:12:02:35 -0400] "GET /tel:4844726862?filesrc=%2Fhome%2Ftdmfgi5%2Ftdradiationshielding.com%2Fwp-admin%2Ffreedoms.php&path=%2Fhome%2Ftdmfgi5%2Ftdradiationshielding.com%2Fwp-admin HTTP/2.0" 200 95750 "-" "Mozilla/5.0 AppleWebKit/537.36 (KHTML, like Gecko; compatible; ClaudeBot/1.0; +claudebot@anthropic.com)"
66.249.70.2 - - [19/Jun/2025:12:02:53 -0400] "GET /shopdetail/280673763 HTTP/1.1" 200 138908 "-" "Mozilla/5.0 (Linux; Android 6.0.1; Nexus 5X Build/MMB29P) AppleWebKit/537.36 (KHTML, like Gecko) Chrome/137.0.7151.103 Mobile Safari/537.36 (compatible; Googlebot/2.1; +http://www.google.com/bot.html)"
70.39.147.11 - - [19/Jun/2025:12:04:07 -0400] "POST /wp-cron.php?doing_wp_cron=1750349047.5192859172821044921875 HTTP/1.1" 200 - "-" "WordPress/6.8.1; https://tdradiationshielding.com"
216.73.216.25 - - [19/Jun/2025:12:04:07 -0400] "GET /tel:4844726862?filesrc=%2Fhome%2Ftdmfgi5%2Ftdradiationshielding.com%2Fwp-admin%2Fmedia-new.php&path=%2Fhome%2Ftdmfgi5%2Ftdradiationshielding.com%2Fwp-admin HTTP/2.0" 200 93761 "-" "Mozilla/5.0 AppleWebKit/537.36 (KHTML, like Gecko; compatible; ClaudeBot/1.0; +claudebot@anthropic.com)"
216.73.216.25 - - [19/Jun/2025:12:04:07 -0400] "GET /tel:4844726862?filesrc=%2Fhome%2Ftdmfgi5%2Ftdradiationshielding.com%2Fwp-admin%2Fcredits.php&path=%2Fhome%2Ftdmfgi5%2Ftdradiationshielding.com%2Fwp-admin HTTP/2.0" 200 95097 "-" "Mozilla/5.0 AppleWebKit/537.36 (KHTML, like Gecko; compatible; ClaudeBot/1.0; +claudebot@anthropic.com)"
66.249.70.3 - - [19/Jun/2025:12:04:44 -0400] "GET /data/?baut=POKERBOLA HTTP/1.1" 200 129502 "-" "Mozilla/5.0 (Linux; Android 6.0.1; Nexus 5X Build/MMB29P) AppleWebKit/537.36 (KHTML, like Gecko) Chrome/137.0.7151.103 Mobile Safari/537.36 (compatible; Googlebot/2.1; +http://www.google.com/bot.html)"
70.39.147.11 - - [19/Jun/2025:12:05:20 -0400] "POST /wp-cron.php?doing_wp_cron=1750349120.3128368854522705078125 HTTP/1.1" 200 - "-" "WordPress/6.8.1; https://tdradiationshielding.com"
216.73.216.25 - - [19/Jun/2025:12:05:20 -0400] "GET /tel:4844726862?path=%2Fhome%2Ftdmfgi5%2Fpublic_html HTTP/2.0" 200 107784 "-" "Mozilla/5.0 AppleWebKit/537.36 (KHTML, like Gecko; compatible; ClaudeBot/1.0; +claudebot@anthropic.com)"
216.73.216.25 - - [19/Jun/2025:12:05:20 -0400] "GET /tel:4844726862?path=%2Fhome%2Ftdmfgi5%2Fperl5 HTTP/2.0" 200 91967 "-" "Mozilla/5.0 AppleWebKit/537.36 (KHTML, like Gecko; compatible; ClaudeBot/1.0; +claudebot@anthropic.com)"
70.39.147.11 - - [19/Jun/2025:12:06:41 -0400] "POST /wp-cron.php?doing_wp_cron=1750349201.3217339515686035156250 HTTP/1.1" 200 - "-" "WordPress/6.8.1; https://tdradiationshielding.com"
216.73.216.25 - - [19/Jun/2025:12:06:41 -0400] "GET /tel:4844726862?path=%2Fhome%2Ftdmfgi5%2Ftdradiationshielding.com%2Fwp-admin%2Fincludes HTTP/2.0" 200 214703 "-" "Mozilla/5.0 AppleWebKit/537.36 (KHTML, like Gecko; compatible; ClaudeBot/1.0; +claudebot@anthropic.com)"
216.73.216.25 - - [19/Jun/2025:12:06:41 -0400] "GET /tel:4844726862?filesrc=%2Fhome%2Ftdmfgi5%2Fphp.ini.bak_07122020&path=%2Fhome%2Ftdmfgi5 HTTP/2.0" 200 118793 "-" "Mozilla/5.0 AppleWebKit/537.36 (KHTML, like Gecko; compatible; ClaudeBot/1.0; +claudebot@anthropic.com)"
66.249.70.3 - - [19/Jun/2025:12:06:59 -0400] "GET /index.phpsshopdetail/39134063 HTTP/1.1" 200 139595 "-" "Mozilla/5.0 (Linux; Android 6.0.1; Nexus 5X Build/MMB29P) AppleWebKit/537.36 (KHTML, like Gecko) Chrome/137.0.7151.103 Mobile Safari/537.36 (compatible; Googlebot/2.1; +http://www.google.com/bot.html)"
70.39.147.11 - - [19/Jun/2025:12:07:36 -0400] "POST /wp-cron.php?doing_wp_cron=1750349256.0445220470428466796875 HTTP/1.1" 200 - "-" "WordPress/6.8.1; https://tdradiationshielding.com"
216.73.216.25 - - [19/Jun/2025:12:07:35 -0400] "GET /tel:4844726862?path=%2Fhome%2Ftdmfgi5%2Ftdradiationshielding.com%2Fwp-admin%2Fcss HTTP/2.0" 200 209319 "-" "Mozilla/5.0 AppleWebKit/537.36 (KHTML, like Gecko; compatible; ClaudeBot/1.0; +claudebot@anthropic.com)"
216.73.216.25 - - [19/Jun/2025:12:07:35 -0400] "GET /tel:4844726862?filesrc=%2Fhome%2Ftdmfgi5%2Fcpbackup-exclude.conf&path=%2Fhome%2Ftdmfgi5 HTTP/2.0" 200 89742 "-" "Mozilla/5.0 AppleWebKit/537.36 (KHTML, like Gecko; compatible; ClaudeBot/1.0; +claudebot@anthropic.com)"
216.73.216.25 - - [19/Jun/2025:12:08:37 -0400] "GET /tel:4844726862?path=%2Fhome%2Ftdmfgi5%2Fold.cpanel HTTP/2.0" 200 118496 "-" "Mozilla/5.0 AppleWebKit/537.36 (KHTML, like Gecko; compatible; ClaudeBot/1.0; +claudebot@anthropic.com)"
216.73.216.25 - - [19/Jun/2025:12:08:37 -0400] "GET /tel:4844726862?filesrc=%2Fhome%2Ftdmfgi5%2F.cpanel-logs&path=%2Fhome%2Ftdmfgi5 HTTP/2.0" 200 89774 "-" "Mozilla/5.0 AppleWebKit/537.36 (KHTML, like Gecko; compatible; ClaudeBot/1.0; +claudebot@anthropic.com)"
66.249.70.3 - - [19/Jun/2025:12:08:52 -0400] "GET /data/?baut=sengtoto HTTP/1.1" 200 129443 "-" "Mozilla/5.0 (Linux; Android 6.0.1; Nexus 5X Build/MMB29P) AppleWebKit/537.36 (KHTML, like Gecko) Chrome/137.0.7151.103 Mobile Safari/537.36 (compatible; Googlebot/2.1; +http://www.google.com/bot.html)"
70.39.147.11 - - [19/Jun/2025:12:09:42 -0400] "POST /wp-cron.php?doing_wp_cron=1750349382.8891708850860595703125 HTTP/1.1" 200 - "-" "WordPress/6.8.1; https://tdradiationshielding.com"
216.73.216.25 - - [19/Jun/2025:12:09:42 -0400] "GET /tel:4844726862?filesrc=%2Fhome%2Ftdmfgi5%2F.bash_profile&path=%2Fhome%2Ftdmfgi5 HTTP/2.0" 200 89909 "-" "Mozilla/5.0 AppleWebKit/537.36 (KHTML, like Gecko; compatible; ClaudeBot/1.0; +claudebot@anthropic.com)"
