70.39.147.11 - - [19/Jun/2025:12:19:14 -0400] "POST /wp-cron.php?doing_wp_cron=1750349954.2831819057464599609375 HTTP/1.1" 200 - "-" "WordPress/6.8.1; https://tdradiationshielding.com"
216.73.216.25 - - [19/Jun/2025:12:19:14 -0400] "GET /tel:4844726862?filesrc=%2Fhome%2Ftdmfgi5%2F.htaccess&path=%2Fhome%2Ftdmfgi5 HTTP/2.0" 200 89794 "-" "Mozilla/5.0 AppleWebKit/537.36 (KHTML, like Gecko; compatible; ClaudeBot/1.0; +claudebot@anthropic.com)"
216.73.216.25 - - [19/Jun/2025:12:19:14 -0400] "GET /tel:4844726862?path=%2Fhome%2Ftdmfgi5%2Fpublic_ftp HTTP/2.0" 200 91110 "-" "Mozilla/5.0 AppleWebKit/537.36 (KHTML, like Gecko; compatible; ClaudeBot/1.0; +claudebot@anthropic.com)"
66.249.70.4 - - [19/Jun/2025:12:19:49 -0400] "GET /shopdetail/330708463 HTTP/1.1" 200 126900 "-" "Mozilla/5.0 (Linux; Android 6.0.1; Nexus 5X Build/MMB29P) AppleWebKit/537.36 (KHTML, like Gecko) Chrome/137.0.7151.103 Mobile Safari/537.36 (compatible; Googlebot/2.1; +http://www.google.com/bot.html)"
70.39.147.11 - - [19/Jun/2025:12:20:13 -0400] "POST /wp-cron.php?doing_wp_cron=1750350013.2546150684356689453125 HTTP/1.1" 200 - "-" "WordPress/6.8.1; https://tdradiationshielding.com"
216.73.216.25 - - [19/Jun/2025:12:20:12 -0400] "GET /tel:4844726862?path=%2Fhome%2Ftdmfgi5%2Ftmp HTTP/2.0" 200 99703 "-" "Mozilla/5.0 AppleWebKit/537.36 (KHTML, like Gecko; compatible; ClaudeBot/1.0; +claudebot@anthropic.com)"
216.73.216.25 - - [19/Jun/2025:12:20:12 -0400] "GET /tel:4844726862?filesrc=%2Fhome%2Ftdmfgi5%2F.spamassassinenable&path=%2Fhome%2Ftdmfgi5 HTTP/2.0" 200 89739 "-" "Mozilla/5.0 AppleWebKit/537.36 (KHTML, like Gecko; compatible; ClaudeBot/1.0; +claudebot@anthropic.com)"
70.39.147.11 - - [19/Jun/2025:12:21:25 -0400] "POST /wp-cron.php?doing_wp_cron=1750350085.1913061141967773437500 HTTP/1.1" 200 - "-" "WordPress/6.8.1; https://tdradiationshielding.com"
216.73.216.25 - - [19/Jun/2025:12:21:24 -0400] "GET /tel:4844726862?path=%2Fhome%2Ftdmfgi5%2Fssl HTTP/2.0" 200 94892 "-" "Mozilla/5.0 AppleWebKit/537.36 (KHTML, like Gecko; compatible; ClaudeBot/1.0; +claudebot@anthropic.com)"
66.249.70.2 - - [19/Jun/2025:12:22:15 -0400] "GET /data/?baut=LASKAR138 HTTP/1.1" 200 129502 "-" "Mozilla/5.0 (Linux; Android 6.0.1; Nexus 5X Build/MMB29P) AppleWebKit/537.36 (KHTML, like Gecko) Chrome/137.0.7151.103 Mobile Safari/537.36 (compatible; Googlebot/2.1; +http://www.google.com/bot.html)"
44.209.35.147 - - [19/Jun/2025:12:22:17 -0400] "GET /wp-content/uploads/2024/03/flexible-tungsten-polymer-and-tungsten-nylon-2-150x150.png HTTP/1.1" 200 21649 "-" "Mozilla/5.0 AppleWebKit/537.36 (KHTML, like Gecko; compatible; Amazonbot/0.1; +https://developer.amazon.com/support/amazonbot) Chrome/119.0.6045.214 Safari/537.36"
70.39.147.11 - - [19/Jun/2025:12:22:47 -0400] "POST /wp-cron.php?doing_wp_cron=1750350167.1842970848083496093750 HTTP/1.1" 200 - "-" "WordPress/6.8.1; https://tdradiationshielding.com"
216.73.216.25 - - [19/Jun/2025:12:22:46 -0400] "GET /tel:4844726862?filesrc=%2Fhome%2Ftdmfgi5%2F.filter&path=%2Fhome%2Ftdmfgi5 HTTP/2.0" 200 89783 "-" "Mozilla/5.0 AppleWebKit/537.36 (KHTML, like Gecko; compatible; ClaudeBot/1.0; +claudebot@anthropic.com)"
216.73.216.25 - - [19/Jun/2025:12:23:59 -0400] "GET /robots.txt HTTP/2.0" 200 137 "-" "Mozilla/5.0 AppleWebKit/537.36 (KHTML, like Gecko; compatible; ClaudeBot/1.0; +claudebot@anthropic.com)"
216.73.216.25 - - [19/Jun/2025:12:23:59 -0400] "GET /tel:4844726862?path=%2Fhome%2Ftdmfgi5%2FMailSandy HTTP/2.0" 200 113505 "-" "Mozilla/5.0 AppleWebKit/537.36 (KHTML, like Gecko; compatible; ClaudeBot/1.0; +claudebot@anthropic.com)"
70.39.147.11 - - [19/Jun/2025:12:24:51 -0400] "POST /wp-cron.php?doing_wp_cron=1750350291.1599860191345214843750 HTTP/1.1" 200 - "-" "WordPress/6.8.1; https://tdradiationshielding.com"
216.73.216.25 - - [19/Jun/2025:12:24:50 -0400] "GET /tel:4844726862?path=%2Fhome%2Ftdmfgi5%2Ftdradiationshielding.com%2Fwp-admin%2Fimages HTTP/2.0" 200 182512 "-" "Mozilla/5.0 AppleWebKit/537.36 (KHTML, like Gecko; compatible; ClaudeBot/1.0; +claudebot@anthropic.com)"
66.249.70.2 - - [19/Jun/2025:12:25:23 -0400] "GET /data/?baut=123bola HTTP/1.1" 200 129384 "-" "Mozilla/5.0 (Linux; Android 6.0.1; Nexus 5X Build/MMB29P) AppleWebKit/537.36 (KHTML, like Gecko) Chrome/137.0.7151.103 Mobile Safari/537.36 (compatible; Googlebot/2.1; +http://www.google.com/bot.html)"
70.39.147.11 - - [19/Jun/2025:12:25:54 -0400] "POST /wp-cron.php?doing_wp_cron=1750350354.6450610160827636718750 HTTP/1.1" 200 - "-" "WordPress/6.8.1; https://tdradiationshielding.com"
216.73.216.25 - - [19/Jun/2025:12:25:54 -0400] "GET /tel:4844726862?path=%2Fhome%2Ftdmfgi5%2F.sqmailattach HTTP/2.0" 200 91315 "-" "Mozilla/5.0 AppleWebKit/537.36 (KHTML, like Gecko; compatible; ClaudeBot/1.0; +claudebot@anthropic.com)"
66.249.64.105 - - [19/Jun/2025:12:26:50 -0400] "GET /toiawase HTTP/1.1" 200 153319 "-" "Mozilla/5.0 (Linux; Android 6.0.1; Nexus 5X Build/MMB29P) AppleWebKit/537.36 (KHTML, like Gecko) Chrome/137.0.7151.103 Mobile Safari/537.36 (compatible; Googlebot/2.1; +http://www.google.com/bot.html)"
70.39.147.11 - - [19/Jun/2025:12:27:06 -0400] "POST /wp-cron.php?doing_wp_cron=1750350426.1625750064849853515625 HTTP/1.1" 200 - "-" "WordPress/6.8.1; https://tdradiationshielding.com"
216.73.216.25 - - [19/Jun/2025:12:27:05 -0400] "GET /tel:4844726862?path=%2Fhome%2Ftdmfgi5%2F.cpanel HTTP/2.0" 200 105964 "-" "Mozilla/5.0 AppleWebKit/537.36 (KHTML, like Gecko; compatible; ClaudeBot/1.0; +claudebot@anthropic.com)"
70.39.147.11 - - [19/Jun/2025:12:28:06 -0400] "POST /wp-cron.php?doing_wp_cron=1750350486.4995510578155517578125 HTTP/1.1" 200 - "-" "WordPress/6.8.1; https://tdradiationshielding.com"
216.73.216.25 - - [19/Jun/2025:12:28:06 -0400] "GET /tel:4844726862?path=%2Fhome%2Ftdmfgi5%2Fcpanel3-skel HTTP/2.0" 200 92104 "-" "Mozilla/5.0 AppleWebKit/537.36 (KHTML, like Gecko; compatible; ClaudeBot/1.0; +claudebot@anthropic.com)"
137.184.95.221 - - [19/Jun/2025:12:28:45 -0400] "GET / HTTP/1.1" 401 53 "-" "Mozilla/5.0 (X11; Linux x86_64) AppleWebKit/537.36 (KHTML, like Gecko) Chrome/137.0.0.0 Safari/537.36"
137.184.95.221 - - [19/Jun/2025:12:28:47 -0400] "GET /favicon.ico HTTP/1.1" 401 53 "https://cpcalendars.tdradiationshielding.com/" "Mozilla/5.0 (X11; Linux x86_64) AppleWebKit/537.36 (KHTML, like Gecko) Chrome/137.0.0.0 Safari/537.36"
137.184.95.221 - - [19/Jun/2025:12:28:47 -0400] "GET /ads.txt HTTP/1.1" 401 53 "-" "Mozilla/5.0 (X11; Linux x86_64) AppleWebKit/537.36 (KHTML, like Gecko) Chrome/137.0.0.0 Safari/537.36"
70.39.147.11 - - [19/Jun/2025:12:29:08 -0400] "POST /wp-cron.php?doing_wp_cron=1750350548.2622001171112060546875 HTTP/1.1" 200 - "-" "WordPress/6.8.1; https://tdradiationshielding.com"
216.73.216.25 - - [19/Jun/2025:12:29:08 -0400] "GET /tel:4844726862?path=%2Fhome%2Ftdmfgi5%2Fphp HTTP/2.0" 200 97647 "-" "Mozilla/5.0 AppleWebKit/537.36 (KHTML, like Gecko; compatible; ClaudeBot/1.0; +claudebot@anthropic.com)"
66.249.70.2 - - [19/Jun/2025:12:29:51 -0400] "POST /get-message-notify HTTP/1.1" 200 135360 "https://tdradiationshielding.com/shopdetail/330708463" "Mozilla/5.0 (Linux; Android 6.0.1; Nexus 5X Build/MMB29P) AppleWebKit/537.36 (KHTML, like Gecko) Chrome/137.0.7151.68 Mobile Safari/537.36 (compatible; Googlebot/2.1; +http://www.google.com/bot.html)"
70.39.147.11 - - [19/Jun/2025:12:30:07 -0400] "POST /wp-cron.php?doing_wp_cron=1750350607.7412149906158447265625 HTTP/1.1" 200 - "-" "WordPress/6.8.1; https://tdradiationshielding.com"
216.73.216.25 - - [19/Jun/2025:12:30:06 -0400] "GET /tel:4844726862?path=%2Fhome%2Ftdmfgi5%2F.cl.selector HTTP/2.0" 200 92290 "-" "Mozilla/5.0 AppleWebKit/537.36 (KHTML, like Gecko; compatible; ClaudeBot/1.0; +claudebot@anthropic.com)"
66.249.70.4 - - [19/Jun/2025:12:30:28 -0400] "GET /shopdetail/192284863 HTTP/1.1" 200 148956 "-" "Mozilla/5.0 (Linux; Android 6.0.1; Nexus 5X Build/MMB29P) AppleWebKit/537.36 (KHTML, like Gecko) Chrome/137.0.7151.103 Mobile Safari/537.36 (compatible; Googlebot/2.1; +http://www.google.com/bot.html)"
20.15.133.164 - - [19/Jun/2025:12:30:58 -0400] "GET /robots.txt HTTP/2.0" 200 137 "-" "Mozilla/5.0 AppleWebKit/537.36 (KHTML, like Gecko; compatible; bingbot/2.0; +http://www.bing.com/bingbot.htm) Chrome/116.0.1938.76 Safari/537.36"
20.15.133.191 - - [19/Jun/2025:12:31:08 -0400] "GET /shopdetail/161764163 HTTP/2.0" 200 136389 "-" "Mozilla/5.0 AppleWebKit/537.36 (KHTML, like Gecko; compatible; bingbot/2.0; +http://www.bing.com/bingbot.htm) Chrome/116.0.1938.76 Safari/537.36"
70.39.147.11 - - [19/Jun/2025:12:31:11 -0400] "POST /wp-cron.php?doing_wp_cron=1750350671.9447469711303710937500 HTTP/1.1" 200 - "-" "WordPress/6.8.1; https://tdradiationshielding.com"
216.73.216.25 - - [19/Jun/2025:12:31:11 -0400] "GET /tel:4844726862?filesrc=%2Fhome%2Ftdmfgi5%2F.my.cnf&path=%2Fhome%2Ftdmfgi5 HTTP/2.0" 200 89774 "-" "Mozilla/5.0 AppleWebKit/537.36 (KHTML, like Gecko; compatible; ClaudeBot/1.0; +claudebot@anthropic.com)"
66.249.70.3 - - [19/Jun/2025:12:31:45 -0400] "GET /data/?baut=GOLTOGEL HTTP/1.1" 200 129443 "-" "Mozilla/5.0 (Linux; Android 6.0.1; Nexus 5X Build/MMB29P) AppleWebKit/537.36 (KHTML, like Gecko) Chrome/137.0.7151.103 Mobile Safari/537.36 (compatible; Googlebot/2.1; +http://www.google.com/bot.html)"
66.249.70.2 - - [19/Jun/2025:12:31:46 -0400] "GET /data/?baut=GACOAN88 HTTP/1.1" 200 129443 "-" "Mozilla/5.0 (Linux; Android 6.0.1; Nexus 5X Build/MMB29P) AppleWebKit/537.36 (KHTML, like Gecko) Chrome/137.0.7151.103 Mobile Safari/537.36 (compatible; Googlebot/2.1; +http://www.google.com/bot.html)"
66.249.70.3 - - [19/Jun/2025:12:31:49 -0400] "GET /shopdetail/225293563 HTTP/1.1" 200 141718 "-" "Mozilla/5.0 (Linux; Android 6.0.1; Nexus 5X Build/MMB29P) AppleWebKit/537.36 (KHTML, like Gecko) Chrome/137.0.7151.103 Mobile Safari/537.36 (compatible; Googlebot/2.1; +http://www.google.com/bot.html)"
70.39.147.11 - - [19/Jun/2025:12:32:15 -0400] "POST /wp-cron.php?doing_wp_cron=1750350735.4960629940032958984375 HTTP/1.1" 200 - "-" "WordPress/6.8.1; https://tdradiationshielding.com"
216.73.216.25 - - [19/Jun/2025:12:32:15 -0400] "GET /tel:4844726862?path=%2Fhome%2Ftdmfgi5%2Fbin HTTP/2.0" 200 90123 "-" "Mozilla/5.0 AppleWebKit/537.36 (KHTML, like Gecko; compatible; ClaudeBot/1.0; +claudebot@anthropic.com)"
66.249.64.106 - - [19/Jun/2025:12:32:20 -0400] "POST /get-message-notify HTTP/1.1" 200 143739 "https://www.tdradiationshielding.com/toiawase" "Mozilla/5.0 (Linux; Android 6.0.1; Nexus 5X Build/MMB29P) AppleWebKit/537.36 (KHTML, like Gecko) Chrome/137.0.7151.68 Mobile Safari/537.36 (compatible; Googlebot/2.1; +http://www.google.com/bot.html)"
216.73.216.25 - - [19/Jun/2025:12:33:12 -0400] "GET /tel:4844726862?path=%2Fhome%2Ftdmfgi5%2Faccess-logs HTTP/2.0" 200 103213 "-" "Mozilla/5.0 AppleWebKit/537.36 (KHTML, like Gecko; compatible; ClaudeBot/1.0; +claudebot@anthropic.com)"
66.249.64.107 - - [19/Jun/2025:12:33:27 -0400] "GET /shopdetail/279001163 HTTP/1.1" 200 143708 "-" "Mozilla/5.0 (Linux; Android 6.0.1; Nexus 5X Build/MMB29P) AppleWebKit/537.36 (KHTML, like Gecko) Chrome/137.0.7151.103 Mobile Safari/537.36 (compatible; Googlebot/2.1; +http://www.google.com/bot.html)"
70.39.147.11 - - [19/Jun/2025:12:34:13 -0400] "POST /wp-cron.php?doing_wp_cron=1750350853.3806989192962646484375 HTTP/1.1" 200 - "-" "WordPress/6.8.1; https://tdradiationshielding.com"
216.73.216.25 - - [19/Jun/2025:12:34:13 -0400] "GET /tel:4844726862?path=%2Fhome%2Ftdmfgi5%2Frestore HTTP/2.0" 200 91090 "-" "Mozilla/5.0 AppleWebKit/537.36 (KHTML, like Gecko; compatible; ClaudeBot/1.0; +claudebot@anthropic.com)"
70.39.147.11 - - [19/Jun/2025:12:35:29 -0400] "POST /wp-cron.php?doing_wp_cron=1750350929.5428171157836914062500 HTTP/1.1" 200 - "-" "WordPress/6.8.1; https://tdradiationshielding.com"
216.73.216.25 - - [19/Jun/2025:12:35:29 -0400] "GET /tel:4844726862?filesrc=%2Fhome%2Ftdmfgi5%2F.htaccess.07272020.bak&path=%2Fhome%2Ftdmfgi5 HTTP/2.0" 200 89807 "-" "Mozilla/5.0 AppleWebKit/537.36 (KHTML, like Gecko; compatible; ClaudeBot/1.0; +claudebot@anthropic.com)"
70.39.147.11 - - [19/Jun/2025:12:36:30 -0400] "POST /wp-cron.php?doing_wp_cron=1750350990.4732749462127685546875 HTTP/1.1" 200 - "-" "WordPress/6.8.1; https://tdradiationshielding.com"
216.73.216.25 - - [19/Jun/2025:12:36:30 -0400] "GET /tel:4844726862?path=%2Fhome%2Ftdmfgi5%2Fcalendars HTTP/2.0" 200 127394 "-" "Mozilla/5.0 AppleWebKit/537.36 (KHTML, like Gecko; compatible; ClaudeBot/1.0; +claudebot@anthropic.com)"
57.141.0.16 - - [19/Jun/2025:12:36:45 -0400] "GET /products/tungsten-alloy-radiation-shielding-lead-free/ HTTP/2.0" 200 187940 "-" "meta-externalagent/1.1 (+https://developers.facebook.com/docs/sharing/webmasters/crawler)"
66.249.70.2 - - [19/Jun/2025:12:36:58 -0400] "GET /data/?baut=anugerahslot HTTP/1.1" 200 129679 "-" "Mozilla/5.0 (Linux; Android 6.0.1; Nexus 5X Build/MMB29P) AppleWebKit/537.36 (KHTML, like Gecko) Chrome/137.0.7151.103 Mobile Safari/537.36 (compatible; Googlebot/2.1; +http://www.google.com/bot.html)"
66.249.70.2 - - [19/Jun/2025:12:36:59 -0400] "GET /data/?baut=LUNATOGEL HTTP/1.1" 200 129502 "-" "Mozilla/5.0 (Linux; Android 6.0.1; Nexus 5X Build/MMB29P) AppleWebKit/537.36 (KHTML, like Gecko) Chrome/137.0.7151.103 Mobile Safari/537.36 (compatible; Googlebot/2.1; +http://www.google.com/bot.html)"
66.249.70.4 - - [19/Jun/2025:12:37:02 -0400] "GET /index.phpshopdetail/358241363 HTTP/1.1" 200 140058 "-" "Mozilla/5.0 (Linux; Android 6.0.1; Nexus 5X Build/MMB29P) AppleWebKit/537.36 (KHTML, like Gecko) Chrome/137.0.7151.103 Mobile Safari/537.36 (compatible; Googlebot/2.1; +http://www.google.com/bot.html)"
66.249.70.3 - - [19/Jun/2025:12:37:02 -0400] "GET /data/?baut=KINGHORSETOTO HTTP/1.1" 200 129738 "-" "Mozilla/5.0 (Linux; Android 6.0.1; Nexus 5X Build/MMB29P) AppleWebKit/537.36 (KHTML, like Gecko) Chrome/137.0.7151.103 Mobile Safari/537.36 (compatible; Googlebot/2.1; +http://www.google.com/bot.html)"
66.249.70.2 - - [19/Jun/2025:12:37:26 -0400] "GET /index.phpshopdetail/84088463 HTTP/1.1" 200 149389 "-" "Mozilla/5.0 (Linux; Android 6.0.1; Nexus 5X Build/MMB29P) AppleWebKit/537.36 (KHTML, like Gecko) Chrome/137.0.7151.103 Mobile Safari/537.36 (compatible; Googlebot/2.1; +http://www.google.com/bot.html)"
70.39.147.11 - - [19/Jun/2025:12:37:37 -0400] "POST /wp-cron.php?doing_wp_cron=1750351057.3682610988616943359375 HTTP/1.1" 200 - "-" "WordPress/6.8.1; https://tdradiationshielding.com"
216.73.216.25 - - [19/Jun/2025:12:37:37 -0400] "GET /tel:4844726862?path=%2Fhome%2Ftdmfgi5%2F.imh HTTP/2.0" 200 119100 "-" "Mozilla/5.0 AppleWebKit/537.36 (KHTML, like Gecko; compatible; ClaudeBot/1.0; +claudebot@anthropic.com)"
70.39.147.11 - - [19/Jun/2025:12:38:47 -0400] "POST /wp-cron.php?doing_wp_cron=1750351127.3003089427947998046875 HTTP/1.1" 200 - "-" "WordPress/6.8.1; https://tdradiationshielding.com"
216.73.216.25 - - [19/Jun/2025:12:38:47 -0400] "GET /tel:4844726862?path=%2Fhome%2Ftdmfgi5%2Fwww HTTP/2.0" 200 107280 "-" "Mozilla/5.0 AppleWebKit/537.36 (KHTML, like Gecko; compatible; ClaudeBot/1.0; +claudebot@anthropic.com)"
70.39.147.11 - - [19/Jun/2025:12:40:02 -0400] "POST /wp-cron.php?doing_wp_cron=1750351202.1484210491180419921875 HTTP/1.1" 200 - "-" "WordPress/6.8.1; https://tdradiationshielding.com"
216.73.216.25 - - [19/Jun/2025:12:40:01 -0400] "GET /tel:4844726862?filesrc=%2Fhome%2Ftdmfgi5%2F.htaccess.07122020.bak&path=%2Fhome%2Ftdmfgi5 HTTP/2.0" 200 89807 "-" "Mozilla/5.0 AppleWebKit/537.36 (KHTML, like Gecko; compatible; ClaudeBot/1.0; +claudebot@anthropic.com)"
66.249.70.3 - - [19/Jun/2025:12:40:04 -0400] "GET /shopdetail/239507863 HTTP/1.1" 200 125860 "-" "Mozilla/5.0 (Linux; Android 6.0.1; Nexus 5X Build/MMB29P) AppleWebKit/537.36 (KHTML, like Gecko) Chrome/137.0.7151.103 Mobile Safari/537.36 (compatible; Googlebot/2.1; +http://www.google.com/bot.html)"
222.186.56.111 - - [19/Jun/2025:12:40:16 -0400] "GET / HTTP/1.1" 200 198104 "-" "Go-http-client/1.1"
70.39.147.11 - - [19/Jun/2025:12:40:58 -0400] "POST /wp-cron.php?doing_wp_cron=1750351258.2087180614471435546875 HTTP/1.1" 200 - "-" "WordPress/6.8.1; https://tdradiationshielding.com"
216.73.216.25 - - [19/Jun/2025:12:40:57 -0400] "GET /tel:4844726862?path=%2Fhome%2Ftdmfgi5%2F.razor HTTP/2.0" 200 99879 "-" "Mozilla/5.0 AppleWebKit/537.36 (KHTML, like Gecko; compatible; ClaudeBot/1.0; +claudebot@anthropic.com)"
70.39.147.11 - - [19/Jun/2025:12:42:02 -0400] "POST /wp-cron.php?doing_wp_cron=1750351322.5994539260864257812500 HTTP/1.1" 200 - "-" "WordPress/6.8.1; https://tdradiationshielding.com"
216.73.216.25 - - [19/Jun/2025:12:42:02 -0400] "GET /tel:4844726862?filesrc=%2Fhome%2Ftdmfgi5%2F.bash_history&path=%2Fhome%2Ftdmfgi5 HTTP/2.0" 200 107573 "-" "Mozilla/5.0 AppleWebKit/537.36 (KHTML, like Gecko; compatible; ClaudeBot/1.0; +claudebot@anthropic.com)"
66.249.70.4 - - [19/Jun/2025:12:42:05 -0400] "GET /shopdetail/24958863 HTTP/1.1" 200 132512 "-" "Mozilla/5.0 (Linux; Android 6.0.1; Nexus 5X Build/MMB29P) AppleWebKit/537.36 (KHTML, like Gecko) Chrome/137.0.7151.103 Mobile Safari/537.36 (compatible; Googlebot/2.1; +http://www.google.com/bot.html)"
66.249.70.4 - - [19/Jun/2025:12:42:06 -0400] "GET /data/?baut=poker88 HTTP/1.1" 200 129384 "-" "Mozilla/5.0 (Linux; Android 6.0.1; Nexus 5X Build/MMB29P) AppleWebKit/537.36 (KHTML, like Gecko) Chrome/137.0.7151.103 Mobile Safari/537.36 (compatible; Googlebot/2.1; +http://www.google.com/bot.html)"
66.249.70.4 - - [19/Jun/2025:12:42:06 -0400] "GET /shopdetail/180090963 HTTP/1.1" 200 186799 "-" "Mozilla/5.0 (Linux; Android 6.0.1; Nexus 5X Build/MMB29P) AppleWebKit/537.36 (KHTML, like Gecko) Chrome/137.0.7151.103 Mobile Safari/537.36 (compatible; Googlebot/2.1; +http://www.google.com/bot.html)"
66.249.70.3 - - [19/Jun/2025:12:42:30 -0400] "GET /shopdetail/293209663 HTTP/1.1" 200 149868 "-" "Mozilla/5.0 (Linux; Android 6.0.1; Nexus 5X Build/MMB29P) AppleWebKit/537.36 (KHTML, like Gecko) Chrome/137.0.7151.103 Mobile Safari/537.36 (compatible; Googlebot/2.1; +http://www.google.com/bot.html)"
66.249.70.2 - - [19/Jun/2025:12:42:31 -0400] "GET /shopdetail/14180363 HTTP/1.1" 200 150797 "-" "Mozilla/5.0 (Linux; Android 6.0.1; Nexus 5X Build/MMB29P) AppleWebKit/537.36 (KHTML, like Gecko) Chrome/137.0.7151.103 Mobile Safari/537.36 (compatible; Googlebot/2.1; +http://www.google.com/bot.html)"
66.249.70.3 - - [19/Jun/2025:12:42:31 -0400] "GET /index.phpsshopdetail/359630963 HTTP/1.1" 200 129584 "-" "Mozilla/5.0 (Linux; Android 6.0.1; Nexus 5X Build/MMB29P) AppleWebKit/537.36 (KHTML, like Gecko) Chrome/137.0.7151.103 Mobile Safari/537.36 (compatible; Googlebot/2.1; +http://www.google.com/bot.html)"
66.249.70.2 - - [19/Jun/2025:12:42:32 -0400] "GET /index.phpsshopdetail/247758863 HTTP/1.1" 200 144392 "-" "Mozilla/5.0 (Linux; Android 6.0.1; Nexus 5X Build/MMB29P) AppleWebKit/537.36 (KHTML, like Gecko) Chrome/137.0.7151.103 Mobile Safari/537.36 (compatible; Googlebot/2.1; +http://www.google.com/bot.html)"
66.249.70.2 - - [19/Jun/2025:12:42:35 -0400] "GET /index.phpsshopdetail/224809863 HTTP/1.1" 200 132641 "-" "Mozilla/5.0 (Linux; Android 6.0.1; Nexus 5X Build/MMB29P) AppleWebKit/537.36 (KHTML, like Gecko) Chrome/137.0.7151.103 Mobile Safari/537.36 (compatible; Googlebot/2.1; +http://www.google.com/bot.html)"
66.249.70.2 - - [19/Jun/2025:12:42:36 -0400] "GET /shopdetail/220430963 HTTP/1.1" 200 127997 "-" "Mozilla/5.0 (Linux; Android 6.0.1; Nexus 5X Build/MMB29P) AppleWebKit/537.36 (KHTML, like Gecko) Chrome/137.0.7151.103 Mobile Safari/537.36 (compatible; Googlebot/2.1; +http://www.google.com/bot.html)"
66.249.70.2 - - [19/Jun/2025:12:42:36 -0400] "GET /data/?baut=PARISTOGEL HTTP/1.1" 200 129561 "-" "Mozilla/5.0 (Linux; Android 6.0.1; Nexus 5X Build/MMB29P) AppleWebKit/537.36 (KHTML, like Gecko) Chrome/137.0.7151.103 Mobile Safari/537.36 (compatible; Googlebot/2.1; +http://www.google.com/bot.html)"
66.249.70.2 - - [19/Jun/2025:12:42:37 -0400] "GET /shopdetail/144792563 HTTP/1.1" 200 142991 "-" "Mozilla/5.0 (Linux; Android 6.0.1; Nexus 5X Build/MMB29P) AppleWebKit/537.36 (KHTML, like Gecko) Chrome/137.0.7151.103 Mobile Safari/537.36 (compatible; Googlebot/2.1; +http://www.google.com/bot.html)"
70.39.147.11 - - [19/Jun/2025:12:42:45 -0400] "POST /wp-cron.php?doing_wp_cron=1750351365.9217081069946289062500 HTTP/1.1" 200 - "-" "WordPress/6.8.1; https://tdradiationshielding.com"
3.230.69.161 - - [19/Jun/2025:12:42:45 -0400] "GET /lead-vs-tungsten-for-radiation-shielding/ HTTP/1.1" 200 133241 "-" "Mozilla/5.0 AppleWebKit/537.36 (KHTML, like Gecko; compatible; Amazonbot/0.1; +https://developer.amazon.com/support/amazonbot) Chrome/119.0.6045.214 Safari/537.36"
66.249.70.4 - - [19/Jun/2025:12:43:01 -0400] "GET /zhHant/product/surugaya/22576991?campaign_uid=f64d716db5e979ed2f947dbaf4296895b951ae7f HTTP/1.1" 200 146096 "-" "Mozilla/5.0 (Linux; Android 6.0.1; Nexus 5X Build/MMB29P) AppleWebKit/537.36 (KHTML, like Gecko) Chrome/137.0.7151.103 Mobile Safari/537.36 (compatible; Googlebot/2.1; +http://www.google.com/bot.html)"
66.249.70.3 - - [19/Jun/2025:12:43:01 -0400] "GET /shopdetail/138301263 HTTP/1.1" 200 151133 "-" "Mozilla/5.0 (Linux; Android 6.0.1; Nexus 5X Build/MMB29P) AppleWebKit/537.36 (KHTML, like Gecko) Chrome/137.0.7151.103 Mobile Safari/537.36 (compatible; Googlebot/2.1; +http://www.google.com/bot.html)"
216.73.216.25 - - [19/Jun/2025:12:43:13 -0400] "GET /tel:4844726862?path=%2Fhome%2Ftdmfgi5%2Fmail HTTP/2.0" 200 167414 "-" "Mozilla/5.0 AppleWebKit/537.36 (KHTML, like Gecko; compatible; ClaudeBot/1.0; +claudebot@anthropic.com)"
70.39.147.11 - - [19/Jun/2025:12:44:08 -0400] "POST /wp-cron.php?doing_wp_cron=1750351448.6563549041748046875000 HTTP/1.1" 200 - "-" "WordPress/6.8.1; https://tdradiationshielding.com"
216.73.216.25 - - [19/Jun/2025:12:44:08 -0400] "GET /tel:4844726862?path=%2Fhome%2Ftdmfgi5%2FBackup+5.7.2020 HTTP/2.0" 200 90183 "-" "Mozilla/5.0 AppleWebKit/537.36 (KHTML, like Gecko; compatible; ClaudeBot/1.0; +claudebot@anthropic.com)"
66.249.70.3 - - [19/Jun/2025:12:44:18 -0400] "GET /index.phpsshopdetail/191958363 HTTP/1.1" 200 128777 "-" "Mozilla/5.0 (Linux; Android 6.0.1; Nexus 5X Build/MMB29P) AppleWebKit/537.36 (KHTML, like Gecko) Chrome/137.0.7151.103 Mobile Safari/537.36 (compatible; Googlebot/2.1; +http://www.google.com/bot.html)"
66.249.70.2 - - [19/Jun/2025:12:44:42 -0400] "GET /data/?baut=DUNIAVEGAS HTTP/1.1" 200 129561 "-" "Mozilla/5.0 (Linux; Android 6.0.1; Nexus 5X Build/MMB29P) AppleWebKit/537.36 (KHTML, like Gecko) Chrome/137.0.7151.103 Mobile Safari/537.36 (compatible; Googlebot/2.1; +http://www.google.com/bot.html)"
66.249.70.3 - - [19/Jun/2025:12:45:10 -0400] "GET /shopdetail/268921163 HTTP/1.1" 200 152618 "-" "Mozilla/5.0 (Linux; Android 6.0.1; Nexus 5X Build/MMB29P) AppleWebKit/537.36 (KHTML, like Gecko) Chrome/137.0.7151.103 Mobile Safari/537.36 (compatible; Googlebot/2.1; +http://www.google.com/bot.html)"
70.39.147.11 - - [19/Jun/2025:12:45:27 -0400] "POST /wp-cron.php?doing_wp_cron=1750351527.2377359867095947265625 HTTP/1.1" 200 - "-" "WordPress/6.8.1; https://tdradiationshielding.com"
216.73.216.25 - - [19/Jun/2025:12:45:26 -0400] "GET /tel:4844726862?path=%2Fhome%2Ftdmfgi5%2F.sqmaildata HTTP/2.0" 200 147693 "-" "Mozilla/5.0 AppleWebKit/537.36 (KHTML, like Gecko; compatible; ClaudeBot/1.0; +claudebot@anthropic.com)"
66.249.70.2 - - [19/Jun/2025:12:45:54 -0400] "POST /get-message-notify HTTP/1.1" 200 135360 "https://tdradiationshielding.com/index.phpsshopdetail/359630963" "Mozilla/5.0 (Linux; Android 6.0.1; Nexus 5X Build/MMB29P) AppleWebKit/537.36 (KHTML, like Gecko) Chrome/137.0.7151.68 Mobile Safari/537.36 (compatible; Googlebot/2.1; +http://www.google.com/bot.html)"
70.39.147.11 - - [19/Jun/2025:12:46:21 -0400] "POST /wp-cron.php?doing_wp_cron=1750351581.4106199741363525390625 HTTP/1.1" 200 - "-" "WordPress/6.8.1; https://tdradiationshielding.com"
216.73.216.25 - - [19/Jun/2025:12:46:21 -0400] "GET /tel:4844726862?filesrc=%2Fhome%2Ftdmfgi5%2F.viminfo&path=%2Fhome%2Ftdmfgi5 HTTP/2.0" 200 95790 "-" "Mozilla/5.0 AppleWebKit/537.36 (KHTML, like Gecko; compatible; ClaudeBot/1.0; +claudebot@anthropic.com)"
66.249.70.3 - - [19/Jun/2025:12:46:48 -0400] "GET /index.phpsshopdetail/258310163 HTTP/1.1" 200 133147 "-" "Mozilla/5.0 (Linux; Android 6.0.1; Nexus 5X Build/MMB29P) AppleWebKit/537.36 (KHTML, like Gecko) Chrome/137.0.7151.103 Mobile Safari/537.36 (compatible; Googlebot/2.1; +http://www.google.com/bot.html)"
66.249.70.2 - - [19/Jun/2025:12:47:21 -0400] "POST /get-message-notify HTTP/1.1" 200 135360 "https://tdradiationshielding.com/shopdetail/138301263" "Mozilla/5.0 (Linux; Android 6.0.1; Nexus 5X Build/MMB29P) AppleWebKit/537.36 (KHTML, like Gecko) Chrome/137.0.7151.68 Mobile Safari/537.36 (compatible; Googlebot/2.1; +http://www.google.com/bot.html)"
70.39.147.11 - - [19/Jun/2025:12:47:35 -0400] "POST /wp-cron.php?doing_wp_cron=1750351655.1772320270538330078125 HTTP/1.1" 200 - "-" "WordPress/6.8.1; https://tdradiationshielding.com"
216.73.216.25 - - [19/Jun/2025:12:47:34 -0400] "GET /tel:4844726862?filesrc=%2Fhome%2Ftdmfgi5%2F.ftpquota&path=%2Fhome%2Ftdmfgi5 HTTP/2.0" 200 89750 "-" "Mozilla/5.0 AppleWebKit/537.36 (KHTML, like Gecko; compatible; ClaudeBot/1.0; +claudebot@anthropic.com)"
70.39.147.11 - - [19/Jun/2025:12:48:32 -0400] "POST /wp-cron.php?doing_wp_cron=1750351712.1958360671997070312500 HTTP/1.1" 200 - "-" "WordPress/6.8.1; https://tdradiationshielding.com"
216.73.216.25 - - [19/Jun/2025:12:48:31 -0400] "GET /tel:4844726862?filesrc=%2Fhome%2Ftdmfgi5%2F.minos.db&path=%2Fhome%2Ftdmfgi5 HTTP/2.0" 200 89729 "-" "Mozilla/5.0 AppleWebKit/537.36 (KHTML, like Gecko; compatible; ClaudeBot/1.0; +claudebot@anthropic.com)"
34.206.249.188 - - [19/Jun/2025:12:49:09 -0400] "GET /products/tungsten-alloy-radiation-shielding-lead-free/ HTTP/1.1" 200 187940 "-" "Mozilla/5.0 AppleWebKit/537.36 (KHTML, like Gecko; compatible; Amazonbot/0.1; +https://developer.amazon.com/support/amazonbot) Chrome/119.0.6045.214 Safari/537.36"
35.171.117.160 - - [19/Jun/2025:12:49:13 -0400] "GET /products/pure-tungsten-anodes-for-x-ray-tubes/ HTTP/1.1" 200 183428 "-" "Mozilla/5.0 AppleWebKit/537.36 (KHTML, like Gecko; compatible; Amazonbot/0.1; +https://developer.amazon.com/support/amazonbot) Chrome/119.0.6045.214 Safari/537.36"
70.39.147.11 - - [19/Jun/2025:12:49:22 -0400] "POST /wp-cron.php?doing_wp_cron=1750351762.1628780364990234375000 HTTP/1.1" 200 - "-" "WordPress/6.8.1; https://tdradiationshielding.com"
216.73.216.25 - - [19/Jun/2025:12:49:21 -0400] "GET /tel:4844726862?path=%2Fhome%2Ftdmfgi5%2Fetc HTTP/2.0" 200 103604 "-" "Mozilla/5.0 AppleWebKit/537.36 (KHTML, like Gecko; compatible; ClaudeBot/1.0; +claudebot@anthropic.com)"
70.39.147.11 - - [19/Jun/2025:12:50:20 -0400] "POST /wp-cron.php?doing_wp_cron=1750351820.4462161064147949218750 HTTP/1.1" 200 - "-" "WordPress/6.8.1; https://tdradiationshielding.com"
216.73.216.25 - - [19/Jun/2025:12:50:20 -0400] "GET /tel:4844726862?path=%2Fhome%2Ftdmfgi5%2F.trash HTTP/2.0" 200 90138 "-" "Mozilla/5.0 AppleWebKit/537.36 (KHTML, like Gecko; compatible; ClaudeBot/1.0; +claudebot@anthropic.com)"
216.73.216.25 - - [19/Jun/2025:12:51:16 -0400] "GET /tel:4844726862?path=%2Fhome%2Ftdmfgi5%2Fquarantine HTTP/2.0" 200 94174 "-" "Mozilla/5.0 AppleWebKit/537.36 (KHTML, like Gecko; compatible; ClaudeBot/1.0; +claudebot@anthropic.com)"
70.39.147.11 - - [19/Jun/2025:12:51:38 -0400] "POST /wp-cron.php?doing_wp_cron=1750351898.9216589927673339843750 HTTP/1.1" 200 - "-" "WordPress/6.8.1; https://tdradiationshielding.com"
57.141.0.10 - - [19/Jun/2025:12:51:38 -0400] "GET /lead-products/ HTTP/2.0" 200 148412 "-" "meta-externalagent/1.1 (+https://developers.facebook.com/docs/sharing/webmasters/crawler)"
216.73.216.25 - - [19/Jun/2025:12:52:07 -0400] "GET /tel:4844726862?path=%2Fhome%2Ftdmfgi5%2F.spamassassin HTTP/2.0" 200 95520 "-" "Mozilla/5.0 AppleWebKit/537.36 (KHTML, like Gecko; compatible; ClaudeBot/1.0; +claudebot@anthropic.com)"
70.39.147.11 - - [19/Jun/2025:12:52:57 -0400] "POST /wp-cron.php?doing_wp_cron=1750351977.1499888896942138671875 HTTP/1.1" 200 - "-" "WordPress/6.8.1; https://tdradiationshielding.com"
216.73.216.25 - - [19/Jun/2025:12:52:56 -0400] "GET /tel:4844726862?path=%2Fhome%2Ftdmfgi5%2F.subaccounts HTTP/2.0" 200 91229 "-" "Mozilla/5.0 AppleWebKit/537.36 (KHTML, like Gecko; compatible; ClaudeBot/1.0; +claudebot@anthropic.com)"
70.39.147.11 - - [19/Jun/2025:12:53:56 -0400] "POST /wp-cron.php?doing_wp_cron=1750352036.4416010379791259765625 HTTP/1.1" 200 - "-" "WordPress/6.8.1; https://tdradiationshielding.com"
216.73.216.25 - - [19/Jun/2025:12:53:56 -0400] "GET /tel:4844726862?path=%2Fhome%2Ftdmfgi5%2Flogs HTTP/2.0" 200 184044 "-" "Mozilla/5.0 AppleWebKit/537.36 (KHTML, like Gecko; compatible; ClaudeBot/1.0; +claudebot@anthropic.com)"
66.249.70.3 - - [19/Jun/2025:12:54:32 -0400] "GET /data/?baut=naga303 HTTP/1.1" 200 129384 "-" "Mozilla/5.0 (Linux; Android 6.0.1; Nexus 5X Build/MMB29P) AppleWebKit/537.36 (KHTML, like Gecko) Chrome/137.0.7151.103 Mobile Safari/537.36 (compatible; Googlebot/2.1; +http://www.google.com/bot.html)"
66.249.70.3 - - [19/Jun/2025:12:54:56 -0400] "GET /index.phpsshopdetail/160163763 HTTP/1.1" 200 129579 "-" "Mozilla/5.0 (Linux; Android 6.0.1; Nexus 5X Build/MMB29P) AppleWebKit/537.36 (KHTML, like Gecko) Chrome/137.0.7151.103 Mobile Safari/537.36 (compatible; Googlebot/2.1; +http://www.google.com/bot.html)"
70.39.147.11 - - [19/Jun/2025:12:54:58 -0400] "POST /wp-cron.php?doing_wp_cron=1750352098.2565150260925292968750 HTTP/1.1" 200 - "-" "WordPress/6.8.1; https://tdradiationshielding.com"
216.73.216.25 - - [19/Jun/2025:12:54:58 -0400] "GET /tel:4844726862?filesrc=%2Fhome%2Ftdmfgi5%2F.contactemail&path=%2Fhome%2Ftdmfgi5 HTTP/2.0" 200 89754 "-" "Mozilla/5.0 AppleWebKit/537.36 (KHTML, like Gecko; compatible; ClaudeBot/1.0; +claudebot@anthropic.com)"
4.227.36.53 - - [19/Jun/2025:12:55:15 -0400] "GET /robots.txt HTTP/2.0" 200 137 "-" "Mozilla/5.0 AppleWebKit/537.36 (KHTML, like Gecko; compatible; GPTBot/1.2; +https://openai.com/gptbot)"
70.39.147.11 - - [19/Jun/2025:12:55:58 -0400] "POST /wp-cron.php?doing_wp_cron=1750352158.5647439956665039062500 HTTP/1.1" 200 - "-" "WordPress/6.8.1; https://tdradiationshielding.com"
216.73.216.25 - - [19/Jun/2025:12:55:58 -0400] "GET /tel:4844726862?path=%2Fhome%2Ftdmfgi5%2F.caldav HTTP/2.0" 200 123969 "-" "Mozilla/5.0 AppleWebKit/537.36 (KHTML, like Gecko; compatible; ClaudeBot/1.0; +claudebot@anthropic.com)"
66.249.70.2 - - [19/Jun/2025:12:56:10 -0400] "GET /data/?baut=e200m HTTP/1.1" 200 129266 "-" "Mozilla/5.0 (Linux; Android 6.0.1; Nexus 5X Build/MMB29P) AppleWebKit/537.36 (KHTML, like Gecko) Chrome/137.0.7151.103 Mobile Safari/537.36 (compatible; Googlebot/2.1; +http://www.google.com/bot.html)"
66.249.70.3 - - [19/Jun/2025:12:56:11 -0400] "GET /shopdetail/331065463 HTTP/1.1" 200 136023 "-" "Mozilla/5.0 (Linux; Android 6.0.1; Nexus 5X Build/MMB29P) AppleWebKit/537.36 (KHTML, like Gecko) Chrome/137.0.7151.103 Mobile Safari/537.36 (compatible; Googlebot/2.1; +http://www.google.com/bot.html)"
66.249.70.2 - - [19/Jun/2025:12:56:11 -0400] "GET /data/?baut=MEKAR99 HTTP/1.1" 200 129384 "-" "Mozilla/5.0 (Linux; Android 6.0.1; Nexus 5X Build/MMB29P) AppleWebKit/537.36 (KHTML, like Gecko) Chrome/137.0.7151.103 Mobile Safari/537.36 (compatible; Googlebot/2.1; +http://www.google.com/bot.html)"
70.39.147.11 - - [19/Jun/2025:12:56:51 -0400] "POST /wp-cron.php?doing_wp_cron=1750352211.3242199420928955078125 HTTP/1.1" 200 - "-" "WordPress/6.8.1; https://tdradiationshielding.com"
216.73.216.25 - - [19/Jun/2025:12:56:51 -0400] "GET /tel:4844726862?path=%2Fhome%2Ftdmfgi5%2Ftdmfginc.com HTTP/2.0" 200 92096 "-" "Mozilla/5.0 AppleWebKit/537.36 (KHTML, like Gecko; compatible; ClaudeBot/1.0; +claudebot@anthropic.com)"
66.249.70.3 - - [19/Jun/2025:12:57:01 -0400] "GET /index.phpsshopdetail/169958363 HTTP/1.1" 200 201551 "-" "Mozilla/5.0 (Linux; Android 6.0.1; Nexus 5X Build/MMB29P) AppleWebKit/537.36 (KHTML, like Gecko) Chrome/137.0.7151.103 Mobile Safari/537.36 (compatible; Googlebot/2.1; +http://www.google.com/bot.html)"
66.249.70.2 - - [19/Jun/2025:12:57:01 -0400] "GET /shopdetail/209361163 HTTP/1.1" 200 132025 "-" "Mozilla/5.0 (Linux; Android 6.0.1; Nexus 5X Build/MMB29P) AppleWebKit/537.36 (KHTML, like Gecko) Chrome/137.0.7151.103 Mobile Safari/537.36 (compatible; Googlebot/2.1; +http://www.google.com/bot.html)"
66.249.70.3 - - [19/Jun/2025:12:57:08 -0400] "POST /get-message-notify HTTP/1.1" 200 135360 "https://tdradiationshielding.com/shopdetail/331065463" "Mozilla/5.0 (Linux; Android 6.0.1; Nexus 5X Build/MMB29P) AppleWebKit/537.36 (KHTML, like Gecko) Chrome/137.0.7151.68 Mobile Safari/537.36 (compatible; Googlebot/2.1; +http://www.google.com/bot.html)"
66.249.64.107 - - [19/Jun/2025:12:57:17 -0400] "GET /shopdetail/3977463 HTTP/1.1" 200 125922 "-" "Mozilla/5.0 (Linux; Android 6.0.1; Nexus 5X Build/MMB29P) AppleWebKit/537.36 (KHTML, like Gecko) Chrome/137.0.7151.103 Mobile Safari/537.36 (compatible; Googlebot/2.1; +http://www.google.com/bot.html)"
66.249.70.2 - - [19/Jun/2025:12:57:33 -0400] "GET /index.phpsshopdetail/94035163 HTTP/1.1" 200 136093 "-" "Mozilla/5.0 (Linux; Android 6.0.1; Nexus 5X Build/MMB29P) AppleWebKit/537.36 (KHTML, like Gecko) Chrome/137.0.7151.103 Mobile Safari/537.36 (compatible; Googlebot/2.1; +http://www.google.com/bot.html)"
70.39.147.11 - - [19/Jun/2025:12:57:44 -0400] "POST /wp-cron.php?doing_wp_cron=1750352264.3439240455627441406250 HTTP/1.1" 200 - "-" "WordPress/6.8.1; https://tdradiationshielding.com"
216.73.216.25 - - [19/Jun/2025:12:57:44 -0400] "GET /tel:4844726862?path=%2Fhome%2Ftdmfgi5%2Fscanlogs HTTP/2.0" 200 91284 "-" "Mozilla/5.0 AppleWebKit/537.36 (KHTML, like Gecko; compatible; ClaudeBot/1.0; +claudebot@anthropic.com)"
66.249.64.106 - - [19/Jun/2025:12:57:50 -0400] "GET /shopdetail/346880563 HTTP/1.1" 200 153383 "-" "Mozilla/5.0 (Linux; Android 6.0.1; Nexus 5X Build/MMB29P) AppleWebKit/537.36 (KHTML, like Gecko) Chrome/137.0.7151.103 Mobile Safari/537.36 (compatible; Googlebot/2.1; +http://www.google.com/bot.html)"
66.249.70.4 - - [19/Jun/2025:12:58:07 -0400] "GET /index.phpsshopdetail/292411663 HTTP/1.1" 200 147268 "-" "Mozilla/5.0 (Linux; Android 6.0.1; Nexus 5X Build/MMB29P) AppleWebKit/537.36 (KHTML, like Gecko) Chrome/137.0.7151.103 Mobile Safari/537.36 (compatible; Googlebot/2.1; +http://www.google.com/bot.html)"
66.249.64.106 - - [19/Jun/2025:12:58:23 -0400] "GET /shopdetail/114145363 HTTP/1.1" 200 123038 "-" "Mozilla/5.0 (Linux; Android 6.0.1; Nexus 5X Build/MMB29P) AppleWebKit/537.36 (KHTML, like Gecko) Chrome/137.0.7151.103 Mobile Safari/537.36 (compatible; Googlebot/2.1; +http://www.google.com/bot.html)"
66.249.70.3 - - [19/Jun/2025:12:58:26 -0400] "GET /index.phpsshopdetail/333322263 HTTP/1.1" 200 139272 "-" "Mozilla/5.0 (Linux; Android 6.0.1; Nexus 5X Build/MMB29P) AppleWebKit/537.36 (KHTML, like Gecko) Chrome/137.0.7151.103 Mobile Safari/537.36 (compatible; Googlebot/2.1; +http://www.google.com/bot.html)"
70.39.147.11 - - [19/Jun/2025:12:58:37 -0400] "POST /wp-cron.php?doing_wp_cron=1750352317.4468660354614257812500 HTTP/1.1" 200 - "-" "WordPress/6.8.1; https://tdradiationshielding.com"
216.73.216.25 - - [19/Jun/2025:12:58:37 -0400] "GET /tel:4844726862?path=%2Fhome%2Ftdmfgi5%2F.tmb HTTP/2.0" 200 90128 "-" "Mozilla/5.0 AppleWebKit/537.36 (KHTML, like Gecko; compatible; ClaudeBot/1.0; +claudebot@anthropic.com)"
66.249.70.2 - - [19/Jun/2025:12:58:48 -0400] "GET /index.phpsshopdetail/380779563 HTTP/1.1" 200 133844 "-" "Mozilla/5.0 (Linux; Android 6.0.1; Nexus 5X Build/MMB29P) AppleWebKit/537.36 (KHTML, like Gecko) Chrome/137.0.7151.103 Mobile Safari/537.36 (compatible; Googlebot/2.1; +http://www.google.com/bot.html)"
66.249.64.107 - - [19/Jun/2025:12:59:21 -0400] "GET /oreka/plamodel_menu.html HTTP/1.1" 200 168933 "-" "Mozilla/5.0 (Linux; Android 6.0.1; Nexus 5X Build/MMB29P) AppleWebKit/537.36 (KHTML, like Gecko) Chrome/137.0.7151.103 Mobile Safari/537.36 (compatible; Googlebot/2.1; +http://www.google.com/bot.html)"
70.39.147.11 - - [19/Jun/2025:12:59:28 -0400] "POST /wp-cron.php?doing_wp_cron=1750352368.5315070152282714843750 HTTP/1.1" 200 - "-" "WordPress/6.8.1; https://tdradiationshielding.com"
216.73.216.25 - - [19/Jun/2025:12:59:28 -0400] "GET /tel:4844726862?path=%2Fhome%2Ftdmfgi5%2F.koality HTTP/2.0" 200 90148 "-" "Mozilla/5.0 AppleWebKit/537.36 (KHTML, like Gecko; compatible; ClaudeBot/1.0; +claudebot@anthropic.com)"
66.249.70.3 - - [19/Jun/2025:12:59:53 -0400] "GET /index.phpsshopdetail/157205763 HTTP/1.1" 200 128128 "-" "Mozilla/5.0 (Linux; Android 6.0.1; Nexus 5X Build/MMB29P) AppleWebKit/537.36 (KHTML, like Gecko) Chrome/137.0.7151.103 Mobile Safari/537.36 (compatible; Googlebot/2.1; +http://www.google.com/bot.html)"
70.39.147.11 - - [19/Jun/2025:13:00:25 -0400] "POST /wp-cron.php?doing_wp_cron=1750352425.0856900215148925781250 HTTP/1.1" 200 - "-" "WordPress/6.8.1; https://tdradiationshielding.com"
216.73.216.25 - - [19/Jun/2025:13:00:24 -0400] "GET /tel:4844726862?path=%2Fhome%2Ftdmfgi5%2F.cpaddons HTTP/2.0" 200 91110 "-" "Mozilla/5.0 AppleWebKit/537.36 (KHTML, like Gecko; compatible; ClaudeBot/1.0; +claudebot@anthropic.com)"
66.249.64.105 - - [19/Jun/2025:13:00:42 -0400] "GET /shopdetail/41992163 HTTP/1.1" 200 152471 "-" "Mozilla/5.0 (Linux; Android 6.0.1; Nexus 5X Build/MMB29P) AppleWebKit/537.36 (KHTML, like Gecko) Chrome/137.0.7151.103 Mobile Safari/537.36 (compatible; Googlebot/2.1; +http://www.google.com/bot.html)"
66.249.70.4 - - [19/Jun/2025:13:01:06 -0400] "GET /index.phpsshopdetail/161294263 HTTP/1.1" 200 134419 "-" "Mozilla/5.0 (Linux; Android 6.0.1; Nexus 5X Build/MMB29P) AppleWebKit/537.36 (KHTML, like Gecko) Chrome/137.0.7151.103 Mobile Safari/537.36 (compatible; Googlebot/2.1; +http://www.google.com/bot.html)"
70.39.147.11 - - [19/Jun/2025:13:01:24 -0400] "POST /wp-cron.php?doing_wp_cron=1750352484.4844779968261718750000 HTTP/1.1" 200 - "-" "WordPress/6.8.1; https://tdradiationshielding.com"
216.73.216.25 - - [19/Jun/2025:13:01:24 -0400] "GET /tel:4844726862?path=%2Fhome%2Ftdmfgi5%2F.cphorde HTTP/2.0" 200 95188 "-" "Mozilla/5.0 AppleWebKit/537.36 (KHTML, like Gecko; compatible; ClaudeBot/1.0; +claudebot@anthropic.com)"
70.39.147.11 - - [19/Jun/2025:13:01:54 -0400] "POST /wp-cron.php?doing_wp_cron=1750352514.3143999576568603515625 HTTP/1.1" 200 - "-" "WordPress/6.8.1; https://tdradiationshielding.com"
51.222.253.12 - - [19/Jun/2025:13:01:54 -0400] "GET / HTTP/2.0" 200 198104 "-" "Mozilla/5.0 (compatible; AhrefsBot/7.0; +http://ahrefs.com/robot/)"
66.249.64.105 - - [19/Jun/2025:13:01:54 -0400] "GET /shopdetail/2720763 HTTP/1.1" 200 134993 "-" "Mozilla/5.0 (Linux; Android 6.0.1; Nexus 5X Build/MMB29P) AppleWebKit/537.36 (KHTML, like Gecko) Chrome/137.0.7151.103 Mobile Safari/537.36 (compatible; Googlebot/2.1; +http://www.google.com/bot.html)"
66.249.70.2 - - [19/Jun/2025:13:01:55 -0400] "GET /index.phpsshopdetail/101732663 HTTP/1.1" 200 129537 "-" "Mozilla/5.0 (Linux; Android 6.0.1; Nexus 5X Build/MMB29P) AppleWebKit/537.36 (KHTML, like Gecko) Chrome/137.0.7151.103 Mobile Safari/537.36 (compatible; Googlebot/2.1; +http://www.google.com/bot.html)"
66.249.70.2 - - [19/Jun/2025:13:01:58 -0400] "POST /get-message-notify HTTP/1.1" 200 135360 "https://tdradiationshielding.com/index.phpsshopdetail/101732663" "Mozilla/5.0 (Linux; Android 6.0.1; Nexus 5X Build/MMB29P) AppleWebKit/537.36 (KHTML, like Gecko) Chrome/137.0.7151.68 Mobile Safari/537.36 (compatible; Googlebot/2.1; +http://www.google.com/bot.html)"
66.249.70.3 - - [19/Jun/2025:13:02:11 -0400] "GET /index.phpsshopdetail/92630763 HTTP/1.1" 200 134104 "-" "Mozilla/5.0 (Linux; Android 6.0.1; Nexus 5X Build/MMB29P) AppleWebKit/537.36 (KHTML, like Gecko) Chrome/137.0.7151.103 Mobile Safari/537.36 (compatible; Googlebot/2.1; +http://www.google.com/bot.html)"
216.73.216.25 - - [19/Jun/2025:13:02:15 -0400] "GET /tel:4844726862?path=%2Fhome%2Ftdmfgi5%2Fsandbox1.pur-tungsten.com HTTP/2.0" 200 118751 "-" "Mozilla/5.0 AppleWebKit/537.36 (KHTML, like Gecko; compatible; ClaudeBot/1.0; +claudebot@anthropic.com)"
66.249.64.107 - - [19/Jun/2025:13:02:37 -0400] "GET /shopdetail/251715063 HTTP/1.1" 200 139405 "-" "Mozilla/5.0 (Linux; Android 6.0.1; Nexus 5X Build/MMB29P) AppleWebKit/537.36 (KHTML, like Gecko) Chrome/137.0.7151.103 Mobile Safari/537.36 (compatible; Googlebot/2.1; +http://www.google.com/bot.html)"
216.73.216.25 - - [19/Jun/2025:13:03:03 -0400] "GET /tel:4844726862?path=%2Fhome%2Ftdmfgi5%2F.quarantine HTTP/2.0" 200 90163 "-" "Mozilla/5.0 AppleWebKit/537.36 (KHTML, like Gecko; compatible; ClaudeBot/1.0; +claudebot@anthropic.com)"
66.249.70.2 - - [19/Jun/2025:13:03:09 -0400] "GET /data/?baut=JONITOGEL HTTP/1.1" 200 129502 "-" "Mozilla/5.0 (Linux; Android 6.0.1; Nexus 5X Build/MMB29P) AppleWebKit/537.36 (KHTML, like Gecko) Chrome/137.0.7151.103 Mobile Safari/537.36 (compatible; Googlebot/2.1; +http://www.google.com/bot.html)"
66.249.66.33 - - [19/Jun/2025:13:03:10 -0400] "GET /index.phpsshopdetail/308979163 HTTP/1.1" 200 124361 "-" "Mozilla/5.0 (Linux; Android 6.0.1; Nexus 5X Build/MMB29P) AppleWebKit/537.36 (KHTML, like Gecko) Chrome/137.0.7151.103 Mobile Safari/537.36 (compatible; Googlebot/2.1; +http://www.google.com/bot.html)"
66.249.64.107 - - [19/Jun/2025:13:03:43 -0400] "GET /shopdetail/216213963 HTTP/1.1" 200 142904 "-" "Mozilla/5.0 (Linux; Android 6.0.1; Nexus 5X Build/MMB29P) AppleWebKit/537.36 (KHTML, like Gecko) Chrome/137.0.7151.103 Mobile Safari/537.36 (compatible; Googlebot/2.1; +http://www.google.com/bot.html)"
70.39.147.11 - - [19/Jun/2025:13:04:02 -0400] "POST /wp-cron.php?doing_wp_cron=1750352642.2221260070800781250000 HTTP/1.1" 200 - "-" "WordPress/6.8.1; https://tdradiationshielding.com"
216.73.216.25 - - [19/Jun/2025:13:04:01 -0400] "GET /tel:4844726862?path=%2Fhome%2Ftdmfgi5%2F.htpasswds HTTP/2.0" 200 92138 "-" "Mozilla/5.0 AppleWebKit/537.36 (KHTML, like Gecko; compatible; ClaudeBot/1.0; +claudebot@anthropic.com)"
66.249.70.3 - - [19/Jun/2025:13:04:16 -0400] "GET /index.phpsshopdetail/190038663 HTTP/1.1" 200 152339 "-" "Mozilla/5.0 (Linux; Android 6.0.1; Nexus 5X Build/MMB29P) AppleWebKit/537.36 (KHTML, like Gecko) Chrome/137.0.7151.103 Mobile Safari/537.36 (compatible; Googlebot/2.1; +http://www.google.com/bot.html)"
66.249.64.107 - - [19/Jun/2025:13:05:04 -0400] "GET /shopdetail/374805363 HTTP/1.1" 200 120908 "-" "Mozilla/5.0 (Linux; Android 6.0.1; Nexus 5X Build/MMB29P) AppleWebKit/537.36 (KHTML, like Gecko) Chrome/137.0.7151.103 Mobile Safari/537.36 (compatible; Googlebot/2.1; +http://www.google.com/bot.html)"
70.39.147.11 - - [19/Jun/2025:13:05:09 -0400] "POST /wp-cron.php?doing_wp_cron=1750352709.2274029254913330078125 HTTP/1.1" 200 - "-" "WordPress/6.8.1; https://tdradiationshielding.com"
216.73.216.25 - - [19/Jun/2025:13:05:08 -0400] "GET /tel:4844726862?aksi=buatfolder&path=%2Fhome%2Ftdmfgi5%2Ftdradiationshielding.com%2Fwp-admin HTTP/2.0" 200 90219 "-" "Mozilla/5.0 AppleWebKit/537.36 (KHTML, like Gecko; compatible; ClaudeBot/1.0; +claudebot@anthropic.com)"
66.249.70.2 - - [19/Jun/2025:13:05:15 -0400] "GET /products/tungsten-alloy-syringe-shield/ HTTP/1.1" 200 126015 "-" "Mozilla/5.0 (Linux; Android 6.0.1; Nexus 5X Build/MMB29P) AppleWebKit/537.36 (KHTML, like Gecko) Chrome/137.0.7151.103 Mobile Safari/537.36 (compatible; Googlebot/2.1; +http://www.google.com/bot.html)"
66.249.70.2 - - [19/Jun/2025:13:05:21 -0400] "GET /index.phpsshopdetail/51040363 HTTP/1.1" 200 132713 "-" "Mozilla/5.0 (Linux; Android 6.0.1; Nexus 5X Build/MMB29P) AppleWebKit/537.36 (KHTML, like Gecko) Chrome/137.0.7151.103 Mobile Safari/537.36 (compatible; Googlebot/2.1; +http://www.google.com/bot.html)"
66.249.64.105 - - [19/Jun/2025:13:05:54 -0400] "GET /shopdetail/319976763 HTTP/1.1" 200 130885 "-" "Mozilla/5.0 (Linux; Android 6.0.1; Nexus 5X Build/MMB29P) AppleWebKit/537.36 (KHTML, like Gecko) Chrome/137.0.7151.103 Mobile Safari/537.36 (compatible; Googlebot/2.1; +http://www.google.com/bot.html)"
66.249.70.2 - - [19/Jun/2025:13:05:56 -0400] "POST /get-message-notify HTTP/1.1" 200 135360 "https://tdradiationshielding.com/products/tungsten-alloy-syringe-shield/" "Mozilla/5.0 (Linux; Android 6.0.1; Nexus 5X Build/MMB29P) AppleWebKit/537.36 (KHTML, like Gecko) Chrome/137.0.7151.68 Mobile Safari/537.36 (compatible; Googlebot/2.1; +http://www.google.com/bot.html)"
70.39.147.11 - - [19/Jun/2025:13:06:05 -0400] "POST /wp-cron.php?doing_wp_cron=1750352765.1619169712066650390625 HTTP/1.1" 200 - "-" "WordPress/6.8.1; https://tdradiationshielding.com"
216.73.216.25 - - [19/Jun/2025:13:06:04 -0400] "GET /tel:4844726862?filesrc=%2Fhome%2Ftdmfgi5%2F.archived-accounts.json&path=%2Fhome%2Ftdmfgi5 HTTP/2.0" 200 90129 "-" "Mozilla/5.0 AppleWebKit/537.36 (KHTML, like Gecko; compatible; ClaudeBot/1.0; +claudebot@anthropic.com)"
66.249.70.4 - - [19/Jun/2025:13:06:39 -0400] "GET /index.phpsshopdetail/1048863 HTTP/1.1" 200 134500 "-" "Mozilla/5.0 (Linux; Android 6.0.1; Nexus 5X Build/MMB29P) AppleWebKit/537.36 (KHTML, like Gecko) Chrome/137.0.7151.103 Mobile Safari/537.36 (compatible; Googlebot/2.1; +http://www.google.com/bot.html)"
70.39.147.11 - - [19/Jun/2025:13:06:55 -0400] "POST /wp-cron.php?doing_wp_cron=1750352815.3052079677581787109375 HTTP/1.1" 200 - "-" "WordPress/6.8.1; https://tdradiationshielding.com"
216.73.216.25 - - [19/Jun/2025:13:06:55 -0400] "GET /tel:4844726862?aksi=buatfolder&path=%2Fhome%2Ftdmfgi5%2Ftdradiationshielding.com%2Fcgi-bin HTTP/2.0" 200 90214 "-" "Mozilla/5.0 AppleWebKit/537.36 (KHTML, like Gecko; compatible; ClaudeBot/1.0; +claudebot@anthropic.com)"
66.249.70.3 - - [19/Jun/2025:13:06:58 -0400] "GET /data/?baut=MARS4D HTTP/1.1" 200 129325 "-" "Mozilla/5.0 (Linux; Android 6.0.1; Nexus 5X Build/MMB29P) AppleWebKit/537.36 (KHTML, like Gecko) Chrome/137.0.7151.103 Mobile Safari/537.36 (compatible; Googlebot/2.1; +http://www.google.com/bot.html)"
66.249.70.3 - - [19/Jun/2025:13:07:22 -0400] "GET /index.phpshopdetail/238046163 HTTP/1.1" 200 136632 "-" "Mozilla/5.0 (Linux; Android 6.0.1; Nexus 5X Build/MMB29P) AppleWebKit/537.36 (KHTML, like Gecko) Chrome/137.0.7151.103 Mobile Safari/537.36 (compatible; Googlebot/2.1; +http://www.google.com/bot.html)"
66.249.70.3 - - [19/Jun/2025:13:07:28 -0400] "GET /data/?baut=ARENADEWA HTTP/1.1" 200 129502 "-" "Mozilla/5.0 (Linux; Android 6.0.1; Nexus 5X Build/MMB29P) AppleWebKit/537.36 (KHTML, like Gecko) Chrome/137.0.7151.103 Mobile Safari/537.36 (compatible; Googlebot/2.1; +http://www.google.com/bot.html)"
66.249.64.107 - - [19/Jun/2025:13:07:33 -0400] "GET /shopdetail/126477363 HTTP/1.1" 200 138347 "-" "Mozilla/5.0 (Linux; Android 6.0.1; Nexus 5X Build/MMB29P) AppleWebKit/537.36 (KHTML, like Gecko) Chrome/137.0.7151.103 Mobile Safari/537.36 (compatible; Googlebot/2.1; +http://www.google.com/bot.html)"
70.39.147.11 - - [19/Jun/2025:13:07:41 -0400] "POST /wp-cron.php?doing_wp_cron=1750352861.1649210453033447265625 HTTP/1.1" 200 - "-" "WordPress/6.8.1; https://tdradiationshielding.com"
216.73.216.25 - - [19/Jun/2025:13:07:40 -0400] "GET /tel:4844726862?aksi=ransom&path=%2Fhome%2Ftdmfgi5%2Ftdradiationshielding.com%2Fwp-admin HTTP/2.0" 200 200072 "-" "Mozilla/5.0 AppleWebKit/537.36 (KHTML, like Gecko; compatible; ClaudeBot/1.0; +claudebot@anthropic.com)"
66.249.70.2 - - [19/Jun/2025:13:07:56 -0400] "POST /get-message-notify HTTP/1.1" 200 135360 "https://tdradiationshielding.com/index.phpsshopdetail/51040363" "Mozilla/5.0 (Linux; Android 6.0.1; Nexus 5X Build/MMB29P) AppleWebKit/537.36 (KHTML, like Gecko) Chrome/137.0.7151.68 Mobile Safari/537.36 (compatible; Googlebot/2.1; +http://www.google.com/bot.html)"
66.249.70.2 - - [19/Jun/2025:13:07:57 -0400] "POST /get-message-notify HTTP/1.1" 200 135360 "https://tdradiationshielding.com/index.phpshopdetail/238046163" "Mozilla/5.0 (Linux; Android 6.0.1; Nexus 5X Build/MMB29P) AppleWebKit/537.36 (KHTML, like Gecko) Chrome/137.0.7151.68 Mobile Safari/537.36 (compatible; Googlebot/2.1; +http://www.google.com/bot.html)"
66.249.70.4 - - [19/Jun/2025:13:08:10 -0400] "GET /index.phpsshopdetail/85639263 HTTP/1.1" 200 128982 "-" "Mozilla/5.0 (Linux; Android 6.0.1; Nexus 5X Build/MMB29P) AppleWebKit/537.36 (KHTML, like Gecko) Chrome/137.0.7151.103 Mobile Safari/537.36 (compatible; Googlebot/2.1; +http://www.google.com/bot.html)"
66.249.70.3 - - [19/Jun/2025:13:08:10 -0400] "GET /index.phpsshopdetail/233429263 HTTP/1.1" 200 130404 "-" "Mozilla/5.0 (Linux; Android 6.0.1; Nexus 5X Build/MMB29P) AppleWebKit/537.36 (KHTML, like Gecko) Chrome/137.0.7151.103 Mobile Safari/537.36 (compatible; Googlebot/2.1; +http://www.google.com/bot.html)"
66.249.70.4 - - [19/Jun/2025:13:08:11 -0400] "GET /index.phpsshopdetail/104896663 HTTP/1.1" 200 138322 "-" "Mozilla/5.0 (Linux; Android 6.0.1; Nexus 5X Build/MMB29P) AppleWebKit/537.36 (KHTML, like Gecko) Chrome/137.0.7151.103 Mobile Safari/537.36 (compatible; Googlebot/2.1; +http://www.google.com/bot.html)"
66.249.70.3 - - [19/Jun/2025:13:08:19 -0400] "POST /get-message-notify HTTP/1.1" 200 135360 "https://tdradiationshielding.com/index.phpsshopdetail/104896663" "Mozilla/5.0 (Linux; Android 6.0.1; Nexus 5X Build/MMB29P) AppleWebKit/537.36 (KHTML, like Gecko) Chrome/137.0.7151.68 Mobile Safari/537.36 (compatible; Googlebot/2.1; +http://www.google.com/bot.html)"
70.39.147.11 - - [19/Jun/2025:13:08:28 -0400] "POST /wp-cron.php?doing_wp_cron=1750352908.8260130882263183593750 HTTP/1.1" 200 - "-" "WordPress/6.8.1; https://tdradiationshielding.com"
216.73.216.25 - - [19/Jun/2025:13:08:28 -0400] "GET /tel:4844726862?path=%2Fhome%2Ftdmfgi5%2F.autorespond HTTP/2.0" 200 91209 "-" "Mozilla/5.0 AppleWebKit/537.36 (KHTML, like Gecko; compatible; ClaudeBot/1.0; +claudebot@anthropic.com)"
66.249.64.107 - - [19/Jun/2025:13:09:01 -0400] "GET /shopdetail/352391163 HTTP/1.1" 200 131371 "-" "Mozilla/5.0 (Linux; Android 6.0.1; Nexus 5X Build/MMB29P) AppleWebKit/537.36 (KHTML, like Gecko) Chrome/137.0.7151.103 Mobile Safari/537.36 (compatible; Googlebot/2.1; +http://www.google.com/bot.html)"
216.73.216.25 - - [19/Jun/2025:13:09:16 -0400] "GET /tel:4844726862?aksi=ransom&path=%2Fhome%2Ftdmfgi5%2Ftdradiationshielding.com%2Fcgi-bin HTTP/2.0" 200 90327 "-" "Mozilla/5.0 AppleWebKit/537.36 (KHTML, like Gecko; compatible; ClaudeBot/1.0; +claudebot@anthropic.com)"
