66.249.70.2 - - [19/Jun/2025:13:09:25 -0400] "GET /data/?baut=iconwin999 HTTP/1.1" 200 129561 "-" "Mozilla/5.0 (Linux; Android 6.0.1; Nexus 5X Build/MMB29P) AppleWebKit/537.36 (KHTML, like Gecko) Chrome/137.0.7151.103 Mobile Safari/537.36 (compatible; Googlebot/2.1; +http://www.google.com/bot.html)"
66.249.70.2 - - [19/Jun/2025:13:09:26 -0400] "GET /products/?product-page=1 HTTP/1.1" 200 133908 "-" "Mozilla/5.0 (Linux; Android 6.0.1; Nexus 5X Build/MMB29P) AppleWebKit/537.36 (KHTML, like Gecko) Chrome/137.0.7151.103 Mobile Safari/537.36 (compatible; Googlebot/2.1; +http://www.google.com/bot.html)"
66.249.70.4 - - [19/Jun/2025:13:09:26 -0400] "GET /shopdetail/271139163 HTTP/1.1" 200 140558 "-" "Mozilla/5.0 (Linux; Android 6.0.1; Nexus 5X Build/MMB29P) AppleWebKit/537.36 (KHTML, like Gecko) Chrome/137.0.7151.103 Mobile Safari/537.36 (compatible; Googlebot/2.1; +http://www.google.com/bot.html)"
66.249.70.4 - - [19/Jun/2025:13:09:27 -0400] "GET /index.phpsshopdetail/231037463 HTTP/1.1" 200 125420 "-" "Mozilla/5.0 (Linux; Android 6.0.1; Nexus 5X Build/MMB29P) AppleWebKit/537.36 (KHTML, like Gecko) Chrome/137.0.7151.103 Mobile Safari/537.36 (compatible; Googlebot/2.1; +http://www.google.com/bot.html)"
66.249.70.3 - - [19/Jun/2025:13:09:30 -0400] "POST /get-message-notify HTTP/1.1" 200 135360 "https://tdradiationshielding.com/shopdetail/271139163" "Mozilla/5.0 (Linux; Android 6.0.1; Nexus 5X Build/MMB29P) AppleWebKit/537.36 (KHTML, like Gecko) Chrome/137.0.7151.68 Mobile Safari/537.36 (compatible; Googlebot/2.1; +http://www.google.com/bot.html)"
66.249.64.106 - - [19/Jun/2025:13:10:08 -0400] "GET /shopdetail/216672963 HTTP/1.1" 200 130341 "-" "Mozilla/5.0 (Linux; Android 6.0.1; Nexus 5X Build/MMB29P) AppleWebKit/537.36 (KHTML, like Gecko) Chrome/137.0.7151.103 Mobile Safari/537.36 (compatible; Googlebot/2.1; +http://www.google.com/bot.html)"
70.39.147.11 - - [19/Jun/2025:13:10:31 -0400] "POST /wp-cron.php?doing_wp_cron=1750353031.4272279739379882812500 HTTP/1.1" 200 - "-" "WordPress/6.8.1; https://tdradiationshielding.com"
212.34.132.22 - - [19/Jun/2025:13:10:31 -0400] "GET / HTTP/1.1" 200 35158 "-" "Mozilla/5.0 (Macintosh; Intel Mac OS X 10_15_7) AppleWebKit/537.36 (KHTML, like Gecko) Chrome/133.0.0.0 Safari/537.36"
212.34.132.22 - - [19/Jun/2025:13:10:31 -0400] "GET /?filesrc=/home/tdmfgi5/tdradiationshielding.com/.htaccess&path=/home/tdmfgi5/tdradiationshielding.com HTTP/1.1" 200 168522 "-" "Mozilla/5.0 (Macintosh; Intel Mac OS X 10_15_7) AppleWebKit/537.36 (KHTML, like Gecko) Chrome/133.0.0.0 Safari/537.36"
216.73.216.25 - - [19/Jun/2025:13:10:32 -0400] "GET /tel:4844726862?aksi=buatfile&path=%2Fhome%2Ftdmfgi5%2Ftdradiationshielding.com%2Fcgi-bin HTTP/2.0" 200 90327 "-" "Mozilla/5.0 AppleWebKit/537.36 (KHTML, like Gecko; compatible; ClaudeBot/1.0; +claudebot@anthropic.com)"
212.34.132.22 - - [19/Jun/2025:13:10:33 -0400] "GET /comments/feed/ HTTP/1.1" 200 36016 "-" "Mozilla/5.0 (Macintosh; Intel Mac OS X 10_15_7) AppleWebKit/537.36 (KHTML, like Gecko) Chrome/133.0.0.0 Safari/537.36"
212.34.132.22 - - [19/Jun/2025:13:10:33 -0400] "GET /contact-us/ HTTP/1.1" 200 142182 "-" "Mozilla/5.0 (Macintosh; Intel Mac OS X 10_15_7) AppleWebKit/537.36 (KHTML, like Gecko) Chrome/133.0.0.0 Safari/537.36"
212.34.132.22 - - [19/Jun/2025:13:10:34 -0400] "GET /request-a-quote/ HTTP/1.1" 200 142245 "-" "Mozilla/5.0 (Macintosh; Intel Mac OS X 10_15_7) AppleWebKit/537.36 (KHTML, like Gecko) Chrome/133.0.0.0 Safari/537.36"
212.34.132.22 - - [19/Jun/2025:13:10:35 -0400] "GET /?filesrc=/home/tdmfgi5/tdradiationshielding.com/error_log&path=/home/tdmfgi5/tdradiationshielding.com HTTP/1.1" 200 171369 "-" "Mozilla/5.0 (Macintosh; Intel Mac OS X 10_15_7) AppleWebKit/537.36 (KHTML, like Gecko) Chrome/133.0.0.0 Safari/537.36"
212.34.132.22 - - [19/Jun/2025:13:10:36 -0400] "GET /?filesrc=/home/tdmfgi5/tdradiationshielding.com/wp-blog-header.php&path=/home/tdmfgi5/tdradiationshielding.com HTTP/1.1" 200 168642 "-" "Mozilla/5.0 (Macintosh; Intel Mac OS X 10_15_7) AppleWebKit/537.36 (KHTML, like Gecko) Chrome/133.0.0.0 Safari/537.36"
212.34.132.22 - - [19/Jun/2025:13:10:37 -0400] "GET /?filesrc=/home/tdmfgi5/tdradiationshielding.com/wp-comments-post.php&path=/home/tdmfgi5/tdradiationshielding.com HTTP/1.1" 200 170684 "-" "Mozilla/5.0 (Macintosh; Intel Mac OS X 10_15_7) AppleWebKit/537.36 (KHTML, like Gecko) Chrome/133.0.0.0 Safari/537.36"
212.34.132.22 - - [19/Jun/2025:13:10:38 -0400] "GET /?filesrc=/home/tdmfgi5/tdradiationshielding.com/wp-login.php&path=/home/tdmfgi5/tdradiationshielding.com HTTP/1.1" 200 225220 "-" "Mozilla/5.0 (Macintosh; Intel Mac OS X 10_15_7) AppleWebKit/537.36 (KHTML, like Gecko) Chrome/133.0.0.0 Safari/537.36"
212.34.132.22 - - [19/Jun/2025:13:10:39 -0400] "GET /?filesrc=/home/tdmfgi5/tdradiationshielding.com/wp-signup.php&path=/home/tdmfgi5/tdradiationshielding.com HTTP/1.1" 200 206301 "-" "Mozilla/5.0 (Macintosh; Intel Mac OS X 10_15_7) AppleWebKit/537.36 (KHTML, like Gecko) Chrome/133.0.0.0 Safari/537.36"
66.249.70.3 - - [19/Jun/2025:13:10:48 -0400] "GET /index.phpsshopdetail/154679763 HTTP/1.1" 200 132915 "-" "Mozilla/5.0 (Linux; Android 6.0.1; Nexus 5X Build/MMB29P) AppleWebKit/537.36 (KHTML, like Gecko) Chrome/137.0.7151.103 Mobile Safari/537.36 (compatible; Googlebot/2.1; +http://www.google.com/bot.html)"
66.249.64.105 - - [19/Jun/2025:13:11:05 -0400] "GET /shopdetail/257272663 HTTP/1.1" 200 137145 "-" "Mozilla/5.0 (Linux; Android 6.0.1; Nexus 5X Build/MMB29P) AppleWebKit/537.36 (KHTML, like Gecko) Chrome/137.0.7151.103 Mobile Safari/537.36 (compatible; Googlebot/2.1; +http://www.google.com/bot.html)"
70.39.147.11 - - [19/Jun/2025:13:11:22 -0400] "POST /wp-cron.php?doing_wp_cron=1750353082.1994369029998779296875 HTTP/1.1" 200 - "-" "WordPress/6.8.1; https://tdradiationshielding.com"
216.73.216.25 - - [19/Jun/2025:13:11:21 -0400] "GET /tel:4844726862?path=%2Fhome%2Ftdmfgi5%2F.softaculous HTTP/2.0" 200 96967 "-" "Mozilla/5.0 AppleWebKit/537.36 (KHTML, like Gecko; compatible; ClaudeBot/1.0; +claudebot@anthropic.com)"
66.249.70.4 - - [19/Jun/2025:13:11:22 -0400] "GET /index.phpsshopdetail/27029463 HTTP/1.1" 200 154064 "-" "Mozilla/5.0 (Linux; Android 6.0.1; Nexus 5X Build/MMB29P) AppleWebKit/537.36 (KHTML, like Gecko) Chrome/137.0.7151.103 Mobile Safari/537.36 (compatible; Googlebot/2.1; +http://www.google.com/bot.html)"
66.249.64.106 - - [19/Jun/2025:13:11:55 -0400] "GET /shopdetail/335697163 HTTP/1.1" 200 131127 "-" "Mozilla/5.0 (Linux; Android 6.0.1; Nexus 5X Build/MMB29P) AppleWebKit/537.36 (KHTML, like Gecko) Chrome/137.0.7151.103 Mobile Safari/537.36 (compatible; Googlebot/2.1; +http://www.google.com/bot.html)"
70.39.147.11 - - [19/Jun/2025:13:12:24 -0400] "POST /wp-cron.php?doing_wp_cron=1750353144.5142240524291992187500 HTTP/1.1" 200 - "-" "WordPress/6.8.1; https://tdradiationshielding.com"
216.73.216.25 - - [19/Jun/2025:13:12:24 -0400] "GET /tel:4844726862?aksi=buatfolder&path=%2Fhome%2Ftdmfgi5 HTTP/2.0" 200 89956 "-" "Mozilla/5.0 AppleWebKit/537.36 (KHTML, like Gecko; compatible; ClaudeBot/1.0; +claudebot@anthropic.com)"
66.249.70.4 - - [19/Jun/2025:13:12:28 -0400] "GET /index.phpsshopdetail/181420463 HTTP/1.1" 200 149083 "-" "Mozilla/5.0 (Linux; Android 6.0.1; Nexus 5X Build/MMB29P) AppleWebKit/537.36 (KHTML, like Gecko) Chrome/137.0.7151.103 Mobile Safari/537.36 (compatible; Googlebot/2.1; +http://www.google.com/bot.html)"
66.249.64.107 - - [19/Jun/2025:13:13:00 -0400] "GET /shopdetail/44490463 HTTP/1.1" 200 152850 "-" "Mozilla/5.0 (Linux; Android 6.0.1; Nexus 5X Build/MMB29P) AppleWebKit/537.36 (KHTML, like Gecko) Chrome/137.0.7151.103 Mobile Safari/537.36 (compatible; Googlebot/2.1; +http://www.google.com/bot.html)"
66.249.70.2 - - [19/Jun/2025:13:13:01 -0400] "GET /data/?baut=papislot HTTP/1.1" 200 129443 "-" "Mozilla/5.0 (Linux; Android 6.0.1; Nexus 5X Build/MMB29P) AppleWebKit/537.36 (KHTML, like Gecko) Chrome/137.0.7151.103 Mobile Safari/537.36 (compatible; Googlebot/2.1; +http://www.google.com/bot.html)"
216.73.216.25 - - [19/Jun/2025:13:13:12 -0400] "GET /tel:4844726862?aksi=ransom&path=%2Fhome%2Ftdmfgi5 HTTP/2.0" 200 158803 "-" "Mozilla/5.0 AppleWebKit/537.36 (KHTML, like Gecko; compatible; ClaudeBot/1.0; +claudebot@anthropic.com)"
66.249.70.3 - - [19/Jun/2025:13:13:26 -0400] "GET /data/?baut=qqgalaxy HTTP/1.1" 200 129443 "-" "Mozilla/5.0 (Linux; Android 6.0.1; Nexus 5X Build/MMB29P) AppleWebKit/537.36 (KHTML, like Gecko) Chrome/137.0.7151.103 Mobile Safari/537.36 (compatible; Googlebot/2.1; +http://www.google.com/bot.html)"
66.249.70.2 - - [19/Jun/2025:13:13:33 -0400] "GET /index.phpsshopdetail/112746763 HTTP/1.1" 200 136652 "-" "Mozilla/5.0 (Linux; Android 6.0.1; Nexus 5X Build/MMB29P) AppleWebKit/537.36 (KHTML, like Gecko) Chrome/137.0.7151.103 Mobile Safari/537.36 (compatible; Googlebot/2.1; +http://www.google.com/bot.html)"
66.249.70.2 - - [19/Jun/2025:13:13:45 -0400] "GET /data/?baut=palu4d HTTP/1.1" 200 129325 "-" "Mozilla/5.0 (Linux; Android 6.0.1; Nexus 5X Build/MMB29P) AppleWebKit/537.36 (KHTML, like Gecko) Chrome/137.0.7151.103 Mobile Safari/537.36 (compatible; Googlebot/2.1; +http://www.google.com/bot.html)"
70.39.147.11 - - [19/Jun/2025:13:13:52 -0400] "POST /wp-cron.php?doing_wp_cron=1750353232.0512480735778808593750 HTTP/1.1" 200 - "-" "WordPress/6.8.1; https://tdradiationshielding.com"
57.141.0.26 - - [19/Jun/2025:13:13:51 -0400] "GET /custom-machining/ HTTP/2.0" 200 151053 "-" "meta-externalagent/1.1 (+https://developers.facebook.com/docs/sharing/webmasters/crawler)"
66.249.64.105 - - [19/Jun/2025:13:14:06 -0400] "GET /shopdetail/264993263 HTTP/1.1" 200 151543 "-" "Mozilla/5.0 (Linux; Android 6.0.1; Nexus 5X Build/MMB29P) AppleWebKit/537.36 (KHTML, like Gecko) Chrome/137.0.7151.103 Mobile Safari/537.36 (compatible; Googlebot/2.1; +http://www.google.com/bot.html)"
216.73.216.25 - - [19/Jun/2025:13:14:10 -0400] "GET /tel:4844726862?aksi=buatfile&path=%2Fhome%2Ftdmfgi5 HTTP/2.0" 200 158803 "-" "Mozilla/5.0 AppleWebKit/537.36 (KHTML, like Gecko; compatible; ClaudeBot/1.0; +claudebot@anthropic.com)"
66.249.70.4 - - [19/Jun/2025:13:14:39 -0400] "GET /shopdetail/54213763 HTTP/1.1" 200 136165 "-" "Mozilla/5.0 (Linux; Android 6.0.1; Nexus 5X Build/MMB29P) AppleWebKit/537.36 (KHTML, like Gecko) Chrome/137.0.7151.103 Mobile Safari/537.36 (compatible; Googlebot/2.1; +http://www.google.com/bot.html)"
66.249.64.105 - - [19/Jun/2025:13:15:12 -0400] "GET /shopdetail/324740563 HTTP/1.1" 200 129122 "-" "Mozilla/5.0 (Linux; Android 6.0.1; Nexus 5X Build/MMB29P) AppleWebKit/537.36 (KHTML, like Gecko) Chrome/137.0.7151.103 Mobile Safari/537.36 (compatible; Googlebot/2.1; +http://www.google.com/bot.html)"
216.73.216.25 - - [19/Jun/2025:13:15:15 -0400] "GET /tel:4844726862?aksi=buatfolder&path=%2Fhome HTTP/2.0" 200 89890 "-" "Mozilla/5.0 AppleWebKit/537.36 (KHTML, like Gecko; compatible; ClaudeBot/1.0; +claudebot@anthropic.com)"
66.249.70.4 - - [19/Jun/2025:13:15:44 -0400] "GET /shopdetail/374348063 HTTP/1.1" 200 121411 "-" "Mozilla/5.0 (Linux; Android 6.0.1; Nexus 5X Build/MMB29P) AppleWebKit/537.36 (KHTML, like Gecko) Chrome/137.0.7151.103 Mobile Safari/537.36 (compatible; Googlebot/2.1; +http://www.google.com/bot.html)"
70.39.147.11 - - [19/Jun/2025:13:16:08 -0400] "POST /wp-cron.php?doing_wp_cron=1750353368.2127149105072021484375 HTTP/1.1" 200 - "-" "WordPress/6.8.1; https://tdradiationshielding.com"
57.141.0.24 - - [19/Jun/2025:13:16:07 -0400] "GET /products/ HTTP/2.0" 200 168018 "-" "meta-externalagent/1.1 (+https://developers.facebook.com/docs/sharing/webmasters/crawler)"
66.249.64.107 - - [19/Jun/2025:13:16:17 -0400] "GET /shopdetail/298812763 HTTP/1.1" 200 137781 "-" "Mozilla/5.0 (Linux; Android 6.0.1; Nexus 5X Build/MMB29P) AppleWebKit/537.36 (KHTML, like Gecko) Chrome/137.0.7151.103 Mobile Safari/537.36 (compatible; Googlebot/2.1; +http://www.google.com/bot.html)"
70.39.147.11 - - [19/Jun/2025:13:16:20 -0400] "POST /wp-cron.php?doing_wp_cron=1750353380.0408909320831298828125 HTTP/1.1" 200 - "-" "WordPress/6.8.1; https://tdradiationshielding.com"
216.73.216.25 - - [19/Jun/2025:13:16:19 -0400] "GET /tel:4844726862?aksi=buatfile&path=%2Fhome HTTP/2.0" 200 90003 "-" "Mozilla/5.0 AppleWebKit/537.36 (KHTML, like Gecko; compatible; ClaudeBot/1.0; +claudebot@anthropic.com)"
66.249.70.3 - - [19/Jun/2025:13:16:45 -0400] "GET /data/?baut=qqnusa HTTP/1.1" 200 129325 "-" "Mozilla/5.0 (Linux; Android 6.0.1; Nexus 5X Build/MMB29P) AppleWebKit/537.36 (KHTML, like Gecko) Chrome/137.0.7151.103 Mobile Safari/537.36 (compatible; Googlebot/2.1; +http://www.google.com/bot.html)"
66.249.70.3 - - [19/Jun/2025:13:16:50 -0400] "GET /shopdetail/127394263 HTTP/1.1" 200 132187 "-" "Mozilla/5.0 (Linux; Android 6.0.1; Nexus 5X Build/MMB29P) AppleWebKit/537.36 (KHTML, like Gecko) Chrome/137.0.7151.103 Mobile Safari/537.36 (compatible; Googlebot/2.1; +http://www.google.com/bot.html)"
66.249.70.2 - - [19/Jun/2025:13:17:02 -0400] "GET /shopdetail/296250363 HTTP/1.1" 200 127126 "-" "Mozilla/5.0 (Linux; Android 6.0.1; Nexus 5X Build/MMB29P) AppleWebKit/537.36 (KHTML, like Gecko) Chrome/137.0.7151.103 Mobile Safari/537.36 (compatible; Googlebot/2.1; +http://www.google.com/bot.html)"
18.213.27.222 - - [19/Jun/2025:13:17:17 -0400] "GET /wp-content/uploads/2024/04/gamma-ray-collimator.jpg HTTP/1.1" 200 673096 "-" "Mozilla/5.0 AppleWebKit/537.36 (KHTML, like Gecko; compatible; Amazonbot/0.1; +https://developer.amazon.com/support/amazonbot) Chrome/119.0.6045.214 Safari/537.36"
66.249.70.2 - - [19/Jun/2025:13:17:32 -0400] "POST /get-message-notify HTTP/1.1" 200 135360 "https://tdradiationshielding.com/index.phpsshopdetail/112746763" "Mozilla/5.0 (Linux; Android 6.0.1; Nexus 5X Build/MMB29P) AppleWebKit/537.36 (KHTML, like Gecko) Chrome/137.0.7151.68 Mobile Safari/537.36 (compatible; Googlebot/2.1; +http://www.google.com/bot.html)"
66.249.64.107 - - [19/Jun/2025:13:17:47 -0400] "GET /shopdetail/349812963 HTTP/1.1" 200 150391 "-" "Mozilla/5.0 (Linux; Android 6.0.1; Nexus 5X Build/MMB29P) AppleWebKit/537.36 (KHTML, like Gecko) Chrome/137.0.7151.103 Mobile Safari/537.36 (compatible; Googlebot/2.1; +http://www.google.com/bot.html)"
66.249.70.2 - - [19/Jun/2025:13:18:03 -0400] "GET /shopdetail/219212663 HTTP/1.1" 200 132512 "-" "Mozilla/5.0 (Linux; Android 6.0.1; Nexus 5X Build/MMB29P) AppleWebKit/537.36 (KHTML, like Gecko) Chrome/137.0.7151.103 Mobile Safari/537.36 (compatible; Googlebot/2.1; +http://www.google.com/bot.html)"
66.249.64.105 - - [19/Jun/2025:13:18:28 -0400] "GET /shopdetail/380480263 HTTP/1.1" 200 115518 "-" "Mozilla/5.0 (Linux; Android 6.0.1; Nexus 5X Build/MMB29P) AppleWebKit/537.36 (KHTML, like Gecko) Chrome/137.0.7151.103 Mobile Safari/537.36 (compatible; Googlebot/2.1; +http://www.google.com/bot.html)"
66.249.70.3 - - [19/Jun/2025:13:18:56 -0400] "GET /shopdetail/292284663 HTTP/1.1" 200 143195 "-" "Mozilla/5.0 (Linux; Android 6.0.1; Nexus 5X Build/MMB29P) AppleWebKit/537.36 (KHTML, like Gecko) Chrome/137.0.7151.103 Mobile Safari/537.36 (compatible; Googlebot/2.1; +http://www.google.com/bot.html)"
54.36.148.166 - - [19/Jun/2025:13:18:58 -0400] "GET /robots.txt HTTP/2.0" 200 137 "-" "Mozilla/5.0 (compatible; AhrefsBot/7.0; +http://ahrefs.com/robot/)"
66.249.70.3 - - [19/Jun/2025:13:19:01 -0400] "GET /shopdetail/110988663 HTTP/1.1" 200 145863 "-" "Mozilla/5.0 (Linux; Android 6.0.1; Nexus 5X Build/MMB29P) AppleWebKit/537.36 (KHTML, like Gecko) Chrome/137.0.7151.103 Mobile Safari/537.36 (compatible; Googlebot/2.1; +http://www.google.com/bot.html)"
66.249.64.107 - - [19/Jun/2025:13:19:34 -0400] "GET /shopdetail/172404263 HTTP/1.1" 200 135785 "-" "Mozilla/5.0 (Linux; Android 6.0.1; Nexus 5X Build/MMB29P) AppleWebKit/537.36 (KHTML, like Gecko) Chrome/137.0.7151.103 Mobile Safari/537.36 (compatible; Googlebot/2.1; +http://www.google.com/bot.html)"
66.249.70.2 - - [19/Jun/2025:13:20:07 -0400] "GET /shopdetail/150516363 HTTP/1.1" 200 133314 "-" "Mozilla/5.0 (Linux; Android 6.0.1; Nexus 5X Build/MMB29P) AppleWebKit/537.36 (KHTML, like Gecko) Chrome/137.0.7151.103 Mobile Safari/537.36 (compatible; Googlebot/2.1; +http://www.google.com/bot.html)"
66.249.70.2 - - [19/Jun/2025:13:20:10 -0400] "POST /get-message-notify HTTP/1.1" 200 135360 "https://tdradiationshielding.com/index.phpsshopdetail/161294263" "Mozilla/5.0 (Linux; Android 6.0.1; Nexus 5X Build/MMB29P) AppleWebKit/537.36 (KHTML, like Gecko) Chrome/137.0.7151.68 Mobile Safari/537.36 (compatible; Googlebot/2.1; +http://www.google.com/bot.html)"
66.249.64.107 - - [19/Jun/2025:13:20:40 -0400] "GET /shopdetail/18458163 HTTP/1.1" 200 124756 "-" "Mozilla/5.0 (Linux; Android 6.0.1; Nexus 5X Build/MMB29P) AppleWebKit/537.36 (KHTML, like Gecko) Chrome/137.0.7151.103 Mobile Safari/537.36 (compatible; Googlebot/2.1; +http://www.google.com/bot.html)"
66.249.70.2 - - [19/Jun/2025:13:21:12 -0400] "GET /shopdetail/217549063 HTTP/1.1" 200 129296 "-" "Mozilla/5.0 (Linux; Android 6.0.1; Nexus 5X Build/MMB29P) AppleWebKit/537.36 (KHTML, like Gecko) Chrome/137.0.7151.103 Mobile Safari/537.36 (compatible; Googlebot/2.1; +http://www.google.com/bot.html)"
66.249.64.105 - - [19/Jun/2025:13:22:09 -0400] "GET /shopdetail/137038363 HTTP/1.1" 200 139276 "-" "Mozilla/5.0 (Linux; Android 6.0.1; Nexus 5X Build/MMB29P) AppleWebKit/537.36 (KHTML, like Gecko) Chrome/137.0.7151.103 Mobile Safari/537.36 (compatible; Googlebot/2.1; +http://www.google.com/bot.html)"
66.249.70.3 - - [19/Jun/2025:13:22:33 -0400] "GET /shopdetail/282630063 HTTP/1.1" 200 133524 "-" "Mozilla/5.0 (Linux; Android 6.0.1; Nexus 5X Build/MMB29P) AppleWebKit/537.36 (KHTML, like Gecko) Chrome/137.0.7151.103 Mobile Safari/537.36 (compatible; Googlebot/2.1; +http://www.google.com/bot.html)"
66.249.70.2 - - [19/Jun/2025:13:22:34 -0400] "GET /index.phpsshopdetail/285806563 HTTP/1.1" 200 148840 "-" "Mozilla/5.0 (Linux; Android 6.0.1; Nexus 5X Build/MMB29P) AppleWebKit/537.36 (KHTML, like Gecko) Chrome/137.0.7151.103 Mobile Safari/537.36 (compatible; Googlebot/2.1; +http://www.google.com/bot.html)"
66.249.70.2 - - [19/Jun/2025:13:22:45 -0400] "POST /get-message-notify HTTP/1.1" 200 135360 "https://tdradiationshielding.com/shopdetail/282630063" "Mozilla/5.0 (Linux; Android 6.0.1; Nexus 5X Build/MMB29P) AppleWebKit/537.36 (KHTML, like Gecko) Chrome/137.0.7151.68 Mobile Safari/537.36 (compatible; Googlebot/2.1; +http://www.google.com/bot.html)"
66.249.64.106 - - [19/Jun/2025:13:22:51 -0400] "GET /shopdetail/147621063 HTTP/1.1" 200 134758 "-" "Mozilla/5.0 (Linux; Android 6.0.1; Nexus 5X Build/MMB29P) AppleWebKit/537.36 (KHTML, like Gecko) Chrome/137.0.7151.103 Mobile Safari/537.36 (compatible; Googlebot/2.1; +http://www.google.com/bot.html)"
66.249.70.4 - - [19/Jun/2025:13:23:07 -0400] "POST /get-message-notify HTTP/1.1" 200 135360 "https://tdradiationshielding.com/shopdetail/217549063" "Mozilla/5.0 (Linux; Android 6.0.1; Nexus 5X Build/MMB29P) AppleWebKit/537.36 (KHTML, like Gecko) Chrome/137.0.7151.68 Mobile Safari/537.36 (compatible; Googlebot/2.1; +http://www.google.com/bot.html)"
66.249.70.3 - - [19/Jun/2025:13:23:24 -0400] "GET /shopdetail/338568863 HTTP/1.1" 200 144137 "-" "Mozilla/5.0 (Linux; Android 6.0.1; Nexus 5X Build/MMB29P) AppleWebKit/537.36 (KHTML, like Gecko) Chrome/137.0.7151.103 Mobile Safari/537.36 (compatible; Googlebot/2.1; +http://www.google.com/bot.html)"
66.249.64.107 - - [19/Jun/2025:13:23:56 -0400] "GET /shopdetail/377063463 HTTP/1.1" 200 118344 "-" "Mozilla/5.0 (Linux; Android 6.0.1; Nexus 5X Build/MMB29P) AppleWebKit/537.36 (KHTML, like Gecko) Chrome/137.0.7151.103 Mobile Safari/537.36 (compatible; Googlebot/2.1; +http://www.google.com/bot.html)"
66.249.70.2 - - [19/Jun/2025:13:24:29 -0400] "GET /shopdetail/104558463 HTTP/1.1" 200 136422 "-" "Mozilla/5.0 (Linux; Android 6.0.1; Nexus 5X Build/MMB29P) AppleWebKit/537.36 (KHTML, like Gecko) Chrome/137.0.7151.103 Mobile Safari/537.36 (compatible; Googlebot/2.1; +http://www.google.com/bot.html)"
66.249.64.105 - - [19/Jun/2025:13:25:52 -0400] "GET /shopdetail/111985163 HTTP/1.1" 200 131390 "-" "Mozilla/5.0 (Linux; Android 6.0.1; Nexus 5X Build/MMB29P) AppleWebKit/537.36 (KHTML, like Gecko) Chrome/137.0.7151.103 Mobile Safari/537.36 (compatible; Googlebot/2.1; +http://www.google.com/bot.html)"
66.249.70.4 - - [19/Jun/2025:13:26:01 -0400] "GET /data/?baut=winning188 HTTP/1.1" 200 129561 "-" "Mozilla/5.0 (Linux; Android 6.0.1; Nexus 5X Build/MMB29P) AppleWebKit/537.36 (KHTML, like Gecko) Chrome/137.0.7151.103 Mobile Safari/537.36 (compatible; Googlebot/2.1; +http://www.google.com/bot.html)"
66.249.70.3 - - [19/Jun/2025:13:26:08 -0400] "GET /shopdetail/177644063 HTTP/1.1" 200 127773 "-" "Mozilla/5.0 (Linux; Android 6.0.1; Nexus 5X Build/MMB29P) AppleWebKit/537.36 (KHTML, like Gecko) Chrome/137.0.7151.103 Mobile Safari/537.36 (compatible; Googlebot/2.1; +http://www.google.com/bot.html)"
66.249.64.105 - - [19/Jun/2025:13:26:36 -0400] "GET /shopdetail/195899563 HTTP/1.1" 200 130385 "-" "Mozilla/5.0 (Linux; Android 6.0.1; Nexus 5X Build/MMB29P) AppleWebKit/537.36 (KHTML, like Gecko) Chrome/137.0.7151.103 Mobile Safari/537.36 (compatible; Googlebot/2.1; +http://www.google.com/bot.html)"
66.249.70.2 - - [19/Jun/2025:13:26:52 -0400] "GET /shopdetail/141192563 HTTP/1.1" 200 147931 "-" "Mozilla/5.0 (Linux; Android 6.0.1; Nexus 5X Build/MMB29P) AppleWebKit/537.36 (KHTML, like Gecko) Chrome/137.0.7151.103 Mobile Safari/537.36 (compatible; Googlebot/2.1; +http://www.google.com/bot.html)"
66.249.70.4 - - [19/Jun/2025:13:27:05 -0400] "GET /index.phpsshopdetail/332517563 HTTP/1.1" 200 130198 "-" "Mozilla/5.0 (Linux; Android 6.0.1; Nexus 5X Build/MMB29P) AppleWebKit/537.36 (KHTML, like Gecko) Chrome/137.0.7151.103 Mobile Safari/537.36 (compatible; Googlebot/2.1; +http://www.google.com/bot.html)"
66.249.70.3 - - [19/Jun/2025:13:27:37 -0400] "GET /data/?baut=JAGUAR33 HTTP/1.1" 200 129443 "-" "Mozilla/5.0 (Linux; Android 6.0.1; Nexus 5X Build/MMB29P) AppleWebKit/537.36 (KHTML, like Gecko) Chrome/137.0.7151.103 Mobile Safari/537.36 (compatible; Googlebot/2.1; +http://www.google.com/bot.html)"
66.249.70.2 - - [19/Jun/2025:13:27:38 -0400] "GET /shopdetail/113474163 HTTP/1.1" 200 129687 "-" "Mozilla/5.0 (Linux; Android 6.0.1; Nexus 5X Build/MMB29P) AppleWebKit/537.36 (KHTML, like Gecko) Chrome/137.0.7151.103 Mobile Safari/537.36 (compatible; Googlebot/2.1; +http://www.google.com/bot.html)"
66.249.64.107 - - [19/Jun/2025:13:27:38 -0400] "GET /shopdetail/202959263 HTTP/1.1" 200 165876 "-" "Mozilla/5.0 (Linux; Android 6.0.1; Nexus 5X Build/MMB29P) AppleWebKit/537.36 (KHTML, like Gecko) Chrome/137.0.7151.103 Mobile Safari/537.36 (compatible; Googlebot/2.1; +http://www.google.com/bot.html)"
66.249.70.2 - - [19/Jun/2025:13:27:45 -0400] "GET /index.phpsshopdetail/347701363 HTTP/1.1" 200 127886 "-" "Mozilla/5.0 (Linux; Android 6.0.1; Nexus 5X Build/MMB29P) AppleWebKit/537.36 (KHTML, like Gecko) Chrome/137.0.7151.103 Mobile Safari/537.36 (compatible; Googlebot/2.1; +http://www.google.com/bot.html)"
66.249.70.4 - - [19/Jun/2025:13:28:17 -0400] "GET /shopdetail/89621963 HTTP/1.1" 200 126770 "-" "Mozilla/5.0 (Linux; Android 6.0.1; Nexus 5X Build/MMB29P) AppleWebKit/537.36 (KHTML, like Gecko) Chrome/137.0.7151.103 Mobile Safari/537.36 (compatible; Googlebot/2.1; +http://www.google.com/bot.html)"
66.249.70.2 - - [19/Jun/2025:13:28:18 -0400] "GET /index.phpsshopdetail/318674563 HTTP/1.1" 200 134717 "-" "Mozilla/5.0 (Linux; Android 6.0.1; Nexus 5X Build/MMB29P) AppleWebKit/537.36 (KHTML, like Gecko) Chrome/137.0.7151.103 Mobile Safari/537.36 (compatible; Googlebot/2.1; +http://www.google.com/bot.html)"
66.249.70.2 - - [19/Jun/2025:13:28:26 -0400] "GET /shopdetail/140813363 HTTP/1.1" 200 139408 "-" "Mozilla/5.0 (Linux; Android 6.0.1; Nexus 5X Build/MMB29P) AppleWebKit/537.36 (KHTML, like Gecko) Chrome/137.0.7151.103 Mobile Safari/537.36 (compatible; Googlebot/2.1; +http://www.google.com/bot.html)"
66.249.64.105 - - [19/Jun/2025:13:28:34 -0400] "GET /shopdetail/176536463 HTTP/1.1" 200 139228 "-" "Mozilla/5.0 (Linux; Android 6.0.1; Nexus 5X Build/MMB29P) AppleWebKit/537.36 (KHTML, like Gecko) Chrome/137.0.7151.103 Mobile Safari/537.36 (compatible; Googlebot/2.1; +http://www.google.com/bot.html)"
66.249.70.4 - - [19/Jun/2025:13:29:05 -0400] "POST /get-message-notify HTTP/1.1" 200 135360 "https://tdradiationshielding.com/shopdetail/89621963" "Mozilla/5.0 (Linux; Android 6.0.1; Nexus 5X Build/MMB29P) AppleWebKit/537.36 (KHTML, like Gecko) Chrome/137.0.7151.68 Mobile Safari/537.36 (compatible; Googlebot/2.1; +http://www.google.com/bot.html)"
66.249.70.2 - - [19/Jun/2025:13:29:33 -0400] "GET /shopdetail/89198263 HTTP/1.1" 200 157565 "-" "Mozilla/5.0 (Linux; Android 6.0.1; Nexus 5X Build/MMB29P) AppleWebKit/537.36 (KHTML, like Gecko) Chrome/137.0.7151.103 Mobile Safari/537.36 (compatible; Googlebot/2.1; +http://www.google.com/bot.html)"
66.249.64.105 - - [19/Jun/2025:13:29:58 -0400] "GET /shopdetail/180399563 HTTP/1.1" 200 130186 "-" "Mozilla/5.0 (Linux; Android 6.0.1; Nexus 5X Build/MMB29P) AppleWebKit/537.36 (KHTML, like Gecko) Chrome/137.0.7151.103 Mobile Safari/537.36 (compatible; Googlebot/2.1; +http://www.google.com/bot.html)"
66.249.70.3 - - [19/Jun/2025:13:30:22 -0400] "GET /index.phpsshopdetail/112095163 HTTP/1.1" 200 152009 "-" "Mozilla/5.0 (Linux; Android 6.0.1; Nexus 5X Build/MMB29P) AppleWebKit/537.36 (KHTML, like Gecko) Chrome/137.0.7151.103 Mobile Safari/537.36 (compatible; Googlebot/2.1; +http://www.google.com/bot.html)"
66.249.70.4 - - [19/Jun/2025:13:30:24 -0400] "GET /index.phpsshopdetail/186591263 HTTP/1.1" 200 137190 "-" "Mozilla/5.0 (Linux; Android 6.0.1; Nexus 5X Build/MMB29P) AppleWebKit/537.36 (KHTML, like Gecko) Chrome/137.0.7151.103 Mobile Safari/537.36 (compatible; Googlebot/2.1; +http://www.google.com/bot.html)"
66.249.64.107 - - [19/Jun/2025:13:30:38 -0400] "GET /shopdetail/269481063 HTTP/1.1" 200 129288 "-" "Mozilla/5.0 (Linux; Android 6.0.1; Nexus 5X Build/MMB29P) AppleWebKit/537.36 (KHTML, like Gecko) Chrome/137.0.7151.103 Mobile Safari/537.36 (compatible; Googlebot/2.1; +http://www.google.com/bot.html)"
66.249.70.4 - - [19/Jun/2025:13:31:03 -0400] "GET /index.phpsshopdetail/179826563 HTTP/1.1" 200 149368 "-" "Mozilla/5.0 (Linux; Android 6.0.1; Nexus 5X Build/MMB29P) AppleWebKit/537.36 (KHTML, like Gecko) Chrome/137.0.7151.103 Mobile Safari/537.36 (compatible; Googlebot/2.1; +http://www.google.com/bot.html)"
66.249.64.106 - - [19/Jun/2025:13:31:35 -0400] "GET /shopdetail/142847063 HTTP/1.1" 200 150109 "-" "Mozilla/5.0 (Linux; Android 6.0.1; Nexus 5X Build/MMB29P) AppleWebKit/537.36 (KHTML, like Gecko) Chrome/137.0.7151.103 Mobile Safari/537.36 (compatible; Googlebot/2.1; +http://www.google.com/bot.html)"
66.249.70.3 - - [19/Jun/2025:13:31:45 -0400] "GET /data/?baut=MASTERMPO HTTP/1.1" 200 129502 "-" "Mozilla/5.0 (Linux; Android 6.0.1; Nexus 5X Build/MMB29P) AppleWebKit/537.36 (KHTML, like Gecko) Chrome/137.0.7151.103 Mobile Safari/537.36 (compatible; Googlebot/2.1; +http://www.google.com/bot.html)"
66.249.70.2 - - [19/Jun/2025:13:31:48 -0400] "GET /data/?baut=CANDY99 HTTP/1.1" 200 129384 "-" "Mozilla/5.0 (Linux; Android 6.0.1; Nexus 5X Build/MMB29P) AppleWebKit/537.36 (KHTML, like Gecko) Chrome/137.0.7151.103 Mobile Safari/537.36 (compatible; Googlebot/2.1; +http://www.google.com/bot.html)"
66.249.70.3 - - [19/Jun/2025:13:31:49 -0400] "GET /index.phpsshopdetail/100673163 HTTP/1.1" 200 171542 "-" "Mozilla/5.0 (Linux; Android 6.0.1; Nexus 5X Build/MMB29P) AppleWebKit/537.36 (KHTML, like Gecko) Chrome/137.0.7151.103 Mobile Safari/537.36 (compatible; Googlebot/2.1; +http://www.google.com/bot.html)"
66.249.70.4 - - [19/Jun/2025:13:32:08 -0400] "GET /index.phpsshopdetail/67491563 HTTP/1.1" 200 152979 "-" "Mozilla/5.0 (Linux; Android 6.0.1; Nexus 5X Build/MMB29P) AppleWebKit/537.36 (KHTML, like Gecko) Chrome/137.0.7151.103 Mobile Safari/537.36 (compatible; Googlebot/2.1; +http://www.google.com/bot.html)"
66.249.64.105 - - [19/Jun/2025:13:32:41 -0400] "GET /shopdetail/187667963 HTTP/1.1" 200 128628 "-" "Mozilla/5.0 (Linux; Android 6.0.1; Nexus 5X Build/MMB29P) AppleWebKit/537.36 (KHTML, like Gecko) Chrome/137.0.7151.103 Mobile Safari/537.36 (compatible; Googlebot/2.1; +http://www.google.com/bot.html)"
66.249.70.3 - - [19/Jun/2025:13:33:14 -0400] "GET /index.phpsshopdetail/23682663 HTTP/1.1" 200 140379 "-" "Mozilla/5.0 (Linux; Android 6.0.1; Nexus 5X Build/MMB29P) AppleWebKit/537.36 (KHTML, like Gecko) Chrome/137.0.7151.103 Mobile Safari/537.36 (compatible; Googlebot/2.1; +http://www.google.com/bot.html)"
66.249.64.105 - - [19/Jun/2025:13:34:11 -0400] "GET /shopdetail/101183063 HTTP/1.1" 200 129042 "-" "Mozilla/5.0 (Linux; Android 6.0.1; Nexus 5X Build/MMB29P) AppleWebKit/537.36 (KHTML, like Gecko) Chrome/137.0.7151.103 Mobile Safari/537.36 (compatible; Googlebot/2.1; +http://www.google.com/bot.html)"
66.249.70.2 - - [19/Jun/2025:13:34:51 -0400] "GET /index.phpsshopdetail/142876363 HTTP/1.1" 200 142873 "-" "Mozilla/5.0 (Linux; Android 6.0.1; Nexus 5X Build/MMB29P) AppleWebKit/537.36 (KHTML, like Gecko) Chrome/137.0.7151.103 Mobile Safari/537.36 (compatible; Googlebot/2.1; +http://www.google.com/bot.html)"
66.249.64.106 - - [19/Jun/2025:13:35:07 -0400] "GET /shopdetail/320376463 HTTP/1.1" 200 132935 "-" "Mozilla/5.0 (Linux; Android 6.0.1; Nexus 5X Build/MMB29P) AppleWebKit/537.36 (KHTML, like Gecko) Chrome/137.0.7151.103 Mobile Safari/537.36 (compatible; Googlebot/2.1; +http://www.google.com/bot.html)"
66.249.70.4 - - [19/Jun/2025:13:35:25 -0400] "GET /index.phpsshopdetail/279432563 HTTP/1.1" 200 131876 "-" "Mozilla/5.0 (Linux; Android 6.0.1; Nexus 5X Build/MMB29P) AppleWebKit/537.36 (KHTML, like Gecko) Chrome/137.0.7151.103 Mobile Safari/537.36 (compatible; Googlebot/2.1; +http://www.google.com/bot.html)"
66.249.64.106 - - [19/Jun/2025:13:35:58 -0400] "GET /shopdetail/184690263 HTTP/1.1" 200 122305 "-" "Mozilla/5.0 (Linux; Android 6.0.1; Nexus 5X Build/MMB29P) AppleWebKit/537.36 (KHTML, like Gecko) Chrome/137.0.7151.103 Mobile Safari/537.36 (compatible; Googlebot/2.1; +http://www.google.com/bot.html)"
66.249.70.4 - - [19/Jun/2025:13:36:16 -0400] "GET /index.phpsshopdetail/69502363 HTTP/1.1" 200 143018 "-" "Mozilla/5.0 (Linux; Android 6.0.1; Nexus 5X Build/MMB29P) AppleWebKit/537.36 (KHTML, like Gecko) Chrome/137.0.7151.103 Mobile Safari/537.36 (compatible; Googlebot/2.1; +http://www.google.com/bot.html)"
66.249.70.3 - - [19/Jun/2025:13:36:31 -0400] "GET /index.phpsshopdetail/93412363 HTTP/1.1" 200 131146 "-" "Mozilla/5.0 (Linux; Android 6.0.1; Nexus 5X Build/MMB29P) AppleWebKit/537.36 (KHTML, like Gecko) Chrome/137.0.7151.103 Mobile Safari/537.36 (compatible; Googlebot/2.1; +http://www.google.com/bot.html)"
77.75.76.161 - - [19/Jun/2025:13:36:35 -0400] "GET /robots.txt HTTP/1.1" 200 137 "-" "Mozilla/5.0 (compatible; SeznamBot/4.0; +https://o-seznam.cz/napoveda/vyhledavani/en/seznambot-crawler/)"
70.39.147.11 - - [19/Jun/2025:13:36:36 -0400] "POST /wp-cron.php?doing_wp_cron=1750354596.0549180507659912109375 HTTP/1.1" 200 - "-" "WordPress/6.8.1; https://tdradiationshielding.com"
77.75.76.161 - - [19/Jun/2025:13:36:35 -0400] "GET /products/tungsten-polymer-nylon/ HTTP/1.1" 200 180418 "-" "Mozilla/5.0 (compatible; SeznamBot/4.0; +https://o-seznam.cz/napoveda/vyhledavani/en/seznambot-crawler/)"
66.249.70.2 - - [19/Jun/2025:13:36:58 -0400] "GET /data/?baut=magetoto HTTP/1.1" 200 129443 "-" "Mozilla/5.0 (Linux; Android 6.0.1; Nexus 5X Build/MMB29P) AppleWebKit/537.36 (KHTML, like Gecko) Chrome/137.0.7151.103 Mobile Safari/537.36 (compatible; Googlebot/2.1; +http://www.google.com/bot.html)"
66.249.70.2 - - [19/Jun/2025:13:36:59 -0400] "GET /data/?baut=luxury138 HTTP/1.1" 200 129502 "-" "Mozilla/5.0 (Linux; Android 6.0.1; Nexus 5X Build/MMB29P) AppleWebKit/537.36 (KHTML, like Gecko) Chrome/137.0.7151.103 Mobile Safari/537.36 (compatible; Googlebot/2.1; +http://www.google.com/bot.html)"
66.249.64.106 - - [19/Jun/2025:13:37:03 -0400] "GET /shopdetail/73475763 HTTP/1.1" 200 142073 "-" "Mozilla/5.0 (Linux; Android 6.0.1; Nexus 5X Build/MMB29P) AppleWebKit/537.36 (KHTML, like Gecko) Chrome/137.0.7151.103 Mobile Safari/537.36 (compatible; Googlebot/2.1; +http://www.google.com/bot.html)"
66.249.70.3 - - [19/Jun/2025:13:38:00 -0400] "GET /index.phpsshopdetail/89095363 HTTP/1.1" 200 135173 "-" "Mozilla/5.0 (Linux; Android 6.0.1; Nexus 5X Build/MMB29P) AppleWebKit/537.36 (KHTML, like Gecko) Chrome/137.0.7151.103 Mobile Safari/537.36 (compatible; Googlebot/2.1; +http://www.google.com/bot.html)"
66.249.64.107 - - [19/Jun/2025:13:38:17 -0400] "GET /shopdetail/80924563 HTTP/1.1" 200 166469 "-" "Mozilla/5.0 (Linux; Android 6.0.1; Nexus 5X Build/MMB29P) AppleWebKit/537.36 (KHTML, like Gecko) Chrome/137.0.7151.103 Mobile Safari/537.36 (compatible; Googlebot/2.1; +http://www.google.com/bot.html)"
66.249.70.2 - - [19/Jun/2025:13:38:42 -0400] "GET /index.phpsshopdetail/101714663 HTTP/1.1" 200 152023 "-" "Mozilla/5.0 (Linux; Android 6.0.1; Nexus 5X Build/MMB29P) AppleWebKit/537.36 (KHTML, like Gecko) Chrome/137.0.7151.103 Mobile Safari/537.36 (compatible; Googlebot/2.1; +http://www.google.com/bot.html)"
66.249.64.105 - - [19/Jun/2025:13:39:15 -0400] "GET /shopdetail/13534963 HTTP/1.1" 200 130374 "-" "Mozilla/5.0 (Linux; Android 6.0.1; Nexus 5X Build/MMB29P) AppleWebKit/537.36 (KHTML, like Gecko) Chrome/137.0.7151.103 Mobile Safari/537.36 (compatible; Googlebot/2.1; +http://www.google.com/bot.html)"
66.249.70.3 - - [19/Jun/2025:13:39:15 -0400] "GET /index.phpsshopdetail/106854463 HTTP/1.1" 200 139909 "-" "Mozilla/5.0 (Linux; Android 6.0.1; Nexus 5X Build/MMB29P) AppleWebKit/537.36 (KHTML, like Gecko) Chrome/137.0.7151.103 Mobile Safari/537.36 (compatible; Googlebot/2.1; +http://www.google.com/bot.html)"
66.249.70.3 - - [19/Jun/2025:13:39:47 -0400] "GET /index.phpsshopdetail/223175763 HTTP/1.1" 200 155516 "-" "Mozilla/5.0 (Linux; Android 6.0.1; Nexus 5X Build/MMB29P) AppleWebKit/537.36 (KHTML, like Gecko) Chrome/137.0.7151.103 Mobile Safari/537.36 (compatible; Googlebot/2.1; +http://www.google.com/bot.html)"
66.249.64.106 - - [19/Jun/2025:13:41:32 -0400] "GET /shopdetail/71893763 HTTP/1.1" 200 152476 "-" "Mozilla/5.0 (Linux; Android 6.0.1; Nexus 5X Build/MMB29P) AppleWebKit/537.36 (KHTML, like Gecko) Chrome/137.0.7151.103 Mobile Safari/537.36 (compatible; Googlebot/2.1; +http://www.google.com/bot.html)"
66.249.70.4 - - [19/Jun/2025:13:41:48 -0400] "GET /index.phpsshopdetail/110427763 HTTP/1.1" 200 138811 "-" "Mozilla/5.0 (Linux; Android 6.0.1; Nexus 5X Build/MMB29P) AppleWebKit/537.36 (KHTML, like Gecko) Chrome/137.0.7151.103 Mobile Safari/537.36 (compatible; Googlebot/2.1; +http://www.google.com/bot.html)"
66.249.64.107 - - [19/Jun/2025:13:42:53 -0400] "GET /shopdetail/9498863 HTTP/1.1" 200 154949 "-" "Mozilla/5.0 (Linux; Android 6.0.1; Nexus 5X Build/MMB29P) AppleWebKit/537.36 (KHTML, like Gecko) Chrome/137.0.7151.103 Mobile Safari/537.36 (compatible; Googlebot/2.1; +http://www.google.com/bot.html)"
66.249.70.4 - - [19/Jun/2025:13:43:09 -0400] "GET /index.phpsshopdetail/285430263 HTTP/1.1" 200 140130 "-" "Mozilla/5.0 (Linux; Android 6.0.1; Nexus 5X Build/MMB29P) AppleWebKit/537.36 (KHTML, like Gecko) Chrome/137.0.7151.103 Mobile Safari/537.36 (compatible; Googlebot/2.1; +http://www.google.com/bot.html)"
66.249.70.3 - - [19/Jun/2025:13:43:18 -0400] "GET /data/?baut=bobatoto HTTP/1.1" 200 129443 "-" "Mozilla/5.0 (Linux; Android 6.0.1; Nexus 5X Build/MMB29P) AppleWebKit/537.36 (KHTML, like Gecko) Chrome/137.0.7151.103 Mobile Safari/537.36 (compatible; Googlebot/2.1; +http://www.google.com/bot.html)"
66.249.64.106 - - [19/Jun/2025:13:43:25 -0400] "GET /shopdetail/120874863 HTTP/1.1" 200 151785 "-" "Mozilla/5.0 (Linux; Android 6.0.1; Nexus 5X Build/MMB29P) AppleWebKit/537.36 (KHTML, like Gecko) Chrome/137.0.7151.103 Mobile Safari/537.36 (compatible; Googlebot/2.1; +http://www.google.com/bot.html)"
66.249.70.2 - - [19/Jun/2025:13:43:26 -0400] "GET /products/tungsten-alloy-pigs/ HTTP/1.1" 200 130467 "-" "Mozilla/5.0 (Linux; Android 6.0.1; Nexus 5X Build/MMB29P) AppleWebKit/537.36 (KHTML, like Gecko) Chrome/137.0.7151.103 Mobile Safari/537.36 (compatible; Googlebot/2.1; +http://www.google.com/bot.html)"
66.249.70.3 - - [19/Jun/2025:13:44:06 -0400] "GET /index.phpsshopdetail/212827563 HTTP/1.1" 200 143901 "-" "Mozilla/5.0 (Linux; Android 6.0.1; Nexus 5X Build/MMB29P) AppleWebKit/537.36 (KHTML, like Gecko) Chrome/137.0.7151.103 Mobile Safari/537.36 (compatible; Googlebot/2.1; +http://www.google.com/bot.html)"
66.249.70.4 - - [19/Jun/2025:13:44:06 -0400] "GET /data/?baut=PUCUK4D HTTP/1.1" 200 129384 "-" "Mozilla/5.0 (Linux; Android 6.0.1; Nexus 5X Build/MMB29P) AppleWebKit/537.36 (KHTML, like Gecko) Chrome/137.0.7151.103 Mobile Safari/537.36 (compatible; Googlebot/2.1; +http://www.google.com/bot.html)"
66.249.70.4 - - [19/Jun/2025:13:44:07 -0400] "GET /shopdetail/140499463 HTTP/1.1" 200 185099 "-" "Mozilla/5.0 (Linux; Android 6.0.1; Nexus 5X Build/MMB29P) AppleWebKit/537.36 (KHTML, like Gecko) Chrome/137.0.7151.103 Mobile Safari/537.36 (compatible; Googlebot/2.1; +http://www.google.com/bot.html)"
216.73.216.25 - - [19/Jun/2025:13:44:45 -0400] "GET /robots.txt HTTP/2.0" 200 137 "-" "Mozilla/5.0 AppleWebKit/537.36 (KHTML, like Gecko; compatible; ClaudeBot/1.0; +claudebot@anthropic.com)"
70.39.147.11 - - [19/Jun/2025:13:44:45 -0400] "POST /wp-cron.php?doing_wp_cron=1750355085.5519089698791503906250 HTTP/1.1" 200 - "-" "WordPress/6.8.1; https://tdradiationshielding.com"
216.73.216.25 - - [19/Jun/2025:13:44:45 -0400] "GET /tel:4844726862?filesrc=%2Fhome%2Ftdmfgi5%2Ftdradiationshielding.com%2Fwp-includes%2Fhtml-api%2Fclass-wp-html-processor-state.php&path=%2Fhome%2Ftdmfgi5%2Ftdradiationshielding.com%2Fwp-includes%2Fhtml-api HTTP/2.0" 200 101614 "-" "Mozilla/5.0 AppleWebKit/537.36 (KHTML, like Gecko; compatible; ClaudeBot/1.0; +claudebot@anthropic.com)"
66.249.70.2 - - [19/Jun/2025:13:44:46 -0400] "GET /data/?baut=JNETOTO HTTP/1.1" 200 129384 "-" "Mozilla/5.0 (Linux; Android 6.0.1; Nexus 5X Build/MMB29P) AppleWebKit/537.36 (KHTML, like Gecko) Chrome/137.0.7151.103 Mobile Safari/537.36 (compatible; Googlebot/2.1; +http://www.google.com/bot.html)"
66.249.64.105 - - [19/Jun/2025:13:44:46 -0400] "GET /shopdetail/242077563 HTTP/1.1" 200 132404 "-" "Mozilla/5.0 (Linux; Android 6.0.1; Nexus 5X Build/MMB29P) AppleWebKit/537.36 (KHTML, like Gecko) Chrome/137.0.7151.103 Mobile Safari/537.36 (compatible; Googlebot/2.1; +http://www.google.com/bot.html)"
66.249.70.4 - - [19/Jun/2025:13:45:03 -0400] "GET /index.phpsshopdetail/311438763 HTTP/1.1" 200 147023 "-" "Mozilla/5.0 (Linux; Android 6.0.1; Nexus 5X Build/MMB29P) AppleWebKit/537.36 (KHTML, like Gecko) Chrome/137.0.7151.103 Mobile Safari/537.36 (compatible; Googlebot/2.1; +http://www.google.com/bot.html)"
66.249.64.106 - - [19/Jun/2025:13:45:19 -0400] "GET /shopdetail/137037763 HTTP/1.1" 200 149280 "-" "Mozilla/5.0 (Linux; Android 6.0.1; Nexus 5X Build/MMB29P) AppleWebKit/537.36 (KHTML, like Gecko) Chrome/137.0.7151.103 Mobile Safari/537.36 (compatible; Googlebot/2.1; +http://www.google.com/bot.html)"
66.249.70.3 - - [19/Jun/2025:13:45:35 -0400] "GET /index.phpsshopdetail/16328063 HTTP/1.1" 200 126406 "-" "Mozilla/5.0 (Linux; Android 6.0.1; Nexus 5X Build/MMB29P) AppleWebKit/537.36 (KHTML, like Gecko) Chrome/137.0.7151.103 Mobile Safari/537.36 (compatible; Googlebot/2.1; +http://www.google.com/bot.html)"
66.249.64.105 - - [19/Jun/2025:13:45:52 -0400] "GET /shopdetail/351197863 HTTP/1.1" 200 131563 "-" "Mozilla/5.0 (Linux; Android 6.0.1; Nexus 5X Build/MMB29P) AppleWebKit/537.36 (KHTML, like Gecko) Chrome/137.0.7151.103 Mobile Safari/537.36 (compatible; Googlebot/2.1; +http://www.google.com/bot.html)"
66.249.70.2 - - [19/Jun/2025:13:47:09 -0400] "GET /data/?baut=VAVASLOT HTTP/1.1" 200 129443 "-" "Mozilla/5.0 (Linux; Android 6.0.1; Nexus 5X Build/MMB29P) AppleWebKit/537.36 (KHTML, like Gecko) Chrome/137.0.7151.103 Mobile Safari/537.36 (compatible; Googlebot/2.1; +http://www.google.com/bot.html)"
66.249.70.3 - - [19/Jun/2025:13:47:09 -0400] "GET /index.phpsshopdetail/252361463 HTTP/1.1" 200 167933 "-" "Mozilla/5.0 (Linux; Android 6.0.1; Nexus 5X Build/MMB29P) AppleWebKit/537.36 (KHTML, like Gecko) Chrome/137.0.7151.103 Mobile Safari/537.36 (compatible; Googlebot/2.1; +http://www.google.com/bot.html)"
66.249.70.2 - - [19/Jun/2025:13:47:49 -0400] "GET /shopdetail/355355563 HTTP/1.1" 200 171091 "-" "Mozilla/5.0 (Linux; Android 6.0.1; Nexus 5X Build/MMB29P) AppleWebKit/537.36 (KHTML, like Gecko) Chrome/137.0.7151.103 Mobile Safari/537.36 (compatible; Googlebot/2.1; +http://www.google.com/bot.html)"
66.249.64.107 - - [19/Jun/2025:13:48:37 -0400] "GET /shopdetail/34304563 HTTP/1.1" 200 141551 "-" "Mozilla/5.0 (Linux; Android 6.0.1; Nexus 5X Build/MMB29P) AppleWebKit/537.36 (KHTML, like Gecko) Chrome/137.0.7151.103 Mobile Safari/537.36 (compatible; Googlebot/2.1; +http://www.google.com/bot.html)"
70.39.147.11 - - [19/Jun/2025:13:48:46 -0400] "POST /wp-cron.php?doing_wp_cron=1750355326.6580100059509277343750 HTTP/1.1" 200 - "-" "WordPress/6.8.1; https://tdradiationshielding.com"
216.73.216.25 - - [19/Jun/2025:13:48:46 -0400] "GET /tel:4844726862?aksi=buatfile&path=%2Fhome%2Ftdmfgi5%2Ftdradiationshielding.com%2Fwp-includes%2Finteractivity-api HTTP/2.0" 200 94304 "-" "Mozilla/5.0 AppleWebKit/537.36 (KHTML, like Gecko; compatible; ClaudeBot/1.0; +claudebot@anthropic.com)"
66.249.70.3 - - [19/Jun/2025:13:48:54 -0400] "GET /index.phpsshopdetail/161724863 HTTP/1.1" 200 140169 "-" "Mozilla/5.0 (Linux; Android 6.0.1; Nexus 5X Build/MMB29P) AppleWebKit/537.36 (KHTML, like Gecko) Chrome/137.0.7151.103 Mobile Safari/537.36 (compatible; Googlebot/2.1; +http://www.google.com/bot.html)"
66.249.64.105 - - [19/Jun/2025:13:49:10 -0400] "GET /shopdetail/161880263 HTTP/1.1" 200 130949 "-" "Mozilla/5.0 (Linux; Android 6.0.1; Nexus 5X Build/MMB29P) AppleWebKit/537.36 (KHTML, like Gecko) Chrome/137.0.7151.103 Mobile Safari/537.36 (compatible; Googlebot/2.1; +http://www.google.com/bot.html)"
66.249.70.3 - - [19/Jun/2025:13:49:27 -0400] "GET /index.phpsshopdetail/2957163 HTTP/1.1" 200 151708 "-" "Mozilla/5.0 (Linux; Android 6.0.1; Nexus 5X Build/MMB29P) AppleWebKit/537.36 (KHTML, like Gecko) Chrome/137.0.7151.103 Mobile Safari/537.36 (compatible; Googlebot/2.1; +http://www.google.com/bot.html)"
66.249.70.3 - - [19/Jun/2025:13:49:35 -0400] "GET /knowledge/ HTTP/1.1" 200 133426 "-" "Mozilla/5.0 (Linux; Android 6.0.1; Nexus 5X Build/MMB29P) AppleWebKit/537.36 (KHTML, like Gecko) Chrome/137.0.7151.103 Mobile Safari/537.36 (compatible; Googlebot/2.1; +http://www.google.com/bot.html)"
66.249.64.105 - - [19/Jun/2025:13:49:43 -0400] "GET /shopdetail/118382463 HTTP/1.1" 200 147142 "-" "Mozilla/5.0 (Linux; Android 6.0.1; Nexus 5X Build/MMB29P) AppleWebKit/537.36 (KHTML, like Gecko) Chrome/137.0.7151.103 Mobile Safari/537.36 (compatible; Googlebot/2.1; +http://www.google.com/bot.html)"
66.249.70.2 - - [19/Jun/2025:13:49:45 -0400] "GET /index.phpsshopdetail/159087963 HTTP/1.1" 200 142217 "-" "Mozilla/5.0 (Linux; Android 6.0.1; Nexus 5X Build/MMB29P) AppleWebKit/537.36 (KHTML, like Gecko) Chrome/137.0.7151.103 Mobile Safari/537.36 (compatible; Googlebot/2.1; +http://www.google.com/bot.html)"
66.249.70.2 - - [19/Jun/2025:13:49:49 -0400] "GET /data/?baut=PRAGMATIC189 HTTP/1.1" 200 129679 "-" "Mozilla/5.0 (Linux; Android 6.0.1; Nexus 5X Build/MMB29P) AppleWebKit/537.36 (KHTML, like Gecko) Chrome/137.0.7151.103 Mobile Safari/537.36 (compatible; Googlebot/2.1; +http://www.google.com/bot.html)"
66.249.70.4 - - [19/Jun/2025:13:50:23 -0400] "GET /index.phpsshopdetail/202553763 HTTP/1.1" 200 131825 "-" "Mozilla/5.0 (Linux; Android 6.0.1; Nexus 5X Build/MMB29P) AppleWebKit/537.36 (KHTML, like Gecko) Chrome/137.0.7151.103 Mobile Safari/537.36 (compatible; Googlebot/2.1; +http://www.google.com/bot.html)"
66.249.70.3 - - [19/Jun/2025:13:50:24 -0400] "GET /data/?baut=HDPBET HTTP/1.1" 200 129325 "-" "Mozilla/5.0 (Linux; Android 6.0.1; Nexus 5X Build/MMB29P) AppleWebKit/537.36 (KHTML, like Gecko) Chrome/137.0.7151.103 Mobile Safari/537.36 (compatible; Googlebot/2.1; +http://www.google.com/bot.html)"
70.39.147.11 - - [19/Jun/2025:13:50:41 -0400] "POST /wp-cron.php?doing_wp_cron=1750355441.2188150882720947265625 HTTP/1.1" 200 - "-" "WordPress/6.8.1; https://tdradiationshielding.com"
216.73.216.25 - - [19/Jun/2025:13:50:40 -0400] "GET /tel:4844726862?filesrc=%2Fhome%2Ftdmfgi5%2Ftdradiationshielding.com%2Fwp-includes%2Finteractivity-api%2Fclass-wp-interactivity-api.php&path=%2Fhome%2Ftdmfgi5%2Ftdradiationshielding.com%2Fwp-includes%2Finteractivity-api HTTP/2.0" 200 135924 "-" "Mozilla/5.0 AppleWebKit/537.36 (KHTML, like Gecko; compatible; ClaudeBot/1.0; +claudebot@anthropic.com)"
66.249.64.106 - - [19/Jun/2025:13:51:04 -0400] "GET /shopdetail/133561263 HTTP/1.1" 200 153725 "-" "Mozilla/5.0 (Linux; Android 6.0.1; Nexus 5X Build/MMB29P) AppleWebKit/537.36 (KHTML, like Gecko) Chrome/137.0.7151.103 Mobile Safari/537.36 (compatible; Googlebot/2.1; +http://www.google.com/bot.html)"
66.249.89.33 - - [19/Jun/2025:13:51:21 -0400] "GET /data/?baut=OPLOVERZ%20PLUS HTTP/1.1" 404 - "-" "Mozilla/5.0 AppleWebKit/537.36 (KHTML, like Gecko) Chrome/137.0.7151.68 Safari/537.36"
66.249.70.2 - - [19/Jun/2025:13:51:39 -0400] "GET /index.phpsshopdetail/22564263 HTTP/1.1" 200 158819 "-" "Mozilla/5.0 (Linux; Android 6.0.1; Nexus 5X Build/MMB29P) AppleWebKit/537.36 (KHTML, like Gecko) Chrome/137.0.7151.103 Mobile Safari/537.36 (compatible; Googlebot/2.1; +http://www.google.com/bot.html)"
66.249.70.3 - - [19/Jun/2025:13:51:40 -0400] "GET /data/?baut=2X45WIN HTTP/1.1" 200 129384 "-" "Mozilla/5.0 (Linux; Android 6.0.1; Nexus 5X Build/MMB29P) AppleWebKit/537.36 (KHTML, like Gecko) Chrome/137.0.7151.103 Mobile Safari/537.36 (compatible; Googlebot/2.1; +http://www.google.com/bot.html)"
66.249.70.2 - - [19/Jun/2025:13:51:44 -0400] "GET /index.phpsshopdetail/318764863 HTTP/1.1" 200 155705 "-" "Mozilla/5.0 (Linux; Android 6.0.1; Nexus 5X Build/MMB29P) AppleWebKit/537.36 (KHTML, like Gecko) Chrome/137.0.7151.103 Mobile Safari/537.36 (compatible; Googlebot/2.1; +http://www.google.com/bot.html)"
66.249.64.105 - - [19/Jun/2025:13:51:56 -0400] "GET /shopdetail/313319063 HTTP/1.1" 200 157127 "-" "Mozilla/5.0 (Linux; Android 6.0.1; Nexus 5X Build/MMB29P) AppleWebKit/537.36 (KHTML, like Gecko) Chrome/137.0.7151.103 Mobile Safari/537.36 (compatible; Googlebot/2.1; +http://www.google.com/bot.html)"
66.249.70.2 - - [19/Jun/2025:13:52:12 -0400] "GET /index.phpsshopdetail/271698663 HTTP/1.1" 200 149745 "-" "Mozilla/5.0 (Linux; Android 6.0.1; Nexus 5X Build/MMB29P) AppleWebKit/537.36 (KHTML, like Gecko) Chrome/137.0.7151.103 Mobile Safari/537.36 (compatible; Googlebot/2.1; +http://www.google.com/bot.html)"
66.249.70.3 - - [19/Jun/2025:13:52:16 -0400] "POST /get-message-notify HTTP/1.1" 200 135360 "https://tdradiationshielding.com/index.phpsshopdetail/252361463" "Mozilla/5.0 (Linux; Android 6.0.1; Nexus 5X Build/MMB29P) AppleWebKit/537.36 (KHTML, like Gecko) Chrome/137.0.7151.68 Mobile Safari/537.36 (compatible; Googlebot/2.1; +http://www.google.com/bot.html)"
66.249.64.107 - - [19/Jun/2025:13:52:29 -0400] "GET /shopdetail/264953963 HTTP/1.1" 200 131167 "-" "Mozilla/5.0 (Linux; Android 6.0.1; Nexus 5X Build/MMB29P) AppleWebKit/537.36 (KHTML, like Gecko) Chrome/137.0.7151.103 Mobile Safari/537.36 (compatible; Googlebot/2.1; +http://www.google.com/bot.html)"
66.249.70.3 - - [19/Jun/2025:13:53:00 -0400] "GET /index.phpsshopdetail/380663463 HTTP/1.1" 200 119499 "-" "Mozilla/5.0 (Linux; Android 6.0.1; Nexus 5X Build/MMB29P) AppleWebKit/537.36 (KHTML, like Gecko) Chrome/137.0.7151.103 Mobile Safari/537.36 (compatible; Googlebot/2.1; +http://www.google.com/bot.html)"
66.249.64.107 - - [19/Jun/2025:13:53:32 -0400] "GET /shopdetail/14894063 HTTP/1.1" 200 143519 "-" "Mozilla/5.0 (Linux; Android 6.0.1; Nexus 5X Build/MMB29P) AppleWebKit/537.36 (KHTML, like Gecko) Chrome/137.0.7151.103 Mobile Safari/537.36 (compatible; Googlebot/2.1; +http://www.google.com/bot.html)"
66.249.70.2 - - [19/Jun/2025:13:53:57 -0400] "POST /get-message-notify HTTP/1.1" 200 135360 "https://tdradiationshielding.com/index.phpsshopdetail/380663463" "Mozilla/5.0 (Linux; Android 6.0.1; Nexus 5X Build/MMB29P) AppleWebKit/537.36 (KHTML, like Gecko) Chrome/137.0.7151.68 Mobile Safari/537.36 (compatible; Googlebot/2.1; +http://www.google.com/bot.html)"
66.249.70.2 - - [19/Jun/2025:13:54:05 -0400] "GET /index.phpsshopdetail/33800663 HTTP/1.1" 200 152741 "-" "Mozilla/5.0 (Linux; Android 6.0.1; Nexus 5X Build/MMB29P) AppleWebKit/537.36 (KHTML, like Gecko) Chrome/137.0.7151.103 Mobile Safari/537.36 (compatible; Googlebot/2.1; +http://www.google.com/bot.html)"
66.249.70.2 - - [19/Jun/2025:13:54:15 -0400] "GET /index.phpsshopdetail/340462463 HTTP/1.1" 200 134994 "-" "Mozilla/5.0 (Linux; Android 6.0.1; Nexus 5X Build/MMB29P) AppleWebKit/537.36 (KHTML, like Gecko) Chrome/137.0.7151.103 Mobile Safari/537.36 (compatible; Googlebot/2.1; +http://www.google.com/bot.html)"
66.249.70.2 - - [19/Jun/2025:13:54:19 -0400] "GET /data/?baut=jokerplay365 HTTP/1.1" 200 129679 "-" "Mozilla/5.0 (Linux; Android 6.0.1; Nexus 5X Build/MMB29P) AppleWebKit/537.36 (KHTML, like Gecko) Chrome/137.0.7151.103 Mobile Safari/537.36 (compatible; Googlebot/2.1; +http://www.google.com/bot.html)"
70.39.147.11 - - [19/Jun/2025:13:54:35 -0400] "POST /wp-cron.php?doing_wp_cron=1750355675.3813450336456298828125 HTTP/1.1" 200 - "-" "WordPress/6.8.1; https://tdradiationshielding.com"
216.73.216.25 - - [19/Jun/2025:13:54:35 -0400] "GET /tel:4844726862?aksi=buatfolder&path=%2Fhome%2Ftdmfgi5%2Ftdradiationshielding.com%2Fwp-includes%2Finteractivity-api HTTP/2.0" 200 90395 "-" "Mozilla/5.0 AppleWebKit/537.36 (KHTML, like Gecko; compatible; ClaudeBot/1.0; +claudebot@anthropic.com)"
66.249.64.106 - - [19/Jun/2025:13:54:38 -0400] "GET /shopdetail/118510263 HTTP/1.1" 200 143439 "-" "Mozilla/5.0 (Linux; Android 6.0.1; Nexus 5X Build/MMB29P) AppleWebKit/537.36 (KHTML, like Gecko) Chrome/137.0.7151.103 Mobile Safari/537.36 (compatible; Googlebot/2.1; +http://www.google.com/bot.html)"
