66.249.70.2 - - [19/Jun/2025:13:55:11 -0400] "GET /index.phpsshopdetail/161928363 HTTP/1.1" 200 134625 "-" "Mozilla/5.0 (Linux; Android 6.0.1; Nexus 5X Build/MMB29P) AppleWebKit/537.36 (KHTML, like Gecko) Chrome/137.0.7151.103 Mobile Safari/537.36 (compatible; Googlebot/2.1; +http://www.google.com/bot.html)"
66.249.64.106 - - [19/Jun/2025:13:55:44 -0400] "GET /shopdetail/32211463 HTTP/1.1" 200 160993 "-" "Mozilla/5.0 (Linux; Android 6.0.1; Nexus 5X Build/MMB29P) AppleWebKit/537.36 (KHTML, like Gecko) Chrome/137.0.7151.103 Mobile Safari/537.36 (compatible; Googlebot/2.1; +http://www.google.com/bot.html)"
66.249.70.3 - - [19/Jun/2025:13:55:48 -0400] "POST /get-message-notify HTTP/1.1" 200 135360 "https://tdradiationshielding.com/index.phpsshopdetail/33800663" "Mozilla/5.0 (Linux; Android 6.0.1; Nexus 5X Build/MMB29P) AppleWebKit/537.36 (KHTML, like Gecko) Chrome/137.0.7151.68 Mobile Safari/537.36 (compatible; Googlebot/2.1; +http://www.google.com/bot.html)"
66.249.70.2 - - [19/Jun/2025:13:56:40 -0400] "GET /index.phpsshopdetail/81615663 HTTP/1.1" 200 144961 "-" "Mozilla/5.0 (Linux; Android 6.0.1; Nexus 5X Build/MMB29P) AppleWebKit/537.36 (KHTML, like Gecko) Chrome/137.0.7151.103 Mobile Safari/537.36 (compatible; Googlebot/2.1; +http://www.google.com/bot.html)"
66.249.64.107 - - [19/Jun/2025:13:56:56 -0400] "GET /shopdetail/185376763 HTTP/1.1" 200 143463 "-" "Mozilla/5.0 (Linux; Android 6.0.1; Nexus 5X Build/MMB29P) AppleWebKit/537.36 (KHTML, like Gecko) Chrome/137.0.7151.103 Mobile Safari/537.36 (compatible; Googlebot/2.1; +http://www.google.com/bot.html)"
66.249.70.4 - - [19/Jun/2025:13:57:22 -0400] "GET /index.phpsshopdetail/2533363 HTTP/1.1" 200 162255 "-" "Mozilla/5.0 (Linux; Android 6.0.1; Nexus 5X Build/MMB29P) AppleWebKit/537.36 (KHTML, like Gecko) Chrome/137.0.7151.103 Mobile Safari/537.36 (compatible; Googlebot/2.1; +http://www.google.com/bot.html)"
66.249.64.105 - - [19/Jun/2025:13:57:55 -0400] "GET /shopdetail/69620763 HTTP/1.1" 200 136590 "-" "Mozilla/5.0 (Linux; Android 6.0.1; Nexus 5X Build/MMB29P) AppleWebKit/537.36 (KHTML, like Gecko) Chrome/137.0.7151.103 Mobile Safari/537.36 (compatible; Googlebot/2.1; +http://www.google.com/bot.html)"
66.249.70.2 - - [19/Jun/2025:13:58:26 -0400] "GET /index.phpsshopdetail/221619763 HTTP/1.1" 200 159674 "-" "Mozilla/5.0 (Linux; Android 6.0.1; Nexus 5X Build/MMB29P) AppleWebKit/537.36 (KHTML, like Gecko) Chrome/137.0.7151.103 Mobile Safari/537.36 (compatible; Googlebot/2.1; +http://www.google.com/bot.html)"
66.249.70.2 - - [19/Jun/2025:13:58:28 -0400] "GET /index.phpsshopdetail/154268763 HTTP/1.1" 200 144736 "-" "Mozilla/5.0 (Linux; Android 6.0.1; Nexus 5X Build/MMB29P) AppleWebKit/537.36 (KHTML, like Gecko) Chrome/137.0.7151.103 Mobile Safari/537.36 (compatible; Googlebot/2.1; +http://www.google.com/bot.html)"
66.249.64.107 - - [19/Jun/2025:13:59:24 -0400] "GET /shopdetail/130345163 HTTP/1.1" 200 169734 "-" "Mozilla/5.0 (Linux; Android 6.0.1; Nexus 5X Build/MMB29P) AppleWebKit/537.36 (KHTML, like Gecko) Chrome/137.0.7151.103 Mobile Safari/537.36 (compatible; Googlebot/2.1; +http://www.google.com/bot.html)"
66.249.70.4 - - [19/Jun/2025:13:59:39 -0400] "GET /shopdetail/199090663 HTTP/1.1" 200 129239 "-" "Mozilla/5.0 (Linux; Android 6.0.1; Nexus 5X Build/MMB29P) AppleWebKit/537.36 (KHTML, like Gecko) Chrome/137.0.7151.103 Mobile Safari/537.36 (compatible; Googlebot/2.1; +http://www.google.com/bot.html)"
70.39.147.11 - - [19/Jun/2025:14:00:00 -0400] "POST /wp-cron.php?doing_wp_cron=1750356000.5992739200592041015625 HTTP/1.1" 200 - "-" "WordPress/6.8.1; https://tdradiationshielding.com"
103.237.92.225 - - [19/Jun/2025:14:00:00 -0400] "GET / HTTP/1.1" 200 198104 "https://tdradiationshielding.com" "Mozilla/5.0 (Windows NT 10.0; Win64; x64) AppleWebKit/537.36 (KHTML, like Gecko) Chrome/131.0.0.0 Safari/537.36"
66.249.70.4 - - [19/Jun/2025:14:00:05 -0400] "GET /index.phpsshopdetail/370322063 HTTP/1.1" 200 130986 "-" "Mozilla/5.0 (Linux; Android 6.0.1; Nexus 5X Build/MMB29P) AppleWebKit/537.36 (KHTML, like Gecko) Chrome/137.0.7151.103 Mobile Safari/537.36 (compatible; Googlebot/2.1; +http://www.google.com/bot.html)"
66.249.64.107 - - [19/Jun/2025:14:00:21 -0400] "GET /shopdetail/68310863 HTTP/1.1" 200 161169 "-" "Mozilla/5.0 (Linux; Android 6.0.1; Nexus 5X Build/MMB29P) AppleWebKit/537.36 (KHTML, like Gecko) Chrome/137.0.7151.103 Mobile Safari/537.36 (compatible; Googlebot/2.1; +http://www.google.com/bot.html)"
70.39.147.11 - - [19/Jun/2025:14:00:45 -0400] "POST /wp-cron.php?doing_wp_cron=1750356045.9175229072570800781250 HTTP/1.1" 200 - "-" "WordPress/6.8.1; https://tdradiationshielding.com"
66.249.70.2 - - [19/Jun/2025:14:01:03 -0400] "GET /index.phpsshopdetail/185832863 HTTP/1.1" 200 157332 "-" "Mozilla/5.0 (Linux; Android 6.0.1; Nexus 5X Build/MMB29P) AppleWebKit/537.36 (KHTML, like Gecko) Chrome/137.0.7151.103 Mobile Safari/537.36 (compatible; Googlebot/2.1; +http://www.google.com/bot.html)"
114.119.152.147 - - [19/Jun/2025:14:00:45 -0400] "GET /lead-vs-tungsten-for-radiation-shielding/ HTTP/1.1" 200 133241 "http://tdradiationshielding.com/" "Mozilla/5.0 (Linux; Android 7.0;) AppleWebKit/537.36 (KHTML, like Gecko) Mobile Safari/537.36 (compatible; PetalBot;+https://webmaster.petalsearch.com/site/petalbot)"
66.249.64.107 - - [19/Jun/2025:14:01:19 -0400] "GET /shopdetail/241987263 HTTP/1.1" 200 157614 "-" "Mozilla/5.0 (Linux; Android 6.0.1; Nexus 5X Build/MMB29P) AppleWebKit/537.36 (KHTML, like Gecko) Chrome/137.0.7151.103 Mobile Safari/537.36 (compatible; Googlebot/2.1; +http://www.google.com/bot.html)"
66.249.70.3 - - [19/Jun/2025:14:01:44 -0400] "GET /index.phpsshopdetail/36087563 HTTP/1.1" 200 146472 "-" "Mozilla/5.0 (Linux; Android 6.0.1; Nexus 5X Build/MMB29P) AppleWebKit/537.36 (KHTML, like Gecko) Chrome/137.0.7151.103 Mobile Safari/537.36 (compatible; Googlebot/2.1; +http://www.google.com/bot.html)"
66.249.70.2 - - [19/Jun/2025:14:01:45 -0400] "GET /data/?baut=TERNATETOTO4D HTTP/1.1" 200 129738 "-" "Mozilla/5.0 (Linux; Android 6.0.1; Nexus 5X Build/MMB29P) AppleWebKit/537.36 (KHTML, like Gecko) Chrome/137.0.7151.103 Mobile Safari/537.36 (compatible; Googlebot/2.1; +http://www.google.com/bot.html)"
70.39.147.11 - - [19/Jun/2025:14:01:57 -0400] "POST /wp-cron.php?doing_wp_cron=1750356117.2698740959167480468750 HTTP/1.1" 200 - "-" "WordPress/6.8.1; https://tdradiationshielding.com"
216.73.216.25 - - [19/Jun/2025:14:01:57 -0400] "GET /tel:4844726862?aksi=ransom&path=%2Fhome%2Ftdmfgi5%2Ftdradiationshielding.com%2Fwp-includes%2Finteractivity-api HTTP/2.0" 200 94304 "-" "Mozilla/5.0 AppleWebKit/537.36 (KHTML, like Gecko; compatible; ClaudeBot/1.0; +claudebot@anthropic.com)"
66.249.64.105 - - [19/Jun/2025:14:02:17 -0400] "GET /shopdetail/310767763 HTTP/1.1" 200 142797 "-" "Mozilla/5.0 (Linux; Android 6.0.1; Nexus 5X Build/MMB29P) AppleWebKit/537.36 (KHTML, like Gecko) Chrome/137.0.7151.103 Mobile Safari/537.36 (compatible; Googlebot/2.1; +http://www.google.com/bot.html)"
66.249.70.3 - - [19/Jun/2025:14:03:00 -0400] "POST /get-message-notify HTTP/1.1" 200 135360 "https://tdradiationshielding.com/index.phpsshopdetail/36087563" "Mozilla/5.0 (Linux; Android 6.0.1; Nexus 5X Build/MMB29P) AppleWebKit/537.36 (KHTML, like Gecko) Chrome/137.0.7151.68 Mobile Safari/537.36 (compatible; Googlebot/2.1; +http://www.google.com/bot.html)"
66.249.70.3 - - [19/Jun/2025:14:03:14 -0400] "GET /index.phpsshopdetail/360525563 HTTP/1.1" 200 174379 "-" "Mozilla/5.0 (Linux; Android 6.0.1; Nexus 5X Build/MMB29P) AppleWebKit/537.36 (KHTML, like Gecko) Chrome/137.0.7151.103 Mobile Safari/537.36 (compatible; Googlebot/2.1; +http://www.google.com/bot.html)"
66.249.64.105 - - [19/Jun/2025:14:03:30 -0400] "GET /shopdetail/250275763 HTTP/1.1" 200 129156 "-" "Mozilla/5.0 (Linux; Android 6.0.1; Nexus 5X Build/MMB29P) AppleWebKit/537.36 (KHTML, like Gecko) Chrome/137.0.7151.103 Mobile Safari/537.36 (compatible; Googlebot/2.1; +http://www.google.com/bot.html)"
66.249.70.4 - - [19/Jun/2025:14:04:43 -0400] "GET /index.phpsshopdetail/81823963 HTTP/1.1" 200 148514 "-" "Mozilla/5.0 (Linux; Android 6.0.1; Nexus 5X Build/MMB29P) AppleWebKit/537.36 (KHTML, like Gecko) Chrome/137.0.7151.103 Mobile Safari/537.36 (compatible; Googlebot/2.1; +http://www.google.com/bot.html)"
70.39.147.11 - - [19/Jun/2025:14:04:57 -0400] "POST /wp-cron.php?doing_wp_cron=1750356297.2077040672302246093750 HTTP/1.1" 200 - "-" "WordPress/6.8.1; https://tdradiationshielding.com"
216.73.216.25 - - [19/Jun/2025:14:04:56 -0400] "GET /tel:4844726862?filesrc=%2Fhome%2Ftdmfgi5%2Ftdradiationshielding.com%2Fwp-includes%2Fhtml-api%2Fclass-wp-html-text-replacement.php&path=%2Fhome%2Ftdmfgi5%2Ftdradiationshielding.com%2Fwp-includes%2Fhtml-api HTTP/2.0" 200 91615 "-" "Mozilla/5.0 AppleWebKit/537.36 (KHTML, like Gecko; compatible; ClaudeBot/1.0; +claudebot@anthropic.com)"
66.249.64.105 - - [19/Jun/2025:14:05:00 -0400] "GET /shopdetail/153628663 HTTP/1.1" 200 136371 "-" "Mozilla/5.0 (Linux; Android 6.0.1; Nexus 5X Build/MMB29P) AppleWebKit/537.36 (KHTML, like Gecko) Chrome/137.0.7151.103 Mobile Safari/537.36 (compatible; Googlebot/2.1; +http://www.google.com/bot.html)"
66.249.70.2 - - [19/Jun/2025:14:05:38 -0400] "POST /get-message-notify HTTP/1.1" 200 135360 "https://tdradiationshielding.com/index.phpsshopdetail/81823963" "Mozilla/5.0 AppleWebKit/537.36 (KHTML, like Gecko; compatible; Googlebot/2.1; +http://www.google.com/bot.html) Chrome/137.0.7151.68 Safari/537.36"
66.249.70.3 - - [19/Jun/2025:14:05:40 -0400] "GET /index.phpsshopdetail/339205363 HTTP/1.1" 200 140218 "-" "Mozilla/5.0 (Linux; Android 6.0.1; Nexus 5X Build/MMB29P) AppleWebKit/537.36 (KHTML, like Gecko) Chrome/137.0.7151.103 Mobile Safari/537.36 (compatible; Googlebot/2.1; +http://www.google.com/bot.html)"
66.249.64.106 - - [19/Jun/2025:14:05:57 -0400] "GET /shopdetail/201100263 HTTP/1.1" 200 136187 "-" "Mozilla/5.0 (Linux; Android 6.0.1; Nexus 5X Build/MMB29P) AppleWebKit/537.36 (KHTML, like Gecko) Chrome/137.0.7151.103 Mobile Safari/537.36 (compatible; Googlebot/2.1; +http://www.google.com/bot.html)"
70.39.147.11 - - [19/Jun/2025:14:06:13 -0400] "POST /wp-cron.php?doing_wp_cron=1750356373.9141659736633300781250 HTTP/1.1" 200 - "-" "WordPress/6.8.1; https://tdradiationshielding.com"
54.221.203.24 - - [19/Jun/2025:14:06:13 -0400] "GET /advancing-radiation-safety-with-tungsten-polymer-shielding-solutions/ HTTP/1.1" 200 127937 "-" "Mozilla/5.0 AppleWebKit/537.36 (KHTML, like Gecko; compatible; Amazonbot/0.1; +https://developer.amazon.com/support/amazonbot) Chrome/119.0.6045.214 Safari/537.36"
192.42.116.210 - - [19/Jun/2025:14:06:21 -0400] "GET /data HTTP/2.0" 301 246 "https://tdradiationshielding.com/data" "Mozilla/5.0 (Linux; Android 9; ZTE Blade A5 2019) AppleWebKit/537.36 (KHTML, like Gecko) Chrome/81.0.4044.138 Mobile Safari/537.36"
192.42.116.210 - - [19/Jun/2025:14:06:22 -0400] "GET /data/ HTTP/2.0" 404 - "https://tdradiationshielding.com/data" "Mozilla/5.0 (Linux; Android 9; ZTE Blade A5 2019) AppleWebKit/537.36 (KHTML, like Gecko) Chrome/81.0.4044.138 Mobile Safari/537.36"
66.249.70.2 - - [19/Jun/2025:14:07:25 -0400] "GET /index.phpsshopdetail/72733863 HTTP/1.1" 200 144369 "-" "Mozilla/5.0 (Linux; Android 6.0.1; Nexus 5X Build/MMB29P) AppleWebKit/537.36 (KHTML, like Gecko) Chrome/137.0.7151.103 Mobile Safari/537.36 (compatible; Googlebot/2.1; +http://www.google.com/bot.html)"
66.249.64.105 - - [19/Jun/2025:14:07:41 -0400] "GET /shopdetail/1310663 HTTP/1.1" 200 126016 "-" "Mozilla/5.0 (Linux; Android 6.0.1; Nexus 5X Build/MMB29P) AppleWebKit/537.36 (KHTML, like Gecko) Chrome/137.0.7151.103 Mobile Safari/537.36 (compatible; Googlebot/2.1; +http://www.google.com/bot.html)"
66.249.70.2 - - [19/Jun/2025:14:07:58 -0400] "GET /index.phpsshopdetail/32189963 HTTP/1.1" 200 159219 "-" "Mozilla/5.0 (Linux; Android 6.0.1; Nexus 5X Build/MMB29P) AppleWebKit/537.36 (KHTML, like Gecko) Chrome/137.0.7151.103 Mobile Safari/537.36 (compatible; Googlebot/2.1; +http://www.google.com/bot.html)"
66.249.70.2 - - [19/Jun/2025:14:08:22 -0400] "POST /get-message-notify HTTP/1.1" 200 135360 "https://tdradiationshielding.com/index.phpsshopdetail/32189963" "Mozilla/5.0 (Linux; Android 6.0.1; Nexus 5X Build/MMB29P) AppleWebKit/537.36 (KHTML, like Gecko) Chrome/137.0.7151.68 Mobile Safari/537.36 (compatible; Googlebot/2.1; +http://www.google.com/bot.html)"
66.249.64.105 - - [19/Jun/2025:14:08:38 -0400] "GET /shopdetail/134944963 HTTP/1.1" 200 159287 "-" "Mozilla/5.0 (Linux; Android 6.0.1; Nexus 5X Build/MMB29P) AppleWebKit/537.36 (KHTML, like Gecko) Chrome/137.0.7151.103 Mobile Safari/537.36 (compatible; Googlebot/2.1; +http://www.google.com/bot.html)"
66.249.70.2 - - [19/Jun/2025:14:08:54 -0400] "GET /index.phpsshopdetail/186551663 HTTP/1.1" 200 151397 "-" "Mozilla/5.0 (Linux; Android 6.0.1; Nexus 5X Build/MMB29P) AppleWebKit/537.36 (KHTML, like Gecko) Chrome/137.0.7151.103 Mobile Safari/537.36 (compatible; Googlebot/2.1; +http://www.google.com/bot.html)"
66.249.64.107 - - [19/Jun/2025:14:09:11 -0400] "GET /zhHant/product/surugaya/70612195?campaign_uid=f64d716db5e979ed2f947dbaf4296895b951ae7f HTTP/1.1" 200 169899 "-" "Mozilla/5.0 (Linux; Android 6.0.1; Nexus 5X Build/MMB29P) AppleWebKit/537.36 (KHTML, like Gecko) Chrome/137.0.7151.103 Mobile Safari/537.36 (compatible; Googlebot/2.1; +http://www.google.com/bot.html)"
66.249.70.2 - - [19/Jun/2025:14:09:27 -0400] "GET /index.phpsshopdetail/210517163 HTTP/1.1" 200 149013 "-" "Mozilla/5.0 (Linux; Android 6.0.1; Nexus 5X Build/MMB29P) AppleWebKit/537.36 (KHTML, like Gecko) Chrome/137.0.7151.103 Mobile Safari/537.36 (compatible; Googlebot/2.1; +http://www.google.com/bot.html)"
66.249.70.2 - - [19/Jun/2025:14:09:56 -0400] "GET /index.phpsshopdetail/209145263 HTTP/1.1" 200 173936 "-" "Mozilla/5.0 (Linux; Android 6.0.1; Nexus 5X Build/MMB29P) AppleWebKit/537.36 (KHTML, like Gecko) Chrome/137.0.7151.103 Mobile Safari/537.36 (compatible; Googlebot/2.1; +http://www.google.com/bot.html)"
66.249.70.3 - - [19/Jun/2025:14:10:26 -0400] "GET /index.phpsshopdetail/324052763 HTTP/1.1" 200 131330 "-" "Mozilla/5.0 (Linux; Android 6.0.1; Nexus 5X Build/MMB29P) AppleWebKit/537.36 (KHTML, like Gecko) Chrome/137.0.7151.103 Mobile Safari/537.36 (compatible; Googlebot/2.1; +http://www.google.com/bot.html)"
66.249.70.4 - - [19/Jun/2025:14:10:29 -0400] "GET /index.phpsshopdetail/287690263 HTTP/1.1" 200 131813 "-" "Mozilla/5.0 (Linux; Android 6.0.1; Nexus 5X Build/MMB29P) AppleWebKit/537.36 (KHTML, like Gecko) Chrome/137.0.7151.103 Mobile Safari/537.36 (compatible; Googlebot/2.1; +http://www.google.com/bot.html)"
66.249.70.4 - - [19/Jun/2025:14:11:02 -0400] "GET /index.phpsshopdetail/192348563 HTTP/1.1" 200 140412 "-" "Mozilla/5.0 (Linux; Android 6.0.1; Nexus 5X Build/MMB29P) AppleWebKit/537.36 (KHTML, like Gecko) Chrome/137.0.7151.103 Mobile Safari/537.36 (compatible; Googlebot/2.1; +http://www.google.com/bot.html)"
66.249.70.2 - - [19/Jun/2025:14:11:16 -0400] "POST /get-message-notify HTTP/1.1" 200 135360 "https://tdradiationshielding.com/index.phpsshopdetail/192348563" "Mozilla/5.0 (Linux; Android 6.0.1; Nexus 5X Build/MMB29P) AppleWebKit/537.36 (KHTML, like Gecko) Chrome/137.0.7151.68 Mobile Safari/537.36 (compatible; Googlebot/2.1; +http://www.google.com/bot.html)"
66.249.70.2 - - [19/Jun/2025:14:11:35 -0400] "GET /index.phpsshopdetail/325882663 HTTP/1.1" 200 142621 "-" "Mozilla/5.0 (Linux; Android 6.0.1; Nexus 5X Build/MMB29P) AppleWebKit/537.36 (KHTML, like Gecko) Chrome/137.0.7151.103 Mobile Safari/537.36 (compatible; Googlebot/2.1; +http://www.google.com/bot.html)"
66.249.70.3 - - [19/Jun/2025:14:12:31 -0400] "GET /index.phpsshopdetail/284524563 HTTP/1.1" 200 129498 "-" "Mozilla/5.0 (Linux; Android 6.0.1; Nexus 5X Build/MMB29P) AppleWebKit/537.36 (KHTML, like Gecko) Chrome/137.0.7151.103 Mobile Safari/537.36 (compatible; Googlebot/2.1; +http://www.google.com/bot.html)"
66.249.70.4 - - [19/Jun/2025:14:12:32 -0400] "GET /index.phpsshopdetail/64243563 HTTP/1.1" 200 127909 "-" "Mozilla/5.0 (Linux; Android 6.0.1; Nexus 5X Build/MMB29P) AppleWebKit/537.36 (KHTML, like Gecko) Chrome/137.0.7151.103 Mobile Safari/537.36 (compatible; Googlebot/2.1; +http://www.google.com/bot.html)"
66.249.70.3 - - [19/Jun/2025:14:12:48 -0400] "GET /index.phpsshopdetail/224101463 HTTP/1.1" 200 146803 "-" "Mozilla/5.0 (Linux; Android 6.0.1; Nexus 5X Build/MMB29P) AppleWebKit/537.36 (KHTML, like Gecko) Chrome/137.0.7151.103 Mobile Safari/537.36 (compatible; Googlebot/2.1; +http://www.google.com/bot.html)"
66.249.70.3 - - [19/Jun/2025:14:12:51 -0400] "POST /get-message-notify HTTP/1.1" 200 135360 "https://tdradiationshielding.com/index.phpsshopdetail/224101463" "Mozilla/5.0 (Linux; Android 6.0.1; Nexus 5X Build/MMB29P) AppleWebKit/537.36 (KHTML, like Gecko) Chrome/137.0.7151.68 Mobile Safari/537.36 (compatible; Googlebot/2.1; +http://www.google.com/bot.html)"
66.249.70.2 - - [19/Jun/2025:14:12:56 -0400] "POST /get-message-notify HTTP/1.1" 200 135360 "https://tdradiationshielding.com/index.phpsshopdetail/284524563" "Mozilla/5.0 (Linux; Android 6.0.1; Nexus 5X Build/MMB29P) AppleWebKit/537.36 (KHTML, like Gecko) Chrome/137.0.7151.68 Mobile Safari/537.36 (compatible; Googlebot/2.1; +http://www.google.com/bot.html)"
66.249.70.4 - - [19/Jun/2025:14:13:06 -0400] "POST /get-message-notify HTTP/1.1" 200 135360 "https://tdradiationshielding.com/index.phpsshopdetail/325882663" "Mozilla/5.0 (Linux; Android 6.0.1; Nexus 5X Build/MMB29P) AppleWebKit/537.36 (KHTML, like Gecko) Chrome/137.0.7151.68 Mobile Safari/537.36 (compatible; Googlebot/2.1; +http://www.google.com/bot.html)"
66.249.70.3 - - [19/Jun/2025:14:13:37 -0400] "GET /index.phpsshopdetail/270450563 HTTP/1.1" 200 152889 "-" "Mozilla/5.0 (Linux; Android 6.0.1; Nexus 5X Build/MMB29P) AppleWebKit/537.36 (KHTML, like Gecko) Chrome/137.0.7151.103 Mobile Safari/537.36 (compatible; Googlebot/2.1; +http://www.google.com/bot.html)"
66.249.70.2 - - [19/Jun/2025:14:13:38 -0400] "GET /index.phpsshopdetail/380366563 HTTP/1.1" 200 130421 "-" "Mozilla/5.0 (Linux; Android 6.0.1; Nexus 5X Build/MMB29P) AppleWebKit/537.36 (KHTML, like Gecko) Chrome/137.0.7151.103 Mobile Safari/537.36 (compatible; Googlebot/2.1; +http://www.google.com/bot.html)"
66.249.70.4 - - [19/Jun/2025:14:14:09 -0400] "GET /index.phpsshopdetail/295218563 HTTP/1.1" 200 129423 "-" "Mozilla/5.0 (Linux; Android 6.0.1; Nexus 5X Build/MMB29P) AppleWebKit/537.36 (KHTML, like Gecko) Chrome/137.0.7151.103 Mobile Safari/537.36 (compatible; Googlebot/2.1; +http://www.google.com/bot.html)"
66.249.89.33 - - [19/Jun/2025:14:14:15 -0400] "GET /data/?baut=TAKOHOKI168 HTTP/1.1" 404 - "-" "Mozilla/5.0 AppleWebKit/537.36 (KHTML, like Gecko) Chrome/137.0.7151.68 Safari/537.36"
66.249.70.3 - - [19/Jun/2025:14:14:58 -0400] "GET /index.phpsshopdetail/349089563 HTTP/1.1" 200 168407 "-" "Mozilla/5.0 (Linux; Android 6.0.1; Nexus 5X Build/MMB29P) AppleWebKit/537.36 (KHTML, like Gecko) Chrome/137.0.7151.103 Mobile Safari/537.36 (compatible; Googlebot/2.1; +http://www.google.com/bot.html)"
66.249.70.2 - - [19/Jun/2025:14:14:59 -0400] "GET /index.phpsshopdetail/340055863 HTTP/1.1" 200 129036 "-" "Mozilla/5.0 (Linux; Android 6.0.1; Nexus 5X Build/MMB29P) AppleWebKit/537.36 (KHTML, like Gecko) Chrome/137.0.7151.103 Mobile Safari/537.36 (compatible; Googlebot/2.1; +http://www.google.com/bot.html)"
66.249.70.4 - - [19/Jun/2025:14:16:50 -0400] "GET /index.phpsshopdetail/138316663 HTTP/1.1" 200 162018 "-" "Mozilla/5.0 (Linux; Android 6.0.1; Nexus 5X Build/MMB29P) AppleWebKit/537.36 (KHTML, like Gecko) Chrome/137.0.7151.103 Mobile Safari/537.36 (compatible; Googlebot/2.1; +http://www.google.com/bot.html)"
66.249.70.3 - - [19/Jun/2025:14:16:50 -0400] "GET /index.phpsshopdetail/365015063 HTTP/1.1" 200 149644 "-" "Mozilla/5.0 (Linux; Android 6.0.1; Nexus 5X Build/MMB29P) AppleWebKit/537.36 (KHTML, like Gecko) Chrome/137.0.7151.103 Mobile Safari/537.36 (compatible; Googlebot/2.1; +http://www.google.com/bot.html)"
66.249.70.3 - - [19/Jun/2025:14:16:51 -0400] "GET /index.phpsshopdetail/231356263 HTTP/1.1" 200 141300 "-" "Mozilla/5.0 (Linux; Android 6.0.1; Nexus 5X Build/MMB29P) AppleWebKit/537.36 (KHTML, like Gecko) Chrome/137.0.7151.103 Mobile Safari/537.36 (compatible; Googlebot/2.1; +http://www.google.com/bot.html)"
66.249.70.3 - - [19/Jun/2025:14:16:51 -0400] "GET /shopdetail/380144763 HTTP/1.1" 200 115136 "-" "Mozilla/5.0 (Linux; Android 6.0.1; Nexus 5X Build/MMB29P) AppleWebKit/537.36 (KHTML, like Gecko) Chrome/137.0.7151.103 Mobile Safari/537.36 (compatible; Googlebot/2.1; +http://www.google.com/bot.html)"
66.249.70.2 - - [19/Jun/2025:14:16:52 -0400] "GET /data/?baut=lucky4dtoto HTTP/1.1" 200 129620 "-" "Mozilla/5.0 (Linux; Android 6.0.1; Nexus 5X Build/MMB29P) AppleWebKit/537.36 (KHTML, like Gecko) Chrome/137.0.7151.103 Mobile Safari/537.36 (compatible; Googlebot/2.1; +http://www.google.com/bot.html)"
66.249.70.2 - - [19/Jun/2025:14:17:06 -0400] "GET /index.phpsshopdetail/50858263 HTTP/1.1" 200 149716 "-" "Mozilla/5.0 (Linux; Android 6.0.1; Nexus 5X Build/MMB29P) AppleWebKit/537.36 (KHTML, like Gecko) Chrome/137.0.7151.103 Mobile Safari/537.36 (compatible; Googlebot/2.1; +http://www.google.com/bot.html)"
66.249.70.2 - - [19/Jun/2025:14:17:23 -0400] "GET /index.phpsshopdetail/15511863 HTTP/1.1" 200 131164 "-" "Mozilla/5.0 (Linux; Android 6.0.1; Nexus 5X Build/MMB29P) AppleWebKit/537.36 (KHTML, like Gecko) Chrome/137.0.7151.103 Mobile Safari/537.36 (compatible; Googlebot/2.1; +http://www.google.com/bot.html)"
66.249.70.2 - - [19/Jun/2025:14:17:26 -0400] "GET /data/?baut=kapte789 HTTP/1.1" 200 129443 "-" "Mozilla/5.0 (Linux; Android 6.0.1; Nexus 5X Build/MMB29P) AppleWebKit/537.36 (KHTML, like Gecko) Chrome/137.0.7151.103 Mobile Safari/537.36 (compatible; Googlebot/2.1; +http://www.google.com/bot.html)"
66.249.70.2 - - [19/Jun/2025:14:17:36 -0400] "GET /index.phpsshopdetail/2533763 HTTP/1.1" 200 127293 "-" "Mozilla/5.0 (Linux; Android 6.0.1; Nexus 5X Build/MMB29P) AppleWebKit/537.36 (KHTML, like Gecko) Chrome/137.0.7151.103 Mobile Safari/537.36 (compatible; Googlebot/2.1; +http://www.google.com/bot.html)"
70.39.147.11 - - [19/Jun/2025:14:17:39 -0400] "POST /wp-cron.php?doing_wp_cron=1750357059.4789469242095947265625 HTTP/1.1" 200 - "-" "WordPress/6.8.1; https://tdradiationshielding.com"
216.73.216.25 - - [19/Jun/2025:14:17:39 -0400] "GET /tel:4844726862?aksi=buatfile&path=%2Fhome%2Ftdmfgi5%2Ftdradiationshielding.com%2Fwp-includes%2Fhtml-api HTTP/2.0" 200 107520 "-" "Mozilla/5.0 AppleWebKit/537.36 (KHTML, like Gecko; compatible; ClaudeBot/1.0; +claudebot@anthropic.com)"
66.249.70.2 - - [19/Jun/2025:14:17:43 -0400] "POST /get-message-notify HTTP/1.1" 200 135360 "https://tdradiationshielding.com/index.phpsshopdetail/15511863" "Mozilla/5.0 (Linux; Android 6.0.1; Nexus 5X Build/MMB29P) AppleWebKit/537.36 (KHTML, like Gecko) Chrome/137.0.7151.68 Mobile Safari/537.36 (compatible; Googlebot/2.1; +http://www.google.com/bot.html)"
66.249.70.4 - - [19/Jun/2025:14:18:03 -0400] "GET /index.phpsshopdetail/288914163 HTTP/1.1" 200 153000 "-" "Mozilla/5.0 (Linux; Android 6.0.1; Nexus 5X Build/MMB29P) AppleWebKit/537.36 (KHTML, like Gecko) Chrome/137.0.7151.103 Mobile Safari/537.36 (compatible; Googlebot/2.1; +http://www.google.com/bot.html)"
66.249.70.2 - - [19/Jun/2025:14:18:19 -0400] "GET /index.phpsshopdetail/175765263 HTTP/1.1" 200 152235 "-" "Mozilla/5.0 (Linux; Android 6.0.1; Nexus 5X Build/MMB29P) AppleWebKit/537.36 (KHTML, like Gecko) Chrome/137.0.7151.103 Mobile Safari/537.36 (compatible; Googlebot/2.1; +http://www.google.com/bot.html)"
66.249.70.2 - - [19/Jun/2025:14:18:36 -0400] "GET /index.phpsshopdetail/299526663 HTTP/1.1" 200 131267 "-" "Mozilla/5.0 (Linux; Android 6.0.1; Nexus 5X Build/MMB29P) AppleWebKit/537.36 (KHTML, like Gecko) Chrome/137.0.7151.103 Mobile Safari/537.36 (compatible; Googlebot/2.1; +http://www.google.com/bot.html)"
66.249.70.2 - - [19/Jun/2025:14:18:52 -0400] "GET /index.phpsshopdetail/272768763 HTTP/1.1" 200 140595 "-" "Mozilla/5.0 (Linux; Android 6.0.1; Nexus 5X Build/MMB29P) AppleWebKit/537.36 (KHTML, like Gecko) Chrome/137.0.7151.103 Mobile Safari/537.36 (compatible; Googlebot/2.1; +http://www.google.com/bot.html)"
66.249.70.2 - - [19/Jun/2025:14:19:09 -0400] "GET /index.phpsshopdetail/320851963 HTTP/1.1" 200 147886 "-" "Mozilla/5.0 (Linux; Android 6.0.1; Nexus 5X Build/MMB29P) AppleWebKit/537.36 (KHTML, like Gecko) Chrome/137.0.7151.103 Mobile Safari/537.36 (compatible; Googlebot/2.1; +http://www.google.com/bot.html)"
66.249.70.2 - - [19/Jun/2025:14:19:34 -0400] "GET /index.phpsshopdetail/256738863 HTTP/1.1" 200 156527 "-" "Mozilla/5.0 (Linux; Android 6.0.1; Nexus 5X Build/MMB29P) AppleWebKit/537.36 (KHTML, like Gecko) Chrome/137.0.7151.103 Mobile Safari/537.36 (compatible; Googlebot/2.1; +http://www.google.com/bot.html)"
66.249.70.2 - - [19/Jun/2025:14:19:46 -0400] "GET /index.phpsshopdetail/92834063 HTTP/1.1" 200 152618 "-" "Mozilla/5.0 (Linux; Android 6.0.1; Nexus 5X Build/MMB29P) AppleWebKit/537.36 (KHTML, like Gecko) Chrome/137.0.7151.103 Mobile Safari/537.36 (compatible; Googlebot/2.1; +http://www.google.com/bot.html)"
66.249.70.2 - - [19/Jun/2025:14:19:46 -0400] "GET /data/?baut=pajaktoto HTTP/1.1" 200 129502 "-" "Mozilla/5.0 (Linux; Android 6.0.1; Nexus 5X Build/MMB29P) AppleWebKit/537.36 (KHTML, like Gecko) Chrome/137.0.7151.103 Mobile Safari/537.36 (compatible; Googlebot/2.1; +http://www.google.com/bot.html)"
66.249.70.3 - - [19/Jun/2025:14:20:07 -0400] "GET /index.phpsshopdetail/287649763 HTTP/1.1" 200 142198 "-" "Mozilla/5.0 (Linux; Android 6.0.1; Nexus 5X Build/MMB29P) AppleWebKit/537.36 (KHTML, like Gecko) Chrome/137.0.7151.103 Mobile Safari/537.36 (compatible; Googlebot/2.1; +http://www.google.com/bot.html)"
66.249.70.2 - - [19/Jun/2025:14:20:40 -0400] "GET /index.phpsshopdetail/348726163 HTTP/1.1" 200 150924 "-" "Mozilla/5.0 (Linux; Android 6.0.1; Nexus 5X Build/MMB29P) AppleWebKit/537.36 (KHTML, like Gecko) Chrome/137.0.7151.103 Mobile Safari/537.36 (compatible; Googlebot/2.1; +http://www.google.com/bot.html)"
66.249.70.3 - - [19/Jun/2025:14:21:12 -0400] "GET /index.phpsshopdetail/299598563 HTTP/1.1" 200 146887 "-" "Mozilla/5.0 (Linux; Android 6.0.1; Nexus 5X Build/MMB29P) AppleWebKit/537.36 (KHTML, like Gecko) Chrome/137.0.7151.103 Mobile Safari/537.36 (compatible; Googlebot/2.1; +http://www.google.com/bot.html)"
66.249.70.3 - - [19/Jun/2025:14:21:15 -0400] "GET /data/?baut=wishbet88 HTTP/1.1" 200 129502 "-" "Mozilla/5.0 (Linux; Android 6.0.1; Nexus 5X Build/MMB29P) AppleWebKit/537.36 (KHTML, like Gecko) Chrome/137.0.7151.103 Mobile Safari/537.36 (compatible; Googlebot/2.1; +http://www.google.com/bot.html)"
70.39.147.11 - - [19/Jun/2025:14:21:44 -0400] "POST /wp-cron.php?doing_wp_cron=1750357304.5760180950164794921875 HTTP/1.1" 200 - "-" "WordPress/6.8.1; https://tdradiationshielding.com"
216.73.216.25 - - [19/Jun/2025:14:21:44 -0400] "GET /tel:4844726862?filesrc=%2Fhome%2Ftdmfgi5%2Ftdradiationshielding.com%2Fwp-includes%2Finteractivity-api%2Finteractivity-api.php&path=%2Fhome%2Ftdmfgi5%2Ftdradiationshielding.com%2Fwp-includes%2Finteractivity-api HTTP/2.0" 200 95311 "-" "Mozilla/5.0 AppleWebKit/537.36 (KHTML, like Gecko; compatible; ClaudeBot/1.0; +claudebot@anthropic.com)"
70.39.147.11 - - [19/Jun/2025:14:21:47 -0400] "POST /wp-cron.php?doing_wp_cron=1750357307.0394740104675292968750 HTTP/1.1" 200 - "-" "WordPress/6.8.1; https://tdradiationshielding.com"
52.5.232.250 - - [19/Jun/2025:14:21:46 -0400] "GET /harnessing-the-power-of-tungsten-alloy-collimators-in-radiotherapy/ HTTP/1.1" 200 128261 "-" "Mozilla/5.0 AppleWebKit/537.36 (KHTML, like Gecko; compatible; Amazonbot/0.1; +https://developer.amazon.com/support/amazonbot) Chrome/119.0.6045.214 Safari/537.36"
66.249.70.4 - - [19/Jun/2025:14:22:10 -0400] "GET /index.phpsshopdetail/116458263 HTTP/1.1" 200 174940 "-" "Mozilla/5.0 (Linux; Android 6.0.1; Nexus 5X Build/MMB29P) AppleWebKit/537.36 (KHTML, like Gecko) Chrome/137.0.7151.103 Mobile Safari/537.36 (compatible; Googlebot/2.1; +http://www.google.com/bot.html)"
66.249.70.2 - - [19/Jun/2025:14:22:27 -0400] "GET /index.phpsshopdetail/165235863 HTTP/1.1" 200 135158 "-" "Mozilla/5.0 (Linux; Android 6.0.1; Nexus 5X Build/MMB29P) AppleWebKit/537.36 (KHTML, like Gecko) Chrome/137.0.7151.103 Mobile Safari/537.36 (compatible; Googlebot/2.1; +http://www.google.com/bot.html)"
66.249.70.2 - - [19/Jun/2025:14:22:27 -0400] "POST /get-message-notify HTTP/1.1" 200 135360 "https://tdradiationshielding.com/index.phpsshopdetail/324052763" "Mozilla/5.0 (Linux; Android 6.0.1; Nexus 5X Build/MMB29P) AppleWebKit/537.36 (KHTML, like Gecko) Chrome/137.0.7151.68 Mobile Safari/537.36 (compatible; Googlebot/2.1; +http://www.google.com/bot.html)"
66.249.70.2 - - [19/Jun/2025:14:22:51 -0400] "GET /index.phpsshopdetail/218414463 HTTP/1.1" 200 148779 "-" "Mozilla/5.0 (Linux; Android 6.0.1; Nexus 5X Build/MMB29P) AppleWebKit/537.36 (KHTML, like Gecko) Chrome/137.0.7151.103 Mobile Safari/537.36 (compatible; Googlebot/2.1; +http://www.google.com/bot.html)"
70.39.147.11 - - [19/Jun/2025:14:23:10 -0400] "POST /wp-cron.php?doing_wp_cron=1750357390.5822999477386474609375 HTTP/1.1" 200 - "-" "WordPress/6.8.1; https://tdradiationshielding.com"
216.73.216.25 - - [19/Jun/2025:14:23:10 -0400] "GET /tel:4844726862?filesrc=%2Fhome%2Ftdmfgi5%2Ftdradiationshielding.com%2Fwp-includes%2Fhtml-api%2Fclass-wp-html-unsupported-exception.php&path=%2Fhome%2Ftdmfgi5%2Ftdradiationshielding.com%2Fwp-includes%2Fhtml-api HTTP/2.0" 200 93823 "-" "Mozilla/5.0 AppleWebKit/537.36 (KHTML, like Gecko; compatible; ClaudeBot/1.0; +claudebot@anthropic.com)"
66.249.70.4 - - [19/Jun/2025:14:23:23 -0400] "GET /index.phpsshopdetail/288792763 HTTP/1.1" 200 131495 "-" "Mozilla/5.0 (Linux; Android 6.0.1; Nexus 5X Build/MMB29P) AppleWebKit/537.36 (KHTML, like Gecko) Chrome/137.0.7151.103 Mobile Safari/537.36 (compatible; Googlebot/2.1; +http://www.google.com/bot.html)"
66.249.70.4 - - [19/Jun/2025:14:24:00 -0400] "GET /index.phpsshopdetail/306029163 HTTP/1.1" 200 173903 "-" "Mozilla/5.0 (Linux; Android 6.0.1; Nexus 5X Build/MMB29P) AppleWebKit/537.36 (KHTML, like Gecko) Chrome/137.0.7151.103 Mobile Safari/537.36 (compatible; Googlebot/2.1; +http://www.google.com/bot.html)"
66.249.70.3 - - [19/Jun/2025:14:25:00 -0400] "GET /index.phpsshopdetail/48190163 HTTP/1.1" 200 151249 "-" "Mozilla/5.0 (Linux; Android 6.0.1; Nexus 5X Build/MMB29P) AppleWebKit/537.36 (KHTML, like Gecko) Chrome/137.0.7151.103 Mobile Safari/537.36 (compatible; Googlebot/2.1; +http://www.google.com/bot.html)"
66.249.70.3 - - [19/Jun/2025:14:25:09 -0400] "POST /get-message-notify HTTP/1.1" 200 135360 "https://tdradiationshielding.com/index.phpsshopdetail/306029163" "Mozilla/5.0 (Linux; Android 6.0.1; Nexus 5X Build/MMB29P) AppleWebKit/537.36 (KHTML, like Gecko) Chrome/137.0.7151.68 Mobile Safari/537.36 (compatible; Googlebot/2.1; +http://www.google.com/bot.html)"
70.39.147.11 - - [19/Jun/2025:14:25:16 -0400] "POST /wp-cron.php?doing_wp_cron=1750357516.6768178939819335937500 HTTP/1.1" 200 - "-" "WordPress/6.8.1; https://tdradiationshielding.com"
216.73.216.25 - - [19/Jun/2025:14:25:16 -0400] "GET /tel:4844726862?filesrc=%2Fhome%2Ftdmfgi5%2Ftdradiationshielding.com%2Fwp-includes%2Fhtml-api%2Fclass-wp-html-processor.php&path=%2Fhome%2Ftdmfgi5%2Ftdradiationshielding.com%2Fwp-includes%2Fhtml-api HTTP/2.0" 200 317432 "-" "Mozilla/5.0 AppleWebKit/537.36 (KHTML, like Gecko; compatible; ClaudeBot/1.0; +claudebot@anthropic.com)"
66.249.70.2 - - [19/Jun/2025:14:25:26 -0400] "POST /get-message-notify HTTP/1.1" 200 135360 "https://tdradiationshielding.com/index.phpsshopdetail/92834063" "Mozilla/5.0 (Linux; Android 6.0.1; Nexus 5X Build/MMB29P) AppleWebKit/537.36 (KHTML, like Gecko) Chrome/137.0.7151.68 Mobile Safari/537.36 (compatible; Googlebot/2.1; +http://www.google.com/bot.html)"
66.249.70.2 - - [19/Jun/2025:14:25:53 -0400] "GET /index.phpsshopdetail/296825163 HTTP/1.1" 200 133959 "-" "Mozilla/5.0 (Linux; Android 6.0.1; Nexus 5X Build/MMB29P) AppleWebKit/537.36 (KHTML, like Gecko) Chrome/137.0.7151.103 Mobile Safari/537.36 (compatible; Googlebot/2.1; +http://www.google.com/bot.html)"
66.249.70.3 - - [19/Jun/2025:14:26:43 -0400] "GET /index.phpsshopdetail/319588563 HTTP/1.1" 200 152031 "-" "Mozilla/5.0 (Linux; Android 6.0.1; Nexus 5X Build/MMB29P) AppleWebKit/537.36 (KHTML, like Gecko) Chrome/137.0.7151.103 Mobile Safari/537.36 (compatible; Googlebot/2.1; +http://www.google.com/bot.html)"
70.39.147.11 - - [19/Jun/2025:14:26:44 -0400] "POST /wp-cron.php?doing_wp_cron=1750357604.0258030891418457031250 HTTP/1.1" 200 - "-" "WordPress/6.8.1; https://tdradiationshielding.com"
57.141.0.18 - - [19/Jun/2025:14:26:43 -0400] "GET /index.html HTTP/2.0" 200 35158 "-" "meta-externalagent/1.1 (+https://developers.facebook.com/docs/sharing/webmasters/crawler)"
66.249.70.2 - - [19/Jun/2025:14:26:56 -0400] "GET /index.phpsshopdetail/313957563 HTTP/1.1" 200 144007 "-" "Mozilla/5.0 (Linux; Android 6.0.1; Nexus 5X Build/MMB29P) AppleWebKit/537.36 (KHTML, like Gecko) Chrome/137.0.7151.103 Mobile Safari/537.36 (compatible; Googlebot/2.1; +http://www.google.com/bot.html)"
66.249.70.4 - - [19/Jun/2025:14:27:06 -0400] "GET /index.phpsshopdetail/116018563 HTTP/1.1" 200 133802 "-" "Mozilla/5.0 (Linux; Android 6.0.1; Nexus 5X Build/MMB29P) AppleWebKit/537.36 (KHTML, like Gecko) Chrome/137.0.7151.103 Mobile Safari/537.36 (compatible; Googlebot/2.1; +http://www.google.com/bot.html)"
70.39.147.11 - - [19/Jun/2025:14:27:24 -0400] "POST /wp-cron.php?doing_wp_cron=1750357644.5420210361480712890625 HTTP/1.1" 200 - "-" "WordPress/6.8.1; https://tdradiationshielding.com"
57.141.0.17 - - [19/Jun/2025:14:27:24 -0400] "GET / HTTP/2.0" 200 198104 "-" "meta-externalagent/1.1 (+https://developers.facebook.com/docs/sharing/webmasters/crawler)"
66.249.70.3 - - [19/Jun/2025:14:27:53 -0400] "GET /index.phpsshopdetail/163898363 HTTP/1.1" 200 135694 "-" "Mozilla/5.0 (Linux; Android 6.0.1; Nexus 5X Build/MMB29P) AppleWebKit/537.36 (KHTML, like Gecko) Chrome/137.0.7151.103 Mobile Safari/537.36 (compatible; Googlebot/2.1; +http://www.google.com/bot.html)"
66.249.70.4 - - [19/Jun/2025:14:28:15 -0400] "GET /index.phpsshopdetail/295636763 HTTP/1.1" 200 133745 "-" "Mozilla/5.0 (Linux; Android 6.0.1; Nexus 5X Build/MMB29P) AppleWebKit/537.36 (KHTML, like Gecko) Chrome/137.0.7151.103 Mobile Safari/537.36 (compatible; Googlebot/2.1; +http://www.google.com/bot.html)"
66.249.70.3 - - [19/Jun/2025:14:28:44 -0400] "GET /index.phpsshopdetail/293472963 HTTP/1.1" 200 138394 "-" "Mozilla/5.0 (Linux; Android 6.0.1; Nexus 5X Build/MMB29P) AppleWebKit/537.36 (KHTML, like Gecko) Chrome/137.0.7151.103 Mobile Safari/537.36 (compatible; Googlebot/2.1; +http://www.google.com/bot.html)"
66.249.70.3 - - [19/Jun/2025:14:29:12 -0400] "GET /index.phpsshopdetail/250966563 HTTP/1.1" 200 205446 "-" "Mozilla/5.0 (Linux; Android 6.0.1; Nexus 5X Build/MMB29P) AppleWebKit/537.36 (KHTML, like Gecko) Chrome/137.0.7151.103 Mobile Safari/537.36 (compatible; Googlebot/2.1; +http://www.google.com/bot.html)"
66.249.70.3 - - [19/Jun/2025:14:29:40 -0400] "GET /index.phpsshopdetail/163657463 HTTP/1.1" 200 136681 "-" "Mozilla/5.0 (Linux; Android 6.0.1; Nexus 5X Build/MMB29P) AppleWebKit/537.36 (KHTML, like Gecko) Chrome/137.0.7151.103 Mobile Safari/537.36 (compatible; Googlebot/2.1; +http://www.google.com/bot.html)"
66.249.70.2 - - [19/Jun/2025:14:29:59 -0400] "GET /index.phpsshopdetail/169145763 HTTP/1.1" 200 130394 "-" "Mozilla/5.0 (Linux; Android 6.0.1; Nexus 5X Build/MMB29P) AppleWebKit/537.36 (KHTML, like Gecko) Chrome/137.0.7151.103 Mobile Safari/537.36 (compatible; Googlebot/2.1; +http://www.google.com/bot.html)"
66.249.70.2 - - [19/Jun/2025:14:30:07 -0400] "GET /index.phpsshopdetail/27152463 HTTP/1.1" 200 168688 "-" "Mozilla/5.0 (Linux; Android 6.0.1; Nexus 5X Build/MMB29P) AppleWebKit/537.36 (KHTML, like Gecko) Chrome/137.0.7151.103 Mobile Safari/537.36 (compatible; Googlebot/2.1; +http://www.google.com/bot.html)"
66.249.70.2 - - [19/Jun/2025:14:30:14 -0400] "GET /index.phpsshopdetail/794763 HTTP/1.1" 200 168609 "-" "Mozilla/5.0 (Linux; Android 6.0.1; Nexus 5X Build/MMB29P) AppleWebKit/537.36 (KHTML, like Gecko) Chrome/137.0.7151.103 Mobile Safari/537.36 (compatible; Googlebot/2.1; +http://www.google.com/bot.html)"
66.249.70.2 - - [19/Jun/2025:14:30:26 -0400] "GET /index.phpsshopdetail/163177263 HTTP/1.1" 200 129131 "-" "Mozilla/5.0 (Linux; Android 6.0.1; Nexus 5X Build/MMB29P) AppleWebKit/537.36 (KHTML, like Gecko) Chrome/137.0.7151.103 Mobile Safari/537.36 (compatible; Googlebot/2.1; +http://www.google.com/bot.html)"
66.249.70.2 - - [19/Jun/2025:14:30:37 -0400] "GET /index.phpsshopdetail/185454063 HTTP/1.1" 200 148487 "-" "Mozilla/5.0 (Linux; Android 6.0.1; Nexus 5X Build/MMB29P) AppleWebKit/537.36 (KHTML, like Gecko) Chrome/137.0.7151.103 Mobile Safari/537.36 (compatible; Googlebot/2.1; +http://www.google.com/bot.html)"
66.249.70.2 - - [19/Jun/2025:14:30:40 -0400] "GET /index.phpsshopdetail/70437163 HTTP/1.1" 200 173974 "-" "Mozilla/5.0 (Linux; Android 6.0.1; Nexus 5X Build/MMB29P) AppleWebKit/537.36 (KHTML, like Gecko) Chrome/137.0.7151.103 Mobile Safari/537.36 (compatible; Googlebot/2.1; +http://www.google.com/bot.html)"
66.249.70.2 - - [19/Jun/2025:14:30:42 -0400] "GET /index.phpsshopdetail/177477663 HTTP/1.1" 200 128234 "-" "Mozilla/5.0 (Linux; Android 6.0.1; Nexus 5X Build/MMB29P) AppleWebKit/537.36 (KHTML, like Gecko) Chrome/137.0.7151.103 Mobile Safari/537.36 (compatible; Googlebot/2.1; +http://www.google.com/bot.html)"
66.249.70.2 - - [19/Jun/2025:14:30:44 -0400] "GET /index.phpsshopdetail/252419363 HTTP/1.1" 200 135580 "-" "Mozilla/5.0 (Linux; Android 6.0.1; Nexus 5X Build/MMB29P) AppleWebKit/537.36 (KHTML, like Gecko) Chrome/137.0.7151.103 Mobile Safari/537.36 (compatible; Googlebot/2.1; +http://www.google.com/bot.html)"
66.249.70.2 - - [19/Jun/2025:14:30:47 -0400] "GET /index.phpsshopdetail/35417663 HTTP/1.1" 200 129064 "-" "Mozilla/5.0 (Linux; Android 6.0.1; Nexus 5X Build/MMB29P) AppleWebKit/537.36 (KHTML, like Gecko) Chrome/137.0.7151.103 Mobile Safari/537.36 (compatible; Googlebot/2.1; +http://www.google.com/bot.html)"
66.249.70.2 - - [19/Jun/2025:14:30:49 -0400] "GET /index.phpsshopdetail/377874463 HTTP/1.1" 200 123776 "-" "Mozilla/5.0 (Linux; Android 6.0.1; Nexus 5X Build/MMB29P) AppleWebKit/537.36 (KHTML, like Gecko) Chrome/137.0.7151.103 Mobile Safari/537.36 (compatible; Googlebot/2.1; +http://www.google.com/bot.html)"
66.249.70.3 - - [19/Jun/2025:14:30:51 -0400] "GET /index.phpsshopdetail/358968463 HTTP/1.1" 200 135365 "-" "Mozilla/5.0 (Linux; Android 6.0.1; Nexus 5X Build/MMB29P) AppleWebKit/537.36 (KHTML, like Gecko) Chrome/137.0.7151.103 Mobile Safari/537.36 (compatible; Googlebot/2.1; +http://www.google.com/bot.html)"
66.249.70.4 - - [19/Jun/2025:14:31:07 -0400] "GET /index.phpsshopdetail/134027063 HTTP/1.1" 200 138941 "-" "Mozilla/5.0 (Linux; Android 6.0.1; Nexus 5X Build/MMB29P) AppleWebKit/537.36 (KHTML, like Gecko) Chrome/137.0.7151.103 Mobile Safari/537.36 (compatible; Googlebot/2.1; +http://www.google.com/bot.html)"
66.249.70.3 - - [19/Jun/2025:14:31:14 -0400] "GET /index.phpsshopdetail/371954863 HTTP/1.1" 200 151644 "-" "Mozilla/5.0 (Linux; Android 6.0.1; Nexus 5X Build/MMB29P) AppleWebKit/537.36 (KHTML, like Gecko) Chrome/137.0.7151.103 Mobile Safari/537.36 (compatible; Googlebot/2.1; +http://www.google.com/bot.html)"
66.249.70.2 - - [19/Jun/2025:14:31:19 -0400] "GET /index.phpsshopdetail/199041863 HTTP/1.1" 200 136967 "-" "Mozilla/5.0 (Linux; Android 6.0.1; Nexus 5X Build/MMB29P) AppleWebKit/537.36 (KHTML, like Gecko) Chrome/137.0.7151.103 Mobile Safari/537.36 (compatible; Googlebot/2.1; +http://www.google.com/bot.html)"
66.249.70.2 - - [19/Jun/2025:14:31:24 -0400] "GET /index.phpsshopdetail/20305763 HTTP/1.1" 200 150882 "-" "Mozilla/5.0 (Linux; Android 6.0.1; Nexus 5X Build/MMB29P) AppleWebKit/537.36 (KHTML, like Gecko) Chrome/137.0.7151.103 Mobile Safari/537.36 (compatible; Googlebot/2.1; +http://www.google.com/bot.html)"
66.249.70.2 - - [19/Jun/2025:14:31:26 -0400] "GET /index.phpsshopdetail/212993963 HTTP/1.1" 200 146416 "-" "Mozilla/5.0 (Linux; Android 6.0.1; Nexus 5X Build/MMB29P) AppleWebKit/537.36 (KHTML, like Gecko) Chrome/137.0.7151.103 Mobile Safari/537.36 (compatible; Googlebot/2.1; +http://www.google.com/bot.html)"
66.249.70.2 - - [19/Jun/2025:14:31:27 -0400] "GET /shopdetail/283383563 HTTP/1.1" 200 149143 "-" "Mozilla/5.0 (Linux; Android 6.0.1; Nexus 5X Build/MMB29P) AppleWebKit/537.36 (KHTML, like Gecko) Chrome/137.0.7151.103 Mobile Safari/537.36 (compatible; Googlebot/2.1; +http://www.google.com/bot.html)"
66.249.70.2 - - [19/Jun/2025:14:31:31 -0400] "GET /index.phpsshopdetail/199598263 HTTP/1.1" 200 153974 "-" "Mozilla/5.0 (Linux; Android 6.0.1; Nexus 5X Build/MMB29P) AppleWebKit/537.36 (KHTML, like Gecko) Chrome/137.0.7151.103 Mobile Safari/537.36 (compatible; Googlebot/2.1; +http://www.google.com/bot.html)"
66.249.70.2 - - [19/Jun/2025:14:31:32 -0400] "GET /data/?baut=TOTO888 HTTP/1.1" 200 129384 "-" "Mozilla/5.0 (Linux; Android 6.0.1; Nexus 5X Build/MMB29P) AppleWebKit/537.36 (KHTML, like Gecko) Chrome/137.0.7151.103 Mobile Safari/537.36 (compatible; Googlebot/2.1; +http://www.google.com/bot.html)"
66.249.70.2 - - [19/Jun/2025:14:31:32 -0400] "GET /data/?baut=sgcwin HTTP/1.1" 200 129325 "-" "Mozilla/5.0 (Linux; Android 6.0.1; Nexus 5X Build/MMB29P) AppleWebKit/537.36 (KHTML, like Gecko) Chrome/137.0.7151.103 Mobile Safari/537.36 (compatible; Googlebot/2.1; +http://www.google.com/bot.html)"
66.249.70.3 - - [19/Jun/2025:14:31:37 -0400] "GET /index.phpsshopdetail/83161063 HTTP/1.1" 200 167489 "-" "Mozilla/5.0 (Linux; Android 6.0.1; Nexus 5X Build/MMB29P) AppleWebKit/537.36 (KHTML, like Gecko) Chrome/137.0.7151.103 Mobile Safari/537.36 (compatible; Googlebot/2.1; +http://www.google.com/bot.html)"
66.249.70.3 - - [19/Jun/2025:14:31:38 -0400] "POST /get-message-notify HTTP/1.1" 200 135360 "https://tdradiationshielding.com/index.phpsshopdetail/371954863" "Mozilla/5.0 (Linux; Android 6.0.1; Nexus 5X Build/MMB29P) AppleWebKit/537.36 (KHTML, like Gecko) Chrome/137.0.7151.68 Mobile Safari/537.36 (compatible; Googlebot/2.1; +http://www.google.com/bot.html)"
66.249.70.3 - - [19/Jun/2025:14:31:41 -0400] "GET /index.phpsshopdetail/68048663 HTTP/1.1" 200 130184 "-" "Mozilla/5.0 (Linux; Android 6.0.1; Nexus 5X Build/MMB29P) AppleWebKit/537.36 (KHTML, like Gecko) Chrome/137.0.7151.103 Mobile Safari/537.36 (compatible; Googlebot/2.1; +http://www.google.com/bot.html)"
66.249.70.2 - - [19/Jun/2025:14:31:45 -0400] "GET /index.phpsshopdetail/257363263 HTTP/1.1" 200 169310 "-" "Mozilla/5.0 (Linux; Android 6.0.1; Nexus 5X Build/MMB29P) AppleWebKit/537.36 (KHTML, like Gecko) Chrome/137.0.7151.103 Mobile Safari/537.36 (compatible; Googlebot/2.1; +http://www.google.com/bot.html)"
66.249.70.2 - - [19/Jun/2025:14:31:46 -0400] "GET /index.phpsshopdetail/161595163 HTTP/1.1" 200 134603 "-" "Mozilla/5.0 (Linux; Android 6.0.1; Nexus 5X Build/MMB29P) AppleWebKit/537.36 (KHTML, like Gecko) Chrome/137.0.7151.103 Mobile Safari/537.36 (compatible; Googlebot/2.1; +http://www.google.com/bot.html)"
66.249.70.3 - - [19/Jun/2025:14:31:48 -0400] "GET /index.phpsshopdetail/178494863 HTTP/1.1" 200 137304 "-" "Mozilla/5.0 (Linux; Android 6.0.1; Nexus 5X Build/MMB29P) AppleWebKit/537.36 (KHTML, like Gecko) Chrome/137.0.7151.103 Mobile Safari/537.36 (compatible; Googlebot/2.1; +http://www.google.com/bot.html)"
66.249.70.2 - - [19/Jun/2025:14:31:50 -0400] "GET /index.phpsshopdetail/219054763 HTTP/1.1" 200 147191 "-" "Mozilla/5.0 (Linux; Android 6.0.1; Nexus 5X Build/MMB29P) AppleWebKit/537.36 (KHTML, like Gecko) Chrome/137.0.7151.103 Mobile Safari/537.36 (compatible; Googlebot/2.1; +http://www.google.com/bot.html)"
66.249.70.3 - - [19/Jun/2025:14:31:52 -0400] "GET /index.phpsshopdetail/229773463 HTTP/1.1" 200 125443 "-" "Mozilla/5.0 (Linux; Android 6.0.1; Nexus 5X Build/MMB29P) AppleWebKit/537.36 (KHTML, like Gecko) Chrome/137.0.7151.103 Mobile Safari/537.36 (compatible; Googlebot/2.1; +http://www.google.com/bot.html)"
66.249.70.3 - - [19/Jun/2025:14:31:54 -0400] "GET /index.phpsshopdetail/69433163 HTTP/1.1" 200 164178 "-" "Mozilla/5.0 (Linux; Android 6.0.1; Nexus 5X Build/MMB29P) AppleWebKit/537.36 (KHTML, like Gecko) Chrome/137.0.7151.103 Mobile Safari/537.36 (compatible; Googlebot/2.1; +http://www.google.com/bot.html)"
66.249.70.4 - - [19/Jun/2025:14:31:56 -0400] "GET /index.phpsshopdetail/149643463 HTTP/1.1" 200 146325 "-" "Mozilla/5.0 (Linux; Android 6.0.1; Nexus 5X Build/MMB29P) AppleWebKit/537.36 (KHTML, like Gecko) Chrome/137.0.7151.103 Mobile Safari/537.36 (compatible; Googlebot/2.1; +http://www.google.com/bot.html)"
66.249.70.2 - - [19/Jun/2025:14:31:59 -0400] "GET /index.phpsshopdetail/316872663 HTTP/1.1" 200 129220 "-" "Mozilla/5.0 (Linux; Android 6.0.1; Nexus 5X Build/MMB29P) AppleWebKit/537.36 (KHTML, like Gecko) Chrome/137.0.7151.103 Mobile Safari/537.36 (compatible; Googlebot/2.1; +http://www.google.com/bot.html)"
66.249.70.4 - - [19/Jun/2025:14:32:03 -0400] "GET /index.phpsshopdetail/28011863 HTTP/1.1" 200 149675 "-" "Mozilla/5.0 (Linux; Android 6.0.1; Nexus 5X Build/MMB29P) AppleWebKit/537.36 (KHTML, like Gecko) Chrome/137.0.7151.103 Mobile Safari/537.36 (compatible; Googlebot/2.1; +http://www.google.com/bot.html)"
66.249.70.2 - - [19/Jun/2025:14:32:06 -0400] "POST /get-message-notify HTTP/1.1" 200 135360 "https://tdradiationshielding.com/index.phpsshopdetail/229773463" "Mozilla/5.0 (Linux; Android 6.0.1; Nexus 5X Build/MMB29P) AppleWebKit/537.36 (KHTML, like Gecko) Chrome/137.0.7151.68 Mobile Safari/537.36 (compatible; Googlebot/2.1; +http://www.google.com/bot.html)"
66.249.70.3 - - [19/Jun/2025:14:32:08 -0400] "GET /index.phpsshopdetail/205587363 HTTP/1.1" 200 124374 "-" "Mozilla/5.0 (Linux; Android 6.0.1; Nexus 5X Build/MMB29P) AppleWebKit/537.36 (KHTML, like Gecko) Chrome/137.0.7151.103 Mobile Safari/537.36 (compatible; Googlebot/2.1; +http://www.google.com/bot.html)"
66.249.70.2 - - [19/Jun/2025:14:32:12 -0400] "GET /index.phpsshopdetail/240861363 HTTP/1.1" 200 140678 "-" "Mozilla/5.0 (Linux; Android 6.0.1; Nexus 5X Build/MMB29P) AppleWebKit/537.36 (KHTML, like Gecko) Chrome/137.0.7151.103 Mobile Safari/537.36 (compatible; Googlebot/2.1; +http://www.google.com/bot.html)"
66.249.70.2 - - [19/Jun/2025:14:32:16 -0400] "GET /index.phpsshopdetail/78818863 HTTP/1.1" 200 155039 "-" "Mozilla/5.0 (Linux; Android 6.0.1; Nexus 5X Build/MMB29P) AppleWebKit/537.36 (KHTML, like Gecko) Chrome/137.0.7151.103 Mobile Safari/537.36 (compatible; Googlebot/2.1; +http://www.google.com/bot.html)"
66.249.70.2 - - [19/Jun/2025:14:32:21 -0400] "GET /index.phpsshopdetail/2135763 HTTP/1.1" 200 153629 "-" "Mozilla/5.0 (Linux; Android 6.0.1; Nexus 5X Build/MMB29P) AppleWebKit/537.36 (KHTML, like Gecko) Chrome/137.0.7151.103 Mobile Safari/537.36 (compatible; Googlebot/2.1; +http://www.google.com/bot.html)"
66.249.70.2 - - [19/Jun/2025:14:32:25 -0400] "GET /index.phpsshopdetail/257583463 HTTP/1.1" 200 132754 "-" "Mozilla/5.0 (Linux; Android 6.0.1; Nexus 5X Build/MMB29P) AppleWebKit/537.36 (KHTML, like Gecko) Chrome/137.0.7151.103 Mobile Safari/537.36 (compatible; Googlebot/2.1; +http://www.google.com/bot.html)"
66.249.70.2 - - [19/Jun/2025:14:32:30 -0400] "GET /index.phpsshopdetail/101109663 HTTP/1.1" 200 138594 "-" "Mozilla/5.0 (Linux; Android 6.0.1; Nexus 5X Build/MMB29P) AppleWebKit/537.36 (KHTML, like Gecko) Chrome/137.0.7151.103 Mobile Safari/537.36 (compatible; Googlebot/2.1; +http://www.google.com/bot.html)"
66.249.70.2 - - [19/Jun/2025:14:32:37 -0400] "POST /get-message-notify HTTP/1.1" 200 135360 "https://tdradiationshielding.com/index.phpsshopdetail/794763" "Mozilla/5.0 (Linux; Android 6.0.1; Nexus 5X Build/MMB29P) AppleWebKit/537.36 (KHTML, like Gecko) Chrome/137.0.7151.68 Mobile Safari/537.36 (compatible; Googlebot/2.1; +http://www.google.com/bot.html)"
66.249.70.2 - - [19/Jun/2025:14:32:38 -0400] "POST /get-message-notify HTTP/1.1" 200 135360 "https://tdradiationshielding.com/index.phpsshopdetail/257583463" "Mozilla/5.0 (Linux; Android 6.0.1; Nexus 5X Build/MMB29P) AppleWebKit/537.36 (KHTML, like Gecko) Chrome/137.0.7151.68 Mobile Safari/537.36 (compatible; Googlebot/2.1; +http://www.google.com/bot.html)"
66.249.70.2 - - [19/Jun/2025:14:32:38 -0400] "GET /index.phpsshopdetail/183375363 HTTP/1.1" 200 139427 "-" "Mozilla/5.0 (Linux; Android 6.0.1; Nexus 5X Build/MMB29P) AppleWebKit/537.36 (KHTML, like Gecko) Chrome/137.0.7151.103 Mobile Safari/537.36 (compatible; Googlebot/2.1; +http://www.google.com/bot.html)"
66.249.70.4 - - [19/Jun/2025:14:32:51 -0400] "GET /index.phpsshopdetail/75573063 HTTP/1.1" 200 132768 "-" "Mozilla/5.0 (Linux; Android 6.0.1; Nexus 5X Build/MMB29P) AppleWebKit/537.36 (KHTML, like Gecko) Chrome/137.0.7151.103 Mobile Safari/537.36 (compatible; Googlebot/2.1; +http://www.google.com/bot.html)"
66.249.70.4 - - [19/Jun/2025:14:33:01 -0400] "GET /index.phpsshopdetail/300931563 HTTP/1.1" 200 141930 "-" "Mozilla/5.0 (Linux; Android 6.0.1; Nexus 5X Build/MMB29P) AppleWebKit/537.36 (KHTML, like Gecko) Chrome/137.0.7151.103 Mobile Safari/537.36 (compatible; Googlebot/2.1; +http://www.google.com/bot.html)"
66.249.70.3 - - [19/Jun/2025:14:33:03 -0400] "POST /get-message-notify HTTP/1.1" 200 135360 "https://tdradiationshielding.com/index.phpsshopdetail/257363263" "Mozilla/5.0 (Linux; Android 6.0.1; Nexus 5X Build/MMB29P) AppleWebKit/537.36 (KHTML, like Gecko) Chrome/137.0.7151.68 Mobile Safari/537.36 (compatible; Googlebot/2.1; +http://www.google.com/bot.html)"
66.249.70.3 - - [19/Jun/2025:14:33:04 -0400] "GET /index.phpsshopdetail/345107963 HTTP/1.1" 200 129268 "-" "Mozilla/5.0 (Linux; Android 6.0.1; Nexus 5X Build/MMB29P) AppleWebKit/537.36 (KHTML, like Gecko) Chrome/137.0.7151.103 Mobile Safari/537.36 (compatible; Googlebot/2.1; +http://www.google.com/bot.html)"
66.249.70.3 - - [19/Jun/2025:14:33:10 -0400] "GET /index.phpsshopdetail/330720363 HTTP/1.1" 200 140740 "-" "Mozilla/5.0 (Linux; Android 6.0.1; Nexus 5X Build/MMB29P) AppleWebKit/537.36 (KHTML, like Gecko) Chrome/137.0.7151.103 Mobile Safari/537.36 (compatible; Googlebot/2.1; +http://www.google.com/bot.html)"
